Back
From: metabase:user:320bfe00-2aae-11df-837a-5e0a49663a4f
Subject: FAIL Text-CSV-Encoded-0.22 v5.19.4 GNU/Linux
Date: 2013-11-15T04:02:50Z
This distribution has been tested as part of the CPAN Testers
project, supporting the Perl programming language. See
http://wiki.cpantesters.org/ for more information or email
questions to cpan-testers-discuss@perl.org
--
Dear Makamaka Hannyaharamitu,
This is a computer-generated report for Text-CSV-Encoded-0.22
on perl 5.19.4, created by CPAN-Reporter-1.2010.
Thank you for uploading your work to CPAN. However, there was a problem
testing your distribution.
If you think this report is invalid, please consult the CPAN Testers Wiki
for suggestions on how to avoid getting FAIL reports for missing library
or binary dependencies, unsupported operating systems, and so on:
http://wiki.cpantesters.org/wiki/CPANAuthorNotes
Sections of this report:
* Tester comments
* Program output
* Prerequisites
* Environment and other context
------------------------------
TESTER COMMENTS
------------------------------
Additional comments from tester:
this report is from an automated smoke testing program
and was not reviewed by a human for accuracy
------------------------------
PROGRAM OUTPUT
------------------------------
Output from '/usr/bin/make test':
PERL_DL_NONLAZY=1 /home/sand/src/perl/repoperls/installed-perls/perl/v5.19.4/165a/bin/perl "-MExtUtils::Command::MM" "-MTest::Harness" "-e" "undef *Test::Harness::Switches; test_harness(0, 'blib/lib', 'blib/arch')" t/*.t
t/00_pod.t ................... ok
t/01_use.t ................... ok
t/02_undef.t ................. ok
t/03_attr_err.t .............. ok
t/pp_01_base.t ............... ok
t/pp_02_code.t ............... ok
Cannot decode string with wide characters at /home/sand/src/perl/repoperls/installed-perls/perl/v5.19.4/165a/lib/5.19.4/x86_64-linux/Encode.pm line 215, <$fh2> line 2.
Compilation failed in require at t/pp_03_file.t line 14.
# Looks like you planned 20 tests but ran 12.
# Looks like your test exited with 25 just after 12.
t/pp_03_file.t ...............
Dubious, test returned 25 (wstat 6400, 0x1900)
Failed 8/20 subtests
t/pp_04_uni_but_utf8.t ....... ok
t/pp_05_guess.t .............. ok
t/pp_06_coder_class.t ........ ok
t/pp_07_coder_check_value.t .. ok
t/xs_01_base.t ............... ok
t/xs_02_code.t ............... ok
Cannot decode string with wide characters at /home/sand/src/perl/repoperls/installed-perls/perl/v5.19.4/165a/lib/5.19.4/x86_64-linux/Encode.pm line 215, <$fh2> line 2.
Compilation failed in require at t/xs_03_file.t line 16.
# Looks like you planned 20 tests but ran 12.
# Looks like your test exited with 25 just after 12.
t/xs_03_file.t ...............
Dubious, test returned 25 (wstat 6400, 0x1900)
Failed 8/20 subtests
Test Summary Report
-------------------
t/pp_03_file.t (Wstat: 6400 Tests: 12 Failed: 0)
Non-zero exit status: 25
Parse errors: Bad plan. You planned 20 tests but ran 12.
t/xs_03_file.t (Wstat: 6400 Tests: 12 Failed: 0)
Non-zero exit status: 25
Parse errors: Bad plan. You planned 20 tests but ran 12.
Files=14, Tests=239, 3 wallclock secs ( 0.08 usr 0.00 sys + 0.65 cusr 0.12 csys = 0.85 CPU)
Result: FAIL
Failed 2/14 test programs. 0/239 subtests failed.
make: *** [test_dynamic] Error 25
------------------------------
PREREQUISITES
------------------------------
Prerequisite modules loaded:
requires:
Module Need Have
------------------- ---- --------
IO::Handle 0 1.35
Test::Harness 0 3.30
Test::More 0 1.001002
Text::CSV 1.31 1.32
build_requires:
Module Need Have
------------------- ---- --------
ExtUtils::MakeMaker 0 6.83_02
configure_requires:
Module Need Have
------------------- ---- --------
ExtUtils::MakeMaker 0 6.83_02
------------------------------
ENVIRONMENT AND OTHER CONTEXT
------------------------------
Environment variables:
AUTOMATED_TESTING = 1
LANG = en_US.UTF-8
LANGUAGE = en_US:en
PATH = /usr/lib/ccache:/home/sand/bin:/usr/local/bin:/usr/bin:/bin:/usr/bin/X11:/usr/games:/usr/local/perl/bin:/usr/X11/bin:/sbin:/usr/sbin
PERL5LIB =
PERL5OPT =
PERL5_CPANPLUS_IS_RUNNING = 6708
PERL5_CPAN_IS_RUNNING = 6708
PERL_MM_USE_DEFAULT = 1
SHELL = /usr/bin/zsh
TERM = screen
Perl special variables (and OS-specific diagnostics, for MSWin32):
$^X = /home/sand/src/perl/repoperls/installed-perls/perl/v5.19.4/165a/bin/perl
$UID/$EUID = 1005 / 1005
$GID = 1005 1005
$EGID = 1005 1005
Perl module toolchain versions installed:
Module Have
------------------- --------
CPAN 2.03
CPAN::Meta 2.132830
Cwd 3.44
ExtUtils::CBuilder 0.280212
ExtUtils::Command 1.18
ExtUtils::Install 1.60
ExtUtils::MakeMaker 6.83_02
ExtUtils::Manifest 1.63
ExtUtils::ParseXS 3.23
File::Spec 3.44
JSON 2.90
JSON::PP 2.27203
Module::Build 0.4200
Module::Signature 0.73
Parse::CPAN::Meta 1.4409
Test::Harness 3.30
Test::More 1.001002
YAML 0.84
YAML::Syck 1.27
version 0.9904
--
Summary of my perl5 (revision 5 version 19 subversion 4) configuration:
Commit id: 388a7a89010010e899c2e3a9707478167adad606
Platform:
osname=linux, osvers=3.11-1-amd64, archname=x86_64-linux
uname='linux k83 3.11-1-amd64 #1 smp debian 3.11.6-2 (2013-11-01) x86_64 gnulinux '
config_args='-Dprefix=/home/sand/src/perl/repoperls/installed-perls/perl/v5.19.4/165a -Dmyhostname=k83 -Dinstallusrbinperl=n -Uversiononly -Dusedevel -des -Ui_db -Uuseithreads -Uuselongdouble -DDEBUGGING=-g'
hint=recommended, useposix=true, d_sigaction=define
useithreads=undef, usemultiplicity=undef
useperlio=define, d_sfio=undef, uselargefiles=define, usesocks=undef
use64bitint=define, use64bitall=define, uselongdouble=undef
usemymalloc=n, bincompat5005=undef
Compiler:
cc='cc', ccflags ='-fno-strict-aliasing -pipe -fstack-protector -I/usr/local/include -D_LARGEFILE_SOURCE -D_FILE_OFFSET_BITS=64',
optimize='-O2 -g',
cppflags='-fno-strict-aliasing -pipe -fstack-protector -I/usr/local/include'
ccversion='', gccversion='4.8.2', gccosandvers=''
intsize=4, longsize=8, ptrsize=8, doublesize=8, byteorder=12345678
d_longlong=define, longlongsize=8, d_longdbl=define, longdblsize=16
ivtype='long', ivsize=8, nvtype='double', nvsize=8, Off_t='off_t', lseeksize=8
alignbytes=8, prototype=define
Linker and Libraries:
ld='cc', ldflags =' -fstack-protector -L/usr/local/lib'
libpth=/usr/local/lib /lib/x86_64-linux-gnu /lib/../lib /usr/lib/x86_64-linux-gnu /usr/lib/../lib /lib /usr/lib
libs=-lnsl -lgdbm -ldb -ldl -lm -lcrypt -lutil -lc -lgdbm_compat
perllibs=-lnsl -ldl -lm -lcrypt -lutil -lc
libc=, so=so, useshrplib=false, libperl=libperl.a
gnulibc_version='2.17'
Dynamic Linking:
dlsrc=dl_dlopen.xs, dlext=so, d_dlsymun=undef, ccdlflags='-Wl,-E'
cccdlflags='-fPIC', lddlflags='-shared -O2 -g -L/usr/local/lib -fstack-protector'
Characteristics of this binary (from libperl):
Compile-time options: HAS_TIMES PERLIO_LAYERS PERL_DONT_CREATE_GVSV
PERL_HASH_FUNC_ONE_AT_A_TIME_HARD PERL_MALLOC_WRAP
PERL_NEW_COPY_ON_WRITE PERL_PRESERVE_IVUV
PERL_USE_DEVEL USE_64_BIT_ALL USE_64_BIT_INT
USE_LARGE_FILES USE_LOCALE USE_LOCALE_COLLATE
USE_LOCALE_CTYPE USE_LOCALE_NUMERIC USE_PERLIO
USE_PERL_ATOF
Built under linux
Compiled at Nov 8 2013 09:05:24
%ENV:
PERL5LIB=""
PERL5OPT=""
PERL5_CPANPLUS_IS_RUNNING="6708"
PERL5_CPAN_IS_RUNNING="6708"
PERL_MM_USE_DEFAULT="1"
@INC:
/home/sand/src/perl/repoperls/installed-perls/perl/v5.19.4/165a/lib/site_perl/5.19.4/x86_64-linux
/home/sand/src/perl/repoperls/installed-perls/perl/v5.19.4/165a/lib/site_perl/5.19.4
/home/sand/src/perl/repoperls/installed-perls/perl/v5.19.4/165a/lib/5.19.4/x86_64-linux
/home/sand/src/perl/repoperls/installed-perls/perl/v5.19.4/165a/lib/5.19.4
.