WebService-Lob v0.0107 Perl 5 v5.32.1 amd64-openbsd

Status
Fail
From
Alceu Rodrigues de Freitas Junior
Dist
WebService-Lob v0.0107
Platform
Perl 5 v5.32.1 amd64-openbsd
Date
2022-04-27 14:24:48
ID
cb3fb636-c635-11ec-b24c-ad465fb94fb8
This distribution has been tested as part of the CPAN Testers
project, supporting the Perl programming language.  See
http://wiki.cpantesters.org/ for more information or email
questions to cpan-testers-discuss@perl.org


--
Dear Ali Anari,

This is a computer-generated report for WebService-Lob-0.0107
on perl 5.32.1, created by CPAN-Reporter-1.2018.

Thank you for uploading your work to CPAN.  However, there was a problem
testing your distribution.

If you think this report is invalid, please consult the CPAN Testers Wiki
for suggestions on how to avoid getting FAIL reports for missing library
or binary dependencies, unsupported operating systems, and so on:

http://wiki.cpantesters.org/wiki/CPANAuthorNotes

Sections of this report:

    * Tester comments
    * Program output
    * Prerequisites
    * Environment and other context

------------------------------
TESTER COMMENTS
------------------------------

Additional comments from tester:

this report is from an automated smoke testing program
and was not reviewed by a human for accuracy

------------------------------
PROGRAM OUTPUT
------------------------------

Output from '/usr/bin/make test':

PERL_DL_NONLAZY=1 "/usr/bin/perl" "-MExtUtils::Command::MM" "-MTest::Harness" "-e" "undef *Test::Harness::Switches; test_harness(0, 'blib/lib', 'blib/arch')" t/*.t
t/00-basic.t ............ ok
t/00-compile.t .......... ok
t/01-resources.t ........ ok
Any::Moose is deprecated. Please use Moo instead at /home/goku/perl5/lib/perl5/Method/Signatures.pm line 1293.

    #   Failed test 'failed correctly on missing parameter: address_city'
    #   at t/02-verify.t line 20.
    #                   'HTTP/1.1 404 Not Found
    # Cache-Control: no-cache
    # Connection: close
    # Date: Wed, 27 Apr 2022 03:41:12 GMT
    # Accept-Ranges: bytes
    # Vary: origin
    # Content-Length: 218
    # Content-Type: application/json; charset=utf-8
    # Access-Control-Allow-Credentials: true
    # Access-Control-Expose-Headers: WWW-Authenticate,Server-Authorization
    # Client-Date: Wed, 27 Apr 2022 03:41:12 GMT
    # Client-Peer: 199.232.114.132:443
    # Client-Response-Num: 1
    # Client-SSL-Cert-Issuer: /C=US/O=DigiCert Inc/CN=DigiCert TLS RSA SHA256 2020 CA1
    # Client-SSL-Cert-Subject: /C=US/ST=California/L=San Francisco/O=Lob.com, Inc/CN=api.lob.com
    # Client-SSL-Cipher: AEAD-AES256-GCM-SHA384
    # Client-SSL-Socket-Class: IO::Socket::SSL
    # Client-SSL-Version: TLSv1_3
    # Strict-Transport-Security: max-age=300
    # 
    # {
    #     "error": {
    #         "message": "This endpoint has been discontinued. Please use /v1/us_verifications or /v1/intl_verifications instead.",
    #         "status_code": 404,
    #         "code": "unrecognized_endpoint"
    #     }
    # }
    # '
    #     doesn't match '(?^:address_city must be a string)'

    #   Failed test 'failed correctly on missing parameter: address_line1'
    #   at t/02-verify.t line 20.
    #                   'HTTP/1.1 404 Not Found
    # Cache-Control: no-cache
    # Connection: close
    # Date: Wed, 27 Apr 2022 03:41:13 GMT
    # Accept-Ranges: bytes
    # Vary: origin
    # Content-Length: 218
    # Content-Type: application/json; charset=utf-8
    # Access-Control-Allow-Credentials: true
    # Access-Control-Expose-Headers: WWW-Authenticate,Server-Authorization
    # Client-Date: Wed, 27 Apr 2022 03:41:13 GMT
    # Client-Peer: 199.232.114.132:443
    # Client-Response-Num: 1
    # Client-SSL-Cert-Issuer: /C=US/O=DigiCert Inc/CN=DigiCert TLS RSA SHA256 2020 CA1
    # Client-SSL-Cert-Subject: /C=US/ST=California/L=San Francisco/O=Lob.com, Inc/CN=api.lob.com
    # Client-SSL-Cipher: AEAD-AES256-GCM-SHA384
    # Client-SSL-Socket-Class: IO::Socket::SSL
    # Client-SSL-Version: TLSv1_3
    # Strict-Transport-Security: max-age=300
    # 
    # {
    #     "error": {
    #         "message": "This endpoint has been discontinued. Please use /v1/us_verifications or /v1/intl_verifications instead.",
    #         "status_code": 404,
    #         "code": "unrecognized_endpoint"
    #     }
    # }
    # '
    #     doesn't match '(?^:address_line1 must be a string)'

    #   Failed test 'failed correctly on missing parameter: address_state'
    #   at t/02-verify.t line 20.
    #                   'HTTP/1.1 404 Not Found
    # Cache-Control: no-cache
    # Connection: close
    # Date: Wed, 27 Apr 2022 03:41:14 GMT
    # Accept-Ranges: bytes
    # Vary: origin
    # Content-Length: 218
    # Content-Type: application/json; charset=utf-8
    # Access-Control-Allow-Credentials: true
    # Access-Control-Expose-Headers: WWW-Authenticate,Server-Authorization
    # Client-Date: Wed, 27 Apr 2022 03:41:14 GMT
    # Client-Peer: 199.232.114.132:443
    # Client-Response-Num: 1
    # Client-SSL-Cert-Issuer: /C=US/O=DigiCert Inc/CN=DigiCert TLS RSA SHA256 2020 CA1
    # Client-SSL-Cert-Subject: /C=US/ST=California/L=San Francisco/O=Lob.com, Inc/CN=api.lob.com
    # Client-SSL-Cipher: AEAD-AES256-GCM-SHA384
    # Client-SSL-Socket-Class: IO::Socket::SSL
    # Client-SSL-Version: TLSv1_3
    # Strict-Transport-Security: max-age=300
    # 
    # {
    #     "error": {
    #         "message": "This endpoint has been discontinued. Please use /v1/us_verifications or /v1/intl_verifications instead.",
    #         "status_code": 404,
    #         "code": "unrecognized_endpoint"
    #     }
    # }
    # '
    #     doesn't match '(?^:address_state must be a string)'

    #   Failed test 'failed correctly on missing parameter: address_country'
    #   at t/02-verify.t line 20.
    #                   'HTTP/1.1 404 Not Found
    # Cache-Control: no-cache
    # Connection: close
    # Date: Wed, 27 Apr 2022 03:41:15 GMT
    # Accept-Ranges: bytes
    # Vary: origin
    # Content-Length: 218
    # Content-Type: application/json; charset=utf-8
    # Access-Control-Allow-Credentials: true
    # Access-Control-Expose-Headers: WWW-Authenticate,Server-Authorization
    # Client-Date: Wed, 27 Apr 2022 03:41:15 GMT
    # Client-Peer: 199.232.114.132:443
    # Client-Response-Num: 1
    # Client-SSL-Cert-Issuer: /C=US/O=DigiCert Inc/CN=DigiCert TLS RSA SHA256 2020 CA1
    # Client-SSL-Cert-Subject: /C=US/ST=California/L=San Francisco/O=Lob.com, Inc/CN=api.lob.com
    # Client-SSL-Cipher: AEAD-AES256-GCM-SHA384
    # Client-SSL-Socket-Class: IO::Socket::SSL
    # Client-SSL-Version: TLSv1_3
    # Strict-Transport-Security: max-age=300
    # 
    # {
    #     "error": {
    #         "message": "This endpoint has been discontinued. Please use /v1/us_verifications or /v1/intl_verifications instead.",
    #         "status_code": 404,
    #         "code": "unrecognized_endpoint"
    #     }
    # }
    # '
    #     doesn't match '(?^:address_country must be a string)'

    #   Failed test 'failed correctly on missing parameter: address_zip'
    #   at t/02-verify.t line 20.
    #                   'HTTP/1.1 404 Not Found
    # Cache-Control: no-cache
    # Connection: close
    # Date: Wed, 27 Apr 2022 03:41:15 GMT
    # Accept-Ranges: bytes
    # Vary: origin
    # Content-Length: 218
    # Content-Type: application/json; charset=utf-8
    # Access-Control-Allow-Credentials: true
    # Access-Control-Expose-Headers: WWW-Authenticate,Server-Authorization
    # Client-Date: Wed, 27 Apr 2022 03:41:15 GMT
    # Client-Peer: 199.232.114.132:443
    # Client-Response-Num: 1
    # Client-SSL-Cert-Issuer: /C=US/O=DigiCert Inc/CN=DigiCert TLS RSA SHA256 2020 CA1
    # Client-SSL-Cert-Subject: /C=US/ST=California/L=San Francisco/O=Lob.com, Inc/CN=api.lob.com
    # Client-SSL-Cipher: AEAD-AES256-GCM-SHA384
    # Client-SSL-Socket-Class: IO::Socket::SSL
    # Client-SSL-Version: TLSv1_3
    # Strict-Transport-Security: max-age=300
    # 
    # {
    #     "error": {
    #         "message": "This endpoint has been discontinued. Please use /v1/us_verifications or /v1/intl_verifications instead.",
    #         "status_code": 404,
    #         "code": "unrecognized_endpoint"
    #     }
    # }
    # '
    #     doesn't match '(?^:address_zip must be a string)'
    # Looks like you failed 5 tests of 5.

#   Failed test 'Testing verify_address parameter errors'
#   at t/02-verify.t line 23.

    #   Failed test 'An object of class 'HTTP::Response__WITH__HTTP::Response::Stringable' isa 'WebService::Lob::Exception::AddressNotFound''
    #   at t/02-verify.t line 32.
    #     The object of class 'HTTP::Response__WITH__HTTP::Response::Stringable' isn't a 'WebService::Lob::Exception::AddressNotFound'

    #   Failed test 'An object of class 'HTTP::Response__WITH__HTTP::Response::Stringable' isa 'WebService::Lob::Exception::AddressMissingInformation''
    #   at t/02-verify.t line 40.
    #     The object of class 'HTTP::Response__WITH__HTTP::Response::Stringable' isn't a 'WebService::Lob::Exception::AddressMissingInformation'
    # Looks like you failed 2 tests of 2.

#   Failed test 'Testing verify_address address errors'
#   at t/02-verify.t line 41.
    # No tests run!

#   Failed test 'No tests run for subtest "Testing verify_address address lookup"'
#   at t/02-verify.t line 82.
HTTP/1.1 404 Not Found
Cache-Control: no-cache
Connection: close
Date: Wed, 27 Apr 2022 03:41:17 GMT
Accept-Ranges: bytes
Vary: origin
Content-Length: 218
Content-Type: application/json; charset=utf-8
Access-Control-Allow-Credentials: true
Access-Control-Expose-Headers: WWW-Authenticate,Server-Authorization
Client-Date: Wed, 27 Apr 2022 03:41:17 GMT
Client-Peer: 199.232.114.132:443
Client-Response-Num: 1
Client-SSL-Cert-Issuer: /C=US/O=DigiCert Inc/CN=DigiCert TLS RSA SHA256 2020 CA1
Client-SSL-Cert-Subject: /C=US/ST=California/L=San Francisco/O=Lob.com, Inc/CN=api.lob.com
Client-SSL-Cipher: AEAD-AES256-GCM-SHA384
Client-SSL-Socket-Class: IO::Socket::SSL
Client-SSL-Version: TLSv1_3
Strict-Transport-Security: max-age=300

{
    "error": {
        "message": "This endpoint has been discontinued. Please use /v1/us_verifications or /v1/intl_verifications instead.",
        "status_code": 404,
        "code": "unrecognized_endpoint"
    }
}

#   Failed test 'no (unexpected) warnings (via END block)'
#   at /home/goku/perl5/lib/perl5/Test/Builder.pm line 193.
# Tests were run but no plan was declared and done_testing() was not seen.
# Looks like your test exited with 255 just after 4.
t/02-verify.t ........... 
Dubious, test returned 255 (wstat 65280, 0xff00)
Failed 4/4 subtests 
t/release-pod-syntax.t .. skipped: these tests are for release candidate testing

Test Summary Report
-------------------
t/02-verify.t         (Wstat: 65280 (exited 255) Tests: 4 Failed: 4)
  Failed tests:  1-4
  Non-zero exit status: 255
  Parse errors: No plan found in TAP output
Files=5, Tests=12, 14 wallclock secs ( 0.01 usr  0.07 sys +  2.73 cusr  0.72 csys =  3.53 CPU)
Result: FAIL
Failed 1/5 test programs. 4/12 subtests failed.
*** Error 255 in /mnt/cpan_build_dir/goku/WebService-Lob-0.0107-0 (Makefile:886 'test_dynamic')

------------------------------
PREREQUISITES
------------------------------

Prerequisite modules loaded:

requires:

    Module                     Need     Have    
    -------------------------- -------- --------
    aliased                    0        0.34    
    Method::Signatures         0        20170211
    Moo                        1.006000 2.005004
    Throwable::Error           0        1.000   
    WebService::BaseClientRole 0.0004   0.0008  
    WebService::Client         0        1.0001  

build_requires:

    Module                     Need     Have    
    -------------------------- -------- --------
    Exporter                   0        5.74    
    ExtUtils::MakeMaker        0        7.64    
    File::Spec                 0        3.78    
    IO::Handle                 0        1.48    
    IPC::Open3                 0        1.21    
    Memoize                    0        1.03_01 
    Storable                   0        3.25    
    strict                     0        1.11    
    Test::Modern               0        0.013   
    Test::More                 0        1.302190
    warnings                   0        1.47    

configure_requires:

    Module                     Need     Have    
    -------------------------- -------- --------
    ExtUtils::MakeMaker        0        7.64    


------------------------------
ENVIRONMENT AND OTHER CONTEXT
------------------------------

Environment variables:

    AUTOMATED_TESTING = 1
    PATH = /home/goku/perl5/bin:/usr/bin:/bin:/usr/sbin:/sbin:/usr/X11R6/bin:/usr/local/bin:/usr/local/sbin
    PERL5LIB = /home/goku/perl5/lib/perl5
    PERL5OPT = 
    PERL5_CPANPLUS_IS_RUNNING = 53439
    PERL5_CPAN_IS_RUNNING = 53439
    PERL5_CPAN_IS_RUNNING_IN_RECURSION = 40816,53439
    PERL_CR_SMOKER_CURRENT = WebService-Lob-0.0107
    PERL_EXTUTILS_AUTOINSTALL = --defaultdeps
    PERL_LOCAL_LIB_ROOT = /home/goku/perl5
    PERL_MB_OPT = --install_base "/home/goku/perl5"
    PERL_MM_OPT = INSTALL_BASE=/home/goku/perl5
    PERL_MM_USE_DEFAULT = 1
    PERL_USE_UNSAFE_INC = 1
    SHELL = /bin/ksh
    TERM = xterm-256color

Perl special variables (and OS-specific diagnostics, for MSWin32):

    $^X = /usr/bin/perl
    $UID/$EUID = 1001 / 1001
    $GID = 1002 1002 1001
    $EGID = 1002 1002 1001

Perl module toolchain versions installed:

    Module              Have    
    ------------------- --------
    CPAN                2.33    
    CPAN::Meta          2.150010
    Cwd                 3.78    
    ExtUtils::CBuilder  0.280236
    ExtUtils::Command   7.64    
    ExtUtils::Install   2.20    
    ExtUtils::MakeMaker 7.64    
    ExtUtils::Manifest  1.73    
    ExtUtils::ParseXS   3.44    
    File::Spec          3.78    
    JSON                4.05    
    JSON::PP            4.08    
    Module::Build       0.4231  
    Module::Signature   n/a     
    Parse::CPAN::Meta   2.150010
    Test::Harness       3.44    
    Test::More          1.302190
    YAML                1.30    
    YAML::Syck          1.34    
    version             0.9929  


--

Summary of my perl5 (revision 5 version 32 subversion 1) configuration:
   
  Platform:
    osname=openbsd
    osvers=7.0
    archname=amd64-openbsd
    uname='openbsd'
    config_args='-dse -Dopenbsd_distribution=defined -Dmksymlinks'
    hint=recommended
    useposix=true
    d_sigaction=define
    useithreads=undef
    usemultiplicity=undef
    use64bitint=define
    use64bitall=define
    uselongdouble=undef
    usemymalloc=n
    default_inc_excludes_dot=define
    bincompat5005=undef
  Compiler:
    cc='cc'
    ccflags ='-DNO_LOCALE_NUMERIC -DNO_LOCALE_COLLATE -fno-strict-aliasing -fno-delete-null-pointer-checks -pipe -fstack-protector-strong -I/usr/local/include'
    optimize='-O2'
    cppflags='-DBIG_TIME -DNO_LOCALE_NUMERIC -DNO_LOCALE_COLLATE -fno-strict-aliasing -fno-delete-null-pointer-checks -pipe -fstack-protector-strong -I/usr/local/include'
    ccversion=''
    gccversion='OpenBSD Clang 11.1.0'
    gccosandvers=''
    intsize=4
    longsize=8
    ptrsize=8
    doublesize=8
    byteorder=12345678
    doublekind=3
    d_longlong=define
    longlongsize=8
    d_longdbl=define
    longdblsize=16
    longdblkind=3
    ivtype='long'
    ivsize=8
    nvtype='double'
    nvsize=8
    Off_t='off_t'
    lseeksize=8
    alignbytes=8
    prototype=define
  Linker and Libraries:
    ld='cc'
    ldflags ='-Wl,-E  -fstack-protector-strong -L/usr/local/lib'
    libpth=/usr/lib /usr/local/lib
    libs=-lm -lc
    perllibs=-lm -lc
    libc=/usr/lib/libc.so.96.1
    so=so
    useshrplib=true
    libperl=libperl.so.22.0
    gnulibc_version=''
  Dynamic Linking:
    dlsrc=dl_dlopen.xs
    dlext=so
    d_dlsymun=undef
    ccdlflags='-Wl,-R/usr/libdata/perl5/amd64-openbsd/CORE'
    cccdlflags='-DPIC -fpic '
    lddlflags='-shared -fpic  -fstack-protector-strong -L/usr/local/lib'


Characteristics of this binary (from libperl): 
  Compile-time options:
    HAS_TIMES
    PERLIO_LAYERS
    PERL_COPY_ON_WRITE
    PERL_DONT_CREATE_GVSV
    PERL_MALLOC_WRAP
    PERL_OP_PARENT
    PERL_PRESERVE_IVUV
    USE_64_BIT_ALL
    USE_64_BIT_INT
    USE_LARGE_FILES
    USE_LOCALE
    USE_LOCALE_CTYPE
    USE_LOCALE_TIME
    USE_PERLIO
    USE_PERL_ATOF
  Built under openbsd
  %ENV:
    PERL5LIB="/home/goku/perl5/lib/perl5"
    PERL5OPT=""
    PERL5_CPANPLUS_IS_RUNNING="53439"
    PERL5_CPAN_IS_RUNNING="53439"
    PERL5_CPAN_IS_RUNNING_IN_RECURSION="40816,53439"
    PERL_CR_SMOKER_CURRENT="WebService-Lob-0.0107"
    PERL_EXTUTILS_AUTOINSTALL="--defaultdeps"
    PERL_LOCAL_LIB_ROOT="/home/goku/perl5"
    PERL_MB_OPT="--install_base "/home/goku/perl5""
    PERL_MM_OPT="INSTALL_BASE=/home/goku/perl5"
    PERL_MM_USE_DEFAULT="1"
    PERL_USE_UNSAFE_INC="1"
  @INC:
    /home/goku/perl5/lib/perl5/5.32.1/amd64-openbsd
    /home/goku/perl5/lib/perl5/5.32.1
    /home/goku/perl5/lib/perl5/amd64-openbsd
    /home/goku/perl5/lib/perl5
    /usr/local/libdata/perl5/site_perl/amd64-openbsd
    /usr/local/libdata/perl5/site_perl
    /usr/libdata/perl5/amd64-openbsd
    /usr/libdata/perl5
    .