CSS-DOM v0.17 Perl 5 v5.41.1 x86_64-linux-ld
- Status
- Fail
- From
- Andreas J. König (ANDK)
- Dist
-
CSS-DOM v0.17
- Platform
- Perl 5 v5.41.1 x86_64-linux-ld
- Date
- 2024-07-13 20:45:09
- ID
- cb15a0ee-4158-11ef-b593-a97e3967c0cb
This distribution has been tested as part of the CPAN Testers
project, supporting the Perl programming language. See
http://wiki.cpantesters.org/ for more information or email
questions to cpan-testers-discuss@perl.org
--
Dear Father Chrysostomos,
This is a computer-generated report for CSS-DOM-0.17
on perl 5.41.1, created by CPAN-Reporter-1.2019.
Thank you for uploading your work to CPAN. However, there was a problem
testing your distribution.
If you think this report is invalid, please consult the CPAN Testers Wiki
for suggestions on how to avoid getting FAIL reports for missing library
or binary dependencies, unsupported operating systems, and so on:
http://wiki.cpantesters.org/wiki/CPANAuthorNotes
Sections of this report:
* Tester comments
* Program output
* Prerequisites
* Environment and other context
------------------------------
TESTER COMMENTS
------------------------------
Additional comments from tester:
this report is from an automated smoke testing program
and was not reviewed by a human for accuracy
------------------------------
PROGRAM OUTPUT
------------------------------
Output from '/usr/bin/make test':
PERL_DL_NONLAZY=1 "/tmp/basesmoker-reloperl-PwKq/bin/perl" "-MExtUtils::Command::MM" "-MTest::Harness" "-e" "undef *Test::Harness::Switches; test_harness(0, 'blib/lib', 'blib/arch')" t/*.t
Old package separator "'" deprecated at t/charset.t line 6.
Old package separator "'" deprecated at /tmp/loop_over_bdir-1896-PAdUZ4/CSS-DOM-0.17-0/blib/lib/CSS/DOM/Rule.pm line 49.
Old package separator "'" deprecated at /tmp/loop_over_bdir-1896-PAdUZ4/CSS-DOM-0.17-0/blib/lib/CSS/DOM/Rule/Style.pm line 96.
Old package separator "'" deprecated at /tmp/loop_over_bdir-1896-PAdUZ4/CSS-DOM-0.17-0/blib/lib/CSS/DOM/Rule/Style.pm line 97.
Old package separator "'" deprecated at /tmp/loop_over_bdir-1896-PAdUZ4/CSS-DOM-0.17-0/blib/lib/CSS/DOM/Rule/Style.pm line 133.
Old package separator "'" deprecated at /tmp/loop_over_bdir-1896-PAdUZ4/CSS-DOM-0.17-0/blib/lib/CSS/DOM/Rule/Style.pm line 141.
Old package separator "'" deprecated at /tmp/loop_over_bdir-1896-PAdUZ4/CSS-DOM-0.17-0/blib/lib/CSS/DOM/Rule/Style.pm line 146.
Old package separator "'" deprecated at /tmp/loop_over_bdir-1896-PAdUZ4/CSS-DOM-0.17-0/blib/lib/CSS/DOM/Rule/Style.pm line 154.
Old package separator "'" deprecated at /tmp/loop_over_bdir-1896-PAdUZ4/CSS-DOM-0.17-0/blib/lib/CSS/DOM/Rule/Style.pm line 155.
Old package separator "'" deprecated at /tmp/loop_over_bdir-1896-PAdUZ4/CSS-DOM-0.17-0/blib/lib/CSS/DOM/Rule/Style.pm line 161.
Old package separator "'" deprecated at /tmp/loop_over_bdir-1896-PAdUZ4/CSS-DOM-0.17-0/blib/lib/CSS/DOM/Rule/Style.pm line 169.
Old package separator "'" deprecated at /tmp/loop_over_bdir-1896-PAdUZ4/CSS-DOM-0.17-0/blib/lib/CSS/DOM/Rule/Style.pm line 170.
Old package separator "'" deprecated at /tmp/loop_over_bdir-1896-PAdUZ4/CSS-DOM-0.17-0/blib/lib/CSS/DOM/Rule/Style.pm line 177.
Old package separator "'" deprecated at /tmp/loop_over_bdir-1896-PAdUZ4/CSS-DOM-0.17-0/blib/lib/CSS/DOM/Rule/Style.pm line 178.
Old package separator "'" deprecated at /tmp/loop_over_bdir-1896-PAdUZ4/CSS-DOM-0.17-0/blib/lib/CSS/DOM/Style.pm line 174.
Old package separator "'" deprecated at /tmp/loop_over_bdir-1896-PAdUZ4/CSS-DOM-0.17-0/blib/lib/CSS/DOM/Style.pm line 175.
Old package separator "'" deprecated at /tmp/loop_over_bdir-1896-PAdUZ4/CSS-DOM-0.17-0/blib/lib/CSS/DOM/Style.pm line 176.
Old package separator "'" deprecated at /tmp/loop_over_bdir-1896-PAdUZ4/CSS-DOM-0.17-0/blib/lib/CSS/DOM/Parser.pm line 372.
Old package separator "'" deprecated at /tmp/loop_over_bdir-1896-PAdUZ4/CSS-DOM-0.17-0/blib/lib/CSS/DOM/Parser.pm line 416.
Old package separator "'" deprecated at /tmp/loop_over_bdir-1896-PAdUZ4/CSS-DOM-0.17-0/blib/lib/CSS/DOM/Rule/Import.pm line 48.
Old package separator "'" deprecated at /tmp/loop_over_bdir-1896-PAdUZ4/CSS-DOM-0.17-0/blib/lib/CSS/DOM/Rule/Import.pm line 56.
Old package separator "'" deprecated at /tmp/loop_over_bdir-1896-PAdUZ4/CSS-DOM-0.17-0/blib/lib/CSS/DOM/Rule/Import.pm line 59.
t/charset.t .......................... ok
Old package separator "'" deprecated at t/css-dom-interface.t line 9.
t/css-dom-interface.t ................ ok
Old package separator "'" deprecated at t/css-dom-style.t line 9.
Old package separator "'" deprecated at t/css-dom-style.t line 15.
Old package separator "'" deprecated at /tmp/loop_over_bdir-1896-PAdUZ4/CSS-DOM-0.17-0/blib/lib/CSS/DOM/Style.pm line 174.
Old package separator "'" deprecated at /tmp/loop_over_bdir-1896-PAdUZ4/CSS-DOM-0.17-0/blib/lib/CSS/DOM/Style.pm line 175.
Old package separator "'" deprecated at /tmp/loop_over_bdir-1896-PAdUZ4/CSS-DOM-0.17-0/blib/lib/CSS/DOM/Style.pm line 176.
Old package separator "'" deprecated at /tmp/loop_over_bdir-1896-PAdUZ4/CSS-DOM-0.17-0/blib/lib/CSS/DOM/Rule.pm line 49.
Old package separator "'" deprecated at /tmp/loop_over_bdir-1896-PAdUZ4/CSS-DOM-0.17-0/blib/lib/CSS/DOM/Rule/Style.pm line 96.
Old package separator "'" deprecated at /tmp/loop_over_bdir-1896-PAdUZ4/CSS-DOM-0.17-0/blib/lib/CSS/DOM/Rule/Style.pm line 97.
Old package separator "'" deprecated at /tmp/loop_over_bdir-1896-PAdUZ4/CSS-DOM-0.17-0/blib/lib/CSS/DOM/Rule/Style.pm line 133.
Old package separator "'" deprecated at /tmp/loop_over_bdir-1896-PAdUZ4/CSS-DOM-0.17-0/blib/lib/CSS/DOM/Rule/Style.pm line 141.
Old package separator "'" deprecated at /tmp/loop_over_bdir-1896-PAdUZ4/CSS-DOM-0.17-0/blib/lib/CSS/DOM/Rule/Style.pm line 146.
Old package separator "'" deprecated at /tmp/loop_over_bdir-1896-PAdUZ4/CSS-DOM-0.17-0/blib/lib/CSS/DOM/Rule/Style.pm line 154.
Old package separator "'" deprecated at /tmp/loop_over_bdir-1896-PAdUZ4/CSS-DOM-0.17-0/blib/lib/CSS/DOM/Rule/Style.pm line 155.
Old package separator "'" deprecated at /tmp/loop_over_bdir-1896-PAdUZ4/CSS-DOM-0.17-0/blib/lib/CSS/DOM/Rule/Style.pm line 161.
Old package separator "'" deprecated at /tmp/loop_over_bdir-1896-PAdUZ4/CSS-DOM-0.17-0/blib/lib/CSS/DOM/Rule/Style.pm line 169.
Old package separator "'" deprecated at /tmp/loop_over_bdir-1896-PAdUZ4/CSS-DOM-0.17-0/blib/lib/CSS/DOM/Rule/Style.pm line 170.
Old package separator "'" deprecated at /tmp/loop_over_bdir-1896-PAdUZ4/CSS-DOM-0.17-0/blib/lib/CSS/DOM/Rule/Style.pm line 177.
Old package separator "'" deprecated at /tmp/loop_over_bdir-1896-PAdUZ4/CSS-DOM-0.17-0/blib/lib/CSS/DOM/Rule/Style.pm line 178.
Old package separator "'" deprecated at /tmp/loop_over_bdir-1896-PAdUZ4/CSS-DOM-0.17-0/blib/lib/CSS/DOM/Parser.pm line 372.
Old package separator "'" deprecated at /tmp/loop_over_bdir-1896-PAdUZ4/CSS-DOM-0.17-0/blib/lib/CSS/DOM/Parser.pm line 416.
t/css-dom-style.t .................... ok
Old package separator "'" deprecated at t/css-dom-util.t line 6.
t/css-dom-util.t ..................... ok
Old package separator "'" deprecated at t/css-dom.t line 6.
Old package separator "'" deprecated at t/css-dom.t line 31.
# Failed test 'no warnings for style belonging to element itself'
# at t/css-dom.t line 34.
# got: 'Old package separator "'" deprecated at /tmp/loop_over_bdir-1896-PAdUZ4/CSS-DOM-0.17-0/blib/lib/CSS/DOM/Style.pm line 174.
# Old package separator "'" deprecated at /tmp/loop_over_bdir-1896-PAdUZ4/CSS-DOM-0.17-0/blib/lib/CSS/DOM/Style.pm line 175.
# Old package separator "'" deprecated at /tmp/loop_over_bdir-1896-PAdUZ4/CSS-DOM-0.17-0/blib/lib/CSS/DOM/Style.pm line 176.
# Old package separator "'" deprecated at /tmp/loop_over_bdir-1896-PAdUZ4/CSS-DOM-0.17-0/blib/lib/CSS/DOM/Rule.pm line 49.
# Old package separator "'" deprecated at /tmp/loop_over_bdir-1896-PAdUZ4/CSS-DOM-0.17-0/blib/lib/CSS/DOM/Rule/Style.pm line 96.
# Old package separator "'" deprecated at /tmp/loop_over_bdir-1896-PAdUZ4/CSS-DOM-0.17-0/blib/lib/CSS/DOM/Rule/Style.pm line 97.
# Old package separator "'" deprecated at /tmp/loop_over_bdir-1896-PAdUZ4/CSS-DOM-0.17-0/blib/lib/CSS/DOM/Rule/Style.pm line 133.
# Old package separator "'" deprecated at /tmp/loop_over_bdir-1896-PAdUZ4/CSS-DOM-0.17-0/blib/lib/CSS/DOM/Rule/Style.pm line 141.
# Old package separator "'" deprecated at /tmp/loop_over_bdir-1896-PAdUZ4/CSS-DOM-0.17-0/blib/lib/CSS/DOM/Rule/Style.pm line 146.
# Old package separator "'" deprecated at /tmp/loop_over_bdir-1896-PAdUZ4/CSS-DOM-0.17-0/blib/lib/CSS/DOM/Rule/Style.pm line 154.
# Old package separator "'" deprecated at /tmp/loop_over_bdir-1896-PAdUZ4/CSS-DOM-0.17-0/blib/lib/CSS/DOM/Rule/Style.pm line 155.
# Old package separator "'" deprecated at /tmp/loop_over_bdir-1896-PAdUZ4/CSS-DOM-0.17-0/blib/lib/CSS/DOM/Rule/Style.pm line 161.
# Old package separator "'" deprecated at /tmp/loop_over_bdir-1896-PAdUZ4/CSS-DOM-0.17-0/blib/lib/CSS/DOM/Rule/Style.pm line 169.
# Old package separator "'" deprecated at /tmp/loop_over_bdir-1896-PAdUZ4/CSS-DOM-0.17-0/blib/lib/CSS/DOM/Rule/Style.pm line 170.
# Old package separator "'" deprecated at /tmp/loop_over_bdir-1896-PAdUZ4/CSS-DOM-0.17-0/blib/lib/CSS/DOM/Rule/Style.pm line 177.
# Old package separator "'" deprecated at /tmp/loop_over_bdir-1896-PAdUZ4/CSS-DOM-0.17-0/blib/lib/CSS/DOM/Rule/Style.pm line 178.
# Old package separator "'" deprecated at /tmp/loop_over_bdir-1896-PAdUZ4/CSS-DOM-0.17-0/blib/lib/CSS/DOM/Parser.pm line 372.
# Old package separator "'" deprecated at /tmp/loop_over_bdir-1896-PAdUZ4/CSS-DOM-0.17-0/blib/lib/CSS/DOM/Parser.pm line 416.
# '
# expected: undef
# Looks like you failed 1 test of 3.
t/css-dom.t ..........................
Dubious, test returned 1 (wstat 256, 0x100)
Failed 1/3 subtests
Old package separator "'" deprecated at t/CSS2Properties.t line 6.
Old package separator "'" deprecated at t/CSS2Properties.t line 7.
Old package separator "'" deprecated at /tmp/loop_over_bdir-1896-PAdUZ4/CSS-DOM-0.17-0/blib/lib/CSS/DOM/Style.pm line 174.
Old package separator "'" deprecated at /tmp/loop_over_bdir-1896-PAdUZ4/CSS-DOM-0.17-0/blib/lib/CSS/DOM/Style.pm line 175.
Old package separator "'" deprecated at /tmp/loop_over_bdir-1896-PAdUZ4/CSS-DOM-0.17-0/blib/lib/CSS/DOM/Style.pm line 176.
Old package separator "'" deprecated at /tmp/loop_over_bdir-1896-PAdUZ4/CSS-DOM-0.17-0/blib/lib/CSS/DOM/Rule.pm line 49.
Old package separator "'" deprecated at /tmp/loop_over_bdir-1896-PAdUZ4/CSS-DOM-0.17-0/blib/lib/CSS/DOM/Rule/Style.pm line 96.
Old package separator "'" deprecated at /tmp/loop_over_bdir-1896-PAdUZ4/CSS-DOM-0.17-0/blib/lib/CSS/DOM/Rule/Style.pm line 97.
Old package separator "'" deprecated at /tmp/loop_over_bdir-1896-PAdUZ4/CSS-DOM-0.17-0/blib/lib/CSS/DOM/Rule/Style.pm line 133.
Old package separator "'" deprecated at /tmp/loop_over_bdir-1896-PAdUZ4/CSS-DOM-0.17-0/blib/lib/CSS/DOM/Rule/Style.pm line 141.
Old package separator "'" deprecated at /tmp/loop_over_bdir-1896-PAdUZ4/CSS-DOM-0.17-0/blib/lib/CSS/DOM/Rule/Style.pm line 146.
Old package separator "'" deprecated at /tmp/loop_over_bdir-1896-PAdUZ4/CSS-DOM-0.17-0/blib/lib/CSS/DOM/Rule/Style.pm line 154.
Old package separator "'" deprecated at /tmp/loop_over_bdir-1896-PAdUZ4/CSS-DOM-0.17-0/blib/lib/CSS/DOM/Rule/Style.pm line 155.
Old package separator "'" deprecated at /tmp/loop_over_bdir-1896-PAdUZ4/CSS-DOM-0.17-0/blib/lib/CSS/DOM/Rule/Style.pm line 161.
Old package separator "'" deprecated at /tmp/loop_over_bdir-1896-PAdUZ4/CSS-DOM-0.17-0/blib/lib/CSS/DOM/Rule/Style.pm line 169.
Old package separator "'" deprecated at /tmp/loop_over_bdir-1896-PAdUZ4/CSS-DOM-0.17-0/blib/lib/CSS/DOM/Rule/Style.pm line 170.
Old package separator "'" deprecated at /tmp/loop_over_bdir-1896-PAdUZ4/CSS-DOM-0.17-0/blib/lib/CSS/DOM/Rule/Style.pm line 177.
Old package separator "'" deprecated at /tmp/loop_over_bdir-1896-PAdUZ4/CSS-DOM-0.17-0/blib/lib/CSS/DOM/Rule/Style.pm line 178.
Old package separator "'" deprecated at /tmp/loop_over_bdir-1896-PAdUZ4/CSS-DOM-0.17-0/blib/lib/CSS/DOM/Parser.pm line 372.
Old package separator "'" deprecated at /tmp/loop_over_bdir-1896-PAdUZ4/CSS-DOM-0.17-0/blib/lib/CSS/DOM/Parser.pm line 416.
t/CSS2Properties.t ................... ok
Old package separator "'" deprecated at t/CSSCharsetRule.t line 6.
Old package separator "'" deprecated at t/CSSCharsetRule.t line 16.
Old package separator "'" deprecated at /tmp/loop_over_bdir-1896-PAdUZ4/CSS-DOM-0.17-0/blib/lib/CSS/DOM/Rule.pm line 49.
Old package separator "'" deprecated at /tmp/loop_over_bdir-1896-PAdUZ4/CSS-DOM-0.17-0/blib/lib/CSS/DOM/Rule/Style.pm line 96.
Old package separator "'" deprecated at /tmp/loop_over_bdir-1896-PAdUZ4/CSS-DOM-0.17-0/blib/lib/CSS/DOM/Rule/Style.pm line 97.
Old package separator "'" deprecated at /tmp/loop_over_bdir-1896-PAdUZ4/CSS-DOM-0.17-0/blib/lib/CSS/DOM/Rule/Style.pm line 133.
Old package separator "'" deprecated at /tmp/loop_over_bdir-1896-PAdUZ4/CSS-DOM-0.17-0/blib/lib/CSS/DOM/Rule/Style.pm line 141.
Old package separator "'" deprecated at /tmp/loop_over_bdir-1896-PAdUZ4/CSS-DOM-0.17-0/blib/lib/CSS/DOM/Rule/Style.pm line 146.
Old package separator "'" deprecated at /tmp/loop_over_bdir-1896-PAdUZ4/CSS-DOM-0.17-0/blib/lib/CSS/DOM/Rule/Style.pm line 154.
Old package separator "'" deprecated at /tmp/loop_over_bdir-1896-PAdUZ4/CSS-DOM-0.17-0/blib/lib/CSS/DOM/Rule/Style.pm line 155.
Old package separator "'" deprecated at /tmp/loop_over_bdir-1896-PAdUZ4/CSS-DOM-0.17-0/blib/lib/CSS/DOM/Rule/Style.pm line 161.
Old package separator "'" deprecated at /tmp/loop_over_bdir-1896-PAdUZ4/CSS-DOM-0.17-0/blib/lib/CSS/DOM/Rule/Style.pm line 169.
Old package separator "'" deprecated at /tmp/loop_over_bdir-1896-PAdUZ4/CSS-DOM-0.17-0/blib/lib/CSS/DOM/Rule/Style.pm line 170.
Old package separator "'" deprecated at /tmp/loop_over_bdir-1896-PAdUZ4/CSS-DOM-0.17-0/blib/lib/CSS/DOM/Rule/Style.pm line 177.
Old package separator "'" deprecated at /tmp/loop_over_bdir-1896-PAdUZ4/CSS-DOM-0.17-0/blib/lib/CSS/DOM/Rule/Style.pm line 178.
Old package separator "'" deprecated at /tmp/loop_over_bdir-1896-PAdUZ4/CSS-DOM-0.17-0/blib/lib/CSS/DOM/Style.pm line 174.
Old package separator "'" deprecated at /tmp/loop_over_bdir-1896-PAdUZ4/CSS-DOM-0.17-0/blib/lib/CSS/DOM/Style.pm line 175.
Old package separator "'" deprecated at /tmp/loop_over_bdir-1896-PAdUZ4/CSS-DOM-0.17-0/blib/lib/CSS/DOM/Style.pm line 176.
Old package separator "'" deprecated at /tmp/loop_over_bdir-1896-PAdUZ4/CSS-DOM-0.17-0/blib/lib/CSS/DOM/Parser.pm line 372.
Old package separator "'" deprecated at /tmp/loop_over_bdir-1896-PAdUZ4/CSS-DOM-0.17-0/blib/lib/CSS/DOM/Parser.pm line 416.
Old package separator "'" deprecated at /tmp/loop_over_bdir-1896-PAdUZ4/CSS-DOM-0.17-0/blib/lib/CSS/DOM/Rule/Import.pm line 48.
Old package separator "'" deprecated at /tmp/loop_over_bdir-1896-PAdUZ4/CSS-DOM-0.17-0/blib/lib/CSS/DOM/Rule/Import.pm line 56.
Old package separator "'" deprecated at /tmp/loop_over_bdir-1896-PAdUZ4/CSS-DOM-0.17-0/blib/lib/CSS/DOM/Rule/Import.pm line 59.
t/CSSCharsetRule.t ................... ok
Old package separator "'" deprecated at t/CSSFontFaceRule.t line 6.
Old package separator "'" deprecated at t/CSSFontFaceRule.t line 16.
Old package separator "'" deprecated at /tmp/loop_over_bdir-1896-PAdUZ4/CSS-DOM-0.17-0/blib/lib/CSS/DOM/Rule.pm line 49.
Old package separator "'" deprecated at /tmp/loop_over_bdir-1896-PAdUZ4/CSS-DOM-0.17-0/blib/lib/CSS/DOM/Rule/Style.pm line 96.
Old package separator "'" deprecated at /tmp/loop_over_bdir-1896-PAdUZ4/CSS-DOM-0.17-0/blib/lib/CSS/DOM/Rule/Style.pm line 97.
Old package separator "'" deprecated at /tmp/loop_over_bdir-1896-PAdUZ4/CSS-DOM-0.17-0/blib/lib/CSS/DOM/Rule/Style.pm line 133.
Old package separator "'" deprecated at /tmp/loop_over_bdir-1896-PAdUZ4/CSS-DOM-0.17-0/blib/lib/CSS/DOM/Rule/Style.pm line 141.
Old package separator "'" deprecated at /tmp/loop_over_bdir-1896-PAdUZ4/CSS-DOM-0.17-0/blib/lib/CSS/DOM/Rule/Style.pm line 146.
Old package separator "'" deprecated at /tmp/loop_over_bdir-1896-PAdUZ4/CSS-DOM-0.17-0/blib/lib/CSS/DOM/Rule/Style.pm line 154.
Old package separator "'" deprecated at /tmp/loop_over_bdir-1896-PAdUZ4/CSS-DOM-0.17-0/blib/lib/CSS/DOM/Rule/Style.pm line 155.
Old package separator "'" deprecated at /tmp/loop_over_bdir-1896-PAdUZ4/CSS-DOM-0.17-0/blib/lib/CSS/DOM/Rule/Style.pm line 161.
Old package separator "'" deprecated at /tmp/loop_over_bdir-1896-PAdUZ4/CSS-DOM-0.17-0/blib/lib/CSS/DOM/Rule/Style.pm line 169.
Old package separator "'" deprecated at /tmp/loop_over_bdir-1896-PAdUZ4/CSS-DOM-0.17-0/blib/lib/CSS/DOM/Rule/Style.pm line 170.
Old package separator "'" deprecated at /tmp/loop_over_bdir-1896-PAdUZ4/CSS-DOM-0.17-0/blib/lib/CSS/DOM/Rule/Style.pm line 177.
Old package separator "'" deprecated at /tmp/loop_over_bdir-1896-PAdUZ4/CSS-DOM-0.17-0/blib/lib/CSS/DOM/Rule/Style.pm line 178.
Old package separator "'" deprecated at /tmp/loop_over_bdir-1896-PAdUZ4/CSS-DOM-0.17-0/blib/lib/CSS/DOM/Style.pm line 174.
Old package separator "'" deprecated at /tmp/loop_over_bdir-1896-PAdUZ4/CSS-DOM-0.17-0/blib/lib/CSS/DOM/Style.pm line 175.
Old package separator "'" deprecated at /tmp/loop_over_bdir-1896-PAdUZ4/CSS-DOM-0.17-0/blib/lib/CSS/DOM/Style.pm line 176.
Old package separator "'" deprecated at /tmp/loop_over_bdir-1896-PAdUZ4/CSS-DOM-0.17-0/blib/lib/CSS/DOM/Parser.pm line 372.
Old package separator "'" deprecated at /tmp/loop_over_bdir-1896-PAdUZ4/CSS-DOM-0.17-0/blib/lib/CSS/DOM/Parser.pm line 416.
t/CSSFontFaceRule.t .................. ok
Old package separator "'" deprecated at t/CSSImportRule.t line 6.
Old package separator "'" deprecated at t/CSSImportRule.t line 18.
Old package separator "'" deprecated at t/CSSImportRule.t line 98.
Old package separator "'" deprecated at /tmp/loop_over_bdir-1896-PAdUZ4/CSS-DOM-0.17-0/blib/lib/CSS/DOM/Rule.pm line 49.
Old package separator "'" deprecated at /tmp/loop_over_bdir-1896-PAdUZ4/CSS-DOM-0.17-0/blib/lib/CSS/DOM/Rule/Import.pm line 48.
Old package separator "'" deprecated at /tmp/loop_over_bdir-1896-PAdUZ4/CSS-DOM-0.17-0/blib/lib/CSS/DOM/Rule/Import.pm line 56.
Old package separator "'" deprecated at /tmp/loop_over_bdir-1896-PAdUZ4/CSS-DOM-0.17-0/blib/lib/CSS/DOM/Rule/Import.pm line 59.
Old package separator "'" deprecated at /tmp/loop_over_bdir-1896-PAdUZ4/CSS-DOM-0.17-0/blib/lib/CSS/DOM/Rule/Style.pm line 96.
Old package separator "'" deprecated at /tmp/loop_over_bdir-1896-PAdUZ4/CSS-DOM-0.17-0/blib/lib/CSS/DOM/Rule/Style.pm line 97.
Old package separator "'" deprecated at /tmp/loop_over_bdir-1896-PAdUZ4/CSS-DOM-0.17-0/blib/lib/CSS/DOM/Rule/Style.pm line 133.
Old package separator "'" deprecated at /tmp/loop_over_bdir-1896-PAdUZ4/CSS-DOM-0.17-0/blib/lib/CSS/DOM/Rule/Style.pm line 141.
Old package separator "'" deprecated at /tmp/loop_over_bdir-1896-PAdUZ4/CSS-DOM-0.17-0/blib/lib/CSS/DOM/Rule/Style.pm line 146.
Old package separator "'" deprecated at /tmp/loop_over_bdir-1896-PAdUZ4/CSS-DOM-0.17-0/blib/lib/CSS/DOM/Rule/Style.pm line 154.
Old package separator "'" deprecated at /tmp/loop_over_bdir-1896-PAdUZ4/CSS-DOM-0.17-0/blib/lib/CSS/DOM/Rule/Style.pm line 155.
Old package separator "'" deprecated at /tmp/loop_over_bdir-1896-PAdUZ4/CSS-DOM-0.17-0/blib/lib/CSS/DOM/Rule/Style.pm line 161.
Old package separator "'" deprecated at /tmp/loop_over_bdir-1896-PAdUZ4/CSS-DOM-0.17-0/blib/lib/CSS/DOM/Rule/Style.pm line 169.
Old package separator "'" deprecated at /tmp/loop_over_bdir-1896-PAdUZ4/CSS-DOM-0.17-0/blib/lib/CSS/DOM/Rule/Style.pm line 170.
Old package separator "'" deprecated at /tmp/loop_over_bdir-1896-PAdUZ4/CSS-DOM-0.17-0/blib/lib/CSS/DOM/Rule/Style.pm line 177.
Old package separator "'" deprecated at /tmp/loop_over_bdir-1896-PAdUZ4/CSS-DOM-0.17-0/blib/lib/CSS/DOM/Rule/Style.pm line 178.
Old package separator "'" deprecated at /tmp/loop_over_bdir-1896-PAdUZ4/CSS-DOM-0.17-0/blib/lib/CSS/DOM/Style.pm line 174.
Old package separator "'" deprecated at /tmp/loop_over_bdir-1896-PAdUZ4/CSS-DOM-0.17-0/blib/lib/CSS/DOM/Style.pm line 175.
Old package separator "'" deprecated at /tmp/loop_over_bdir-1896-PAdUZ4/CSS-DOM-0.17-0/blib/lib/CSS/DOM/Style.pm line 176.
Old package separator "'" deprecated at /tmp/loop_over_bdir-1896-PAdUZ4/CSS-DOM-0.17-0/blib/lib/CSS/DOM/Parser.pm line 372.
Old package separator "'" deprecated at /tmp/loop_over_bdir-1896-PAdUZ4/CSS-DOM-0.17-0/blib/lib/CSS/DOM/Parser.pm line 416.
t/CSSImportRule.t .................... ok
Old package separator "'" deprecated at t/CSSMediaRule.t line 6.
Old package separator "'" deprecated at t/CSSMediaRule.t line 18.
Old package separator "'" deprecated at /tmp/loop_over_bdir-1896-PAdUZ4/CSS-DOM-0.17-0/blib/lib/CSS/DOM/Rule.pm line 49.
Old package separator "'" deprecated at /tmp/loop_over_bdir-1896-PAdUZ4/CSS-DOM-0.17-0/blib/lib/CSS/DOM/Rule/Style.pm line 96.
Old package separator "'" deprecated at /tmp/loop_over_bdir-1896-PAdUZ4/CSS-DOM-0.17-0/blib/lib/CSS/DOM/Rule/Style.pm line 97.
Old package separator "'" deprecated at /tmp/loop_over_bdir-1896-PAdUZ4/CSS-DOM-0.17-0/blib/lib/CSS/DOM/Rule/Style.pm line 133.
Old package separator "'" deprecated at /tmp/loop_over_bdir-1896-PAdUZ4/CSS-DOM-0.17-0/blib/lib/CSS/DOM/Rule/Style.pm line 141.
Old package separator "'" deprecated at /tmp/loop_over_bdir-1896-PAdUZ4/CSS-DOM-0.17-0/blib/lib/CSS/DOM/Rule/Style.pm line 146.
Old package separator "'" deprecated at /tmp/loop_over_bdir-1896-PAdUZ4/CSS-DOM-0.17-0/blib/lib/CSS/DOM/Rule/Style.pm line 154.
Old package separator "'" deprecated at /tmp/loop_over_bdir-1896-PAdUZ4/CSS-DOM-0.17-0/blib/lib/CSS/DOM/Rule/Style.pm line 155.
Old package separator "'" deprecated at /tmp/loop_over_bdir-1896-PAdUZ4/CSS-DOM-0.17-0/blib/lib/CSS/DOM/Rule/Style.pm line 161.
Old package separator "'" deprecated at /tmp/loop_over_bdir-1896-PAdUZ4/CSS-DOM-0.17-0/blib/lib/CSS/DOM/Rule/Style.pm line 169.
Old package separator "'" deprecated at /tmp/loop_over_bdir-1896-PAdUZ4/CSS-DOM-0.17-0/blib/lib/CSS/DOM/Rule/Style.pm line 170.
Old package separator "'" deprecated at /tmp/loop_over_bdir-1896-PAdUZ4/CSS-DOM-0.17-0/blib/lib/CSS/DOM/Rule/Style.pm line 177.
Old package separator "'" deprecated at /tmp/loop_over_bdir-1896-PAdUZ4/CSS-DOM-0.17-0/blib/lib/CSS/DOM/Rule/Style.pm line 178.
Old package separator "'" deprecated at /tmp/loop_over_bdir-1896-PAdUZ4/CSS-DOM-0.17-0/blib/lib/CSS/DOM/Style.pm line 174.
Old package separator "'" deprecated at /tmp/loop_over_bdir-1896-PAdUZ4/CSS-DOM-0.17-0/blib/lib/CSS/DOM/Style.pm line 175.
Old package separator "'" deprecated at /tmp/loop_over_bdir-1896-PAdUZ4/CSS-DOM-0.17-0/blib/lib/CSS/DOM/Style.pm line 176.
Old package separator "'" deprecated at /tmp/loop_over_bdir-1896-PAdUZ4/CSS-DOM-0.17-0/blib/lib/CSS/DOM/Parser.pm line 372.
Old package separator "'" deprecated at /tmp/loop_over_bdir-1896-PAdUZ4/CSS-DOM-0.17-0/blib/lib/CSS/DOM/Parser.pm line 416.
t/CSSMediaRule.t ..................... ok
Old package separator "'" deprecated at t/CSSPageRule.t line 6.
Old package separator "'" deprecated at t/CSSPageRule.t line 17.
Old package separator "'" deprecated at /tmp/loop_over_bdir-1896-PAdUZ4/CSS-DOM-0.17-0/blib/lib/CSS/DOM/Rule.pm line 49.
Old package separator "'" deprecated at /tmp/loop_over_bdir-1896-PAdUZ4/CSS-DOM-0.17-0/blib/lib/CSS/DOM/Rule/Style.pm line 96.
Old package separator "'" deprecated at /tmp/loop_over_bdir-1896-PAdUZ4/CSS-DOM-0.17-0/blib/lib/CSS/DOM/Rule/Style.pm line 97.
Old package separator "'" deprecated at /tmp/loop_over_bdir-1896-PAdUZ4/CSS-DOM-0.17-0/blib/lib/CSS/DOM/Rule/Style.pm line 133.
Old package separator "'" deprecated at /tmp/loop_over_bdir-1896-PAdUZ4/CSS-DOM-0.17-0/blib/lib/CSS/DOM/Rule/Style.pm line 141.
Old package separator "'" deprecated at /tmp/loop_over_bdir-1896-PAdUZ4/CSS-DOM-0.17-0/blib/lib/CSS/DOM/Rule/Style.pm line 146.
Old package separator "'" deprecated at /tmp/loop_over_bdir-1896-PAdUZ4/CSS-DOM-0.17-0/blib/lib/CSS/DOM/Rule/Style.pm line 154.
Old package separator "'" deprecated at /tmp/loop_over_bdir-1896-PAdUZ4/CSS-DOM-0.17-0/blib/lib/CSS/DOM/Rule/Style.pm line 155.
Old package separator "'" deprecated at /tmp/loop_over_bdir-1896-PAdUZ4/CSS-DOM-0.17-0/blib/lib/CSS/DOM/Rule/Style.pm line 161.
Old package separator "'" deprecated at /tmp/loop_over_bdir-1896-PAdUZ4/CSS-DOM-0.17-0/blib/lib/CSS/DOM/Rule/Style.pm line 169.
Old package separator "'" deprecated at /tmp/loop_over_bdir-1896-PAdUZ4/CSS-DOM-0.17-0/blib/lib/CSS/DOM/Rule/Style.pm line 170.
Old package separator "'" deprecated at /tmp/loop_over_bdir-1896-PAdUZ4/CSS-DOM-0.17-0/blib/lib/CSS/DOM/Rule/Style.pm line 177.
Old package separator "'" deprecated at /tmp/loop_over_bdir-1896-PAdUZ4/CSS-DOM-0.17-0/blib/lib/CSS/DOM/Rule/Style.pm line 178.
Old package separator "'" deprecated at /tmp/loop_over_bdir-1896-PAdUZ4/CSS-DOM-0.17-0/blib/lib/CSS/DOM/Style.pm line 174.
Old package separator "'" deprecated at /tmp/loop_over_bdir-1896-PAdUZ4/CSS-DOM-0.17-0/blib/lib/CSS/DOM/Style.pm line 175.
Old package separator "'" deprecated at /tmp/loop_over_bdir-1896-PAdUZ4/CSS-DOM-0.17-0/blib/lib/CSS/DOM/Style.pm line 176.
Old package separator "'" deprecated at /tmp/loop_over_bdir-1896-PAdUZ4/CSS-DOM-0.17-0/blib/lib/CSS/DOM/Parser.pm line 372.
Old package separator "'" deprecated at /tmp/loop_over_bdir-1896-PAdUZ4/CSS-DOM-0.17-0/blib/lib/CSS/DOM/Parser.pm line 416.
t/CSSPageRule.t ...................... ok
Old package separator "'" deprecated at t/CSSPrimitiveValue.t line 7.
Old package separator "'" deprecated at t/CSSPrimitiveValue.t line 8.
Old package separator "'" deprecated at t/CSSPrimitiveValue.t line 444.
Old package separator "'" deprecated at /tmp/loop_over_bdir-1896-PAdUZ4/CSS-DOM-0.17-0/blib/lib/CSS/DOM/Style.pm line 174.
Old package separator "'" deprecated at /tmp/loop_over_bdir-1896-PAdUZ4/CSS-DOM-0.17-0/blib/lib/CSS/DOM/Style.pm line 175.
Old package separator "'" deprecated at /tmp/loop_over_bdir-1896-PAdUZ4/CSS-DOM-0.17-0/blib/lib/CSS/DOM/Style.pm line 176.
Old package separator "'" deprecated at /tmp/loop_over_bdir-1896-PAdUZ4/CSS-DOM-0.17-0/blib/lib/CSS/DOM/Value/Primitive.pm line 20.
Old package separator "'" deprecated at /tmp/loop_over_bdir-1896-PAdUZ4/CSS-DOM-0.17-0/blib/lib/CSS/DOM/Value/Primitive.pm line 20.
Old package separator "'" deprecated at /tmp/loop_over_bdir-1896-PAdUZ4/CSS-DOM-0.17-0/blib/lib/CSS/DOM/Value/Primitive.pm line 206.
Old package separator "'" deprecated at /tmp/loop_over_bdir-1896-PAdUZ4/CSS-DOM-0.17-0/blib/lib/CSS/DOM/Value/Primitive.pm line 216.
Old package separator "'" deprecated at /tmp/loop_over_bdir-1896-PAdUZ4/CSS-DOM-0.17-0/blib/lib/CSS/DOM/Value/Primitive.pm line 223.
Old package separator "'" deprecated at /tmp/loop_over_bdir-1896-PAdUZ4/CSS-DOM-0.17-0/blib/lib/CSS/DOM/Value/Primitive.pm line 224.
Old package separator "'" deprecated at /tmp/loop_over_bdir-1896-PAdUZ4/CSS-DOM-0.17-0/blib/lib/CSS/DOM/Value/Primitive.pm line 234.
Old package separator "'" deprecated at /tmp/loop_over_bdir-1896-PAdUZ4/CSS-DOM-0.17-0/blib/lib/CSS/DOM/Value/Primitive.pm line 266.
Old package separator "'" deprecated at /tmp/loop_over_bdir-1896-PAdUZ4/CSS-DOM-0.17-0/blib/lib/CSS/DOM/Value/Primitive.pm line 267.
Old package separator "'" deprecated at /tmp/loop_over_bdir-1896-PAdUZ4/CSS-DOM-0.17-0/blib/lib/CSS/DOM/Value/Primitive.pm line 287.
Old package separator "'" deprecated at /tmp/loop_over_bdir-1896-PAdUZ4/CSS-DOM-0.17-0/blib/lib/CSS/DOM/Value/Primitive.pm line 288.
Old package separator "'" deprecated at /tmp/loop_over_bdir-1896-PAdUZ4/CSS-DOM-0.17-0/blib/lib/CSS/DOM/Value/Primitive.pm line 344.
Old package separator "'" deprecated at /tmp/loop_over_bdir-1896-PAdUZ4/CSS-DOM-0.17-0/blib/lib/CSS/DOM/Value/Primitive.pm line 346.
Old package separator "'" deprecated at /tmp/loop_over_bdir-1896-PAdUZ4/CSS-DOM-0.17-0/blib/lib/CSS/DOM/Value/Primitive.pm line 355.
Old package separator "'" deprecated at /tmp/loop_over_bdir-1896-PAdUZ4/CSS-DOM-0.17-0/blib/lib/CSS/DOM/Value/Primitive.pm line 367.
Old package separator "'" deprecated at /tmp/loop_over_bdir-1896-PAdUZ4/CSS-DOM-0.17-0/blib/lib/CSS/DOM/Value/Primitive.pm line 383.
Old package separator "'" deprecated at /tmp/loop_over_bdir-1896-PAdUZ4/CSS-DOM-0.17-0/blib/lib/CSS/DOM/PropertyParser.pm line 9.
Old package separator "'" deprecated at /tmp/loop_over_bdir-1896-PAdUZ4/CSS-DOM-0.17-0/blib/lib/CSS/DOM/PropertyParser.pm line 10.
Old package separator "'" deprecated at /tmp/loop_over_bdir-1896-PAdUZ4/CSS-DOM-0.17-0/blib/lib/CSS/DOM/PropertyParser.pm line 22.
Old package separator "'" deprecated at /tmp/loop_over_bdir-1896-PAdUZ4/CSS-DOM-0.17-0/blib/lib/CSS/DOM/PropertyParser.pm line 63.
Old package separator "'" deprecated at /tmp/loop_over_bdir-1896-PAdUZ4/CSS-DOM-0.17-0/blib/lib/CSS/DOM/PropertyParser.pm line 205.
Old package separator "'" deprecated at /tmp/loop_over_bdir-1896-PAdUZ4/CSS-DOM-0.17-0/blib/lib/CSS/DOM/PropertyParser.pm line 304.
Old package separator "'" deprecated at /tmp/loop_over_bdir-1896-PAdUZ4/CSS-DOM-0.17-0/blib/lib/CSS/DOM/PropertyParser.pm line 331.
Old package separator "'" deprecated at /tmp/loop_over_bdir-1896-PAdUZ4/CSS-DOM-0.17-0/blib/lib/CSS/DOM/Rule.pm line 49.
Old package separator "'" deprecated at /tmp/loop_over_bdir-1896-PAdUZ4/CSS-DOM-0.17-0/blib/lib/CSS/DOM/Rule/Style.pm line 96.
Old package separator "'" deprecated at /tmp/loop_over_bdir-1896-PAdUZ4/CSS-DOM-0.17-0/blib/lib/CSS/DOM/Rule/Style.pm line 97.
Old package separator "'" deprecated at /tmp/loop_over_bdir-1896-PAdUZ4/CSS-DOM-0.17-0/blib/lib/CSS/DOM/Rule/Style.pm line 133.
Old package separator "'" deprecated at /tmp/loop_over_bdir-1896-PAdUZ4/CSS-DOM-0.17-0/blib/lib/CSS/DOM/Rule/Style.pm line 141.
Old package separator "'" deprecated at /tmp/loop_over_bdir-1896-PAdUZ4/CSS-DOM-0.17-0/blib/lib/CSS/DOM/Rule/Style.pm line 146.
Old package separator "'" deprecated at /tmp/loop_over_bdir-1896-PAdUZ4/CSS-DOM-0.17-0/blib/lib/CSS/DOM/Rule/Style.pm line 154.
Old package separator "'" deprecated at /tmp/loop_over_bdir-1896-PAdUZ4/CSS-DOM-0.17-0/blib/lib/CSS/DOM/Rule/Style.pm line 155.
Old package separator "'" deprecated at /tmp/loop_over_bdir-1896-PAdUZ4/CSS-DOM-0.17-0/blib/lib/CSS/DOM/Rule/Style.pm line 161.
Old package separator "'" deprecated at /tmp/loop_over_bdir-1896-PAdUZ4/CSS-DOM-0.17-0/blib/lib/CSS/DOM/Rule/Style.pm line 169.
Old package separator "'" deprecated at /tmp/loop_over_bdir-1896-PAdUZ4/CSS-DOM-0.17-0/blib/lib/CSS/DOM/Rule/Style.pm line 170.
Old package separator "'" deprecated at /tmp/loop_over_bdir-1896-PAdUZ4/CSS-DOM-0.17-0/blib/lib/CSS/DOM/Rule/Style.pm line 177.
Old package separator "'" deprecated at /tmp/loop_over_bdir-1896-PAdUZ4/CSS-DOM-0.17-0/blib/lib/CSS/DOM/Rule/Style.pm line 178.
Old package separator "'" deprecated at /tmp/loop_over_bdir-1896-PAdUZ4/CSS-DOM-0.17-0/blib/lib/CSS/DOM/Parser.pm line 372.
Old package separator "'" deprecated at /tmp/loop_over_bdir-1896-PAdUZ4/CSS-DOM-0.17-0/blib/lib/CSS/DOM/Parser.pm line 416.
Old package separator "'" deprecated at /tmp/loop_over_bdir-1896-PAdUZ4/CSS-DOM-0.17-0/blib/lib/CSS/DOM/Value.pm line 10.
Old package separator "'" deprecated at /tmp/loop_over_bdir-1896-PAdUZ4/CSS-DOM-0.17-0/blib/lib/CSS/DOM/Value.pm line 12.
Old package separator "'" deprecated at /tmp/loop_over_bdir-1896-PAdUZ4/CSS-DOM-0.17-0/blib/lib/CSS/DOM/Value/List.pm line 5.
Old package separator "'" deprecated at /tmp/loop_over_bdir-1896-PAdUZ4/CSS-DOM-0.17-0/blib/lib/CSS/DOM/Value/List.pm line 6.
Old package separator "'" deprecated at /tmp/loop_over_bdir-1896-PAdUZ4/CSS-DOM-0.17-0/blib/lib/CSS/DOM/Value/List.pm line 17.
Old package separator "'" deprecated at /tmp/loop_over_bdir-1896-PAdUZ4/CSS-DOM-0.17-0/blib/lib/CSS/DOM/Value/List.pm line 17.
Old package separator "'" deprecated at /tmp/loop_over_bdir-1896-PAdUZ4/CSS-DOM-0.17-0/blib/lib/CSS/DOM/Value/List.pm line 40.
Old package separator "'" deprecated at /tmp/loop_over_bdir-1896-PAdUZ4/CSS-DOM-0.17-0/blib/lib/CSS/DOM/Value/List.pm line 70.
Old package separator "'" deprecated at /tmp/loop_over_bdir-1896-PAdUZ4/CSS-DOM-0.17-0/blib/lib/CSS/DOM/Value/List.pm line 71.
Old package separator "'" deprecated at /tmp/loop_over_bdir-1896-PAdUZ4/CSS-DOM-0.17-0/blib/lib/CSS/DOM/Value/List.pm line 92.
t/CSSPrimitiveValue.t ................ ok
Old package separator "'" deprecated at t/CSSRule.t line 6.
Old package separator "'" deprecated at t/CSSRule.t line 27.
Old package separator "'" deprecated at /tmp/loop_over_bdir-1896-PAdUZ4/CSS-DOM-0.17-0/blib/lib/CSS/DOM/Rule.pm line 49.
Old package separator "'" deprecated at /tmp/loop_over_bdir-1896-PAdUZ4/CSS-DOM-0.17-0/blib/lib/CSS/DOM/Rule/Style.pm line 96.
Old package separator "'" deprecated at /tmp/loop_over_bdir-1896-PAdUZ4/CSS-DOM-0.17-0/blib/lib/CSS/DOM/Rule/Style.pm line 97.
Old package separator "'" deprecated at /tmp/loop_over_bdir-1896-PAdUZ4/CSS-DOM-0.17-0/blib/lib/CSS/DOM/Rule/Style.pm line 133.
Old package separator "'" deprecated at /tmp/loop_over_bdir-1896-PAdUZ4/CSS-DOM-0.17-0/blib/lib/CSS/DOM/Rule/Style.pm line 141.
Old package separator "'" deprecated at /tmp/loop_over_bdir-1896-PAdUZ4/CSS-DOM-0.17-0/blib/lib/CSS/DOM/Rule/Style.pm line 146.
Old package separator "'" deprecated at /tmp/loop_over_bdir-1896-PAdUZ4/CSS-DOM-0.17-0/blib/lib/CSS/DOM/Rule/Style.pm line 154.
Old package separator "'" deprecated at /tmp/loop_over_bdir-1896-PAdUZ4/CSS-DOM-0.17-0/blib/lib/CSS/DOM/Rule/Style.pm line 155.
Old package separator "'" deprecated at /tmp/loop_over_bdir-1896-PAdUZ4/CSS-DOM-0.17-0/blib/lib/CSS/DOM/Rule/Style.pm line 161.
Old package separator "'" deprecated at /tmp/loop_over_bdir-1896-PAdUZ4/CSS-DOM-0.17-0/blib/lib/CSS/DOM/Rule/Style.pm line 169.
Old package separator "'" deprecated at /tmp/loop_over_bdir-1896-PAdUZ4/CSS-DOM-0.17-0/blib/lib/CSS/DOM/Rule/Style.pm line 170.
Old package separator "'" deprecated at /tmp/loop_over_bdir-1896-PAdUZ4/CSS-DOM-0.17-0/blib/lib/CSS/DOM/Rule/Style.pm line 177.
Old package separator "'" deprecated at /tmp/loop_over_bdir-1896-PAdUZ4/CSS-DOM-0.17-0/blib/lib/CSS/DOM/Rule/Style.pm line 178.
Old package separator "'" deprecated at /tmp/loop_over_bdir-1896-PAdUZ4/CSS-DOM-0.17-0/blib/lib/CSS/DOM/Style.pm line 174.
Old package separator "'" deprecated at /tmp/loop_over_bdir-1896-PAdUZ4/CSS-DOM-0.17-0/blib/lib/CSS/DOM/Style.pm line 175.
Old package separator "'" deprecated at /tmp/loop_over_bdir-1896-PAdUZ4/CSS-DOM-0.17-0/blib/lib/CSS/DOM/Style.pm line 176.
Old package separator "'" deprecated at /tmp/loop_over_bdir-1896-PAdUZ4/CSS-DOM-0.17-0/blib/lib/CSS/DOM/Parser.pm line 372.
Old package separator "'" deprecated at /tmp/loop_over_bdir-1896-PAdUZ4/CSS-DOM-0.17-0/blib/lib/CSS/DOM/Parser.pm line 416.
Old package separator "'" deprecated at /tmp/loop_over_bdir-1896-PAdUZ4/CSS-DOM-0.17-0/blib/lib/CSS/DOM/Rule/Import.pm line 48.
Old package separator "'" deprecated at /tmp/loop_over_bdir-1896-PAdUZ4/CSS-DOM-0.17-0/blib/lib/CSS/DOM/Rule/Import.pm line 56.
Old package separator "'" deprecated at /tmp/loop_over_bdir-1896-PAdUZ4/CSS-DOM-0.17-0/blib/lib/CSS/DOM/Rule/Import.pm line 59.
t/CSSRule.t .......................... ok
Old package separator "'" deprecated at t/CSSRuleList.t line 6.
Old package separator "'" deprecated at /tmp/loop_over_bdir-1896-PAdUZ4/CSS-DOM-0.17-0/blib/lib/CSS/DOM/Rule.pm line 49.
Old package separator "'" deprecated at /tmp/loop_over_bdir-1896-PAdUZ4/CSS-DOM-0.17-0/blib/lib/CSS/DOM/Rule/Style.pm line 96.
Old package separator "'" deprecated at /tmp/loop_over_bdir-1896-PAdUZ4/CSS-DOM-0.17-0/blib/lib/CSS/DOM/Rule/Style.pm line 97.
Old package separator "'" deprecated at /tmp/loop_over_bdir-1896-PAdUZ4/CSS-DOM-0.17-0/blib/lib/CSS/DOM/Rule/Style.pm line 133.
Old package separator "'" deprecated at /tmp/loop_over_bdir-1896-PAdUZ4/CSS-DOM-0.17-0/blib/lib/CSS/DOM/Rule/Style.pm line 141.
Old package separator "'" deprecated at /tmp/loop_over_bdir-1896-PAdUZ4/CSS-DOM-0.17-0/blib/lib/CSS/DOM/Rule/Style.pm line 146.
Old package separator "'" deprecated at /tmp/loop_over_bdir-1896-PAdUZ4/CSS-DOM-0.17-0/blib/lib/CSS/DOM/Rule/Style.pm line 154.
Old package separator "'" deprecated at /tmp/loop_over_bdir-1896-PAdUZ4/CSS-DOM-0.17-0/blib/lib/CSS/DOM/Rule/Style.pm line 155.
Old package separator "'" deprecated at /tmp/loop_over_bdir-1896-PAdUZ4/CSS-DOM-0.17-0/blib/lib/CSS/DOM/Rule/Style.pm line 161.
Old package separator "'" deprecated at /tmp/loop_over_bdir-1896-PAdUZ4/CSS-DOM-0.17-0/blib/lib/CSS/DOM/Rule/Style.pm line 169.
Old package separator "'" deprecated at /tmp/loop_over_bdir-1896-PAdUZ4/CSS-DOM-0.17-0/blib/lib/CSS/DOM/Rule/Style.pm line 170.
Old package separator "'" deprecated at /tmp/loop_over_bdir-1896-PAdUZ4/CSS-DOM-0.17-0/blib/lib/CSS/DOM/Rule/Style.pm line 177.
Old package separator "'" deprecated at /tmp/loop_over_bdir-1896-PAdUZ4/CSS-DOM-0.17-0/blib/lib/CSS/DOM/Rule/Style.pm line 178.
Old package separator "'" deprecated at /tmp/loop_over_bdir-1896-PAdUZ4/CSS-DOM-0.17-0/blib/lib/CSS/DOM/Style.pm line 174.
Old package separator "'" deprecated at /tmp/loop_over_bdir-1896-PAdUZ4/CSS-DOM-0.17-0/blib/lib/CSS/DOM/Style.pm line 175.
Old package separator "'" deprecated at /tmp/loop_over_bdir-1896-PAdUZ4/CSS-DOM-0.17-0/blib/lib/CSS/DOM/Style.pm line 176.
Old package separator "'" deprecated at /tmp/loop_over_bdir-1896-PAdUZ4/CSS-DOM-0.17-0/blib/lib/CSS/DOM/Parser.pm line 372.
Old package separator "'" deprecated at /tmp/loop_over_bdir-1896-PAdUZ4/CSS-DOM-0.17-0/blib/lib/CSS/DOM/Parser.pm line 416.
t/CSSRuleList.t ...................... ok
Old package separator "'" deprecated at t/CSSStyleDeclaration-setProperty.t line 10.
Old package separator "'" deprecated at /tmp/loop_over_bdir-1896-PAdUZ4/CSS-DOM-0.17-0/blib/lib/CSS/DOM/Style.pm line 174.
Old package separator "'" deprecated at /tmp/loop_over_bdir-1896-PAdUZ4/CSS-DOM-0.17-0/blib/lib/CSS/DOM/Style.pm line 175.
Old package separator "'" deprecated at /tmp/loop_over_bdir-1896-PAdUZ4/CSS-DOM-0.17-0/blib/lib/CSS/DOM/Style.pm line 176.
Old package separator "'" deprecated at /tmp/loop_over_bdir-1896-PAdUZ4/CSS-DOM-0.17-0/blib/lib/CSS/DOM/Rule.pm line 49.
Old package separator "'" deprecated at /tmp/loop_over_bdir-1896-PAdUZ4/CSS-DOM-0.17-0/blib/lib/CSS/DOM/Rule/Style.pm line 96.
Old package separator "'" deprecated at /tmp/loop_over_bdir-1896-PAdUZ4/CSS-DOM-0.17-0/blib/lib/CSS/DOM/Rule/Style.pm line 97.
Old package separator "'" deprecated at /tmp/loop_over_bdir-1896-PAdUZ4/CSS-DOM-0.17-0/blib/lib/CSS/DOM/Rule/Style.pm line 133.
Old package separator "'" deprecated at /tmp/loop_over_bdir-1896-PAdUZ4/CSS-DOM-0.17-0/blib/lib/CSS/DOM/Rule/Style.pm line 141.
Old package separator "'" deprecated at /tmp/loop_over_bdir-1896-PAdUZ4/CSS-DOM-0.17-0/blib/lib/CSS/DOM/Rule/Style.pm line 146.
Old package separator "'" deprecated at /tmp/loop_over_bdir-1896-PAdUZ4/CSS-DOM-0.17-0/blib/lib/CSS/DOM/Rule/Style.pm line 154.
Old package separator "'" deprecated at /tmp/loop_over_bdir-1896-PAdUZ4/CSS-DOM-0.17-0/blib/lib/CSS/DOM/Rule/Style.pm line 155.
Old package separator "'" deprecated at /tmp/loop_over_bdir-1896-PAdUZ4/CSS-DOM-0.17-0/blib/lib/CSS/DOM/Rule/Style.pm line 161.
Old package separator "'" deprecated at /tmp/loop_over_bdir-1896-PAdUZ4/CSS-DOM-0.17-0/blib/lib/CSS/DOM/Rule/Style.pm line 169.
Old package separator "'" deprecated at /tmp/loop_over_bdir-1896-PAdUZ4/CSS-DOM-0.17-0/blib/lib/CSS/DOM/Rule/Style.pm line 170.
Old package separator "'" deprecated at /tmp/loop_over_bdir-1896-PAdUZ4/CSS-DOM-0.17-0/blib/lib/CSS/DOM/Rule/Style.pm line 177.
Old package separator "'" deprecated at /tmp/loop_over_bdir-1896-PAdUZ4/CSS-DOM-0.17-0/blib/lib/CSS/DOM/Rule/Style.pm line 178.
Old package separator "'" deprecated at /tmp/loop_over_bdir-1896-PAdUZ4/CSS-DOM-0.17-0/blib/lib/CSS/DOM/Parser.pm line 372.
Old package separator "'" deprecated at /tmp/loop_over_bdir-1896-PAdUZ4/CSS-DOM-0.17-0/blib/lib/CSS/DOM/Parser.pm line 416.
t/CSSStyleDeclaration-setProperty.t .. ok
Old package separator "'" deprecated at t/CSSStyleDeclaration.t line 6.
Old package separator "'" deprecated at t/CSSStyleDeclaration.t line 29.
Old package separator "'" deprecated at /tmp/loop_over_bdir-1896-PAdUZ4/CSS-DOM-0.17-0/blib/lib/CSS/DOM/Style.pm line 174.
Old package separator "'" deprecated at /tmp/loop_over_bdir-1896-PAdUZ4/CSS-DOM-0.17-0/blib/lib/CSS/DOM/Style.pm line 175.
Old package separator "'" deprecated at /tmp/loop_over_bdir-1896-PAdUZ4/CSS-DOM-0.17-0/blib/lib/CSS/DOM/Style.pm line 176.
Old package separator "'" deprecated at /tmp/loop_over_bdir-1896-PAdUZ4/CSS-DOM-0.17-0/blib/lib/CSS/DOM/Rule.pm line 49.
Old package separator "'" deprecated at /tmp/loop_over_bdir-1896-PAdUZ4/CSS-DOM-0.17-0/blib/lib/CSS/DOM/Rule/Style.pm line 96.
Old package separator "'" deprecated at /tmp/loop_over_bdir-1896-PAdUZ4/CSS-DOM-0.17-0/blib/lib/CSS/DOM/Rule/Style.pm line 97.
Old package separator "'" deprecated at /tmp/loop_over_bdir-1896-PAdUZ4/CSS-DOM-0.17-0/blib/lib/CSS/DOM/Rule/Style.pm line 133.
Old package separator "'" deprecated at /tmp/loop_over_bdir-1896-PAdUZ4/CSS-DOM-0.17-0/blib/lib/CSS/DOM/Rule/Style.pm line 141.
Old package separator "'" deprecated at /tmp/loop_over_bdir-1896-PAdUZ4/CSS-DOM-0.17-0/blib/lib/CSS/DOM/Rule/Style.pm line 146.
Old package separator "'" deprecated at /tmp/loop_over_bdir-1896-PAdUZ4/CSS-DOM-0.17-0/blib/lib/CSS/DOM/Rule/Style.pm line 154.
Old package separator "'" deprecated at /tmp/loop_over_bdir-1896-PAdUZ4/CSS-DOM-0.17-0/blib/lib/CSS/DOM/Rule/Style.pm line 155.
Old package separator "'" deprecated at /tmp/loop_over_bdir-1896-PAdUZ4/CSS-DOM-0.17-0/blib/lib/CSS/DOM/Rule/Style.pm line 161.
Old package separator "'" deprecated at /tmp/loop_over_bdir-1896-PAdUZ4/CSS-DOM-0.17-0/blib/lib/CSS/DOM/Rule/Style.pm line 169.
Old package separator "'" deprecated at /tmp/loop_over_bdir-1896-PAdUZ4/CSS-DOM-0.17-0/blib/lib/CSS/DOM/Rule/Style.pm line 170.
Old package separator "'" deprecated at /tmp/loop_over_bdir-1896-PAdUZ4/CSS-DOM-0.17-0/blib/lib/CSS/DOM/Rule/Style.pm line 177.
Old package separator "'" deprecated at /tmp/loop_over_bdir-1896-PAdUZ4/CSS-DOM-0.17-0/blib/lib/CSS/DOM/Rule/Style.pm line 178.
Old package separator "'" deprecated at /tmp/loop_over_bdir-1896-PAdUZ4/CSS-DOM-0.17-0/blib/lib/CSS/DOM/Parser.pm line 372.
Old package separator "'" deprecated at /tmp/loop_over_bdir-1896-PAdUZ4/CSS-DOM-0.17-0/blib/lib/CSS/DOM/Parser.pm line 416.
Old package separator "'" deprecated at /tmp/loop_over_bdir-1896-PAdUZ4/CSS-DOM-0.17-0/blib/lib/CSS/DOM/PropertyParser.pm line 9.
Old package separator "'" deprecated at /tmp/loop_over_bdir-1896-PAdUZ4/CSS-DOM-0.17-0/blib/lib/CSS/DOM/PropertyParser.pm line 10.
Old package separator "'" deprecated at /tmp/loop_over_bdir-1896-PAdUZ4/CSS-DOM-0.17-0/blib/lib/CSS/DOM/PropertyParser.pm line 22.
Old package separator "'" deprecated at /tmp/loop_over_bdir-1896-PAdUZ4/CSS-DOM-0.17-0/blib/lib/CSS/DOM/PropertyParser.pm line 63.
Old package separator "'" deprecated at /tmp/loop_over_bdir-1896-PAdUZ4/CSS-DOM-0.17-0/blib/lib/CSS/DOM/PropertyParser.pm line 205.
Old package separator "'" deprecated at /tmp/loop_over_bdir-1896-PAdUZ4/CSS-DOM-0.17-0/blib/lib/CSS/DOM/PropertyParser.pm line 304.
Old package separator "'" deprecated at /tmp/loop_over_bdir-1896-PAdUZ4/CSS-DOM-0.17-0/blib/lib/CSS/DOM/PropertyParser.pm line 331.
Old package separator "'" deprecated at /tmp/loop_over_bdir-1896-PAdUZ4/CSS-DOM-0.17-0/blib/lib/CSS/DOM/Value/Primitive.pm line 20.
Old package separator "'" deprecated at /tmp/loop_over_bdir-1896-PAdUZ4/CSS-DOM-0.17-0/blib/lib/CSS/DOM/Value/Primitive.pm line 20.
Old package separator "'" deprecated at /tmp/loop_over_bdir-1896-PAdUZ4/CSS-DOM-0.17-0/blib/lib/CSS/DOM/Value/Primitive.pm line 206.
Old package separator "'" deprecated at /tmp/loop_over_bdir-1896-PAdUZ4/CSS-DOM-0.17-0/blib/lib/CSS/DOM/Value/Primitive.pm line 216.
Old package separator "'" deprecated at /tmp/loop_over_bdir-1896-PAdUZ4/CSS-DOM-0.17-0/blib/lib/CSS/DOM/Value/Primitive.pm line 223.
Old package separator "'" deprecated at /tmp/loop_over_bdir-1896-PAdUZ4/CSS-DOM-0.17-0/blib/lib/CSS/DOM/Value/Primitive.pm line 224.
Old package separator "'" deprecated at /tmp/loop_over_bdir-1896-PAdUZ4/CSS-DOM-0.17-0/blib/lib/CSS/DOM/Value/Primitive.pm line 234.
Old package separator "'" deprecated at /tmp/loop_over_bdir-1896-PAdUZ4/CSS-DOM-0.17-0/blib/lib/CSS/DOM/Value/Primitive.pm line 266.
Old package separator "'" deprecated at /tmp/loop_over_bdir-1896-PAdUZ4/CSS-DOM-0.17-0/blib/lib/CSS/DOM/Value/Primitive.pm line 267.
Old package separator "'" deprecated at /tmp/loop_over_bdir-1896-PAdUZ4/CSS-DOM-0.17-0/blib/lib/CSS/DOM/Value/Primitive.pm line 287.
Old package separator "'" deprecated at /tmp/loop_over_bdir-1896-PAdUZ4/CSS-DOM-0.17-0/blib/lib/CSS/DOM/Value/Primitive.pm line 288.
Old package separator "'" deprecated at /tmp/loop_over_bdir-1896-PAdUZ4/CSS-DOM-0.17-0/blib/lib/CSS/DOM/Value/Primitive.pm line 344.
Old package separator "'" deprecated at /tmp/loop_over_bdir-1896-PAdUZ4/CSS-DOM-0.17-0/blib/lib/CSS/DOM/Value/Primitive.pm line 346.
Old package separator "'" deprecated at /tmp/loop_over_bdir-1896-PAdUZ4/CSS-DOM-0.17-0/blib/lib/CSS/DOM/Value/Primitive.pm line 355.
Old package separator "'" deprecated at /tmp/loop_over_bdir-1896-PAdUZ4/CSS-DOM-0.17-0/blib/lib/CSS/DOM/Value/Primitive.pm line 367.
Old package separator "'" deprecated at /tmp/loop_over_bdir-1896-PAdUZ4/CSS-DOM-0.17-0/blib/lib/CSS/DOM/Value/Primitive.pm line 383.
t/CSSStyleDeclaration.t .............. ok
Old package separator "'" deprecated at t/CSSStyleRule.t line 6.
Old package separator "'" deprecated at t/CSSStyleRule.t line 17.
Old package separator "'" deprecated at /tmp/loop_over_bdir-1896-PAdUZ4/CSS-DOM-0.17-0/blib/lib/CSS/DOM/Rule.pm line 49.
Old package separator "'" deprecated at /tmp/loop_over_bdir-1896-PAdUZ4/CSS-DOM-0.17-0/blib/lib/CSS/DOM/Rule/Style.pm line 96.
Old package separator "'" deprecated at /tmp/loop_over_bdir-1896-PAdUZ4/CSS-DOM-0.17-0/blib/lib/CSS/DOM/Rule/Style.pm line 97.
Old package separator "'" deprecated at /tmp/loop_over_bdir-1896-PAdUZ4/CSS-DOM-0.17-0/blib/lib/CSS/DOM/Rule/Style.pm line 133.
Old package separator "'" deprecated at /tmp/loop_over_bdir-1896-PAdUZ4/CSS-DOM-0.17-0/blib/lib/CSS/DOM/Rule/Style.pm line 141.
Old package separator "'" deprecated at /tmp/loop_over_bdir-1896-PAdUZ4/CSS-DOM-0.17-0/blib/lib/CSS/DOM/Rule/Style.pm line 146.
Old package separator "'" deprecated at /tmp/loop_over_bdir-1896-PAdUZ4/CSS-DOM-0.17-0/blib/lib/CSS/DOM/Rule/Style.pm line 154.
Old package separator "'" deprecated at /tmp/loop_over_bdir-1896-PAdUZ4/CSS-DOM-0.17-0/blib/lib/CSS/DOM/Rule/Style.pm line 155.
Old package separator "'" deprecated at /tmp/loop_over_bdir-1896-PAdUZ4/CSS-DOM-0.17-0/blib/lib/CSS/DOM/Rule/Style.pm line 161.
Old package separator "'" deprecated at /tmp/loop_over_bdir-1896-PAdUZ4/CSS-DOM-0.17-0/blib/lib/CSS/DOM/Rule/Style.pm line 169.
Old package separator "'" deprecated at /tmp/loop_over_bdir-1896-PAdUZ4/CSS-DOM-0.17-0/blib/lib/CSS/DOM/Rule/Style.pm line 170.
Old package separator "'" deprecated at /tmp/loop_over_bdir-1896-PAdUZ4/CSS-DOM-0.17-0/blib/lib/CSS/DOM/Rule/Style.pm line 177.
Old package separator "'" deprecated at /tmp/loop_over_bdir-1896-PAdUZ4/CSS-DOM-0.17-0/blib/lib/CSS/DOM/Rule/Style.pm line 178.
Old package separator "'" deprecated at /tmp/loop_over_bdir-1896-PAdUZ4/CSS-DOM-0.17-0/blib/lib/CSS/DOM/Style.pm line 174.
Old package separator "'" deprecated at /tmp/loop_over_bdir-1896-PAdUZ4/CSS-DOM-0.17-0/blib/lib/CSS/DOM/Style.pm line 175.
Old package separator "'" deprecated at /tmp/loop_over_bdir-1896-PAdUZ4/CSS-DOM-0.17-0/blib/lib/CSS/DOM/Style.pm line 176.
Old package separator "'" deprecated at /tmp/loop_over_bdir-1896-PAdUZ4/CSS-DOM-0.17-0/blib/lib/CSS/DOM/Parser.pm line 372.
Old package separator "'" deprecated at /tmp/loop_over_bdir-1896-PAdUZ4/CSS-DOM-0.17-0/blib/lib/CSS/DOM/Parser.pm line 416.
t/CSSStyleRule.t ..................... ok
Old package separator "'" deprecated at t/CSSStyleSheet-insertRule.t line 10.
Old package separator "'" deprecated at /tmp/loop_over_bdir-1896-PAdUZ4/CSS-DOM-0.17-0/blib/lib/CSS/DOM/Rule.pm line 49.
Old package separator "'" deprecated at /tmp/loop_over_bdir-1896-PAdUZ4/CSS-DOM-0.17-0/blib/lib/CSS/DOM/Rule/Style.pm line 96.
Old package separator "'" deprecated at /tmp/loop_over_bdir-1896-PAdUZ4/CSS-DOM-0.17-0/blib/lib/CSS/DOM/Rule/Style.pm line 97.
Old package separator "'" deprecated at /tmp/loop_over_bdir-1896-PAdUZ4/CSS-DOM-0.17-0/blib/lib/CSS/DOM/Rule/Style.pm line 133.
Old package separator "'" deprecated at /tmp/loop_over_bdir-1896-PAdUZ4/CSS-DOM-0.17-0/blib/lib/CSS/DOM/Rule/Style.pm line 141.
Old package separator "'" deprecated at /tmp/loop_over_bdir-1896-PAdUZ4/CSS-DOM-0.17-0/blib/lib/CSS/DOM/Rule/Style.pm line 146.
Old package separator "'" deprecated at /tmp/loop_over_bdir-1896-PAdUZ4/CSS-DOM-0.17-0/blib/lib/CSS/DOM/Rule/Style.pm line 154.
Old package separator "'" deprecated at /tmp/loop_over_bdir-1896-PAdUZ4/CSS-DOM-0.17-0/blib/lib/CSS/DOM/Rule/Style.pm line 155.
Old package separator "'" deprecated at /tmp/loop_over_bdir-1896-PAdUZ4/CSS-DOM-0.17-0/blib/lib/CSS/DOM/Rule/Style.pm line 161.
Old package separator "'" deprecated at /tmp/loop_over_bdir-1896-PAdUZ4/CSS-DOM-0.17-0/blib/lib/CSS/DOM/Rule/Style.pm line 169.
Old package separator "'" deprecated at /tmp/loop_over_bdir-1896-PAdUZ4/CSS-DOM-0.17-0/blib/lib/CSS/DOM/Rule/Style.pm line 170.
Old package separator "'" deprecated at /tmp/loop_over_bdir-1896-PAdUZ4/CSS-DOM-0.17-0/blib/lib/CSS/DOM/Rule/Style.pm line 177.
Old package separator "'" deprecated at /tmp/loop_over_bdir-1896-PAdUZ4/CSS-DOM-0.17-0/blib/lib/CSS/DOM/Rule/Style.pm line 178.
Old package separator "'" deprecated at /tmp/loop_over_bdir-1896-PAdUZ4/CSS-DOM-0.17-0/blib/lib/CSS/DOM/Style.pm line 174.
Old package separator "'" deprecated at /tmp/loop_over_bdir-1896-PAdUZ4/CSS-DOM-0.17-0/blib/lib/CSS/DOM/Style.pm line 175.
Old package separator "'" deprecated at /tmp/loop_over_bdir-1896-PAdUZ4/CSS-DOM-0.17-0/blib/lib/CSS/DOM/Style.pm line 176.
Old package separator "'" deprecated at /tmp/loop_over_bdir-1896-PAdUZ4/CSS-DOM-0.17-0/blib/lib/CSS/DOM/Parser.pm line 372.
Old package separator "'" deprecated at /tmp/loop_over_bdir-1896-PAdUZ4/CSS-DOM-0.17-0/blib/lib/CSS/DOM/Parser.pm line 416.
t/CSSStyleSheet-insertRule.t ......... ok
Old package separator "'" deprecated at t/CSSStyleSheet.t line 6.
Old package separator "'" deprecated at t/CSSStyleSheet.t line 33.
Old package separator "'" deprecated at t/CSSStyleSheet.t line 41.
Old package separator "'" deprecated at t/CSSStyleSheet.t line 73.
Old package separator "'" deprecated at /tmp/loop_over_bdir-1896-PAdUZ4/CSS-DOM-0.17-0/blib/lib/CSS/DOM/Rule.pm line 49.
Old package separator "'" deprecated at /tmp/loop_over_bdir-1896-PAdUZ4/CSS-DOM-0.17-0/blib/lib/CSS/DOM/Rule/Style.pm line 96.
Old package separator "'" deprecated at /tmp/loop_over_bdir-1896-PAdUZ4/CSS-DOM-0.17-0/blib/lib/CSS/DOM/Rule/Style.pm line 97.
Old package separator "'" deprecated at /tmp/loop_over_bdir-1896-PAdUZ4/CSS-DOM-0.17-0/blib/lib/CSS/DOM/Rule/Style.pm line 133.
Old package separator "'" deprecated at /tmp/loop_over_bdir-1896-PAdUZ4/CSS-DOM-0.17-0/blib/lib/CSS/DOM/Rule/Style.pm line 141.
Old package separator "'" deprecated at /tmp/loop_over_bdir-1896-PAdUZ4/CSS-DOM-0.17-0/blib/lib/CSS/DOM/Rule/Style.pm line 146.
Old package separator "'" deprecated at /tmp/loop_over_bdir-1896-PAdUZ4/CSS-DOM-0.17-0/blib/lib/CSS/DOM/Rule/Style.pm line 154.
Old package separator "'" deprecated at /tmp/loop_over_bdir-1896-PAdUZ4/CSS-DOM-0.17-0/blib/lib/CSS/DOM/Rule/Style.pm line 155.
Old package separator "'" deprecated at /tmp/loop_over_bdir-1896-PAdUZ4/CSS-DOM-0.17-0/blib/lib/CSS/DOM/Rule/Style.pm line 161.
Old package separator "'" deprecated at /tmp/loop_over_bdir-1896-PAdUZ4/CSS-DOM-0.17-0/blib/lib/CSS/DOM/Rule/Style.pm line 169.
Old package separator "'" deprecated at /tmp/loop_over_bdir-1896-PAdUZ4/CSS-DOM-0.17-0/blib/lib/CSS/DOM/Rule/Style.pm line 170.
Old package separator "'" deprecated at /tmp/loop_over_bdir-1896-PAdUZ4/CSS-DOM-0.17-0/blib/lib/CSS/DOM/Rule/Style.pm line 177.
Old package separator "'" deprecated at /tmp/loop_over_bdir-1896-PAdUZ4/CSS-DOM-0.17-0/blib/lib/CSS/DOM/Rule/Style.pm line 178.
Old package separator "'" deprecated at /tmp/loop_over_bdir-1896-PAdUZ4/CSS-DOM-0.17-0/blib/lib/CSS/DOM/Style.pm line 174.
Old package separator "'" deprecated at /tmp/loop_over_bdir-1896-PAdUZ4/CSS-DOM-0.17-0/blib/lib/CSS/DOM/Style.pm line 175.
Old package separator "'" deprecated at /tmp/loop_over_bdir-1896-PAdUZ4/CSS-DOM-0.17-0/blib/lib/CSS/DOM/Style.pm line 176.
Old package separator "'" deprecated at /tmp/loop_over_bdir-1896-PAdUZ4/CSS-DOM-0.17-0/blib/lib/CSS/DOM/Parser.pm line 372.
Old package separator "'" deprecated at /tmp/loop_over_bdir-1896-PAdUZ4/CSS-DOM-0.17-0/blib/lib/CSS/DOM/Parser.pm line 416.
Old package separator "'" deprecated at /tmp/loop_over_bdir-1896-PAdUZ4/CSS-DOM-0.17-0/blib/lib/CSS/DOM/Rule/Import.pm line 48.
Old package separator "'" deprecated at /tmp/loop_over_bdir-1896-PAdUZ4/CSS-DOM-0.17-0/blib/lib/CSS/DOM/Rule/Import.pm line 56.
Old package separator "'" deprecated at /tmp/loop_over_bdir-1896-PAdUZ4/CSS-DOM-0.17-0/blib/lib/CSS/DOM/Rule/Import.pm line 59.
t/CSSStyleSheet.t .................... ok
Old package separator "'" deprecated at t/CSSValue-prim-cssText.t line 9.
Old package separator "'" deprecated at /tmp/loop_over_bdir-1896-PAdUZ4/CSS-DOM-0.17-0/blib/lib/CSS/DOM/Value/Primitive.pm line 20.
Old package separator "'" deprecated at /tmp/loop_over_bdir-1896-PAdUZ4/CSS-DOM-0.17-0/blib/lib/CSS/DOM/Value/Primitive.pm line 20.
Old package separator "'" deprecated at /tmp/loop_over_bdir-1896-PAdUZ4/CSS-DOM-0.17-0/blib/lib/CSS/DOM/Value/Primitive.pm line 206.
Old package separator "'" deprecated at /tmp/loop_over_bdir-1896-PAdUZ4/CSS-DOM-0.17-0/blib/lib/CSS/DOM/Value/Primitive.pm line 216.
Old package separator "'" deprecated at /tmp/loop_over_bdir-1896-PAdUZ4/CSS-DOM-0.17-0/blib/lib/CSS/DOM/Value/Primitive.pm line 223.
Old package separator "'" deprecated at /tmp/loop_over_bdir-1896-PAdUZ4/CSS-DOM-0.17-0/blib/lib/CSS/DOM/Value/Primitive.pm line 224.
Old package separator "'" deprecated at /tmp/loop_over_bdir-1896-PAdUZ4/CSS-DOM-0.17-0/blib/lib/CSS/DOM/Value/Primitive.pm line 234.
Old package separator "'" deprecated at /tmp/loop_over_bdir-1896-PAdUZ4/CSS-DOM-0.17-0/blib/lib/CSS/DOM/Value/Primitive.pm line 266.
Old package separator "'" deprecated at /tmp/loop_over_bdir-1896-PAdUZ4/CSS-DOM-0.17-0/blib/lib/CSS/DOM/Value/Primitive.pm line 267.
Old package separator "'" deprecated at /tmp/loop_over_bdir-1896-PAdUZ4/CSS-DOM-0.17-0/blib/lib/CSS/DOM/Value/Primitive.pm line 287.
Old package separator "'" deprecated at /tmp/loop_over_bdir-1896-PAdUZ4/CSS-DOM-0.17-0/blib/lib/CSS/DOM/Value/Primitive.pm line 288.
Old package separator "'" deprecated at /tmp/loop_over_bdir-1896-PAdUZ4/CSS-DOM-0.17-0/blib/lib/CSS/DOM/Value/Primitive.pm line 344.
Old package separator "'" deprecated at /tmp/loop_over_bdir-1896-PAdUZ4/CSS-DOM-0.17-0/blib/lib/CSS/DOM/Value/Primitive.pm line 346.
Old package separator "'" deprecated at /tmp/loop_over_bdir-1896-PAdUZ4/CSS-DOM-0.17-0/blib/lib/CSS/DOM/Value/Primitive.pm line 355.
Old package separator "'" deprecated at /tmp/loop_over_bdir-1896-PAdUZ4/CSS-DOM-0.17-0/blib/lib/CSS/DOM/Value/Primitive.pm line 367.
Old package separator "'" deprecated at /tmp/loop_over_bdir-1896-PAdUZ4/CSS-DOM-0.17-0/blib/lib/CSS/DOM/Value/Primitive.pm line 383.
t/CSSValue-prim-cssText.t ............ ok
Old package separator "'" deprecated at t/CSSValue.t line 6.
Old package separator "'" deprecated at /tmp/loop_over_bdir-1896-PAdUZ4/CSS-DOM-0.17-0/blib/lib/CSS/DOM/Value.pm line 10.
Old package separator "'" deprecated at /tmp/loop_over_bdir-1896-PAdUZ4/CSS-DOM-0.17-0/blib/lib/CSS/DOM/Value.pm line 12.
Old package separator "'" deprecated at /tmp/loop_over_bdir-1896-PAdUZ4/CSS-DOM-0.17-0/blib/lib/CSS/DOM/Value/List.pm line 5.
Old package separator "'" deprecated at /tmp/loop_over_bdir-1896-PAdUZ4/CSS-DOM-0.17-0/blib/lib/CSS/DOM/Value/List.pm line 6.
Old package separator "'" deprecated at /tmp/loop_over_bdir-1896-PAdUZ4/CSS-DOM-0.17-0/blib/lib/CSS/DOM/Value/List.pm line 17.
Old package separator "'" deprecated at /tmp/loop_over_bdir-1896-PAdUZ4/CSS-DOM-0.17-0/blib/lib/CSS/DOM/Value/List.pm line 17.
Old package separator "'" deprecated at /tmp/loop_over_bdir-1896-PAdUZ4/CSS-DOM-0.17-0/blib/lib/CSS/DOM/Value/List.pm line 40.
Old package separator "'" deprecated at /tmp/loop_over_bdir-1896-PAdUZ4/CSS-DOM-0.17-0/blib/lib/CSS/DOM/Value/List.pm line 70.
Old package separator "'" deprecated at /tmp/loop_over_bdir-1896-PAdUZ4/CSS-DOM-0.17-0/blib/lib/CSS/DOM/Value/List.pm line 71.
Old package separator "'" deprecated at /tmp/loop_over_bdir-1896-PAdUZ4/CSS-DOM-0.17-0/blib/lib/CSS/DOM/Value/List.pm line 92.
Old package separator "'" deprecated at /tmp/loop_over_bdir-1896-PAdUZ4/CSS-DOM-0.17-0/blib/lib/CSS/DOM/Value/Primitive.pm line 20.
Old package separator "'" deprecated at /tmp/loop_over_bdir-1896-PAdUZ4/CSS-DOM-0.17-0/blib/lib/CSS/DOM/Value/Primitive.pm line 20.
Old package separator "'" deprecated at /tmp/loop_over_bdir-1896-PAdUZ4/CSS-DOM-0.17-0/blib/lib/CSS/DOM/Value/Primitive.pm line 206.
Old package separator "'" deprecated at /tmp/loop_over_bdir-1896-PAdUZ4/CSS-DOM-0.17-0/blib/lib/CSS/DOM/Value/Primitive.pm line 216.
Old package separator "'" deprecated at /tmp/loop_over_bdir-1896-PAdUZ4/CSS-DOM-0.17-0/blib/lib/CSS/DOM/Value/Primitive.pm line 223.
Old package separator "'" deprecated at /tmp/loop_over_bdir-1896-PAdUZ4/CSS-DOM-0.17-0/blib/lib/CSS/DOM/Value/Primitive.pm line 224.
Old package separator "'" deprecated at /tmp/loop_over_bdir-1896-PAdUZ4/CSS-DOM-0.17-0/blib/lib/CSS/DOM/Value/Primitive.pm line 234.
Old package separator "'" deprecated at /tmp/loop_over_bdir-1896-PAdUZ4/CSS-DOM-0.17-0/blib/lib/CSS/DOM/Value/Primitive.pm line 266.
Old package separator "'" deprecated at /tmp/loop_over_bdir-1896-PAdUZ4/CSS-DOM-0.17-0/blib/lib/CSS/DOM/Value/Primitive.pm line 267.
Old package separator "'" deprecated at /tmp/loop_over_bdir-1896-PAdUZ4/CSS-DOM-0.17-0/blib/lib/CSS/DOM/Value/Primitive.pm line 287.
Old package separator "'" deprecated at /tmp/loop_over_bdir-1896-PAdUZ4/CSS-DOM-0.17-0/blib/lib/CSS/DOM/Value/Primitive.pm line 288.
Old package separator "'" deprecated at /tmp/loop_over_bdir-1896-PAdUZ4/CSS-DOM-0.17-0/blib/lib/CSS/DOM/Value/Primitive.pm line 344.
Old package separator "'" deprecated at /tmp/loop_over_bdir-1896-PAdUZ4/CSS-DOM-0.17-0/blib/lib/CSS/DOM/Value/Primitive.pm line 346.
Old package separator "'" deprecated at /tmp/loop_over_bdir-1896-PAdUZ4/CSS-DOM-0.17-0/blib/lib/CSS/DOM/Value/Primitive.pm line 355.
Old package separator "'" deprecated at /tmp/loop_over_bdir-1896-PAdUZ4/CSS-DOM-0.17-0/blib/lib/CSS/DOM/Value/Primitive.pm line 367.
Old package separator "'" deprecated at /tmp/loop_over_bdir-1896-PAdUZ4/CSS-DOM-0.17-0/blib/lib/CSS/DOM/Value/Primitive.pm line 383.
Old package separator "'" deprecated at /tmp/loop_over_bdir-1896-PAdUZ4/CSS-DOM-0.17-0/blib/lib/CSS/DOM/Style.pm line 174.
Old package separator "'" deprecated at /tmp/loop_over_bdir-1896-PAdUZ4/CSS-DOM-0.17-0/blib/lib/CSS/DOM/Style.pm line 175.
Old package separator "'" deprecated at /tmp/loop_over_bdir-1896-PAdUZ4/CSS-DOM-0.17-0/blib/lib/CSS/DOM/Style.pm line 176.
Old package separator "'" deprecated at /tmp/loop_over_bdir-1896-PAdUZ4/CSS-DOM-0.17-0/blib/lib/CSS/DOM/PropertyParser.pm line 9.
Old package separator "'" deprecated at /tmp/loop_over_bdir-1896-PAdUZ4/CSS-DOM-0.17-0/blib/lib/CSS/DOM/PropertyParser.pm line 10.
Old package separator "'" deprecated at /tmp/loop_over_bdir-1896-PAdUZ4/CSS-DOM-0.17-0/blib/lib/CSS/DOM/PropertyParser.pm line 22.
Old package separator "'" deprecated at /tmp/loop_over_bdir-1896-PAdUZ4/CSS-DOM-0.17-0/blib/lib/CSS/DOM/PropertyParser.pm line 63.
Old package separator "'" deprecated at /tmp/loop_over_bdir-1896-PAdUZ4/CSS-DOM-0.17-0/blib/lib/CSS/DOM/PropertyParser.pm line 205.
Old package separator "'" deprecated at /tmp/loop_over_bdir-1896-PAdUZ4/CSS-DOM-0.17-0/blib/lib/CSS/DOM/PropertyParser.pm line 304.
Old package separator "'" deprecated at /tmp/loop_over_bdir-1896-PAdUZ4/CSS-DOM-0.17-0/blib/lib/CSS/DOM/PropertyParser.pm line 331.
Old package separator "'" deprecated at /tmp/loop_over_bdir-1896-PAdUZ4/CSS-DOM-0.17-0/blib/lib/CSS/DOM/Rule.pm line 49.
Old package separator "'" deprecated at /tmp/loop_over_bdir-1896-PAdUZ4/CSS-DOM-0.17-0/blib/lib/CSS/DOM/Rule/Style.pm line 96.
Old package separator "'" deprecated at /tmp/loop_over_bdir-1896-PAdUZ4/CSS-DOM-0.17-0/blib/lib/CSS/DOM/Rule/Style.pm line 97.
Old package separator "'" deprecated at /tmp/loop_over_bdir-1896-PAdUZ4/CSS-DOM-0.17-0/blib/lib/CSS/DOM/Rule/Style.pm line 133.
Old package separator "'" deprecated at /tmp/loop_over_bdir-1896-PAdUZ4/CSS-DOM-0.17-0/blib/lib/CSS/DOM/Rule/Style.pm line 141.
Old package separator "'" deprecated at /tmp/loop_over_bdir-1896-PAdUZ4/CSS-DOM-0.17-0/blib/lib/CSS/DOM/Rule/Style.pm line 146.
Old package separator "'" deprecated at /tmp/loop_over_bdir-1896-PAdUZ4/CSS-DOM-0.17-0/blib/lib/CSS/DOM/Rule/Style.pm line 154.
Old package separator "'" deprecated at /tmp/loop_over_bdir-1896-PAdUZ4/CSS-DOM-0.17-0/blib/lib/CSS/DOM/Rule/Style.pm line 155.
Old package separator "'" deprecated at /tmp/loop_over_bdir-1896-PAdUZ4/CSS-DOM-0.17-0/blib/lib/CSS/DOM/Rule/Style.pm line 161.
Old package separator "'" deprecated at /tmp/loop_over_bdir-1896-PAdUZ4/CSS-DOM-0.17-0/blib/lib/CSS/DOM/Rule/Style.pm line 169.
Old package separator "'" deprecated at /tmp/loop_over_bdir-1896-PAdUZ4/CSS-DOM-0.17-0/blib/lib/CSS/DOM/Rule/Style.pm line 170.
Old package separator "'" deprecated at /tmp/loop_over_bdir-1896-PAdUZ4/CSS-DOM-0.17-0/blib/lib/CSS/DOM/Rule/Style.pm line 177.
Old package separator "'" deprecated at /tmp/loop_over_bdir-1896-PAdUZ4/CSS-DOM-0.17-0/blib/lib/CSS/DOM/Rule/Style.pm line 178.
Old package separator "'" deprecated at /tmp/loop_over_bdir-1896-PAdUZ4/CSS-DOM-0.17-0/blib/lib/CSS/DOM/Parser.pm line 372.
Old package separator "'" deprecated at /tmp/loop_over_bdir-1896-PAdUZ4/CSS-DOM-0.17-0/blib/lib/CSS/DOM/Parser.pm line 416.
t/CSSValue.t ......................... ok
Old package separator "'" deprecated at t/CSSValueList.t line 6.
Old package separator "'" deprecated at t/CSSValueList.t line 10.
Old package separator "'" deprecated at t/CSSValueList.t line 11.
Old package separator "'" deprecated at /tmp/loop_over_bdir-1896-PAdUZ4/CSS-DOM-0.17-0/blib/lib/CSS/DOM/Value/List.pm line 5.
Old package separator "'" deprecated at /tmp/loop_over_bdir-1896-PAdUZ4/CSS-DOM-0.17-0/blib/lib/CSS/DOM/Value/List.pm line 6.
Old package separator "'" deprecated at /tmp/loop_over_bdir-1896-PAdUZ4/CSS-DOM-0.17-0/blib/lib/CSS/DOM/Value/List.pm line 17.
Old package separator "'" deprecated at /tmp/loop_over_bdir-1896-PAdUZ4/CSS-DOM-0.17-0/blib/lib/CSS/DOM/Value/List.pm line 17.
Old package separator "'" deprecated at /tmp/loop_over_bdir-1896-PAdUZ4/CSS-DOM-0.17-0/blib/lib/CSS/DOM/Value/List.pm line 40.
Old package separator "'" deprecated at /tmp/loop_over_bdir-1896-PAdUZ4/CSS-DOM-0.17-0/blib/lib/CSS/DOM/Value/List.pm line 70.
Old package separator "'" deprecated at /tmp/loop_over_bdir-1896-PAdUZ4/CSS-DOM-0.17-0/blib/lib/CSS/DOM/Value/List.pm line 71.
Old package separator "'" deprecated at /tmp/loop_over_bdir-1896-PAdUZ4/CSS-DOM-0.17-0/blib/lib/CSS/DOM/Value/List.pm line 92.
Old package separator "'" deprecated at t/CSSValueList.t line 14.
Old package separator "'" deprecated at /tmp/loop_over_bdir-1896-PAdUZ4/CSS-DOM-0.17-0/blib/lib/CSS/DOM/Value/Primitive.pm line 20.
Old package separator "'" deprecated at /tmp/loop_over_bdir-1896-PAdUZ4/CSS-DOM-0.17-0/blib/lib/CSS/DOM/Value/Primitive.pm line 20.
Old package separator "'" deprecated at /tmp/loop_over_bdir-1896-PAdUZ4/CSS-DOM-0.17-0/blib/lib/CSS/DOM/Value/Primitive.pm line 206.
Old package separator "'" deprecated at /tmp/loop_over_bdir-1896-PAdUZ4/CSS-DOM-0.17-0/blib/lib/CSS/DOM/Value/Primitive.pm line 216.
Old package separator "'" deprecated at /tmp/loop_over_bdir-1896-PAdUZ4/CSS-DOM-0.17-0/blib/lib/CSS/DOM/Value/Primitive.pm line 223.
Old package separator "'" deprecated at /tmp/loop_over_bdir-1896-PAdUZ4/CSS-DOM-0.17-0/blib/lib/CSS/DOM/Value/Primitive.pm line 224.
Old package separator "'" deprecated at /tmp/loop_over_bdir-1896-PAdUZ4/CSS-DOM-0.17-0/blib/lib/CSS/DOM/Value/Primitive.pm line 234.
Old package separator "'" deprecated at /tmp/loop_over_bdir-1896-PAdUZ4/CSS-DOM-0.17-0/blib/lib/CSS/DOM/Value/Primitive.pm line 266.
Old package separator "'" deprecated at /tmp/loop_over_bdir-1896-PAdUZ4/CSS-DOM-0.17-0/blib/lib/CSS/DOM/Value/Primitive.pm line 267.
Old package separator "'" deprecated at /tmp/loop_over_bdir-1896-PAdUZ4/CSS-DOM-0.17-0/blib/lib/CSS/DOM/Value/Primitive.pm line 287.
Old package separator "'" deprecated at /tmp/loop_over_bdir-1896-PAdUZ4/CSS-DOM-0.17-0/blib/lib/CSS/DOM/Value/Primitive.pm line 288.
Old package separator "'" deprecated at /tmp/loop_over_bdir-1896-PAdUZ4/CSS-DOM-0.17-0/blib/lib/CSS/DOM/Value/Primitive.pm line 344.
Old package separator "'" deprecated at /tmp/loop_over_bdir-1896-PAdUZ4/CSS-DOM-0.17-0/blib/lib/CSS/DOM/Value/Primitive.pm line 346.
Old package separator "'" deprecated at /tmp/loop_over_bdir-1896-PAdUZ4/CSS-DOM-0.17-0/blib/lib/CSS/DOM/Value/Primitive.pm line 355.
Old package separator "'" deprecated at /tmp/loop_over_bdir-1896-PAdUZ4/CSS-DOM-0.17-0/blib/lib/CSS/DOM/Value/Primitive.pm line 367.
Old package separator "'" deprecated at /tmp/loop_over_bdir-1896-PAdUZ4/CSS-DOM-0.17-0/blib/lib/CSS/DOM/Value/Primitive.pm line 383.
t/CSSValueList.t ..................... ok
t/hasFeature.t ....................... ok
Old package separator "'" deprecated at t/MediaList.t line 6.
t/MediaList.t ........................ ok
Old package separator "'" deprecated at t/parser-rules.t line 11.
Old package separator "'" deprecated at /tmp/loop_over_bdir-1896-PAdUZ4/CSS-DOM-0.17-0/blib/lib/CSS/DOM/Rule.pm line 49.
Old package separator "'" deprecated at /tmp/loop_over_bdir-1896-PAdUZ4/CSS-DOM-0.17-0/blib/lib/CSS/DOM/Style.pm line 174.
Old package separator "'" deprecated at /tmp/loop_over_bdir-1896-PAdUZ4/CSS-DOM-0.17-0/blib/lib/CSS/DOM/Style.pm line 175.
Old package separator "'" deprecated at /tmp/loop_over_bdir-1896-PAdUZ4/CSS-DOM-0.17-0/blib/lib/CSS/DOM/Style.pm line 176.
Old package separator "'" deprecated at t/parser-rules.t line 38.
Old package separator "'" deprecated at t/parser-rules.t line 49.
Old package separator "'" deprecated at t/parser-rules.t line 51.
Old package separator "'" deprecated at t/parser-rules.t line 82.
Old package separator "'" deprecated at t/parser-rules.t line 84.
Old package separator "'" deprecated at t/parser-rules.t line 86.
Old package separator "'" deprecated at t/parser-rules.t line 88.
Old package separator "'" deprecated at t/parser-rules.t line 90.
Old package separator "'" deprecated at t/parser-rules.t line 93.
Old package separator "'" deprecated at t/parser-rules.t line 96.
Old package separator "'" deprecated at t/parser-rules.t line 100.
Old package separator "'" deprecated at t/parser-rules.t line 105.
Old package separator "'" deprecated at t/parser-rules.t line 467.
Old package separator "'" deprecated at t/parser-rules.t line 608.
Old package separator "'" deprecated at t/parser-rules.t line 637.
Old package separator "'" deprecated at t/parser-rules.t line 640.
Old package separator "'" deprecated at t/parser-rules.t line 643.
Old package separator "'" deprecated at t/parser-rules.t line 646.
Old package separator "'" deprecated at t/parser-rules.t line 649.
Old package separator "'" deprecated at t/parser-rules.t line 656.
Old package separator "'" deprecated at t/parser-rules.t line 659.
Old package separator "'" deprecated at t/parser-rules.t line 662.
Old package separator "'" deprecated at t/parser-rules.t line 665.
Old package separator "'" deprecated at t/parser-rules.t line 668.
Old package separator "'" deprecated at t/parser-rules.t line 671.
Old package separator "'" deprecated at t/parser-rules.t line 674.
Old package separator "'" deprecated at /tmp/loop_over_bdir-1896-PAdUZ4/CSS-DOM-0.17-0/blib/lib/CSS/DOM/Rule/Style.pm line 96.
Old package separator "'" deprecated at /tmp/loop_over_bdir-1896-PAdUZ4/CSS-DOM-0.17-0/blib/lib/CSS/DOM/Rule/Style.pm line 97.
Old package separator "'" deprecated at /tmp/loop_over_bdir-1896-PAdUZ4/CSS-DOM-0.17-0/blib/lib/CSS/DOM/Rule/Style.pm line 133.
Old package separator "'" deprecated at /tmp/loop_over_bdir-1896-PAdUZ4/CSS-DOM-0.17-0/blib/lib/CSS/DOM/Rule/Style.pm line 141.
Old package separator "'" deprecated at /tmp/loop_over_bdir-1896-PAdUZ4/CSS-DOM-0.17-0/blib/lib/CSS/DOM/Rule/Style.pm line 146.
Old package separator "'" deprecated at /tmp/loop_over_bdir-1896-PAdUZ4/CSS-DOM-0.17-0/blib/lib/CSS/DOM/Rule/Style.pm line 154.
Old package separator "'" deprecated at /tmp/loop_over_bdir-1896-PAdUZ4/CSS-DOM-0.17-0/blib/lib/CSS/DOM/Rule/Style.pm line 155.
Old package separator "'" deprecated at /tmp/loop_over_bdir-1896-PAdUZ4/CSS-DOM-0.17-0/blib/lib/CSS/DOM/Rule/Style.pm line 161.
Old package separator "'" deprecated at /tmp/loop_over_bdir-1896-PAdUZ4/CSS-DOM-0.17-0/blib/lib/CSS/DOM/Rule/Style.pm line 169.
Old package separator "'" deprecated at /tmp/loop_over_bdir-1896-PAdUZ4/CSS-DOM-0.17-0/blib/lib/CSS/DOM/Rule/Style.pm line 170.
Old package separator "'" deprecated at /tmp/loop_over_bdir-1896-PAdUZ4/CSS-DOM-0.17-0/blib/lib/CSS/DOM/Rule/Style.pm line 177.
Old package separator "'" deprecated at /tmp/loop_over_bdir-1896-PAdUZ4/CSS-DOM-0.17-0/blib/lib/CSS/DOM/Rule/Style.pm line 178.
Old package separator "'" deprecated at /tmp/loop_over_bdir-1896-PAdUZ4/CSS-DOM-0.17-0/blib/lib/CSS/DOM/Parser.pm line 372.
Old package separator "'" deprecated at /tmp/loop_over_bdir-1896-PAdUZ4/CSS-DOM-0.17-0/blib/lib/CSS/DOM/Parser.pm line 416.
Old package separator "'" deprecated at /tmp/loop_over_bdir-1896-PAdUZ4/CSS-DOM-0.17-0/blib/lib/CSS/DOM/Rule/Import.pm line 48.
Old package separator "'" deprecated at /tmp/loop_over_bdir-1896-PAdUZ4/CSS-DOM-0.17-0/blib/lib/CSS/DOM/Rule/Import.pm line 56.
Old package separator "'" deprecated at /tmp/loop_over_bdir-1896-PAdUZ4/CSS-DOM-0.17-0/blib/lib/CSS/DOM/Rule/Import.pm line 59.
t/parser-rules.t ..................... ok
Old package separator "'" deprecated at t/parser-tokens.t line 6.
Old package separator "'" deprecated at /tmp/loop_over_bdir-1896-PAdUZ4/CSS-DOM-0.17-0/blib/lib/CSS/DOM/Rule.pm line 49.
Old package separator "'" deprecated at /tmp/loop_over_bdir-1896-PAdUZ4/CSS-DOM-0.17-0/blib/lib/CSS/DOM/Rule/Import.pm line 48.
Old package separator "'" deprecated at /tmp/loop_over_bdir-1896-PAdUZ4/CSS-DOM-0.17-0/blib/lib/CSS/DOM/Rule/Import.pm line 56.
Old package separator "'" deprecated at /tmp/loop_over_bdir-1896-PAdUZ4/CSS-DOM-0.17-0/blib/lib/CSS/DOM/Rule/Import.pm line 59.
Old package separator "'" deprecated at /tmp/loop_over_bdir-1896-PAdUZ4/CSS-DOM-0.17-0/blib/lib/CSS/DOM/Style.pm line 174.
Old package separator "'" deprecated at /tmp/loop_over_bdir-1896-PAdUZ4/CSS-DOM-0.17-0/blib/lib/CSS/DOM/Style.pm line 175.
Old package separator "'" deprecated at /tmp/loop_over_bdir-1896-PAdUZ4/CSS-DOM-0.17-0/blib/lib/CSS/DOM/Style.pm line 176.
Old package separator "'" deprecated at /tmp/loop_over_bdir-1896-PAdUZ4/CSS-DOM-0.17-0/blib/lib/CSS/DOM/Value/Primitive.pm line 20.
Old package separator "'" deprecated at /tmp/loop_over_bdir-1896-PAdUZ4/CSS-DOM-0.17-0/blib/lib/CSS/DOM/Value/Primitive.pm line 20.
Old package separator "'" deprecated at /tmp/loop_over_bdir-1896-PAdUZ4/CSS-DOM-0.17-0/blib/lib/CSS/DOM/Value/Primitive.pm line 206.
Old package separator "'" deprecated at /tmp/loop_over_bdir-1896-PAdUZ4/CSS-DOM-0.17-0/blib/lib/CSS/DOM/Value/Primitive.pm line 216.
Old package separator "'" deprecated at /tmp/loop_over_bdir-1896-PAdUZ4/CSS-DOM-0.17-0/blib/lib/CSS/DOM/Value/Primitive.pm line 223.
Old package separator "'" deprecated at /tmp/loop_over_bdir-1896-PAdUZ4/CSS-DOM-0.17-0/blib/lib/CSS/DOM/Value/Primitive.pm line 224.
Old package separator "'" deprecated at /tmp/loop_over_bdir-1896-PAdUZ4/CSS-DOM-0.17-0/blib/lib/CSS/DOM/Value/Primitive.pm line 234.
Old package separator "'" deprecated at /tmp/loop_over_bdir-1896-PAdUZ4/CSS-DOM-0.17-0/blib/lib/CSS/DOM/Value/Primitive.pm line 266.
Old package separator "'" deprecated at /tmp/loop_over_bdir-1896-PAdUZ4/CSS-DOM-0.17-0/blib/lib/CSS/DOM/Value/Primitive.pm line 267.
Old package separator "'" deprecated at /tmp/loop_over_bdir-1896-PAdUZ4/CSS-DOM-0.17-0/blib/lib/CSS/DOM/Value/Primitive.pm line 287.
Old package separator "'" deprecated at /tmp/loop_over_bdir-1896-PAdUZ4/CSS-DOM-0.17-0/blib/lib/CSS/DOM/Value/Primitive.pm line 288.
Old package separator "'" deprecated at /tmp/loop_over_bdir-1896-PAdUZ4/CSS-DOM-0.17-0/blib/lib/CSS/DOM/Value/Primitive.pm line 344.
Old package separator "'" deprecated at /tmp/loop_over_bdir-1896-PAdUZ4/CSS-DOM-0.17-0/blib/lib/CSS/DOM/Value/Primitive.pm line 346.
Old package separator "'" deprecated at /tmp/loop_over_bdir-1896-PAdUZ4/CSS-DOM-0.17-0/blib/lib/CSS/DOM/Value/Primitive.pm line 355.
Old package separator "'" deprecated at /tmp/loop_over_bdir-1896-PAdUZ4/CSS-DOM-0.17-0/blib/lib/CSS/DOM/Value/Primitive.pm line 367.
Old package separator "'" deprecated at /tmp/loop_over_bdir-1896-PAdUZ4/CSS-DOM-0.17-0/blib/lib/CSS/DOM/Value/Primitive.pm line 383.
Old package separator "'" deprecated at t/parser-tokens.t line 40.
Old package separator "'" deprecated at t/parser-tokens.t line 182.
Old package separator "'" deprecated at t/parser-tokens.t line 190.
Old package separator "'" deprecated at t/parser-tokens.t line 194.
Old package separator "'" deprecated at t/parser-tokens.t line 199.
Old package separator "'" deprecated at t/parser-tokens.t line 204.
Old package separator "'" deprecated at t/parser-tokens.t line 210.
Old package separator "'" deprecated at /tmp/loop_over_bdir-1896-PAdUZ4/CSS-DOM-0.17-0/blib/lib/CSS/DOM/Rule/Style.pm line 96.
Old package separator "'" deprecated at /tmp/loop_over_bdir-1896-PAdUZ4/CSS-DOM-0.17-0/blib/lib/CSS/DOM/Rule/Style.pm line 97.
Old package separator "'" deprecated at /tmp/loop_over_bdir-1896-PAdUZ4/CSS-DOM-0.17-0/blib/lib/CSS/DOM/Rule/Style.pm line 133.
Old package separator "'" deprecated at /tmp/loop_over_bdir-1896-PAdUZ4/CSS-DOM-0.17-0/blib/lib/CSS/DOM/Rule/Style.pm line 141.
Old package separator "'" deprecated at /tmp/loop_over_bdir-1896-PAdUZ4/CSS-DOM-0.17-0/blib/lib/CSS/DOM/Rule/Style.pm line 146.
Old package separator "'" deprecated at /tmp/loop_over_bdir-1896-PAdUZ4/CSS-DOM-0.17-0/blib/lib/CSS/DOM/Rule/Style.pm line 154.
Old package separator "'" deprecated at /tmp/loop_over_bdir-1896-PAdUZ4/CSS-DOM-0.17-0/blib/lib/CSS/DOM/Rule/Style.pm line 155.
Old package separator "'" deprecated at /tmp/loop_over_bdir-1896-PAdUZ4/CSS-DOM-0.17-0/blib/lib/CSS/DOM/Rule/Style.pm line 161.
Old package separator "'" deprecated at /tmp/loop_over_bdir-1896-PAdUZ4/CSS-DOM-0.17-0/blib/lib/CSS/DOM/Rule/Style.pm line 169.
Old package separator "'" deprecated at /tmp/loop_over_bdir-1896-PAdUZ4/CSS-DOM-0.17-0/blib/lib/CSS/DOM/Rule/Style.pm line 170.
Old package separator "'" deprecated at /tmp/loop_over_bdir-1896-PAdUZ4/CSS-DOM-0.17-0/blib/lib/CSS/DOM/Rule/Style.pm line 177.
Old package separator "'" deprecated at /tmp/loop_over_bdir-1896-PAdUZ4/CSS-DOM-0.17-0/blib/lib/CSS/DOM/Rule/Style.pm line 178.
Old package separator "'" deprecated at /tmp/loop_over_bdir-1896-PAdUZ4/CSS-DOM-0.17-0/blib/lib/CSS/DOM/Parser.pm line 372.
Old package separator "'" deprecated at /tmp/loop_over_bdir-1896-PAdUZ4/CSS-DOM-0.17-0/blib/lib/CSS/DOM/Parser.pm line 416.
t/parser-tokens.t .................... ok
Old package separator "'" deprecated at t/property-parser.t line 6.
Old package separator "'" deprecated at t/property-parser.t line 21.
Old package separator "'" deprecated at t/property-parser.t line 22.
Old package separator "'" deprecated at t/property-parser.t line 25.
Old package separator "'" deprecated at t/property-parser.t line 1323.
Old package separator "'" deprecated at t/property-parser.t line 1327.
Old package separator "'" deprecated at t/property-parser.t line 1356.
Old package separator "'" deprecated at t/property-parser.t line 1360.
Old package separator "'" deprecated at /tmp/loop_over_bdir-1896-PAdUZ4/CSS-DOM-0.17-0/blib/lib/CSS/DOM/PropertyParser.pm line 9.
Old package separator "'" deprecated at /tmp/loop_over_bdir-1896-PAdUZ4/CSS-DOM-0.17-0/blib/lib/CSS/DOM/PropertyParser.pm line 10.
Old package separator "'" deprecated at /tmp/loop_over_bdir-1896-PAdUZ4/CSS-DOM-0.17-0/blib/lib/CSS/DOM/PropertyParser.pm line 22.
Old package separator "'" deprecated at /tmp/loop_over_bdir-1896-PAdUZ4/CSS-DOM-0.17-0/blib/lib/CSS/DOM/PropertyParser.pm line 63.
Old package separator "'" deprecated at /tmp/loop_over_bdir-1896-PAdUZ4/CSS-DOM-0.17-0/blib/lib/CSS/DOM/PropertyParser.pm line 205.
Old package separator "'" deprecated at /tmp/loop_over_bdir-1896-PAdUZ4/CSS-DOM-0.17-0/blib/lib/CSS/DOM/PropertyParser.pm line 304.
Old package separator "'" deprecated at /tmp/loop_over_bdir-1896-PAdUZ4/CSS-DOM-0.17-0/blib/lib/CSS/DOM/PropertyParser.pm line 331.
Use of apostrophe as package separator was deprecated in Perl 5.37.9,
and will be removed in Perl 5.42.0. You should change code that uses
Test::More::isn't() to use Test::More::isnt() as a replacement at t/property-parser.t line 21
Use of apostrophe as package separator was deprecated in Perl 5.37.9,
and will be removed in Perl 5.42.0. You should change code that uses
Test::More::isn't() to use Test::More::isnt() as a replacement at t/property-parser.t line 22
Use of apostrophe as package separator was deprecated in Perl 5.37.9,
and will be removed in Perl 5.42.0. You should change code that uses
Test::More::isn't() to use Test::More::isnt() as a replacement at t/property-parser.t line 29
Old package separator "'" deprecated at /tmp/loop_over_bdir-1896-PAdUZ4/CSS-DOM-0.17-0/blib/lib/CSS/DOM/Style.pm line 174.
Old package separator "'" deprecated at /tmp/loop_over_bdir-1896-PAdUZ4/CSS-DOM-0.17-0/blib/lib/CSS/DOM/Style.pm line 175.
Old package separator "'" deprecated at /tmp/loop_over_bdir-1896-PAdUZ4/CSS-DOM-0.17-0/blib/lib/CSS/DOM/Style.pm line 176.
Old package separator "'" deprecated at /tmp/loop_over_bdir-1896-PAdUZ4/CSS-DOM-0.17-0/blib/lib/CSS/DOM/Rule.pm line 49.
Old package separator "'" deprecated at /tmp/loop_over_bdir-1896-PAdUZ4/CSS-DOM-0.17-0/blib/lib/CSS/DOM/Rule/Style.pm line 96.
Old package separator "'" deprecated at /tmp/loop_over_bdir-1896-PAdUZ4/CSS-DOM-0.17-0/blib/lib/CSS/DOM/Rule/Style.pm line 97.
Old package separator "'" deprecated at /tmp/loop_over_bdir-1896-PAdUZ4/CSS-DOM-0.17-0/blib/lib/CSS/DOM/Rule/Style.pm line 133.
Old package separator "'" deprecated at /tmp/loop_over_bdir-1896-PAdUZ4/CSS-DOM-0.17-0/blib/lib/CSS/DOM/Rule/Style.pm line 141.
Old package separator "'" deprecated at /tmp/loop_over_bdir-1896-PAdUZ4/CSS-DOM-0.17-0/blib/lib/CSS/DOM/Rule/Style.pm line 146.
Old package separator "'" deprecated at /tmp/loop_over_bdir-1896-PAdUZ4/CSS-DOM-0.17-0/blib/lib/CSS/DOM/Rule/Style.pm line 154.
Old package separator "'" deprecated at /tmp/loop_over_bdir-1896-PAdUZ4/CSS-DOM-0.17-0/blib/lib/CSS/DOM/Rule/Style.pm line 155.
Old package separator "'" deprecated at /tmp/loop_over_bdir-1896-PAdUZ4/CSS-DOM-0.17-0/blib/lib/CSS/DOM/Rule/Style.pm line 161.
Old package separator "'" deprecated at /tmp/loop_over_bdir-1896-PAdUZ4/CSS-DOM-0.17-0/blib/lib/CSS/DOM/Rule/Style.pm line 169.
Old package separator "'" deprecated at /tmp/loop_over_bdir-1896-PAdUZ4/CSS-DOM-0.17-0/blib/lib/CSS/DOM/Rule/Style.pm line 170.
Old package separator "'" deprecated at /tmp/loop_over_bdir-1896-PAdUZ4/CSS-DOM-0.17-0/blib/lib/CSS/DOM/Rule/Style.pm line 177.
Old package separator "'" deprecated at /tmp/loop_over_bdir-1896-PAdUZ4/CSS-DOM-0.17-0/blib/lib/CSS/DOM/Rule/Style.pm line 178.
Old package separator "'" deprecated at /tmp/loop_over_bdir-1896-PAdUZ4/CSS-DOM-0.17-0/blib/lib/CSS/DOM/Parser.pm line 372.
Old package separator "'" deprecated at /tmp/loop_over_bdir-1896-PAdUZ4/CSS-DOM-0.17-0/blib/lib/CSS/DOM/Parser.pm line 416.
Old package separator "'" deprecated at /tmp/loop_over_bdir-1896-PAdUZ4/CSS-DOM-0.17-0/blib/lib/CSS/DOM/Value/Primitive.pm line 20.
Old package separator "'" deprecated at /tmp/loop_over_bdir-1896-PAdUZ4/CSS-DOM-0.17-0/blib/lib/CSS/DOM/Value/Primitive.pm line 20.
Old package separator "'" deprecated at /tmp/loop_over_bdir-1896-PAdUZ4/CSS-DOM-0.17-0/blib/lib/CSS/DOM/Value/Primitive.pm line 206.
Old package separator "'" deprecated at /tmp/loop_over_bdir-1896-PAdUZ4/CSS-DOM-0.17-0/blib/lib/CSS/DOM/Value/Primitive.pm line 216.
Old package separator "'" deprecated at /tmp/loop_over_bdir-1896-PAdUZ4/CSS-DOM-0.17-0/blib/lib/CSS/DOM/Value/Primitive.pm line 223.
Old package separator "'" deprecated at /tmp/loop_over_bdir-1896-PAdUZ4/CSS-DOM-0.17-0/blib/lib/CSS/DOM/Value/Primitive.pm line 224.
Old package separator "'" deprecated at /tmp/loop_over_bdir-1896-PAdUZ4/CSS-DOM-0.17-0/blib/lib/CSS/DOM/Value/Primitive.pm line 234.
Old package separator "'" deprecated at /tmp/loop_over_bdir-1896-PAdUZ4/CSS-DOM-0.17-0/blib/lib/CSS/DOM/Value/Primitive.pm line 266.
Old package separator "'" deprecated at /tmp/loop_over_bdir-1896-PAdUZ4/CSS-DOM-0.17-0/blib/lib/CSS/DOM/Value/Primitive.pm line 267.
Old package separator "'" deprecated at /tmp/loop_over_bdir-1896-PAdUZ4/CSS-DOM-0.17-0/blib/lib/CSS/DOM/Value/Primitive.pm line 287.
Old package separator "'" deprecated at /tmp/loop_over_bdir-1896-PAdUZ4/CSS-DOM-0.17-0/blib/lib/CSS/DOM/Value/Primitive.pm line 288.
Old package separator "'" deprecated at /tmp/loop_over_bdir-1896-PAdUZ4/CSS-DOM-0.17-0/blib/lib/CSS/DOM/Value/Primitive.pm line 344.
Old package separator "'" deprecated at /tmp/loop_over_bdir-1896-PAdUZ4/CSS-DOM-0.17-0/blib/lib/CSS/DOM/Value/Primitive.pm line 346.
Old package separator "'" deprecated at /tmp/loop_over_bdir-1896-PAdUZ4/CSS-DOM-0.17-0/blib/lib/CSS/DOM/Value/Primitive.pm line 355.
Old package separator "'" deprecated at /tmp/loop_over_bdir-1896-PAdUZ4/CSS-DOM-0.17-0/blib/lib/CSS/DOM/Value/Primitive.pm line 367.
Old package separator "'" deprecated at /tmp/loop_over_bdir-1896-PAdUZ4/CSS-DOM-0.17-0/blib/lib/CSS/DOM/Value/Primitive.pm line 383.
Old package separator "'" deprecated at /tmp/loop_over_bdir-1896-PAdUZ4/CSS-DOM-0.17-0/blib/lib/CSS/DOM/Value.pm line 10.
Old package separator "'" deprecated at /tmp/loop_over_bdir-1896-PAdUZ4/CSS-DOM-0.17-0/blib/lib/CSS/DOM/Value.pm line 12.
Old package separator "'" deprecated at /tmp/loop_over_bdir-1896-PAdUZ4/CSS-DOM-0.17-0/blib/lib/CSS/DOM/Value/List.pm line 5.
Old package separator "'" deprecated at /tmp/loop_over_bdir-1896-PAdUZ4/CSS-DOM-0.17-0/blib/lib/CSS/DOM/Value/List.pm line 6.
Old package separator "'" deprecated at /tmp/loop_over_bdir-1896-PAdUZ4/CSS-DOM-0.17-0/blib/lib/CSS/DOM/Value/List.pm line 17.
Old package separator "'" deprecated at /tmp/loop_over_bdir-1896-PAdUZ4/CSS-DOM-0.17-0/blib/lib/CSS/DOM/Value/List.pm line 17.
Old package separator "'" deprecated at /tmp/loop_over_bdir-1896-PAdUZ4/CSS-DOM-0.17-0/blib/lib/CSS/DOM/Value/List.pm line 40.
Old package separator "'" deprecated at /tmp/loop_over_bdir-1896-PAdUZ4/CSS-DOM-0.17-0/blib/lib/CSS/DOM/Value/List.pm line 70.
Old package separator "'" deprecated at /tmp/loop_over_bdir-1896-PAdUZ4/CSS-DOM-0.17-0/blib/lib/CSS/DOM/Value/List.pm line 71.
Old package separator "'" deprecated at /tmp/loop_over_bdir-1896-PAdUZ4/CSS-DOM-0.17-0/blib/lib/CSS/DOM/Value/List.pm line 92.
t/property-parser.t .................. ok
Old package separator "'" deprecated at t/Rect.t line 6.
Old package separator "'" deprecated at /tmp/loop_over_bdir-1896-PAdUZ4/CSS-DOM-0.17-0/blib/lib/CSS/DOM/Value/Primitive.pm line 20.
Old package separator "'" deprecated at /tmp/loop_over_bdir-1896-PAdUZ4/CSS-DOM-0.17-0/blib/lib/CSS/DOM/Value/Primitive.pm line 20.
Old package separator "'" deprecated at /tmp/loop_over_bdir-1896-PAdUZ4/CSS-DOM-0.17-0/blib/lib/CSS/DOM/Value/Primitive.pm line 206.
Old package separator "'" deprecated at /tmp/loop_over_bdir-1896-PAdUZ4/CSS-DOM-0.17-0/blib/lib/CSS/DOM/Value/Primitive.pm line 216.
Old package separator "'" deprecated at /tmp/loop_over_bdir-1896-PAdUZ4/CSS-DOM-0.17-0/blib/lib/CSS/DOM/Value/Primitive.pm line 223.
Old package separator "'" deprecated at /tmp/loop_over_bdir-1896-PAdUZ4/CSS-DOM-0.17-0/blib/lib/CSS/DOM/Value/Primitive.pm line 224.
Old package separator "'" deprecated at /tmp/loop_over_bdir-1896-PAdUZ4/CSS-DOM-0.17-0/blib/lib/CSS/DOM/Value/Primitive.pm line 234.
Old package separator "'" deprecated at /tmp/loop_over_bdir-1896-PAdUZ4/CSS-DOM-0.17-0/blib/lib/CSS/DOM/Value/Primitive.pm line 266.
Old package separator "'" deprecated at /tmp/loop_over_bdir-1896-PAdUZ4/CSS-DOM-0.17-0/blib/lib/CSS/DOM/Value/Primitive.pm line 267.
Old package separator "'" deprecated at /tmp/loop_over_bdir-1896-PAdUZ4/CSS-DOM-0.17-0/blib/lib/CSS/DOM/Value/Primitive.pm line 287.
Old package separator "'" deprecated at /tmp/loop_over_bdir-1896-PAdUZ4/CSS-DOM-0.17-0/blib/lib/CSS/DOM/Value/Primitive.pm line 288.
Old package separator "'" deprecated at /tmp/loop_over_bdir-1896-PAdUZ4/CSS-DOM-0.17-0/blib/lib/CSS/DOM/Value/Primitive.pm line 344.
Old package separator "'" deprecated at /tmp/loop_over_bdir-1896-PAdUZ4/CSS-DOM-0.17-0/blib/lib/CSS/DOM/Value/Primitive.pm line 346.
Old package separator "'" deprecated at /tmp/loop_over_bdir-1896-PAdUZ4/CSS-DOM-0.17-0/blib/lib/CSS/DOM/Value/Primitive.pm line 355.
Old package separator "'" deprecated at /tmp/loop_over_bdir-1896-PAdUZ4/CSS-DOM-0.17-0/blib/lib/CSS/DOM/Value/Primitive.pm line 367.
Old package separator "'" deprecated at /tmp/loop_over_bdir-1896-PAdUZ4/CSS-DOM-0.17-0/blib/lib/CSS/DOM/Value/Primitive.pm line 383.
t/Rect.t ............................. ok
Old package separator "'" deprecated at t/RGBColor.t line 6.
Old package separator "'" deprecated at /tmp/loop_over_bdir-1896-PAdUZ4/CSS-DOM-0.17-0/blib/lib/CSS/DOM/Value/Primitive.pm line 20.
Old package separator "'" deprecated at /tmp/loop_over_bdir-1896-PAdUZ4/CSS-DOM-0.17-0/blib/lib/CSS/DOM/Value/Primitive.pm line 20.
Old package separator "'" deprecated at /tmp/loop_over_bdir-1896-PAdUZ4/CSS-DOM-0.17-0/blib/lib/CSS/DOM/Value/Primitive.pm line 206.
Old package separator "'" deprecated at /tmp/loop_over_bdir-1896-PAdUZ4/CSS-DOM-0.17-0/blib/lib/CSS/DOM/Value/Primitive.pm line 216.
Old package separator "'" deprecated at /tmp/loop_over_bdir-1896-PAdUZ4/CSS-DOM-0.17-0/blib/lib/CSS/DOM/Value/Primitive.pm line 223.
Old package separator "'" deprecated at /tmp/loop_over_bdir-1896-PAdUZ4/CSS-DOM-0.17-0/blib/lib/CSS/DOM/Value/Primitive.pm line 224.
Old package separator "'" deprecated at /tmp/loop_over_bdir-1896-PAdUZ4/CSS-DOM-0.17-0/blib/lib/CSS/DOM/Value/Primitive.pm line 234.
Old package separator "'" deprecated at /tmp/loop_over_bdir-1896-PAdUZ4/CSS-DOM-0.17-0/blib/lib/CSS/DOM/Value/Primitive.pm line 266.
Old package separator "'" deprecated at /tmp/loop_over_bdir-1896-PAdUZ4/CSS-DOM-0.17-0/blib/lib/CSS/DOM/Value/Primitive.pm line 267.
Old package separator "'" deprecated at /tmp/loop_over_bdir-1896-PAdUZ4/CSS-DOM-0.17-0/blib/lib/CSS/DOM/Value/Primitive.pm line 287.
Old package separator "'" deprecated at /tmp/loop_over_bdir-1896-PAdUZ4/CSS-DOM-0.17-0/blib/lib/CSS/DOM/Value/Primitive.pm line 288.
Old package separator "'" deprecated at /tmp/loop_over_bdir-1896-PAdUZ4/CSS-DOM-0.17-0/blib/lib/CSS/DOM/Value/Primitive.pm line 344.
Old package separator "'" deprecated at /tmp/loop_over_bdir-1896-PAdUZ4/CSS-DOM-0.17-0/blib/lib/CSS/DOM/Value/Primitive.pm line 346.
Old package separator "'" deprecated at /tmp/loop_over_bdir-1896-PAdUZ4/CSS-DOM-0.17-0/blib/lib/CSS/DOM/Value/Primitive.pm line 355.
Old package separator "'" deprecated at /tmp/loop_over_bdir-1896-PAdUZ4/CSS-DOM-0.17-0/blib/lib/CSS/DOM/Value/Primitive.pm line 367.
Old package separator "'" deprecated at /tmp/loop_over_bdir-1896-PAdUZ4/CSS-DOM-0.17-0/blib/lib/CSS/DOM/Value/Primitive.pm line 383.
t/RGBColor.t ......................... ok
Old package separator "'" deprecated at t/StyleSheet.t line 6.
Old package separator "'" deprecated at t/StyleSheet.t line 58.
Old package separator "'" deprecated at /tmp/loop_over_bdir-1896-PAdUZ4/CSS-DOM-0.17-0/blib/lib/CSS/DOM/Rule.pm line 49.
Old package separator "'" deprecated at /tmp/loop_over_bdir-1896-PAdUZ4/CSS-DOM-0.17-0/blib/lib/CSS/DOM/Rule/Style.pm line 96.
Old package separator "'" deprecated at /tmp/loop_over_bdir-1896-PAdUZ4/CSS-DOM-0.17-0/blib/lib/CSS/DOM/Rule/Style.pm line 97.
Old package separator "'" deprecated at /tmp/loop_over_bdir-1896-PAdUZ4/CSS-DOM-0.17-0/blib/lib/CSS/DOM/Rule/Style.pm line 133.
Old package separator "'" deprecated at /tmp/loop_over_bdir-1896-PAdUZ4/CSS-DOM-0.17-0/blib/lib/CSS/DOM/Rule/Style.pm line 141.
Old package separator "'" deprecated at /tmp/loop_over_bdir-1896-PAdUZ4/CSS-DOM-0.17-0/blib/lib/CSS/DOM/Rule/Style.pm line 146.
Old package separator "'" deprecated at /tmp/loop_over_bdir-1896-PAdUZ4/CSS-DOM-0.17-0/blib/lib/CSS/DOM/Rule/Style.pm line 154.
Old package separator "'" deprecated at /tmp/loop_over_bdir-1896-PAdUZ4/CSS-DOM-0.17-0/blib/lib/CSS/DOM/Rule/Style.pm line 155.
Old package separator "'" deprecated at /tmp/loop_over_bdir-1896-PAdUZ4/CSS-DOM-0.17-0/blib/lib/CSS/DOM/Rule/Style.pm line 161.
Old package separator "'" deprecated at /tmp/loop_over_bdir-1896-PAdUZ4/CSS-DOM-0.17-0/blib/lib/CSS/DOM/Rule/Style.pm line 169.
Old package separator "'" deprecated at /tmp/loop_over_bdir-1896-PAdUZ4/CSS-DOM-0.17-0/blib/lib/CSS/DOM/Rule/Style.pm line 170.
Old package separator "'" deprecated at /tmp/loop_over_bdir-1896-PAdUZ4/CSS-DOM-0.17-0/blib/lib/CSS/DOM/Rule/Style.pm line 177.
Old package separator "'" deprecated at /tmp/loop_over_bdir-1896-PAdUZ4/CSS-DOM-0.17-0/blib/lib/CSS/DOM/Rule/Style.pm line 178.
Old package separator "'" deprecated at /tmp/loop_over_bdir-1896-PAdUZ4/CSS-DOM-0.17-0/blib/lib/CSS/DOM/Style.pm line 174.
Old package separator "'" deprecated at /tmp/loop_over_bdir-1896-PAdUZ4/CSS-DOM-0.17-0/blib/lib/CSS/DOM/Style.pm line 175.
Old package separator "'" deprecated at /tmp/loop_over_bdir-1896-PAdUZ4/CSS-DOM-0.17-0/blib/lib/CSS/DOM/Style.pm line 176.
Old package separator "'" deprecated at /tmp/loop_over_bdir-1896-PAdUZ4/CSS-DOM-0.17-0/blib/lib/CSS/DOM/Parser.pm line 372.
Old package separator "'" deprecated at /tmp/loop_over_bdir-1896-PAdUZ4/CSS-DOM-0.17-0/blib/lib/CSS/DOM/Parser.pm line 416.
Old package separator "'" deprecated at /tmp/loop_over_bdir-1896-PAdUZ4/CSS-DOM-0.17-0/blib/lib/CSS/DOM/Rule/Import.pm line 48.
Old package separator "'" deprecated at /tmp/loop_over_bdir-1896-PAdUZ4/CSS-DOM-0.17-0/blib/lib/CSS/DOM/Rule/Import.pm line 56.
Old package separator "'" deprecated at /tmp/loop_over_bdir-1896-PAdUZ4/CSS-DOM-0.17-0/blib/lib/CSS/DOM/Rule/Import.pm line 59.
t/StyleSheet.t ....................... ok
Old package separator "'" deprecated at t/StyleSheetList.t line 6.
t/StyleSheetList.t ................... ok
Test Summary Report
-------------------
t/css-dom.t (Wstat: 256 (exited 1) Tests: 3 Failed: 1)
Failed test: 3
Non-zero exit status: 1
Files=31, Tests=3203, 4 wallclock secs ( 0.32 usr 0.08 sys + 3.29 cusr 0.45 csys = 4.14 CPU)
Result: FAIL
Failed 1/31 test programs. 1/3203 subtests failed.
make: *** [Makefile:950: test_dynamic] Error 255
------------------------------
PREREQUISITES
------------------------------
Prerequisite modules loaded:
requires:
Module Need Have
------------------- ---- --------
Carp 1.01 1.54
Clone 0.09 0.46
constant 1.03 1.33
Encode 2.1 3.21
Exporter 5.57 5.78
overload 0 1.37
re 0 0.47
Scalar::Util 1.09 1.63
strict 0 1.13
Test::More 0 1.302199
warnings 0 1.70
build_requires:
Module Need Have
------------------- ---- --------
ExtUtils::MakeMaker 0 7.70
configure_requires:
Module Need Have
------------------- ---- --------
ExtUtils::MakeMaker 0 7.70
------------------------------
ENVIRONMENT AND OTHER CONTEXT
------------------------------
Environment variables:
AUTOMATED_TESTING = 1
LANG = en_US.UTF-8
LC_ADDRESS = de_DE.UTF-8
LC_IDENTIFICATION = de_DE.UTF-8
LC_MEASUREMENT = de_DE.UTF-8
LC_MONETARY = de_DE.UTF-8
LC_NAME = de_DE.UTF-8
LC_NUMERIC = de_DE.UTF-8
LC_PAPER = de_DE.UTF-8
LC_TELEPHONE = de_DE.UTF-8
LC_TIME = de_DE.UTF-8
PATH = /home/sand/bin:/usr/local/bin:/usr/local/sbin:/usr/sbin:/usr/bin:/sbin:/bin:/usr/games:/usr/local/games:/snap/bin:/usr/local/perl/bin:/usr/X11/bin
PERL = /tmp/basesmoker-reloperl-PwKq/bin/perl
PERL5LIB =
PERL5OPT =
PERL5_CPANPLUS_IS_RUNNING = 1904
PERL5_CPAN_IS_RUNNING = 1904
PERL_CANARY_STABILITY_NOPROMPT = 1
PERL_MM_USE_DEFAULT = 1
PERL_USE_UNSAFE_INC = 1
SHELL = /usr/bin/zsh
TERM = screen
Perl special variables (and OS-specific diagnostics, for MSWin32):
$^X = /tmp/basesmoker-reloperl-PwKq/bin/perl
$UID/$EUID = 1005 / 1005
$GID = 1005 1005
$EGID = 1005 1005
Perl module toolchain versions installed:
Module Have
------------------- --------
CPAN 2.36
CPAN::Meta 2.150010
Cwd 3.90
ExtUtils::CBuilder 0.280240
ExtUtils::Command 7.70
ExtUtils::Install 2.22
ExtUtils::MakeMaker 7.70
ExtUtils::Manifest 1.75
ExtUtils::ParseXS 3.52
File::Spec 3.90
JSON 4.10
JSON::PP 4.16
Module::Build 0.4234
Module::Signature 0.88
Parse::CPAN::Meta 2.150010
Test2 1.302199
Test::Harness 3.48
Test::More 1.302199
YAML 1.31
YAML::Syck 1.34
version 0.9932
--
Summary of my perl5 (revision 5 version 41 subversion 1) configuration:
Commit id: e9f8aee2bc0fcdce0a13746848aad38c23073ef7
Platform:
osname=linux
osvers=6.5.0-35-generic
archname=x86_64-linux-ld
uname='linux k93jammy 6.5.0-35-generic #35~22.04.1-ubuntu smp preempt_dynamic tue may 7 09:00:52 utc 2 x86_64 x86_64 x86_64 gnulinux '
config_args='-Dprefix=/home/sand/src/perl/repoperls/installed-perls/host/k93jammy/v5.41.1/5674 -Dmyhostname=k93jammy -Dinstallusrbinperl=n -Uversiononly -Dusedevel -des -Ui_db -Dlibswanted=cl pthread socket inet nsl gdbm dbm malloc dl ld sun m crypt sec util c cposix posix ucb BSD gdbm_compat -Uuseithreads -Duselongdouble -DEBUGGING=-g'
hint=recommended
useposix=true
d_sigaction=define
useithreads=undef
usemultiplicity=undef
use64bitint=define
use64bitall=define
uselongdouble=define
usemymalloc=n
default_inc_excludes_dot=define
Compiler:
cc='cc'
ccflags ='-fwrapv -fno-strict-aliasing -pipe -fstack-protector-strong -I/usr/local/include -D_LARGEFILE_SOURCE -D_FILE_OFFSET_BITS=64'
optimize='-O2 -g'
cppflags='-fwrapv -fno-strict-aliasing -pipe -fstack-protector-strong -I/usr/local/include'
ccversion=''
gccversion='11.4.0'
gccosandvers=''
intsize=4
longsize=8
ptrsize=8
doublesize=8
byteorder=12345678
doublekind=3
d_longlong=define
longlongsize=8
d_longdbl=define
longdblsize=16
longdblkind=3
ivtype='long'
ivsize=8
nvtype='long double'
nvsize=16
Off_t='off_t'
lseeksize=8
alignbytes=16
prototype=define
Linker and Libraries:
ld='cc'
ldflags =' -fstack-protector-strong -L/usr/local/lib'
libpth=/usr/local/lib /usr/lib/x86_64-linux-gnu /usr/lib /usr/lib64
libs=-lpthread -lnsl -ldl -lm -lcrypt -lutil -lc
perllibs=-lpthread -lnsl -ldl -lm -lcrypt -lutil -lc
libc=/lib/x86_64-linux-gnu/libc.so.6
so=so
useshrplib=false
libperl=libperl.a
gnulibc_version='2.35'
Dynamic Linking:
dlsrc=dl_dlopen.xs
dlext=so
d_dlsymun=undef
ccdlflags='-Wl,-E'
cccdlflags='-fPIC'
lddlflags='-shared -O2 -g -L/usr/local/lib -fstack-protector-strong'
Characteristics of this binary (from libperl):
Compile-time options:
HAS_LONG_DOUBLE
HAS_STRTOLD
HAS_TIMES
PERLIO_LAYERS
PERL_COPY_ON_WRITE
PERL_DONT_CREATE_GVSV
PERL_HASH_FUNC_SIPHASH13
PERL_HASH_USE_SBOX32
PERL_MALLOC_WRAP
PERL_OP_PARENT
PERL_PRESERVE_IVUV
PERL_USE_DEVEL
PERL_USE_SAFE_PUTENV
USE_64_BIT_ALL
USE_64_BIT_INT
USE_LARGE_FILES
USE_LOCALE
USE_LOCALE_COLLATE
USE_LOCALE_CTYPE
USE_LOCALE_NUMERIC
USE_LOCALE_TIME
USE_LONG_DOUBLE
USE_PERLIO
USE_PERL_ATOF
Built under linux
Compiled at Jul 2 2024 20:34:41
%ENV:
PERL="/tmp/basesmoker-reloperl-PwKq/bin/perl"
PERL5LIB=""
PERL5OPT=""
PERL5_CPANPLUS_IS_RUNNING="1904"
PERL5_CPAN_IS_RUNNING="1904"
PERL_CANARY_STABILITY_NOPROMPT="1"
PERL_MM_USE_DEFAULT="1"
PERL_USE_UNSAFE_INC="1"
@INC:
/home/sand/src/perl/repoperls/installed-perls/host/k93jammy/v5.41.1/5674/lib/site_perl/5.41.1/x86_64-linux-ld
/home/sand/src/perl/repoperls/installed-perls/host/k93jammy/v5.41.1/5674/lib/site_perl/5.41.1
/home/sand/src/perl/repoperls/installed-perls/host/k93jammy/v5.41.1/5674/lib/5.41.1/x86_64-linux-ld
/home/sand/src/perl/repoperls/installed-perls/host/k93jammy/v5.41.1/5674/lib/5.41.1
.