UAV-Pilot-ArdupilotProtocol v0.001 Perl 5 v5.34.1 x86_64-linux-ld
- Status
- Fail
- From
- Andreas J. König (ANDK)
- Dist
-
UAV-Pilot-ArdupilotProtocol v0.001
- Platform
- Perl 5 v5.34.1 x86_64-linux-ld
- Date
- 2022-03-14 08:00:19
- ID
- cae5b956-a36c-11ec-8af4-e3929e06f81f
This distribution has been tested as part of the CPAN Testers
project, supporting the Perl programming language. See
http://wiki.cpantesters.org/ for more information or email
questions to cpan-testers-discuss@perl.org
--
Dear Timm Murray,
This is a computer-generated report for UAV-Pilot-ArdupilotProtocol-0.001
on perl 5.34.1, created by CPAN-Reporter-1.2018.
Thank you for uploading your work to CPAN. However, there was a problem
testing your distribution.
If you think this report is invalid, please consult the CPAN Testers Wiki
for suggestions on how to avoid getting FAIL reports for missing library
or binary dependencies, unsupported operating systems, and so on:
http://wiki.cpantesters.org/wiki/CPANAuthorNotes
Sections of this report:
* Tester comments
* Program output
* Prerequisites
* Environment and other context
------------------------------
TESTER COMMENTS
------------------------------
Additional comments from tester:
this report is from an automated smoke testing program
and was not reviewed by a human for accuracy
------------------------------
PROGRAM OUTPUT
------------------------------
Output from '/usr/bin/make test':
PERL_DL_NONLAZY=1 "/tmp/basesmoker-reloperl-XRst/bin/perl" "-MExtUtils::Command::MM" "-MTest::Harness" "-e" "undef *Test::Harness::Switches; test_harness(0, 'blib/lib', 'blib/arch')" t/*.t
# Failed test 'use UAV::Pilot::ArdupilotProtocol::Packet;'
# at t/001_load.t line 28.
# Tried to use 'UAV::Pilot::ArdupilotProtocol::Packet'.
# Error: You can only consume roles, UAV::Pilot::Logger is not a Moose role at /home/sand/src/perl/repoperls/installed-perls/host/k93focal/v5.34.1/7dc8/lib/site_perl/5.34.1/x86_64-linux-ld/Moose/Exporter.pm line 418
# Moose::Role::with('UAV::Pilot::Logger') called at /tmp/loop_over_bdir-3068283-io51eL/UAV-Pilot-ArdupilotProtocol-0.001-0/blib/lib/UAV/Pilot/ArdupilotProtocol/Packet.pm line 63
# require UAV/Pilot/ArdupilotProtocol/Packet.pm at t/001_load.t line 28
# main::BEGIN at /tmp/loop_over_bdir-3068283-io51eL/UAV-Pilot-ArdupilotProtocol-0.001-0/blib/lib/UAV/Pilot/ArdupilotProtocol/Packet.pm line 0
# eval {...} at /tmp/loop_over_bdir-3068283-io51eL/UAV-Pilot-ArdupilotProtocol-0.001-0/blib/lib/UAV/Pilot/ArdupilotProtocol/Packet.pm line 0
# eval 'package main;
# BEGIN { ${^WARNING_BITS} = $args[-1] if defined $args[-1] }
# #line 28 t/001_load.t
# use UAV::Pilot::ArdupilotProtocol::Packet @{$args[0]};
# 1;
# ' at /home/sand/src/perl/repoperls/installed-perls/host/k93focal/v5.34.1/7dc8/lib/site_perl/5.34.1/Test/More.pm line 1034
# Test::More::_eval('package main;^JBEGIN { ${^WARNING_BITS} = $args[-1] if defined $args[-1] }^J#line 28 t/001_load.t^Juse UAV::Pilot::ArdupilotProtocol::Packet @{$args[0]};^J1;^J', 'ARRAY(0x560743ddab80)', undef) called at /home/sand/src/perl/repoperls/installed-perls/host/k93focal/v5.34.1/7dc8/lib/site_perl/5.34.1/Test/More.pm line 1009
# Test::More::use_ok('UAV::Pilot::ArdupilotProtocol::Packet') called at t/001_load.t line 28
# Compilation failed in require at t/001_load.t line 28.
# BEGIN failed--compilation aborted at t/001_load.t line 28.
# Failed test 'use UAV::Pilot::ArdupilotProtocol::Packet::Ack;'
# at t/001_load.t line 29.
# Tried to use 'UAV::Pilot::ArdupilotProtocol::Packet::Ack'.
# Error: Attempt to reload UAV/Pilot/ArdupilotProtocol/Packet.pm aborted.
# Compilation failed in require at /home/sand/src/perl/repoperls/installed-perls/host/k93focal/v5.34.1/7dc8/lib/site_perl/5.34.1/Module/Runtime.pm line 314.
# Compilation failed in require at t/001_load.t line 29.
# BEGIN failed--compilation aborted at t/001_load.t line 29.
# Failed test 'use UAV::Pilot::ArdupilotProtocol::Packet::Heartbeat;'
# at t/001_load.t line 30.
# Tried to use 'UAV::Pilot::ArdupilotProtocol::Packet::Heartbeat'.
# Error: Attempt to reload UAV/Pilot/ArdupilotProtocol/Packet.pm aborted.
# Compilation failed in require at /home/sand/src/perl/repoperls/installed-perls/host/k93focal/v5.34.1/7dc8/lib/site_perl/5.34.1/Module/Runtime.pm line 314.
# Compilation failed in require at t/001_load.t line 30.
# BEGIN failed--compilation aborted at t/001_load.t line 30.
# Failed test 'use UAV::Pilot::ArdupilotProtocol::Packet::RadioMaxes;'
# at t/001_load.t line 31.
# Tried to use 'UAV::Pilot::ArdupilotProtocol::Packet::RadioMaxes'.
# Error: Attempt to reload UAV/Pilot/ArdupilotProtocol/Packet.pm aborted.
# Compilation failed in require at /home/sand/src/perl/repoperls/installed-perls/host/k93focal/v5.34.1/7dc8/lib/site_perl/5.34.1/Module/Runtime.pm line 314.
# Compilation failed in require at t/001_load.t line 31.
# BEGIN failed--compilation aborted at t/001_load.t line 31.
# Failed test 'use UAV::Pilot::ArdupilotProtocol::Packet::RadioMins;'
# at t/001_load.t line 32.
# Tried to use 'UAV::Pilot::ArdupilotProtocol::Packet::RadioMins'.
# Error: Attempt to reload UAV/Pilot/ArdupilotProtocol/Packet.pm aborted.
# Compilation failed in require at /home/sand/src/perl/repoperls/installed-perls/host/k93focal/v5.34.1/7dc8/lib/site_perl/5.34.1/Module/Runtime.pm line 314.
# Compilation failed in require at t/001_load.t line 32.
# BEGIN failed--compilation aborted at t/001_load.t line 32.
# Failed test 'use UAV::Pilot::ArdupilotProtocol::Packet::RadioOutputs;'
# at t/001_load.t line 33.
# Tried to use 'UAV::Pilot::ArdupilotProtocol::Packet::RadioOutputs'.
# Error: Attempt to reload UAV/Pilot/ArdupilotProtocol/Packet.pm aborted.
# Compilation failed in require at /home/sand/src/perl/repoperls/installed-perls/host/k93focal/v5.34.1/7dc8/lib/site_perl/5.34.1/Module/Runtime.pm line 314.
# Compilation failed in require at t/001_load.t line 33.
# BEGIN failed--compilation aborted at t/001_load.t line 33.
# Failed test 'use UAV::Pilot::ArdupilotProtocol::Packet::RadioTrims;'
# at t/001_load.t line 34.
# Tried to use 'UAV::Pilot::ArdupilotProtocol::Packet::RadioTrims'.
# Error: Attempt to reload UAV/Pilot/ArdupilotProtocol/Packet.pm aborted.
# Compilation failed in require at /home/sand/src/perl/repoperls/installed-perls/host/k93focal/v5.34.1/7dc8/lib/site_perl/5.34.1/Module/Runtime.pm line 314.
# Compilation failed in require at t/001_load.t line 34.
# BEGIN failed--compilation aborted at t/001_load.t line 34.
# Failed test 'use UAV::Pilot::ArdupilotProtocol::Packet::RequestStartupMessage;'
# at t/001_load.t line 35.
# Tried to use 'UAV::Pilot::ArdupilotProtocol::Packet::RequestStartupMessage'.
# Error: Attempt to reload UAV/Pilot/ArdupilotProtocol/Packet.pm aborted.
# Compilation failed in require at /home/sand/src/perl/repoperls/installed-perls/host/k93focal/v5.34.1/7dc8/lib/site_perl/5.34.1/Module/Runtime.pm line 314.
# Compilation failed in require at t/001_load.t line 35.
# BEGIN failed--compilation aborted at t/001_load.t line 35.
# Failed test 'use UAV::Pilot::ArdupilotProtocol::Packet::StartupMessage;'
# at t/001_load.t line 36.
# Tried to use 'UAV::Pilot::ArdupilotProtocol::Packet::StartupMessage'.
# Error: Attempt to reload UAV/Pilot/ArdupilotProtocol/Packet.pm aborted.
# Compilation failed in require at /home/sand/src/perl/repoperls/installed-perls/host/k93focal/v5.34.1/7dc8/lib/site_perl/5.34.1/Module/Runtime.pm line 314.
# Compilation failed in require at t/001_load.t line 36.
# BEGIN failed--compilation aborted at t/001_load.t line 36.
# Failed test 'use UAV::Pilot::ArdupilotProtocol::PacketFactory;'
# at t/001_load.t line 37.
# Tried to use 'UAV::Pilot::ArdupilotProtocol::PacketFactory'.
# Error: Can't locate UAV/Pilot.pm in @INC (you may need to install the UAV::Pilot module) (@INC contains: /tmp/loop_over_bdir-3068283-io51eL/UAV-Pilot-ArdupilotProtocol-0.001-0/blib/lib /tmp/loop_over_bdir-3068283-io51eL/UAV-Pilot-ArdupilotProtocol-0.001-0/blib/arch /home/sand/src/perl/repoperls/installed-perls/host/k93focal/v5.34.1/7dc8/lib/site_perl/5.34.1/x86_64-linux-ld /home/sand/src/perl/repoperls/installed-perls/host/k93focal/v5.34.1/7dc8/lib/site_perl/5.34.1 /home/sand/src/perl/repoperls/installed-perls/host/k93focal/v5.34.1/7dc8/lib/5.34.1/x86_64-linux-ld /home/sand/src/perl/repoperls/installed-perls/host/k93focal/v5.34.1/7dc8/lib/5.34.1 .) at /tmp/loop_over_bdir-3068283-io51eL/UAV-Pilot-ArdupilotProtocol-0.001-0/blib/lib/UAV/Pilot/ArdupilotProtocol/PacketFactory.pm line 27.
# BEGIN failed--compilation aborted at /tmp/loop_over_bdir-3068283-io51eL/UAV-Pilot-ArdupilotProtocol-0.001-0/blib/lib/UAV/Pilot/ArdupilotProtocol/PacketFactory.pm line 27.
# Compilation failed in require at t/001_load.t line 37.
# BEGIN failed--compilation aborted at t/001_load.t line 37.
# Looks like you failed 10 tests of 11.
t/001_load.t ....
Dubious, test returned 10 (wstat 2560, 0xa00)
Failed 10/11 subtests
t/002_pod.t ..... ok
Can't locate UAV/Pilot.pm in @INC (you may need to install the UAV::Pilot module) (@INC contains: /tmp/loop_over_bdir-3068283-io51eL/UAV-Pilot-ArdupilotProtocol-0.001-0/blib/lib /tmp/loop_over_bdir-3068283-io51eL/UAV-Pilot-ArdupilotProtocol-0.001-0/blib/arch /home/sand/src/perl/repoperls/installed-perls/host/k93focal/v5.34.1/7dc8/lib/site_perl/5.34.1/x86_64-linux-ld /home/sand/src/perl/repoperls/installed-perls/host/k93focal/v5.34.1/7dc8/lib/site_perl/5.34.1 /home/sand/src/perl/repoperls/installed-perls/host/k93focal/v5.34.1/7dc8/lib/5.34.1/x86_64-linux-ld /home/sand/src/perl/repoperls/installed-perls/host/k93focal/v5.34.1/7dc8/lib/5.34.1 .) at /tmp/loop_over_bdir-3068283-io51eL/UAV-Pilot-ArdupilotProtocol-0.001-0/blib/lib/UAV/Pilot/ArdupilotProtocol/PacketFactory.pm line 27.
BEGIN failed--compilation aborted at /tmp/loop_over_bdir-3068283-io51eL/UAV-Pilot-ArdupilotProtocol-0.001-0/blib/lib/UAV/Pilot/ArdupilotProtocol/PacketFactory.pm line 27.
Compilation failed in require at t/010_packet.t line 27.
BEGIN failed--compilation aborted at t/010_packet.t line 27.
# Looks like your test exited with 2 before it could output anything.
t/010_packet.t ..
Dubious, test returned 2 (wstat 512, 0x200)
Failed 75/75 subtests
Test Summary Report
-------------------
t/001_load.t (Wstat: 2560 Tests: 11 Failed: 10)
Failed tests: 2-11
Non-zero exit status: 10
t/010_packet.t (Wstat: 512 Tests: 0 Failed: 0)
Non-zero exit status: 2
Parse errors: Bad plan. You planned 75 tests but ran 0.
Files=3, Tests=22, 0 wallclock secs ( 0.02 usr 0.02 sys + 0.30 cusr 0.05 csys = 0.39 CPU)
Result: FAIL
Failed 2/3 test programs. 10/22 subtests failed.
make: *** [Makefile:858: test_dynamic] Error 2
------------------------------
PREREQUISITES
------------------------------
Prerequisite modules loaded:
configure_requires:
Module Need Have
------------------- ---- ----
ExtUtils::MakeMaker 6.30 7.64
------------------------------
ENVIRONMENT AND OTHER CONTEXT
------------------------------
Environment variables:
AUTOMATED_TESTING = 1
LANG = en_US.utf8
PATH = /home/sand/bin:/usr/local/bin:/usr/local/sbin:/usr/sbin:/usr/bin:/sbin:/bin:/usr/games:/usr/local/games:/snap/bin:/usr/local/perl/bin:/usr/X11/bin
PERL5LIB =
PERL5OPT =
PERL5_CPANPLUS_IS_RUNNING = 3068316
PERL5_CPAN_IS_RUNNING = 3068316
PERL_CANARY_STABILITY_NOPROMPT = 1
PERL_MM_USE_DEFAULT = 1
PERL_USE_UNSAFE_INC = 1
SHELL = /usr/bin/zsh
TERM = screen
Perl special variables (and OS-specific diagnostics, for MSWin32):
$^X = /tmp/basesmoker-reloperl-XRst/bin/perl
$UID/$EUID = 1005 / 1005
$GID = 1005 1005
$EGID = 1005 1005
Perl module toolchain versions installed:
Module Have
------------------- --------
CPAN 2.33
CPAN::Meta 2.150010
Cwd 3.80
ExtUtils::CBuilder 0.280236
ExtUtils::Command 7.64
ExtUtils::Install 2.20
ExtUtils::MakeMaker 7.64
ExtUtils::Manifest 1.73
ExtUtils::ParseXS 3.43
File::Spec 3.80
JSON 4.05
JSON::PP 4.06
Module::Build 0.4231
Module::Signature 0.88
Parse::CPAN::Meta 2.150010
Test::Harness 3.43
Test::More 1.302190
YAML 1.30
YAML::Syck 1.34
version 0.9929
--
Summary of my perl5 (revision 5 version 34 subversion 1) configuration:
Commit id: 1181cf72936404b890ef41362f533fe2c2626f9b
Platform:
osname=linux
osvers=5.4.0-100-generic
archname=x86_64-linux-ld
uname='linux k93focal 5.4.0-100-generic #113-ubuntu smp thu feb 3 18:43:29 utc 2022 x86_64 x86_64 x86_64 gnulinux '
config_args='-Dprefix=/home/sand/src/perl/repoperls/installed-perls/host/k93focal/v5.34.1/7dc8 -Dmyhostname=k93focal -Dinstallusrbinperl=n -Uversiononly -Dusedevel -des -Ui_db -Dlibswanted=cl pthread socket inet nsl gdbm dbm malloc dl ld sun m crypt sec util c cposix posix ucb BSD gdbm_compat -Uuseithreads -Duselongdouble -DEBUGGING=-g'
hint=recommended
useposix=true
d_sigaction=define
useithreads=undef
usemultiplicity=undef
use64bitint=define
use64bitall=define
uselongdouble=define
usemymalloc=n
default_inc_excludes_dot=define
Compiler:
cc='cc'
ccflags ='-fwrapv -fno-strict-aliasing -pipe -fstack-protector-strong -I/usr/local/include -D_LARGEFILE_SOURCE -D_FILE_OFFSET_BITS=64'
optimize='-O2 -g'
cppflags='-fwrapv -fno-strict-aliasing -pipe -fstack-protector-strong -I/usr/local/include'
ccversion=''
gccversion='9.3.0'
gccosandvers=''
intsize=4
longsize=8
ptrsize=8
doublesize=8
byteorder=12345678
doublekind=3
d_longlong=define
longlongsize=8
d_longdbl=define
longdblsize=16
longdblkind=3
ivtype='long'
ivsize=8
nvtype='long double'
nvsize=16
Off_t='off_t'
lseeksize=8
alignbytes=16
prototype=define
Linker and Libraries:
ld='cc'
ldflags =' -fstack-protector-strong -L/usr/local/lib'
libpth=/usr/local/lib /usr/lib/x86_64-linux-gnu /usr/lib /usr/lib64
libs=-lpthread -lnsl -ldl -lm -lcrypt -lutil -lc
perllibs=-lpthread -lnsl -ldl -lm -lcrypt -lutil -lc
libc=libc-2.31.so
so=so
useshrplib=false
libperl=libperl.a
gnulibc_version='2.31'
Dynamic Linking:
dlsrc=dl_dlopen.xs
dlext=so
d_dlsymun=undef
ccdlflags='-Wl,-E'
cccdlflags='-fPIC'
lddlflags='-shared -O2 -g -L/usr/local/lib -fstack-protector-strong'
Characteristics of this binary (from libperl):
Compile-time options:
HAS_TIMES
PERLIO_LAYERS
PERL_COPY_ON_WRITE
PERL_DONT_CREATE_GVSV
PERL_MALLOC_WRAP
PERL_OP_PARENT
PERL_PRESERVE_IVUV
PERL_USE_DEVEL
USE_64_BIT_ALL
USE_64_BIT_INT
USE_LARGE_FILES
USE_LOCALE
USE_LOCALE_COLLATE
USE_LOCALE_CTYPE
USE_LOCALE_NUMERIC
USE_LOCALE_TIME
USE_LONG_DOUBLE
USE_PERLIO
USE_PERL_ATOF
Built under linux
Compiled at Mar 14 2022 03:27:19
%ENV:
PERL5LIB=""
PERL5OPT=""
PERL5_CPANPLUS_IS_RUNNING="3068316"
PERL5_CPAN_IS_RUNNING="3068316"
PERL_CANARY_STABILITY_NOPROMPT="1"
PERL_MM_USE_DEFAULT="1"
PERL_USE_UNSAFE_INC="1"
@INC:
/home/sand/src/perl/repoperls/installed-perls/host/k93focal/v5.34.1/7dc8/lib/site_perl/5.34.1/x86_64-linux-ld
/home/sand/src/perl/repoperls/installed-perls/host/k93focal/v5.34.1/7dc8/lib/site_perl/5.34.1
/home/sand/src/perl/repoperls/installed-perls/host/k93focal/v5.34.1/7dc8/lib/5.34.1/x86_64-linux-ld
/home/sand/src/perl/repoperls/installed-perls/host/k93focal/v5.34.1/7dc8/lib/5.34.1
.