POE-Component-SSLify v1.012 Perl 5 v5.32.1 amd64-openbsd

Status
Fail
From
Alceu Rodrigues de Freitas Junior
Dist
POE-Component-SSLify v1.012
Platform
Perl 5 v5.32.1 amd64-openbsd
Date
2022-04-27 14:24:48
ID
cadb1c08-c635-11ec-b24c-ad465fb94fb8
This distribution has been tested as part of the CPAN Testers
project, supporting the Perl programming language.  See
http://wiki.cpantesters.org/ for more information or email
questions to cpan-testers-discuss@perl.org


--
Dear Apocalypse,

This is a computer-generated report for POE-Component-SSLify-1.012
on perl 5.32.1, created by CPAN-Reporter-1.2018.

Thank you for uploading your work to CPAN.  However, there was a problem
testing your distribution.

If you think this report is invalid, please consult the CPAN Testers Wiki
for suggestions on how to avoid getting FAIL reports for missing library
or binary dependencies, unsupported operating systems, and so on:

http://wiki.cpantesters.org/wiki/CPANAuthorNotes

Sections of this report:

    * Tester comments
    * Program output
    * Prerequisites
    * Environment and other context

------------------------------
TESTER COMMENTS
------------------------------

Additional comments from tester:

this report is from an automated smoke testing program
and was not reviewed by a human for accuracy

------------------------------
PROGRAM OUTPUT
------------------------------

Output from './Build test':

t/00-compile.t ................ ok
# 
# Versions for all modules listed in MYMETA.json (including optional ones):
# 
# === Configure Requires ===
# 
#     Module               Want  Have
#     ------------------- ----- -----
#     ExtUtils::MakeMaker   any  7.64
#     Module::Build::Tiny 0.039 0.039
# 
# === Test Requires ===
# 
#     Module                          Want     Have
#     --------------------------- -------- --------
#     ExtUtils::MakeMaker              any     7.64
#     File::Spec                       any     3.78
#     File::Temp                       any   0.2311
#     IO::Handle                      1.28     1.48
#     IPC::Open3                       any     1.21
#     POE                            1.267    1.370
#     POE::Component::Client::TCP      any    1.370
#     POE::Component::Server::TCP      any    1.370
#     POE::Filter::Stream              any    1.370
#     Socket                           any    2.032
#     Test::FailWarnings               any    0.008
#     Test::More                  1.001002 1.302190
# 
# === Test Recommends ===
# 
#     Module         Want     Have
#     ---------- -------- --------
#     CPAN::Meta 2.120900 2.150010
# 
# === Runtime Requires ===
# 
#     Module        Want    Have
#     ------------ ----- -------
#     Exporter       any    5.74
#     IO::Handle    1.28    1.48
#     Net::SSLeay   1.36 1.93_01
#     POE          1.267   1.370
#     Scalar::Util   any    1.62
#     Symbol         any    1.08
#     Task::Weaken  1.03    1.06
#     parent         any   0.238
#     strict         any    1.11
#     warnings       any    1.47
# 
t/00-report-prereqs.t ......... ok
# 
# Net::SSLeay::ver_number is 0x20000000
# 	LibreSSL 3.4.1
# 	compiler: information not available
# 	built on: date not available
# 	platform: information not available
# 	pogomips: 11691572
t/00-ssleay-info.t ............ ok
t/99_mire_test.t .............. skipped: AUTHOR TEST
t/apocalypse.t ................ skipped: Test::Apocalypse required for validating the distribution
t/connect_hook.t .............. ok
t/connect_hook_nodata.t ....... ok
t/connfail_client.t ........... ok
t/connfail_server.t ........... ok

#   Failed test 'SERVER: SSLify_Options Can't locate auto/Net/SSLeay/CTX_v3_new.al in @INC (@INC contains: /mnt/cpan_build_dir/goku/POE-Component-SSLify-1.012-0/blib/arch /mnt/cpan_build_dir/goku/POE-Component-SSLify-1.012-0/blib/lib /home/goku/perl5/lib/perl5/5.32.1/amd64-openbsd /home/goku/perl5/lib/perl5/5.32.1 /home/goku/perl5/lib/perl5/amd64-openbsd /home/goku/perl5/lib/perl5 /usr/local/libdata/perl5/site_perl/amd64-openbsd /usr/local/libdata/perl5/site_perl /usr/libdata/perl5/amd64-openbsd /usr/libdata/perl5 .) at /mnt/cpan_build_dir/goku/POE-Component-SSLify-1.012-0/blib/lib/POE/Component/SSLify.pm line 362.
# '
#   at t/renegotiate_client.t line 55.

#   Failed test 'SERVER: Server_SSLify Please do SSLify_Options() first ( or pass in a $ctx object ) at /mnt/cpan_build_dir/goku/POE-Component-SSLify-1.012-0/blib/lib/POE/Component/SSLify.pm line 247.
# '
#   at t/renegotiate_client.t line 58.

#   Failed test 'CLIENT: SSLify_ContextCreate Can't locate auto/Net/SSLeay/CTX_v3_new.al in @INC (@INC contains: /mnt/cpan_build_dir/goku/POE-Component-SSLify-1.012-0/blib/arch /mnt/cpan_build_dir/goku/POE-Component-SSLify-1.012-0/blib/lib /home/goku/perl5/lib/perl5/5.32.1/amd64-openbsd /home/goku/perl5/lib/perl5/5.32.1 /home/goku/perl5/lib/perl5/amd64-openbsd /home/goku/perl5/lib/perl5 /usr/local/libdata/perl5/site_perl/amd64-openbsd /usr/local/libdata/perl5/site_perl /usr/libdata/perl5/amd64-openbsd /usr/libdata/perl5 .) at /mnt/cpan_build_dir/goku/POE-Component-SSLify-1.012-0/blib/lib/POE/Component/SSLify.pm line 362.
# '
#   at t/renegotiate_client.t line 117.
Can't use an undefined value as a symbol reference at /mnt/cpan_build_dir/goku/POE-Component-SSLify-1.012-0/blib/lib/POE/Component/SSLify.pm line 446.
# Tests were run but no plan was declared and done_testing() was not seen.
# Looks like your test exited with 22 just after 7.
t/renegotiate_client.t ........ 
Dubious, test returned 22 (wstat 5632, 0x1600)
Failed 3/7 subtests 

#   Failed test 'SERVER: SSLify_Options Can't locate auto/Net/SSLeay/CTX_v3_new.al in @INC (@INC contains: /mnt/cpan_build_dir/goku/POE-Component-SSLify-1.012-0/blib/arch /mnt/cpan_build_dir/goku/POE-Component-SSLify-1.012-0/blib/lib /home/goku/perl5/lib/perl5/5.32.1/amd64-openbsd /home/goku/perl5/lib/perl5/5.32.1 /home/goku/perl5/lib/perl5/amd64-openbsd /home/goku/perl5/lib/perl5 /usr/local/libdata/perl5/site_perl/amd64-openbsd /usr/local/libdata/perl5/site_perl /usr/libdata/perl5/amd64-openbsd /usr/libdata/perl5 .) at /mnt/cpan_build_dir/goku/POE-Component-SSLify-1.012-0/blib/lib/POE/Component/SSLify.pm line 362.
# '
#   at t/renegotiate_client_pings.t line 57.

#   Failed test 'SERVER: Server_SSLify Please do SSLify_Options() first ( or pass in a $ctx object ) at /mnt/cpan_build_dir/goku/POE-Component-SSLify-1.012-0/blib/lib/POE/Component/SSLify.pm line 247.
# '
#   at t/renegotiate_client_pings.t line 60.

#   Failed test 'CLIENT: SSLify_ContextCreate Can't locate auto/Net/SSLeay/CTX_v3_new.al in @INC (@INC contains: /mnt/cpan_build_dir/goku/POE-Component-SSLify-1.012-0/blib/arch /mnt/cpan_build_dir/goku/POE-Component-SSLify-1.012-0/blib/lib /home/goku/perl5/lib/perl5/5.32.1/amd64-openbsd /home/goku/perl5/lib/perl5/5.32.1 /home/goku/perl5/lib/perl5/amd64-openbsd /home/goku/perl5/lib/perl5 /usr/local/libdata/perl5/site_perl/amd64-openbsd /usr/local/libdata/perl5/site_perl /usr/libdata/perl5/amd64-openbsd /usr/libdata/perl5 .) at /mnt/cpan_build_dir/goku/POE-Component-SSLify-1.012-0/blib/lib/POE/Component/SSLify.pm line 362.
# '
#   at t/renegotiate_client_pings.t line 120.
Can't use an undefined value as a symbol reference at /mnt/cpan_build_dir/goku/POE-Component-SSLify-1.012-0/blib/lib/POE/Component/SSLify.pm line 446.
# Tests were run but no plan was declared and done_testing() was not seen.
# Looks like your test exited with 22 just after 7.
t/renegotiate_client_pings.t .. 
Dubious, test returned 22 (wstat 5632, 0x1600)
Failed 3/7 subtests 

#   Failed test 'SERVER: SSLify_Options Can't locate auto/Net/SSLeay/CTX_v3_new.al in @INC (@INC contains: /mnt/cpan_build_dir/goku/POE-Component-SSLify-1.012-0/blib/arch /mnt/cpan_build_dir/goku/POE-Component-SSLify-1.012-0/blib/lib /home/goku/perl5/lib/perl5/5.32.1/amd64-openbsd /home/goku/perl5/lib/perl5/5.32.1 /home/goku/perl5/lib/perl5/amd64-openbsd /home/goku/perl5/lib/perl5 /usr/local/libdata/perl5/site_perl/amd64-openbsd /usr/local/libdata/perl5/site_perl /usr/libdata/perl5/amd64-openbsd /usr/libdata/perl5 .) at /mnt/cpan_build_dir/goku/POE-Component-SSLify-1.012-0/blib/lib/POE/Component/SSLify.pm line 362.
# '
#   at t/renegotiate_server.t line 55.

#   Failed test 'SERVER: Server_SSLify Please do SSLify_Options() first ( or pass in a $ctx object ) at /mnt/cpan_build_dir/goku/POE-Component-SSLify-1.012-0/blib/lib/POE/Component/SSLify.pm line 247.
# '
#   at t/renegotiate_server.t line 58.

#   Failed test 'CLIENT: SSLify_ContextCreate Can't locate auto/Net/SSLeay/CTX_v3_new.al in @INC (@INC contains: /mnt/cpan_build_dir/goku/POE-Component-SSLify-1.012-0/blib/arch /mnt/cpan_build_dir/goku/POE-Component-SSLify-1.012-0/blib/lib /home/goku/perl5/lib/perl5/5.32.1/amd64-openbsd /home/goku/perl5/lib/perl5/5.32.1 /home/goku/perl5/lib/perl5/amd64-openbsd /home/goku/perl5/lib/perl5 /usr/local/libdata/perl5/site_perl/amd64-openbsd /usr/local/libdata/perl5/site_perl /usr/libdata/perl5/amd64-openbsd /usr/libdata/perl5 .) at /mnt/cpan_build_dir/goku/POE-Component-SSLify-1.012-0/blib/lib/POE/Component/SSLify.pm line 362.
# '
#   at t/renegotiate_server.t line 117.
Can't use an undefined value as a symbol reference at /mnt/cpan_build_dir/goku/POE-Component-SSLify-1.012-0/blib/lib/POE/Component/SSLify.pm line 446.
# Tests were run but no plan was declared and done_testing() was not seen.
# Looks like your test exited with 22 just after 7.
t/renegotiate_server.t ........ 
Dubious, test returned 22 (wstat 5632, 0x1600)
Failed 3/7 subtests 

#   Failed test 'SERVER: SSLify_Options Can't locate auto/Net/SSLeay/CTX_v3_new.al in @INC (@INC contains: /mnt/cpan_build_dir/goku/POE-Component-SSLify-1.012-0/blib/arch /mnt/cpan_build_dir/goku/POE-Component-SSLify-1.012-0/blib/lib /home/goku/perl5/lib/perl5/5.32.1/amd64-openbsd /home/goku/perl5/lib/perl5/5.32.1 /home/goku/perl5/lib/perl5/amd64-openbsd /home/goku/perl5/lib/perl5 /usr/local/libdata/perl5/site_perl/amd64-openbsd /usr/local/libdata/perl5/site_perl /usr/libdata/perl5/amd64-openbsd /usr/libdata/perl5 .) at /mnt/cpan_build_dir/goku/POE-Component-SSLify-1.012-0/blib/lib/POE/Component/SSLify.pm line 362.
# '
#   at t/simple.t line 52.

#   Failed test 'SERVER: Server_SSLify Please do SSLify_Options() first ( or pass in a $ctx object ) at /mnt/cpan_build_dir/goku/POE-Component-SSLify-1.012-0/blib/lib/POE/Component/SSLify.pm line 247.
# '
#   at t/simple.t line 55.

#   Failed test 'CLIENT: SSLify_ContextCreate Can't locate auto/Net/SSLeay/CTX_v3_new.al in @INC (@INC contains: /mnt/cpan_build_dir/goku/POE-Component-SSLify-1.012-0/blib/arch /mnt/cpan_build_dir/goku/POE-Component-SSLify-1.012-0/blib/lib /home/goku/perl5/lib/perl5/5.32.1/amd64-openbsd /home/goku/perl5/lib/perl5/5.32.1 /home/goku/perl5/lib/perl5/amd64-openbsd /home/goku/perl5/lib/perl5 /usr/local/libdata/perl5/site_perl/amd64-openbsd /usr/local/libdata/perl5/site_perl /usr/libdata/perl5/amd64-openbsd /usr/libdata/perl5 .) at /mnt/cpan_build_dir/goku/POE-Component-SSLify-1.012-0/blib/lib/POE/Component/SSLify.pm line 362.
# '
#   at t/simple.t line 111.
Can't use an undefined value as a symbol reference at /mnt/cpan_build_dir/goku/POE-Component-SSLify-1.012-0/blib/lib/POE/Component/SSLify.pm line 446.
# Tests were run but no plan was declared and done_testing() was not seen.
# Looks like your test exited with 22 just after 7.
t/simple.t .................... 
Dubious, test returned 22 (wstat 5632, 0x1600)
Failed 3/7 subtests 

#   Failed test 'SERVER: SSLify_Options Can't locate auto/Net/SSLeay/CTX_v3_new.al in @INC (@INC contains: /mnt/cpan_build_dir/goku/POE-Component-SSLify-1.012-0/blib/arch /mnt/cpan_build_dir/goku/POE-Component-SSLify-1.012-0/blib/lib /home/goku/perl5/lib/perl5/5.32.1/amd64-openbsd /home/goku/perl5/lib/perl5/5.32.1 /home/goku/perl5/lib/perl5/amd64-openbsd /home/goku/perl5/lib/perl5 /usr/local/libdata/perl5/site_perl/amd64-openbsd /usr/local/libdata/perl5/site_perl /usr/libdata/perl5/amd64-openbsd /usr/libdata/perl5 .) at /mnt/cpan_build_dir/goku/POE-Component-SSLify-1.012-0/blib/lib/POE/Component/SSLify.pm line 362.
# '
#   at t/simple_large.t line 54.

#   Failed test 'SERVER: Server_SSLify Please do SSLify_Options() first ( or pass in a $ctx object ) at /mnt/cpan_build_dir/goku/POE-Component-SSLify-1.012-0/blib/lib/POE/Component/SSLify.pm line 247.
# '
#   at t/simple_large.t line 57.

#   Failed test 'CLIENT: SSLify_ContextCreate Can't locate auto/Net/SSLeay/CTX_v3_new.al in @INC (@INC contains: /mnt/cpan_build_dir/goku/POE-Component-SSLify-1.012-0/blib/arch /mnt/cpan_build_dir/goku/POE-Component-SSLify-1.012-0/blib/lib /home/goku/perl5/lib/perl5/5.32.1/amd64-openbsd /home/goku/perl5/lib/perl5/5.32.1 /home/goku/perl5/lib/perl5/amd64-openbsd /home/goku/perl5/lib/perl5 /usr/local/libdata/perl5/site_perl/amd64-openbsd /usr/local/libdata/perl5/site_perl /usr/libdata/perl5/amd64-openbsd /usr/libdata/perl5 .) at /mnt/cpan_build_dir/goku/POE-Component-SSLify-1.012-0/blib/lib/POE/Component/SSLify.pm line 362.
# '
#   at t/simple_large.t line 113.
Can't use an undefined value as a symbol reference at /mnt/cpan_build_dir/goku/POE-Component-SSLify-1.012-0/blib/lib/POE/Component/SSLify.pm line 446.
# Tests were run but no plan was declared and done_testing() was not seen.
# Looks like your test exited with 22 just after 6.
t/simple_large.t .............. 
Dubious, test returned 22 (wstat 5632, 0x1600)
Failed 3/6 subtests 

#   Failed test 'SERVER: SSLify_Options Can't locate auto/Net/SSLeay/CTX_v3_new.al in @INC (@INC contains: /mnt/cpan_build_dir/goku/POE-Component-SSLify-1.012-0/blib/arch /mnt/cpan_build_dir/goku/POE-Component-SSLify-1.012-0/blib/lib /home/goku/perl5/lib/perl5/5.32.1/amd64-openbsd /home/goku/perl5/lib/perl5/5.32.1 /home/goku/perl5/lib/perl5/amd64-openbsd /home/goku/perl5/lib/perl5 /usr/local/libdata/perl5/site_perl/amd64-openbsd /usr/local/libdata/perl5/site_perl /usr/libdata/perl5/amd64-openbsd /usr/libdata/perl5 .) at /mnt/cpan_build_dir/goku/POE-Component-SSLify-1.012-0/blib/lib/POE/Component/SSLify.pm line 362.
# '
#   at t/simple_parallel.t line 52.

#   Failed test 'SERVER: Server_SSLify Please do SSLify_Options() first ( or pass in a $ctx object ) at /mnt/cpan_build_dir/goku/POE-Component-SSLify-1.012-0/blib/lib/POE/Component/SSLify.pm line 247.
# '
#   at t/simple_parallel.t line 55.

#   Failed test 'CLIENT: SSLify_ContextCreate Can't locate auto/Net/SSLeay/CTX_v3_new.al in @INC (@INC contains: /mnt/cpan_build_dir/goku/POE-Component-SSLify-1.012-0/blib/arch /mnt/cpan_build_dir/goku/POE-Component-SSLify-1.012-0/blib/lib /home/goku/perl5/lib/perl5/5.32.1/amd64-openbsd /home/goku/perl5/lib/perl5/5.32.1 /home/goku/perl5/lib/perl5/amd64-openbsd /home/goku/perl5/lib/perl5 /usr/local/libdata/perl5/site_perl/amd64-openbsd /usr/local/libdata/perl5/site_perl /usr/libdata/perl5/amd64-openbsd /usr/libdata/perl5 .) at /mnt/cpan_build_dir/goku/POE-Component-SSLify-1.012-0/blib/lib/POE/Component/SSLify.pm line 362.
# '
#   at t/simple_parallel.t line 111.

#   Failed test 'CLIENT: SSLify_ContextCreate Can't locate auto/Net/SSLeay/CTX_v3_new.al in @INC (@INC contains: /mnt/cpan_build_dir/goku/POE-Component-SSLify-1.012-0/blib/arch /mnt/cpan_build_dir/goku/POE-Component-SSLify-1.012-0/blib/lib /home/goku/perl5/lib/perl5/5.32.1/amd64-openbsd /home/goku/perl5/lib/perl5/5.32.1 /home/goku/perl5/lib/perl5/amd64-openbsd /home/goku/perl5/lib/perl5 /usr/local/libdata/perl5/site_perl/amd64-openbsd /usr/local/libdata/perl5/site_perl /usr/libdata/perl5/amd64-openbsd /usr/libdata/perl5 .) at /mnt/cpan_build_dir/goku/POE-Component-SSLify-1.012-0/blib/lib/POE/Component/SSLify.pm line 362.
# '
#   at t/simple_parallel.t line 111.

#   Failed test 'CLIENT: SSLify_ContextCreate Can't locate auto/Net/SSLeay/CTX_v3_new.al in @INC (@INC contains: /mnt/cpan_build_dir/goku/POE-Component-SSLify-1.012-0/blib/arch /mnt/cpan_build_dir/goku/POE-Component-SSLify-1.012-0/blib/lib /home/goku/perl5/lib/perl5/5.32.1/amd64-openbsd /home/goku/perl5/lib/perl5/5.32.1 /home/goku/perl5/lib/perl5/amd64-openbsd /home/goku/perl5/lib/perl5 /usr/local/libdata/perl5/site_perl/amd64-openbsd /usr/local/libdata/perl5/site_perl /usr/libdata/perl5/amd64-openbsd /usr/libdata/perl5 .) at /mnt/cpan_build_dir/goku/POE-Component-SSLify-1.012-0/blib/lib/POE/Component/SSLify.pm line 362.
# '
#   at t/simple_parallel.t line 111.

#   Failed test 'CLIENT: SSLify_ContextCreate Can't locate auto/Net/SSLeay/CTX_v3_new.al in @INC (@INC contains: /mnt/cpan_build_dir/goku/POE-Component-SSLify-1.012-0/blib/arch /mnt/cpan_build_dir/goku/POE-Component-SSLify-1.012-0/blib/lib /home/goku/perl5/lib/perl5/5.32.1/amd64-openbsd /home/goku/perl5/lib/perl5/5.32.1 /home/goku/perl5/lib/perl5/amd64-openbsd /home/goku/perl5/lib/perl5 /usr/local/libdata/perl5/site_perl/amd64-openbsd /usr/local/libdata/perl5/site_perl /usr/libdata/perl5/amd64-openbsd /usr/libdata/perl5 .) at /mnt/cpan_build_dir/goku/POE-Component-SSLify-1.012-0/blib/lib/POE/Component/SSLify.pm line 362.
# '
#   at t/simple_parallel.t line 111.

#   Failed test 'CLIENT: SSLify_ContextCreate Can't locate auto/Net/SSLeay/CTX_v3_new.al in @INC (@INC contains: /mnt/cpan_build_dir/goku/POE-Component-SSLify-1.012-0/blib/arch /mnt/cpan_build_dir/goku/POE-Component-SSLify-1.012-0/blib/lib /home/goku/perl5/lib/perl5/5.32.1/amd64-openbsd /home/goku/perl5/lib/perl5/5.32.1 /home/goku/perl5/lib/perl5/amd64-openbsd /home/goku/perl5/lib/perl5 /usr/local/libdata/perl5/site_perl/amd64-openbsd /usr/local/libdata/perl5/site_perl /usr/libdata/perl5/amd64-openbsd /usr/libdata/perl5 .) at /mnt/cpan_build_dir/goku/POE-Component-SSLify-1.012-0/blib/lib/POE/Component/SSLify.pm line 362.
# '
#   at t/simple_parallel.t line 111.

#   Failed test 'CLIENT: SSLify_ContextCreate Can't locate auto/Net/SSLeay/CTX_v3_new.al in @INC (@INC contains: /mnt/cpan_build_dir/goku/POE-Component-SSLify-1.012-0/blib/arch /mnt/cpan_build_dir/goku/POE-Component-SSLify-1.012-0/blib/lib /home/goku/perl5/lib/perl5/5.32.1/amd64-openbsd /home/goku/perl5/lib/perl5/5.32.1 /home/goku/perl5/lib/perl5/amd64-openbsd /home/goku/perl5/lib/perl5 /usr/local/libdata/perl5/site_perl/amd64-openbsd /usr/local/libdata/perl5/site_perl /usr/libdata/perl5/amd64-openbsd /usr/libdata/perl5 .) at /mnt/cpan_build_dir/goku/POE-Component-SSLify-1.012-0/blib/lib/POE/Component/SSLify.pm line 362.
# '
#   at t/simple_parallel.t line 111.

#   Failed test 'CLIENT: SSLify_ContextCreate Can't locate auto/Net/SSLeay/CTX_v3_new.al in @INC (@INC contains: /mnt/cpan_build_dir/goku/POE-Component-SSLify-1.012-0/blib/arch /mnt/cpan_build_dir/goku/POE-Component-SSLify-1.012-0/blib/lib /home/goku/perl5/lib/perl5/5.32.1/amd64-openbsd /home/goku/perl5/lib/perl5/5.32.1 /home/goku/perl5/lib/perl5/amd64-openbsd /home/goku/perl5/lib/perl5 /usr/local/libdata/perl5/site_perl/amd64-openbsd /usr/local/libdata/perl5/site_perl /usr/libdata/perl5/amd64-openbsd /usr/libdata/perl5 .) at /mnt/cpan_build_dir/goku/POE-Component-SSLify-1.012-0/blib/lib/POE/Component/SSLify.pm line 362.
# '
#   at t/simple_parallel.t line 111.

#   Failed test 'CLIENT: SSLify_ContextCreate Can't locate auto/Net/SSLeay/CTX_v3_new.al in @INC (@INC contains: /mnt/cpan_build_dir/goku/POE-Component-SSLify-1.012-0/blib/arch /mnt/cpan_build_dir/goku/POE-Component-SSLify-1.012-0/blib/lib /home/goku/perl5/lib/perl5/5.32.1/amd64-openbsd /home/goku/perl5/lib/perl5/5.32.1 /home/goku/perl5/lib/perl5/amd64-openbsd /home/goku/perl5/lib/perl5 /usr/local/libdata/perl5/site_perl/amd64-openbsd /usr/local/libdata/perl5/site_perl /usr/libdata/perl5/amd64-openbsd /usr/libdata/perl5 .) at /mnt/cpan_build_dir/goku/POE-Component-SSLify-1.012-0/blib/lib/POE/Component/SSLify.pm line 362.
# '
#   at t/simple_parallel.t line 111.

#   Failed test 'CLIENT: SSLify_ContextCreate Can't locate auto/Net/SSLeay/CTX_v3_new.al in @INC (@INC contains: /mnt/cpan_build_dir/goku/POE-Component-SSLify-1.012-0/blib/arch /mnt/cpan_build_dir/goku/POE-Component-SSLify-1.012-0/blib/lib /home/goku/perl5/lib/perl5/5.32.1/amd64-openbsd /home/goku/perl5/lib/perl5/5.32.1 /home/goku/perl5/lib/perl5/amd64-openbsd /home/goku/perl5/lib/perl5 /usr/local/libdata/perl5/site_perl/amd64-openbsd /usr/local/libdata/perl5/site_perl /usr/libdata/perl5/amd64-openbsd /usr/libdata/perl5 .) at /mnt/cpan_build_dir/goku/POE-Component-SSLify-1.012-0/blib/lib/POE/Component/SSLify.pm line 362.
# '
#   at t/simple_parallel.t line 111.

#   Failed test 'CLIENT: SSLify_ContextCreate Can't locate auto/Net/SSLeay/CTX_v3_new.al in @INC (@INC contains: /mnt/cpan_build_dir/goku/POE-Component-SSLify-1.012-0/blib/arch /mnt/cpan_build_dir/goku/POE-Component-SSLify-1.012-0/blib/lib /home/goku/perl5/lib/perl5/5.32.1/amd64-openbsd /home/goku/perl5/lib/perl5/5.32.1 /home/goku/perl5/lib/perl5/amd64-openbsd /home/goku/perl5/lib/perl5 /usr/local/libdata/perl5/site_perl/amd64-openbsd /usr/local/libdata/perl5/site_perl /usr/libdata/perl5/amd64-openbsd /usr/libdata/perl5 .) at /mnt/cpan_build_dir/goku/POE-Component-SSLify-1.012-0/blib/lib/POE/Component/SSLify.pm line 362.
# '
#   at t/simple_parallel.t line 111.
Can't use an undefined value as a symbol reference at /mnt/cpan_build_dir/goku/POE-Component-SSLify-1.012-0/blib/lib/POE/Component/SSLify.pm line 446.
# Tests were run but no plan was declared and done_testing() was not seen.
# Looks like your test exited with 22 just after 52.
t/simple_parallel.t ........... 
Dubious, test returned 22 (wstat 5632, 0x1600)
Failed 12/52 subtests 

#   Failed test 'SERVER: SSLify_Options Can't locate auto/Net/SSLeay/CTX_v3_new.al in @INC (@INC contains: /mnt/cpan_build_dir/goku/POE-Component-SSLify-1.012-0/blib/arch /mnt/cpan_build_dir/goku/POE-Component-SSLify-1.012-0/blib/lib /home/goku/perl5/lib/perl5/5.32.1/amd64-openbsd /home/goku/perl5/lib/perl5/5.32.1 /home/goku/perl5/lib/perl5/amd64-openbsd /home/goku/perl5/lib/perl5 /usr/local/libdata/perl5/site_perl/amd64-openbsd /usr/local/libdata/perl5/site_perl /usr/libdata/perl5/amd64-openbsd /usr/libdata/perl5 .) at /mnt/cpan_build_dir/goku/POE-Component-SSLify-1.012-0/blib/lib/POE/Component/SSLify.pm line 362.
# '
#   at t/simple_parallel_large.t line 54.

#   Failed test 'SERVER: Server_SSLify Please do SSLify_Options() first ( or pass in a $ctx object ) at /mnt/cpan_build_dir/goku/POE-Component-SSLify-1.012-0/blib/lib/POE/Component/SSLify.pm line 247.
# '
#   at t/simple_parallel_large.t line 57.

#   Failed test 'CLIENT: SSLify_ContextCreate Can't locate auto/Net/SSLeay/CTX_v3_new.al in @INC (@INC contains: /mnt/cpan_build_dir/goku/POE-Component-SSLify-1.012-0/blib/arch /mnt/cpan_build_dir/goku/POE-Component-SSLify-1.012-0/blib/lib /home/goku/perl5/lib/perl5/5.32.1/amd64-openbsd /home/goku/perl5/lib/perl5/5.32.1 /home/goku/perl5/lib/perl5/amd64-openbsd /home/goku/perl5/lib/perl5 /usr/local/libdata/perl5/site_perl/amd64-openbsd /usr/local/libdata/perl5/site_perl /usr/libdata/perl5/amd64-openbsd /usr/libdata/perl5 .) at /mnt/cpan_build_dir/goku/POE-Component-SSLify-1.012-0/blib/lib/POE/Component/SSLify.pm line 362.
# '
#   at t/simple_parallel_large.t line 111.

#   Failed test 'CLIENT: SSLify_ContextCreate Can't locate auto/Net/SSLeay/CTX_v3_new.al in @INC (@INC contains: /mnt/cpan_build_dir/goku/POE-Component-SSLify-1.012-0/blib/arch /mnt/cpan_build_dir/goku/POE-Component-SSLify-1.012-0/blib/lib /home/goku/perl5/lib/perl5/5.32.1/amd64-openbsd /home/goku/perl5/lib/perl5/5.32.1 /home/goku/perl5/lib/perl5/amd64-openbsd /home/goku/perl5/lib/perl5 /usr/local/libdata/perl5/site_perl/amd64-openbsd /usr/local/libdata/perl5/site_perl /usr/libdata/perl5/amd64-openbsd /usr/libdata/perl5 .) at /mnt/cpan_build_dir/goku/POE-Component-SSLify-1.012-0/blib/lib/POE/Component/SSLify.pm line 362.
# '
#   at t/simple_parallel_large.t line 111.

#   Failed test 'CLIENT: SSLify_ContextCreate Can't locate auto/Net/SSLeay/CTX_v3_new.al in @INC (@INC contains: /mnt/cpan_build_dir/goku/POE-Component-SSLify-1.012-0/blib/arch /mnt/cpan_build_dir/goku/POE-Component-SSLify-1.012-0/blib/lib /home/goku/perl5/lib/perl5/5.32.1/amd64-openbsd /home/goku/perl5/lib/perl5/5.32.1 /home/goku/perl5/lib/perl5/amd64-openbsd /home/goku/perl5/lib/perl5 /usr/local/libdata/perl5/site_perl/amd64-openbsd /usr/local/libdata/perl5/site_perl /usr/libdata/perl5/amd64-openbsd /usr/libdata/perl5 .) at /mnt/cpan_build_dir/goku/POE-Component-SSLify-1.012-0/blib/lib/POE/Component/SSLify.pm line 362.
# '
#   at t/simple_parallel_large.t line 111.

#   Failed test 'CLIENT: SSLify_ContextCreate Can't locate auto/Net/SSLeay/CTX_v3_new.al in @INC (@INC contains: /mnt/cpan_build_dir/goku/POE-Component-SSLify-1.012-0/blib/arch /mnt/cpan_build_dir/goku/POE-Component-SSLify-1.012-0/blib/lib /home/goku/perl5/lib/perl5/5.32.1/amd64-openbsd /home/goku/perl5/lib/perl5/5.32.1 /home/goku/perl5/lib/perl5/amd64-openbsd /home/goku/perl5/lib/perl5 /usr/local/libdata/perl5/site_perl/amd64-openbsd /usr/local/libdata/perl5/site_perl /usr/libdata/perl5/amd64-openbsd /usr/libdata/perl5 .) at /mnt/cpan_build_dir/goku/POE-Component-SSLify-1.012-0/blib/lib/POE/Component/SSLify.pm line 362.
# '
#   at t/simple_parallel_large.t line 111.

#   Failed test 'CLIENT: SSLify_ContextCreate Can't locate auto/Net/SSLeay/CTX_v3_new.al in @INC (@INC contains: /mnt/cpan_build_dir/goku/POE-Component-SSLify-1.012-0/blib/arch /mnt/cpan_build_dir/goku/POE-Component-SSLify-1.012-0/blib/lib /home/goku/perl5/lib/perl5/5.32.1/amd64-openbsd /home/goku/perl5/lib/perl5/5.32.1 /home/goku/perl5/lib/perl5/amd64-openbsd /home/goku/perl5/lib/perl5 /usr/local/libdata/perl5/site_perl/amd64-openbsd /usr/local/libdata/perl5/site_perl /usr/libdata/perl5/amd64-openbsd /usr/libdata/perl5 .) at /mnt/cpan_build_dir/goku/POE-Component-SSLify-1.012-0/blib/lib/POE/Component/SSLify.pm line 362.
# '
#   at t/simple_parallel_large.t line 111.

#   Failed test 'CLIENT: SSLify_ContextCreate Can't locate auto/Net/SSLeay/CTX_v3_new.al in @INC (@INC contains: /mnt/cpan_build_dir/goku/POE-Component-SSLify-1.012-0/blib/arch /mnt/cpan_build_dir/goku/POE-Component-SSLify-1.012-0/blib/lib /home/goku/perl5/lib/perl5/5.32.1/amd64-openbsd /home/goku/perl5/lib/perl5/5.32.1 /home/goku/perl5/lib/perl5/amd64-openbsd /home/goku/perl5/lib/perl5 /usr/local/libdata/perl5/site_perl/amd64-openbsd /usr/local/libdata/perl5/site_perl /usr/libdata/perl5/amd64-openbsd /usr/libdata/perl5 .) at /mnt/cpan_build_dir/goku/POE-Component-SSLify-1.012-0/blib/lib/POE/Component/SSLify.pm line 362.
# '
#   at t/simple_parallel_large.t line 111.

#   Failed test 'CLIENT: SSLify_ContextCreate Can't locate auto/Net/SSLeay/CTX_v3_new.al in @INC (@INC contains: /mnt/cpan_build_dir/goku/POE-Component-SSLify-1.012-0/blib/arch /mnt/cpan_build_dir/goku/POE-Component-SSLify-1.012-0/blib/lib /home/goku/perl5/lib/perl5/5.32.1/amd64-openbsd /home/goku/perl5/lib/perl5/5.32.1 /home/goku/perl5/lib/perl5/amd64-openbsd /home/goku/perl5/lib/perl5 /usr/local/libdata/perl5/site_perl/amd64-openbsd /usr/local/libdata/perl5/site_perl /usr/libdata/perl5/amd64-openbsd /usr/libdata/perl5 .) at /mnt/cpan_build_dir/goku/POE-Component-SSLify-1.012-0/blib/lib/POE/Component/SSLify.pm line 362.
# '
#   at t/simple_parallel_large.t line 111.

#   Failed test 'CLIENT: SSLify_ContextCreate Can't locate auto/Net/SSLeay/CTX_v3_new.al in @INC (@INC contains: /mnt/cpan_build_dir/goku/POE-Component-SSLify-1.012-0/blib/arch /mnt/cpan_build_dir/goku/POE-Component-SSLify-1.012-0/blib/lib /home/goku/perl5/lib/perl5/5.32.1/amd64-openbsd /home/goku/perl5/lib/perl5/5.32.1 /home/goku/perl5/lib/perl5/amd64-openbsd /home/goku/perl5/lib/perl5 /usr/local/libdata/perl5/site_perl/amd64-openbsd /usr/local/libdata/perl5/site_perl /usr/libdata/perl5/amd64-openbsd /usr/libdata/perl5 .) at /mnt/cpan_build_dir/goku/POE-Component-SSLify-1.012-0/blib/lib/POE/Component/SSLify.pm line 362.
# '
#   at t/simple_parallel_large.t line 111.

#   Failed test 'CLIENT: SSLify_ContextCreate Can't locate auto/Net/SSLeay/CTX_v3_new.al in @INC (@INC contains: /mnt/cpan_build_dir/goku/POE-Component-SSLify-1.012-0/blib/arch /mnt/cpan_build_dir/goku/POE-Component-SSLify-1.012-0/blib/lib /home/goku/perl5/lib/perl5/5.32.1/amd64-openbsd /home/goku/perl5/lib/perl5/5.32.1 /home/goku/perl5/lib/perl5/amd64-openbsd /home/goku/perl5/lib/perl5 /usr/local/libdata/perl5/site_perl/amd64-openbsd /usr/local/libdata/perl5/site_perl /usr/libdata/perl5/amd64-openbsd /usr/libdata/perl5 .) at /mnt/cpan_build_dir/goku/POE-Component-SSLify-1.012-0/blib/lib/POE/Component/SSLify.pm line 362.
# '
#   at t/simple_parallel_large.t line 111.

#   Failed test 'CLIENT: SSLify_ContextCreate Can't locate auto/Net/SSLeay/CTX_v3_new.al in @INC (@INC contains: /mnt/cpan_build_dir/goku/POE-Component-SSLify-1.012-0/blib/arch /mnt/cpan_build_dir/goku/POE-Component-SSLify-1.012-0/blib/lib /home/goku/perl5/lib/perl5/5.32.1/amd64-openbsd /home/goku/perl5/lib/perl5/5.32.1 /home/goku/perl5/lib/perl5/amd64-openbsd /home/goku/perl5/lib/perl5 /usr/local/libdata/perl5/site_perl/amd64-openbsd /usr/local/libdata/perl5/site_perl /usr/libdata/perl5/amd64-openbsd /usr/libdata/perl5 .) at /mnt/cpan_build_dir/goku/POE-Component-SSLify-1.012-0/blib/lib/POE/Component/SSLify.pm line 362.
# '
#   at t/simple_parallel_large.t line 111.
Can't use an undefined value as a symbol reference at /mnt/cpan_build_dir/goku/POE-Component-SSLify-1.012-0/blib/lib/POE/Component/SSLify.pm line 446.
# Tests were run but no plan was declared and done_testing() was not seen.
# Looks like your test exited with 22 just after 42.
t/simple_parallel_large.t ..... 
Dubious, test returned 22 (wstat 5632, 0x1600)
Failed 12/42 subtests 

#   Failed test 'SERVER: SSLify_Options Can't locate auto/Net/SSLeay/CTX_v3_new.al in @INC (@INC contains: /mnt/cpan_build_dir/goku/POE-Component-SSLify-1.012-0/blib/arch /mnt/cpan_build_dir/goku/POE-Component-SSLify-1.012-0/blib/lib /home/goku/perl5/lib/perl5/5.32.1/amd64-openbsd /home/goku/perl5/lib/perl5/5.32.1 /home/goku/perl5/lib/perl5/amd64-openbsd /home/goku/perl5/lib/perl5 /usr/local/libdata/perl5/site_perl/amd64-openbsd /usr/local/libdata/perl5/site_perl /usr/libdata/perl5/amd64-openbsd /usr/libdata/perl5 .) at /mnt/cpan_build_dir/goku/POE-Component-SSLify-1.012-0/blib/lib/POE/Component/SSLify.pm line 362.
# '
#   at t/simple_parallel_superbig.t line 63.

#   Failed test 'SERVER: Server_SSLify Please do SSLify_Options() first ( or pass in a $ctx object ) at /mnt/cpan_build_dir/goku/POE-Component-SSLify-1.012-0/blib/lib/POE/Component/SSLify.pm line 247.
# '
#   at t/simple_parallel_superbig.t line 66.

#   Failed test 'CLIENT: SSLify_ContextCreate Can't locate auto/Net/SSLeay/CTX_v3_new.al in @INC (@INC contains: /mnt/cpan_build_dir/goku/POE-Component-SSLify-1.012-0/blib/arch /mnt/cpan_build_dir/goku/POE-Component-SSLify-1.012-0/blib/lib /home/goku/perl5/lib/perl5/5.32.1/amd64-openbsd /home/goku/perl5/lib/perl5/5.32.1 /home/goku/perl5/lib/perl5/amd64-openbsd /home/goku/perl5/lib/perl5 /usr/local/libdata/perl5/site_perl/amd64-openbsd /usr/local/libdata/perl5/site_perl /usr/libdata/perl5/amd64-openbsd /usr/libdata/perl5 .) at /mnt/cpan_build_dir/goku/POE-Component-SSLify-1.012-0/blib/lib/POE/Component/SSLify.pm line 362.
# '
#   at t/simple_parallel_superbig.t line 120.

#   Failed test 'CLIENT: SSLify_ContextCreate Can't locate auto/Net/SSLeay/CTX_v3_new.al in @INC (@INC contains: /mnt/cpan_build_dir/goku/POE-Component-SSLify-1.012-0/blib/arch /mnt/cpan_build_dir/goku/POE-Component-SSLify-1.012-0/blib/lib /home/goku/perl5/lib/perl5/5.32.1/amd64-openbsd /home/goku/perl5/lib/perl5/5.32.1 /home/goku/perl5/lib/perl5/amd64-openbsd /home/goku/perl5/lib/perl5 /usr/local/libdata/perl5/site_perl/amd64-openbsd /usr/local/libdata/perl5/site_perl /usr/libdata/perl5/amd64-openbsd /usr/libdata/perl5 .) at /mnt/cpan_build_dir/goku/POE-Component-SSLify-1.012-0/blib/lib/POE/Component/SSLify.pm line 362.
# '
#   at t/simple_parallel_superbig.t line 120.

#   Failed test 'CLIENT: SSLify_ContextCreate Can't locate auto/Net/SSLeay/CTX_v3_new.al in @INC (@INC contains: /mnt/cpan_build_dir/goku/POE-Component-SSLify-1.012-0/blib/arch /mnt/cpan_build_dir/goku/POE-Component-SSLify-1.012-0/blib/lib /home/goku/perl5/lib/perl5/5.32.1/amd64-openbsd /home/goku/perl5/lib/perl5/5.32.1 /home/goku/perl5/lib/perl5/amd64-openbsd /home/goku/perl5/lib/perl5 /usr/local/libdata/perl5/site_perl/amd64-openbsd /usr/local/libdata/perl5/site_perl /usr/libdata/perl5/amd64-openbsd /usr/libdata/perl5 .) at /mnt/cpan_build_dir/goku/POE-Component-SSLify-1.012-0/blib/lib/POE/Component/SSLify.pm line 362.
# '
#   at t/simple_parallel_superbig.t line 120.

#   Failed test 'CLIENT: SSLify_ContextCreate Can't locate auto/Net/SSLeay/CTX_v3_new.al in @INC (@INC contains: /mnt/cpan_build_dir/goku/POE-Component-SSLify-1.012-0/blib/arch /mnt/cpan_build_dir/goku/POE-Component-SSLify-1.012-0/blib/lib /home/goku/perl5/lib/perl5/5.32.1/amd64-openbsd /home/goku/perl5/lib/perl5/5.32.1 /home/goku/perl5/lib/perl5/amd64-openbsd /home/goku/perl5/lib/perl5 /usr/local/libdata/perl5/site_perl/amd64-openbsd /usr/local/libdata/perl5/site_perl /usr/libdata/perl5/amd64-openbsd /usr/libdata/perl5 .) at /mnt/cpan_build_dir/goku/POE-Component-SSLify-1.012-0/blib/lib/POE/Component/SSLify.pm line 362.
# '
#   at t/simple_parallel_superbig.t line 120.

#   Failed test 'CLIENT: SSLify_ContextCreate Can't locate auto/Net/SSLeay/CTX_v3_new.al in @INC (@INC contains: /mnt/cpan_build_dir/goku/POE-Component-SSLify-1.012-0/blib/arch /mnt/cpan_build_dir/goku/POE-Component-SSLify-1.012-0/blib/lib /home/goku/perl5/lib/perl5/5.32.1/amd64-openbsd /home/goku/perl5/lib/perl5/5.32.1 /home/goku/perl5/lib/perl5/amd64-openbsd /home/goku/perl5/lib/perl5 /usr/local/libdata/perl5/site_perl/amd64-openbsd /usr/local/libdata/perl5/site_perl /usr/libdata/perl5/amd64-openbsd /usr/libdata/perl5 .) at /mnt/cpan_build_dir/goku/POE-Component-SSLify-1.012-0/blib/lib/POE/Component/SSLify.pm line 362.
# '
#   at t/simple_parallel_superbig.t line 120.

#   Failed test 'CLIENT: SSLify_ContextCreate Can't locate auto/Net/SSLeay/CTX_v3_new.al in @INC (@INC contains: /mnt/cpan_build_dir/goku/POE-Component-SSLify-1.012-0/blib/arch /mnt/cpan_build_dir/goku/POE-Component-SSLify-1.012-0/blib/lib /home/goku/perl5/lib/perl5/5.32.1/amd64-openbsd /home/goku/perl5/lib/perl5/5.32.1 /home/goku/perl5/lib/perl5/amd64-openbsd /home/goku/perl5/lib/perl5 /usr/local/libdata/perl5/site_perl/amd64-openbsd /usr/local/libdata/perl5/site_perl /usr/libdata/perl5/amd64-openbsd /usr/libdata/perl5 .) at /mnt/cpan_build_dir/goku/POE-Component-SSLify-1.012-0/blib/lib/POE/Component/SSLify.pm line 362.
# '
#   at t/simple_parallel_superbig.t line 120.

#   Failed test 'CLIENT: SSLify_ContextCreate Can't locate auto/Net/SSLeay/CTX_v3_new.al in @INC (@INC contains: /mnt/cpan_build_dir/goku/POE-Component-SSLify-1.012-0/blib/arch /mnt/cpan_build_dir/goku/POE-Component-SSLify-1.012-0/blib/lib /home/goku/perl5/lib/perl5/5.32.1/amd64-openbsd /home/goku/perl5/lib/perl5/5.32.1 /home/goku/perl5/lib/perl5/amd64-openbsd /home/goku/perl5/lib/perl5 /usr/local/libdata/perl5/site_perl/amd64-openbsd /usr/local/libdata/perl5/site_perl /usr/libdata/perl5/amd64-openbsd /usr/libdata/perl5 .) at /mnt/cpan_build_dir/goku/POE-Component-SSLify-1.012-0/blib/lib/POE/Component/SSLify.pm line 362.
# '
#   at t/simple_parallel_superbig.t line 120.

#   Failed test 'CLIENT: SSLify_ContextCreate Can't locate auto/Net/SSLeay/CTX_v3_new.al in @INC (@INC contains: /mnt/cpan_build_dir/goku/POE-Component-SSLify-1.012-0/blib/arch /mnt/cpan_build_dir/goku/POE-Component-SSLify-1.012-0/blib/lib /home/goku/perl5/lib/perl5/5.32.1/amd64-openbsd /home/goku/perl5/lib/perl5/5.32.1 /home/goku/perl5/lib/perl5/amd64-openbsd /home/goku/perl5/lib/perl5 /usr/local/libdata/perl5/site_perl/amd64-openbsd /usr/local/libdata/perl5/site_perl /usr/libdata/perl5/amd64-openbsd /usr/libdata/perl5 .) at /mnt/cpan_build_dir/goku/POE-Component-SSLify-1.012-0/blib/lib/POE/Component/SSLify.pm line 362.
# '
#   at t/simple_parallel_superbig.t line 120.

#   Failed test 'CLIENT: SSLify_ContextCreate Can't locate auto/Net/SSLeay/CTX_v3_new.al in @INC (@INC contains: /mnt/cpan_build_dir/goku/POE-Component-SSLify-1.012-0/blib/arch /mnt/cpan_build_dir/goku/POE-Component-SSLify-1.012-0/blib/lib /home/goku/perl5/lib/perl5/5.32.1/amd64-openbsd /home/goku/perl5/lib/perl5/5.32.1 /home/goku/perl5/lib/perl5/amd64-openbsd /home/goku/perl5/lib/perl5 /usr/local/libdata/perl5/site_perl/amd64-openbsd /usr/local/libdata/perl5/site_perl /usr/libdata/perl5/amd64-openbsd /usr/libdata/perl5 .) at /mnt/cpan_build_dir/goku/POE-Component-SSLify-1.012-0/blib/lib/POE/Component/SSLify.pm line 362.
# '
#   at t/simple_parallel_superbig.t line 120.

#   Failed test 'CLIENT: SSLify_ContextCreate Can't locate auto/Net/SSLeay/CTX_v3_new.al in @INC (@INC contains: /mnt/cpan_build_dir/goku/POE-Component-SSLify-1.012-0/blib/arch /mnt/cpan_build_dir/goku/POE-Component-SSLify-1.012-0/blib/lib /home/goku/perl5/lib/perl5/5.32.1/amd64-openbsd /home/goku/perl5/lib/perl5/5.32.1 /home/goku/perl5/lib/perl5/amd64-openbsd /home/goku/perl5/lib/perl5 /usr/local/libdata/perl5/site_perl/amd64-openbsd /usr/local/libdata/perl5/site_perl /usr/libdata/perl5/amd64-openbsd /usr/libdata/perl5 .) at /mnt/cpan_build_dir/goku/POE-Component-SSLify-1.012-0/blib/lib/POE/Component/SSLify.pm line 362.
# '
#   at t/simple_parallel_superbig.t line 120.
Can't use an undefined value as a symbol reference at /mnt/cpan_build_dir/goku/POE-Component-SSLify-1.012-0/blib/lib/POE/Component/SSLify.pm line 446.
# Tests were run but no plan was declared and done_testing() was not seen.
# Looks like your test exited with 22 just after 42.
t/simple_parallel_superbig.t .. 
Dubious, test returned 22 (wstat 5632, 0x1600)
Failed 12/42 subtests 

#   Failed test 'SERVER: SSLify_Options Can't locate auto/Net/SSLeay/CTX_v3_new.al in @INC (@INC contains: /mnt/cpan_build_dir/goku/POE-Component-SSLify-1.012-0/blib/arch /mnt/cpan_build_dir/goku/POE-Component-SSLify-1.012-0/blib/lib /home/goku/perl5/lib/perl5/5.32.1/amd64-openbsd /home/goku/perl5/lib/perl5/5.32.1 /home/goku/perl5/lib/perl5/amd64-openbsd /home/goku/perl5/lib/perl5 /usr/local/libdata/perl5/site_perl/amd64-openbsd /usr/local/libdata/perl5/site_perl /usr/libdata/perl5/amd64-openbsd /usr/libdata/perl5 .) at /mnt/cpan_build_dir/goku/POE-Component-SSLify-1.012-0/blib/lib/POE/Component/SSLify.pm line 362.
# '
#   at t/simple_superbig.t line 62.

#   Failed test 'SERVER: Server_SSLify Please do SSLify_Options() first ( or pass in a $ctx object ) at /mnt/cpan_build_dir/goku/POE-Component-SSLify-1.012-0/blib/lib/POE/Component/SSLify.pm line 247.
# '
#   at t/simple_superbig.t line 65.

#   Failed test 'CLIENT: SSLify_ContextCreate Can't locate auto/Net/SSLeay/CTX_v3_new.al in @INC (@INC contains: /mnt/cpan_build_dir/goku/POE-Component-SSLify-1.012-0/blib/arch /mnt/cpan_build_dir/goku/POE-Component-SSLify-1.012-0/blib/lib /home/goku/perl5/lib/perl5/5.32.1/amd64-openbsd /home/goku/perl5/lib/perl5/5.32.1 /home/goku/perl5/lib/perl5/amd64-openbsd /home/goku/perl5/lib/perl5 /usr/local/libdata/perl5/site_perl/amd64-openbsd /usr/local/libdata/perl5/site_perl /usr/libdata/perl5/amd64-openbsd /usr/libdata/perl5 .) at /mnt/cpan_build_dir/goku/POE-Component-SSLify-1.012-0/blib/lib/POE/Component/SSLify.pm line 362.
# '
#   at t/simple_superbig.t line 123.
Can't use an undefined value as a symbol reference at /mnt/cpan_build_dir/goku/POE-Component-SSLify-1.012-0/blib/lib/POE/Component/SSLify.pm line 446.
# Tests were run but no plan was declared and done_testing() was not seen.
# Looks like your test exited with 22 just after 6.
t/simple_superbig.t ........... 
Dubious, test returned 22 (wstat 5632, 0x1600)
Failed 3/6 subtests 

#   Failed test 'SERVER: SSLify_Options Can't locate auto/Net/SSLeay/CTX_v3_new.al in @INC (@INC contains: /mnt/cpan_build_dir/goku/POE-Component-SSLify-1.012-0/blib/arch /mnt/cpan_build_dir/goku/POE-Component-SSLify-1.012-0/blib/lib /home/goku/perl5/lib/perl5/5.32.1/amd64-openbsd /home/goku/perl5/lib/perl5/5.32.1 /home/goku/perl5/lib/perl5/amd64-openbsd /home/goku/perl5/lib/perl5 /usr/local/libdata/perl5/site_perl/amd64-openbsd /usr/local/libdata/perl5/site_perl /usr/libdata/perl5/amd64-openbsd /usr/libdata/perl5 .) at /mnt/cpan_build_dir/goku/POE-Component-SSLify-1.012-0/blib/lib/POE/Component/SSLify.pm line 362.
# '
#   at t/upgrade.t line 59.

#   Failed test 'SERVER: Server_SSLify Please do SSLify_Options() first ( or pass in a $ctx object ) at /mnt/cpan_build_dir/goku/POE-Component-SSLify-1.012-0/blib/lib/POE/Component/SSLify.pm line 247.
# '
#   at t/upgrade.t line 61.
Can't use an undefined value as a symbol reference at /mnt/cpan_build_dir/goku/POE-Component-SSLify-1.012-0/blib/lib/POE/Component/SSLify.pm line 446.
# Tests were run but no plan was declared and done_testing() was not seen.
# Looks like your test exited with 22 just after 5.
t/upgrade.t ................... 
Dubious, test returned 22 (wstat 5632, 0x1600)
Failed 2/5 subtests 

Test Summary Report
-------------------
t/renegotiate_client.t      (Wstat: 5632 (exited 22) Tests: 7 Failed: 3)
  Failed tests:  1-3
  Non-zero exit status: 22
  Parse errors: No plan found in TAP output
t/renegotiate_client_pings.t (Wstat: 5632 (exited 22) Tests: 7 Failed: 3)
  Failed tests:  1-3
  Non-zero exit status: 22
  Parse errors: No plan found in TAP output
t/renegotiate_server.t      (Wstat: 5632 (exited 22) Tests: 7 Failed: 3)
  Failed tests:  1-3
  Non-zero exit status: 22
  Parse errors: No plan found in TAP output
t/simple.t                  (Wstat: 5632 (exited 22) Tests: 7 Failed: 3)
  Failed tests:  1-3
  Non-zero exit status: 22
  Parse errors: No plan found in TAP output
t/simple_large.t            (Wstat: 5632 (exited 22) Tests: 6 Failed: 3)
  Failed tests:  1-3
  Non-zero exit status: 22
  Parse errors: No plan found in TAP output
t/simple_parallel.t         (Wstat: 5632 (exited 22) Tests: 52 Failed: 12)
  Failed tests:  1-3, 8, 13, 18, 23, 28, 33, 38, 43, 48
  Non-zero exit status: 22
  Parse errors: No plan found in TAP output
t/simple_parallel_large.t   (Wstat: 5632 (exited 22) Tests: 42 Failed: 12)
  Failed tests:  1-3, 7, 11, 15, 19, 23, 27, 31, 35, 39
  Non-zero exit status: 22
  Parse errors: No plan found in TAP output
t/simple_parallel_superbig.t (Wstat: 5632 (exited 22) Tests: 42 Failed: 12)
  Failed tests:  1-3, 7, 11, 15, 19, 23, 27, 31, 35, 39
  Non-zero exit status: 22
  Parse errors: No plan found in TAP output
t/simple_superbig.t         (Wstat: 5632 (exited 22) Tests: 6 Failed: 3)
  Failed tests:  1-3
  Non-zero exit status: 22
  Parse errors: No plan found in TAP output
t/upgrade.t                 (Wstat: 5632 (exited 22) Tests: 5 Failed: 2)
  Failed tests:  4-5
  Non-zero exit status: 22
  Parse errors: No plan found in TAP output
Files=19, Tests=235,  7 wallclock secs ( 0.11 usr  0.11 sys +  4.89 cusr  1.82 csys =  6.93 CPU)
Result: FAIL

------------------------------
PREREQUISITES
------------------------------

Prerequisite modules loaded:

requires:

    Module                      Need     Have    
    --------------------------- -------- --------
    Exporter                    0        5.74    
    IO::Handle                  1.28     1.48    
    Net::SSLeay                 1.36     1.93_01 
    parent                      0        0.238   
    perl                        5.006    5.032001
    POE                         1.267    1.370   
    Scalar::Util                0        1.62    
    strict                      0        1.11    
    Symbol                      0        1.08    
    Task::Weaken                1.03     1.06    
    warnings                    0        1.47    

build_requires:

    Module                      Need     Have    
    --------------------------- -------- --------
    ExtUtils::MakeMaker         0        7.64    
    File::Spec                  0        3.78    
    File::Temp                  0        0.2311  
    IO::Handle                  1.28     1.48    
    IPC::Open3                  0        1.21    
    perl                        5.006    5.032001
    POE                         1.267    1.370   
    POE::Component::Client::TCP 0        1.370   
    POE::Component::Server::TCP 0        1.370   
    POE::Filter::Stream         0        1.370   
    Socket                      0        2.032   
    Test::FailWarnings          0        0.008   
    Test::More                  1.001002 1.302190

configure_requires:

    Module                      Need     Have    
    --------------------------- -------- --------
    ExtUtils::MakeMaker         0        7.64    
    Module::Build::Tiny         0.039    0.039   
    perl                        5.006    5.032001

opt_build_requires:

    Module                      Need     Have    
    --------------------------- -------- --------
    CPAN::Meta                  2.120900 2.150010


------------------------------
ENVIRONMENT AND OTHER CONTEXT
------------------------------

Environment variables:

    AUTOMATED_TESTING = 1
    PATH = /home/goku/perl5/bin:/usr/bin:/bin:/usr/sbin:/sbin:/usr/X11R6/bin:/usr/local/bin:/usr/local/sbin
    PERL5LIB = /home/goku/perl5/lib/perl5
    PERL5OPT = 
    PERL5_CPANPLUS_IS_RUNNING = 37668
    PERL5_CPAN_IS_RUNNING = 37668
    PERL5_CPAN_IS_RUNNING_IN_RECURSION = 40816,37668
    PERL_CR_SMOKER_CURRENT = POE-Component-SSLify-1.012
    PERL_EXTUTILS_AUTOINSTALL = --defaultdeps
    PERL_LOCAL_LIB_ROOT = /home/goku/perl5
    PERL_MB_OPT = --install_base "/home/goku/perl5"
    PERL_MM_OPT = INSTALL_BASE=/home/goku/perl5
    PERL_MM_USE_DEFAULT = 1
    PERL_USE_UNSAFE_INC = 1
    SHELL = /bin/ksh
    TERM = xterm-256color

Perl special variables (and OS-specific diagnostics, for MSWin32):

    $^X = /usr/bin/perl
    $UID/$EUID = 1001 / 1001
    $GID = 1002 1002 1001
    $EGID = 1002 1002 1001

Perl module toolchain versions installed:

    Module              Have    
    ------------------- --------
    CPAN                2.33    
    CPAN::Meta          2.150010
    Cwd                 3.78    
    ExtUtils::CBuilder  0.280236
    ExtUtils::Command   7.64    
    ExtUtils::Install   2.20    
    ExtUtils::MakeMaker 7.64    
    ExtUtils::Manifest  1.73    
    ExtUtils::ParseXS   3.44    
    File::Spec          3.78    
    JSON                4.05    
    JSON::PP            4.08    
    Module::Build       0.4231  
    Module::Signature   n/a     
    Parse::CPAN::Meta   2.150010
    Test::Harness       3.44    
    Test::More          1.302190
    YAML                1.30    
    YAML::Syck          1.34    
    version             0.9929  


--

Summary of my perl5 (revision 5 version 32 subversion 1) configuration:
   
  Platform:
    osname=openbsd
    osvers=7.0
    archname=amd64-openbsd
    uname='openbsd'
    config_args='-dse -Dopenbsd_distribution=defined -Dmksymlinks'
    hint=recommended
    useposix=true
    d_sigaction=define
    useithreads=undef
    usemultiplicity=undef
    use64bitint=define
    use64bitall=define
    uselongdouble=undef
    usemymalloc=n
    default_inc_excludes_dot=define
    bincompat5005=undef
  Compiler:
    cc='cc'
    ccflags ='-DNO_LOCALE_NUMERIC -DNO_LOCALE_COLLATE -fno-strict-aliasing -fno-delete-null-pointer-checks -pipe -fstack-protector-strong -I/usr/local/include'
    optimize='-O2'
    cppflags='-DBIG_TIME -DNO_LOCALE_NUMERIC -DNO_LOCALE_COLLATE -fno-strict-aliasing -fno-delete-null-pointer-checks -pipe -fstack-protector-strong -I/usr/local/include'
    ccversion=''
    gccversion='OpenBSD Clang 11.1.0'
    gccosandvers=''
    intsize=4
    longsize=8
    ptrsize=8
    doublesize=8
    byteorder=12345678
    doublekind=3
    d_longlong=define
    longlongsize=8
    d_longdbl=define
    longdblsize=16
    longdblkind=3
    ivtype='long'
    ivsize=8
    nvtype='double'
    nvsize=8
    Off_t='off_t'
    lseeksize=8
    alignbytes=8
    prototype=define
  Linker and Libraries:
    ld='cc'
    ldflags ='-Wl,-E  -fstack-protector-strong -L/usr/local/lib'
    libpth=/usr/lib /usr/local/lib
    libs=-lm -lc
    perllibs=-lm -lc
    libc=/usr/lib/libc.so.96.1
    so=so
    useshrplib=true
    libperl=libperl.so.22.0
    gnulibc_version=''
  Dynamic Linking:
    dlsrc=dl_dlopen.xs
    dlext=so
    d_dlsymun=undef
    ccdlflags='-Wl,-R/usr/libdata/perl5/amd64-openbsd/CORE'
    cccdlflags='-DPIC -fpic '
    lddlflags='-shared -fpic  -fstack-protector-strong -L/usr/local/lib'


Characteristics of this binary (from libperl): 
  Compile-time options:
    HAS_TIMES
    PERLIO_LAYERS
    PERL_COPY_ON_WRITE
    PERL_DONT_CREATE_GVSV
    PERL_MALLOC_WRAP
    PERL_OP_PARENT
    PERL_PRESERVE_IVUV
    USE_64_BIT_ALL
    USE_64_BIT_INT
    USE_LARGE_FILES
    USE_LOCALE
    USE_LOCALE_CTYPE
    USE_LOCALE_TIME
    USE_PERLIO
    USE_PERL_ATOF
  Built under openbsd
  %ENV:
    PERL5LIB="/home/goku/perl5/lib/perl5"
    PERL5OPT=""
    PERL5_CPANPLUS_IS_RUNNING="37668"
    PERL5_CPAN_IS_RUNNING="37668"
    PERL5_CPAN_IS_RUNNING_IN_RECURSION="40816,37668"
    PERL_CR_SMOKER_CURRENT="POE-Component-SSLify-1.012"
    PERL_EXTUTILS_AUTOINSTALL="--defaultdeps"
    PERL_LOCAL_LIB_ROOT="/home/goku/perl5"
    PERL_MB_OPT="--install_base "/home/goku/perl5""
    PERL_MM_OPT="INSTALL_BASE=/home/goku/perl5"
    PERL_MM_USE_DEFAULT="1"
    PERL_USE_UNSAFE_INC="1"
  @INC:
    /home/goku/perl5/lib/perl5/5.32.1/amd64-openbsd
    /home/goku/perl5/lib/perl5/5.32.1
    /home/goku/perl5/lib/perl5/amd64-openbsd
    /home/goku/perl5/lib/perl5
    /usr/local/libdata/perl5/site_perl/amd64-openbsd
    /usr/local/libdata/perl5/site_perl
    /usr/libdata/perl5/amd64-openbsd
    /usr/libdata/perl5
    .