Report for Crypt-SSLeay-0.72

Back
From: metabase:user:320bfe00-2aae-11df-837a-5e0a49663a4f
Subject: FAIL Crypt-SSLeay-0.72 v5.12.5 GNU/Linux
Date: 2016-07-15T01:45:21Z

This distribution has been tested as part of the CPAN Testers
project, supporting the Perl programming language.  See
http://wiki.cpantesters.org/ for more information or email
questions to cpan-testers-discuss@perl.org


--
Dear A. Sinan Unur,

This is a computer-generated report for Crypt-SSLeay-0.72
on perl 5.12.5, created by CPAN-Reporter-1.2018.

Thank you for uploading your work to CPAN.  However, there was a problem
testing your distribution.

If you think this report is invalid, please consult the CPAN Testers Wiki
for suggestions on how to avoid getting FAIL reports for missing library
or binary dependencies, unsupported operating systems, and so on:

http://wiki.cpantesters.org/wiki/CPANAuthorNotes

Sections of this report:

    * Tester comments
    * Program output
    * Prerequisites
    * Environment and other context

------------------------------
TESTER COMMENTS
------------------------------

Additional comments from tester:

this report is from an automated smoke testing program
and was not reviewed by a human for accuracy

------------------------------
PROGRAM OUTPUT
------------------------------

Output from '/usr/bin/make test':

"/tmp/basesmoker-reloperl-sBrN/bin/perl" -MExtUtils::Command::MM -e 'cp_nonempty' -- SSLeay.bs blib/arch/auto/Crypt/SSLeay/SSLeay.bs 644
PERL_DL_NONLAZY=1 "/tmp/basesmoker-reloperl-sBrN/bin/perl" "-MExtUtils::Command::MM" "-MTest::Harness" "-e" "undef *Test::Harness::Switches; test_harness(0, 'blib/lib', 'blib/arch')" t/*.t

#   Failed test 'use Crypt::SSLeay;'
#   at t/00-basic.t line 6.
#     Tried to use 'Crypt::SSLeay'.
#     Error:  Can't load '/tmp/loop_over_bdir-19833-GNDHfy/Crypt-SSLeay-0.72-0/blib/arch/auto/Crypt/SSLeay/SSLeay.so' for module Crypt::SSLeay: /tmp/loop_over_bdir-19833-GNDHfy/Crypt-SSLeay-0.72-0/blib/arch/auto/Crypt/SSLeay/SSLeay.so: undefined symbol: SSLv3_client_method at /home/sand/src/perl/repoperls/installed-perls/host/k93x64sid/v5.12.5/a3f9/lib/5.12.5/x86_64-linux-thread-multi-ld/DynaLoader.pm line 200.
#  at t/00-basic.t line 6.
# Compilation failed in require at t/00-basic.t line 6.
# BEGIN failed--compilation aborted at t/00-basic.t line 6.

#   Failed test 'use Crypt::SSLeay::CTX;'
#   at t/00-basic.t line 7.
#     Tried to use 'Crypt::SSLeay::CTX'.
#     Error:  Attempt to reload Crypt/SSLeay.pm aborted.
# Compilation failed in require at /tmp/loop_over_bdir-19833-GNDHfy/Crypt-SSLeay-0.72-0/blib/lib/Crypt/SSLeay/CTX.pm line 2.
# Compilation failed in require at t/00-basic.t line 7.
# BEGIN failed--compilation aborted at t/00-basic.t line 7.

#   Failed test 'use Crypt::SSLeay::Conn;'
#   at t/00-basic.t line 8.
#     Tried to use 'Crypt::SSLeay::Conn'.
#     Error:  Attempt to reload Crypt/SSLeay.pm aborted.
# Compilation failed in require at /tmp/loop_over_bdir-19833-GNDHfy/Crypt-SSLeay-0.72-0/blib/lib/Crypt/SSLeay/Conn.pm line 2.
# Compilation failed in require at t/00-basic.t line 8.
# BEGIN failed--compilation aborted at t/00-basic.t line 8.

#   Failed test 'use Crypt::SSLeay::Err;'
#   at t/00-basic.t line 9.
#     Tried to use 'Crypt::SSLeay::Err'.
#     Error:  Attempt to reload Crypt/SSLeay.pm aborted.
# Compilation failed in require at /tmp/loop_over_bdir-19833-GNDHfy/Crypt-SSLeay-0.72-0/blib/lib/Crypt/SSLeay/Err.pm line 2.
# Compilation failed in require at t/00-basic.t line 9.
# BEGIN failed--compilation aborted at t/00-basic.t line 9.

#   Failed test 'use Crypt::SSLeay::MainContext;'
#   at t/00-basic.t line 10.
#     Tried to use 'Crypt::SSLeay::MainContext'.
#     Error:  Attempt to reload Crypt/SSLeay/CTX.pm aborted.
# Compilation failed in require at /tmp/loop_over_bdir-19833-GNDHfy/Crypt-SSLeay-0.72-0/blib/lib/Crypt/SSLeay/MainContext.pm line 8.
# Compilation failed in require at t/00-basic.t line 10.
# BEGIN failed--compilation aborted at t/00-basic.t line 10.

#   Failed test 'use Crypt::SSLeay::Version;'
#   at t/00-basic.t line 12.
#     Tried to use 'Crypt::SSLeay::Version'.
#     Error:  Attempt to reload Crypt/SSLeay.pm aborted.
# Compilation failed in require at /tmp/loop_over_bdir-19833-GNDHfy/Crypt-SSLeay-0.72-0/blib/lib/Crypt/SSLeay/Version.pm line 2.
# Compilation failed in require at t/00-basic.t line 12.
# BEGIN failed--compilation aborted at t/00-basic.t line 12.

#   Failed test 'use Net::SSL;'
#   at t/00-basic.t line 23.
#     Tried to use 'Net::SSL'.
#     Error:  Attempt to reload Crypt/SSLeay.pm aborted.
# Compilation failed in require at /tmp/loop_over_bdir-19833-GNDHfy/Crypt-SSLeay-0.72-0/blib/lib/Net/SSL.pm line 20.
# Compilation failed in require at t/00-basic.t line 23.
# BEGIN failed--compilation aborted at t/00-basic.t line 23.

#   Failed test 'Crypt::SSLeay POD coverage'
#   at t/00-basic.t line 45.
# Crypt::SSLeay: requiring 'Crypt::SSLeay' failed

#   Failed test 'Crypt::SSLeay::Version POD coverage'
#   at t/00-basic.t line 45.
# Crypt::SSLeay::Version: requiring 'Crypt::SSLeay::Version' failed

#   Failed test 'Net::SSL POD coverage'
#   at t/00-basic.t line 45.
# Net::SSL: requiring 'Net::SSL' failed
Undefined subroutine &main::main_ctx called at t/00-basic.t line 49.
# Tests were run but no plan was declared and done_testing() was not seen.
# Looks like your test exited with 255 just after 13.
t/00-basic.t ..... 
Dubious, test returned 255 (wstat 65280, 0xff00)
Failed 10/13 subtests 
Can't load '/tmp/loop_over_bdir-19833-GNDHfy/Crypt-SSLeay-0.72-0/blib/arch/auto/Crypt/SSLeay/SSLeay.so' for module Crypt::SSLeay: /tmp/loop_over_bdir-19833-GNDHfy/Crypt-SSLeay-0.72-0/blib/arch/auto/Crypt/SSLeay/SSLeay.so: undefined symbol: SSLv3_client_method at /home/sand/src/perl/repoperls/installed-perls/host/k93x64sid/v5.12.5/a3f9/lib/5.12.5/x86_64-linux-thread-multi-ld/DynaLoader.pm line 200.
 at /tmp/loop_over_bdir-19833-GNDHfy/Crypt-SSLeay-0.72-0/blib/lib/Net/SSL.pm line 20.
Compilation failed in require at /tmp/loop_over_bdir-19833-GNDHfy/Crypt-SSLeay-0.72-0/blib/lib/Net/SSL.pm line 20.
Compilation failed in require at t/01-connect.t line 6.
BEGIN failed--compilation aborted at t/01-connect.t line 6.
# Looks like your test exited with 2 before it could output anything.
t/01-connect.t ... 
Dubious, test returned 2 (wstat 512, 0x200)
Failed 8/8 subtests 
# Reading configuration from 'test.config' on linux
# network_tests : 0
t/02-live.t ...... skipped: Network tests disabled
Can't load '/tmp/loop_over_bdir-19833-GNDHfy/Crypt-SSLeay-0.72-0/blib/arch/auto/Crypt/SSLeay/SSLeay.so' for module Crypt::SSLeay: /tmp/loop_over_bdir-19833-GNDHfy/Crypt-SSLeay-0.72-0/blib/arch/auto/Crypt/SSLeay/SSLeay.so: undefined symbol: SSLv3_client_method at /home/sand/src/perl/repoperls/installed-perls/host/k93x64sid/v5.12.5/a3f9/lib/5.12.5/x86_64-linux-thread-multi-ld/DynaLoader.pm line 200.
 at /tmp/loop_over_bdir-19833-GNDHfy/Crypt-SSLeay-0.72-0/blib/lib/Crypt/SSLeay/Version.pm line 2.
Compilation failed in require at /tmp/loop_over_bdir-19833-GNDHfy/Crypt-SSLeay-0.72-0/blib/lib/Crypt/SSLeay/Version.pm line 2.
Compilation failed in require at t/03-version.t line 14.
BEGIN failed--compilation aborted at t/03-version.t line 14.
t/03-version.t ... 
Dubious, test returned 2 (wstat 512, 0x200)
No subtests run 
t/boilerplate.t .. ok
t/manifest.t ..... skipped: Author tests not required for installation

Test Summary Report
-------------------
t/00-basic.t   (Wstat: 65280 Tests: 13 Failed: 10)
  Failed tests:  1-5, 7-8, 11-13
  Non-zero exit status: 255
  Parse errors: No plan found in TAP output
t/01-connect.t (Wstat: 512 Tests: 0 Failed: 0)
  Non-zero exit status: 2
  Parse errors: Bad plan.  You planned 8 tests but ran 0.
t/03-version.t (Wstat: 512 Tests: 0 Failed: 0)
  Non-zero exit status: 2
  Parse errors: No plan found in TAP output
Files=6, Tests=22,  0 wallclock secs ( 0.02 usr  0.02 sys +  0.25 cusr  0.04 csys =  0.33 CPU)
Result: FAIL
Failed 3/6 test programs. 10/22 subtests failed.
Makefile:1080: recipe for target 'test_dynamic' failed
make: *** [test_dynamic] Error 255

------------------------------
PREREQUISITES
------------------------------

Prerequisite modules loaded:

requires:

    Module               Need     Have    
    -------------------- -------- --------
    LWP::Protocol::https 6.02     6.06    
    MIME::Base64         0        3.15    
    perl                 5.006    5.012005

build_requires:

    Module               Need     Have    
    -------------------- -------- --------
    ExtUtils::MakeMaker  0        7.18    
    Test::More           0.19     1.302040
    Try::Tiny            0.19     0.24    

configure_requires:

    Module               Need     Have    
    -------------------- -------- --------
    ExtUtils::CBuilder   0.280205 0.280224
    Getopt::Long         0        2.49    
    Path::Class          0.26     0.36    
    Try::Tiny            0.19     0.24    


------------------------------
ENVIRONMENT AND OTHER CONTEXT
------------------------------

Environment variables:

    AUTOMATED_TESTING = 1
    LANG = C
    PATH = /usr/lib/ccache:/home/sand/bin:/usr/local/bin:/usr/lib/ccache:/usr/bin:/bin:/usr/games:/usr/local/perl/bin:/usr/X11/bin:/sbin:/usr/sbin
    PERL5LIB = 
    PERL5OPT = 
    PERL5_CPANPLUS_IS_RUNNING = 19837
    PERL5_CPAN_IS_RUNNING = 19837
    PERL_CANARY_STABILITY_NOPROMPT = 1
    PERL_MM_USE_DEFAULT = 1
    SHELL = /usr/bin/zsh
    TERM = screen

Perl special variables (and OS-specific diagnostics, for MSWin32):

    $^X = /tmp/basesmoker-reloperl-sBrN/bin/perl
    $UID/$EUID = 1005 / 1005
    $GID = 1005 1005
    $EGID = 1005 1005

Perl module toolchain versions installed:

    Module              Have    
    ------------------- --------
    CPAN                2.14    
    CPAN::Meta          2.150005
    Cwd                 3.62    
    ExtUtils::CBuilder  0.280224
    ExtUtils::Command   7.18    
    ExtUtils::Install   1.55    
    ExtUtils::MakeMaker 7.18    
    ExtUtils::Manifest  1.70    
    ExtUtils::ParseXS   3.30    
    File::Spec          3.62    
    JSON                2.90    
    JSON::PP            2.27400 
    Module::Build       0.4218  
    Module::Signature   0.80    
    Parse::CPAN::Meta   1.4422  
    Test::Harness       3.36    
    Test::More          1.302040
    YAML                1.18    
    YAML::Syck          1.29    
    version             0.9917  


--

Summary of my perl5 (revision 5 version 12 subversion 5) configuration:
  Derived from: 9a9cbd715960a905dcbc9166349a73a64a007e4e
  Platform:
    osname=linux, osvers=4.6.0-1-amd64, archname=x86_64-linux-thread-multi-ld
    uname='linux k93x64sid 4.6.0-1-amd64 #1 smp debian 4.6.2-2 (2016-06-25) x86_64 gnulinux '
    config_args='-Dprefix=/home/sand/src/perl/repoperls/installed-perls/host/k93x64sid/v5.12.5/a3f9 -Dmyhostname=k93x64sid -Dinstallusrbinperl=n -Uversiononly -Dusedevel -des -Ui_db -Dlibswanted=cl pthread socket inet nsl gdbm dbm malloc dl ld sun m crypt sec util c cposix posix ucb BSD gdbm_compat -Duseithreads -Duselongdouble -DDEBUGGING=-g'
    hint=recommended, useposix=true, d_sigaction=define
    useithreads=define, usemultiplicity=define
    useperlio=define, d_sfio=undef, uselargefiles=define, usesocks=undef
    use64bitint=define, use64bitall=define, uselongdouble=define
    usemymalloc=n, bincompat5005=undef
  Compiler:
    cc='cc', ccflags ='-D_REENTRANT -D_GNU_SOURCE -fno-strict-aliasing -pipe -fstack-protector -I/usr/local/include -D_LARGEFILE_SOURCE -D_FILE_OFFSET_BITS=64',
    optimize='-O2 -g',
    cppflags='-D_REENTRANT -D_GNU_SOURCE -fno-strict-aliasing -pipe -fstack-protector -I/usr/local/include'
    ccversion='', gccversion='5.4.0 20160609', gccosandvers=''
    intsize=4, longsize=8, ptrsize=8, doublesize=8, byteorder=12345678
    d_longlong=define, longlongsize=8, d_longdbl=define, longdblsize=16
    ivtype='long', ivsize=8, nvtype='long double', nvsize=16, Off_t='off_t', lseeksize=8
    alignbytes=16, prototype=define
  Linker and Libraries:
    ld='cc', ldflags =' -fstack-protector -L/usr/local/lib'
    libpth=/usr/local/lib /lib/x86_64-linux-gnu /lib/../lib /usr/lib/x86_64-linux-gnu /usr/lib/../lib /lib /usr/lib
    libs=-lpthread -lnsl -ldl -lm -lcrypt -lutil -lc
    perllibs=-lpthread -lnsl -ldl -lm -lcrypt -lutil -lc
    libc=libc-2.23.so, so=so, useshrplib=false, libperl=libperl.a
    gnulibc_version='2.23'
  Dynamic Linking:
    dlsrc=dl_dlopen.xs, dlext=so, d_dlsymun=undef, ccdlflags='-Wl,-E'
    cccdlflags='-fPIC', lddlflags='-shared -O2 -g -L/usr/local/lib -fstack-protector'


Characteristics of this binary (from libperl): 
  Compile-time options: MULTIPLICITY PERL_DONT_CREATE_GVSV
                        PERL_IMPLICIT_CONTEXT PERL_MALLOC_WRAP PERL_USE_DEVEL
                        USE_64_BIT_ALL USE_64_BIT_INT USE_ITHREADS
                        USE_LARGE_FILES USE_LONG_DOUBLE USE_PERLIO
                        USE_PERL_ATOF USE_REENTRANT_API
  Locally applied patches:
	uncommitted-changes
  Built under linux
  Compiled at Jul 15 2016 00:34:52
  %ENV:
    PERL5LIB=""
    PERL5OPT=""
    PERL5_CPANPLUS_IS_RUNNING="19837"
    PERL5_CPAN_IS_RUNNING="19837"
    PERL_CANARY_STABILITY_NOPROMPT="1"
    PERL_MM_USE_DEFAULT="1"
  @INC:
    /home/sand/src/perl/repoperls/installed-perls/host/k93x64sid/v5.12.5/a3f9/lib/site_perl/5.12.5/x86_64-linux-thread-multi-ld
    /home/sand/src/perl/repoperls/installed-perls/host/k93x64sid/v5.12.5/a3f9/lib/site_perl/5.12.5
    /home/sand/src/perl/repoperls/installed-perls/host/k93x64sid/v5.12.5/a3f9/lib/5.12.5/x86_64-linux-thread-multi-ld
    /home/sand/src/perl/repoperls/installed-perls/host/k93x64sid/v5.12.5/a3f9/lib/5.12.5
    .