Report for Template-Plugin-Filter-VisualTruncate-0.05

Back
From: metabase:user:30f0bd62-2aae-11df-837a-5e0a49663a4f
Subject: FAIL Template-Plugin-Filter-VisualTruncate-0.05 v5.14.1 NetBSD
Date: 2011-08-10T18:30:15Z

This distribution has been tested as part of the CPAN Testers
project, supporting the Perl programming language.  See
http://wiki.cpantesters.org/ for more information or email
questions to cpan-testers-discuss@perl.org


--
Dear Tomohiro Hosaka,

This is a computer-generated report for Template-Plugin-Filter-VisualTruncate-0.05
on perl 5.14.1, created by CPAN-Reporter-1.1902.

Thank you for uploading your work to CPAN.  However, there was a problem
testing your distribution.

If you think this report is invalid, please consult the CPAN Testers Wiki
for suggestions on how to avoid getting FAIL reports for missing library
or binary dependencies, unsupported operating systems, and so on:

http://wiki.cpantesters.org/wiki/CPANAuthorNotes

Sections of this report:

    * Tester comments
    * Program output
    * Prerequisites
    * Environment and other context

------------------------------
TESTER COMMENTS
------------------------------

Additional comments from tester:

this report is from an automated smoke testing program
and was not reviewed by a human for accuracy

------------------------------
PROGRAM OUTPUT
------------------------------

Output from '/usr/bin/make test':

/home/sts/cpansmoke/perl-5.14.1/bin/perl "-Iinc" Makefile.PL --config= --installdeps=Test::Base,0,Template,0,Text::CharWidth,0.04,Text::VisualWidth,0.01,UNIVERSAL::require,0
Cannot determine perl version info from lib/Template/Plugin/Filter/VisualTruncate.pm
LEGAL WARNING: 'All rights reserved' may invalidate Open Source licenses. Consider removing it. at inc/Module/Install/Metadata.pm line 323.
PERL_DL_NONLAZY=1 /home/sts/cpansmoke/perl-5.14.1/bin/perl "-MExtUtils::Command::MM" "-e" "test_harness(0, 'inc', 'blib/lib', 'blib/arch')" t/00-load.t t/01-inernal_utf8.t t/02-utf8.t t/03-euc_jp.t t/04-locale.t t/boilerplate.t t/pod-coverage.t t/pod.t
# Testing Template::Plugin::Filter::VisualTruncate 0.05, Perl 5.014001, /home/sts/cpansmoke/perl-5.14.1/bin/perl
t/00-load.t .......... ok
t/01-inernal_utf8.t .. ok
t/02-utf8.t .......... ok
t/03-euc_jp.t ........ ok
"\x{672c}" does not map to ascii at /home/sts/cpansmoke/perl-5.14.1/lib/5.14.1/i386-netbsd-thread-multi/Encode.pm line 195.
# Looks like you planned 19 tests but ran 7.
# Looks like your test exited with 255 just after 7.
t/04-locale.t ........ 
Dubious, test returned 255 (wstat 65280, 0xff00)
Failed 12/19 subtests 
	(5 TODO tests unexpectedly succeeded)
t/boilerplate.t ...... ok
t/pod-coverage.t ..... skipped: Test::Pod::Coverage 1.04 required for testing POD coverage
t/pod.t .............. skipped: Test::Pod 1.14 required for testing POD

Test Summary Report
-------------------
t/04-locale.t      (Wstat: 65280 Tests: 7 Failed: 0)
  TODO passed:   3-7
  Non-zero exit status: 255
  Parse errors: Bad plan.  You planned 19 tests but ran 7.
Files=8, Tests=66,  3 wallclock secs ( 0.09 usr  0.05 sys +  1.25 cusr  0.43 csys =  1.82 CPU)
Result: FAIL
Failed 1/8 test programs. 0/66 subtests failed.
*** Error code 255

Stop.
make: stopped in /home/sts/cpansmoke/perl-5.14.1/cpan/build/Template-Plugin-Filter-VisualTruncate-0.05-3Sx3wh

------------------------------
PREREQUISITES
------------------------------

Prerequisite modules loaded:

requires:

    Module              Need Have
    ------------------- ---- ----
    Encode              2.23 2.42
    Template            0    2.22
    Test::Base          0    0.60
    Test::More          0.42 0.98
    Text::CharWidth     0.04 0.04
    Text::VisualWidth   0.01 0.02
    UNIVERSAL::require  0    0.13

build_requires:

    Module              Need Have
    ------------------- ---- ----
    ExtUtils::MakeMaker 0    6.58


------------------------------
ENVIRONMENT AND OTHER CONTEXT
------------------------------

Environment variables:

    AUTOMATED_TESTING = 1
    PATH = /home/sts/bin:/bin:/sbin:/usr/bin:/usr/sbin:/usr/X11R7/bin:/usr/X11R6/bin:/usr/pkg/bin:/usr/pkg/sbin:/usr/games:/usr/local/bin:/usr/local/sbin
    PERL5LIB = /home/sts/cpansmoke/perl-5.14.1/cpan/build/UNIVERSAL-require-0.13-ZuiAQW/blib/arch:/home/sts/cpansmoke/perl-5.14.1/cpan/build/UNIVERSAL-require-0.13-ZuiAQW/blib/lib:/home/sts/cpansmoke/perl-5.14.1/cpan/build/Template-Toolkit-2.22-HLB7_U/blib/arch:/home/sts/cpansmoke/perl-5.14.1/cpan/build/Template-Toolkit-2.22-HLB7_U/blib/lib:/home/sts/cpansmoke/perl-5.14.1/cpan/build/AppConfig-1.66-uII8SD/blib/arch:/home/sts/cpansmoke/perl-5.14.1/cpan/build/AppConfig-1.66-uII8SD/blib/lib:/home/sts/cpansmoke/perl-5.14.1/cpan/build/Text-CharWidth-0.04-NqwvhA/blib/arch:/home/sts/cpansmoke/perl-5.14.1/cpan/build/Text-CharWidth-0.04-NqwvhA/blib/lib:/home/sts/cpansmoke/perl-5.14.1/cpan/build/Text-VisualWidth-0.02-n_isAL/blib/arch:/home/sts/cpansmoke/perl-5.14.1/cpan/build/Text-VisualWidth-0.02-n_isAL/blib/lib:/home/sts/cpansmoke/perl-5.14.1/cpan/build/Test-Base-0.60-QcjWvw/blib/arch:/home/sts/cpansmoke/perl-5.14.1/cpan/build/Test-Base-0.60-QcjWvw/blib/lib:/home/sts/cpansmoke/perl-5.14.1/cpan/build/Spiffy-0.30-yGRMSw/blib/arch:/home/sts/cpansmoke/perl-5.14.1/cpan/build/Spiffy-0.30-yGRMSw/blib/lib
    PERL5OPT = 
    PERL5_CPANPLUS_IS_RUNNING = 22894
    PERL5_CPAN_IS_RUNNING = 22894
    PERL5_CPAN_IS_RUNNING_IN_RECURSION = 5966,22894
    PERL_CR_SMOKER_CURRENT = Template-Plugin-Filter-VisualTruncate-0.05
    PERL_EXTUTILS_AUTOINSTALL = --defaultdeps
    PERL_MM_USE_DEFAULT = 1
    SHELL = /usr/pkg/bin/bash
    TERM = screen
    TMPDIR = /home/sts/cpansmoke/tmp

Perl special variables (and OS-specific diagnostics, for MSWin32):

    $^X = /home/sts/cpansmoke/perl-5.14.1/bin/perl
    $UID/$EUID = 1000 / 1000
    $GID = 100 100 0
    $EGID = 100 100 0

Perl module toolchain versions installed:

    Module              Have    
    ------------------- --------
    CPAN                1.9800  
    Cwd                 3.36    
    ExtUtils::CBuilder  0.280203
    ExtUtils::Command   1.17    
    ExtUtils::Install   1.56    
    ExtUtils::MakeMaker 6.58    
    ExtUtils::Manifest  1.58    
    ExtUtils::ParseXS   2.2210  
    File::Spec          3.33    
    Module::Build       0.3800  
    Module::Signature   n/a     
    Test::Harness       3.23    
    Test::More          0.98    
    YAML                0.73    
    YAML::Syck          n/a     
    version             0.88    


--

Summary of my perl5 (revision 5 version 14 subversion 1) configuration:
   
  Platform:
    osname=netbsd, osvers=5.1, archname=i386-netbsd-thread-multi
    uname='netbsd cpansmoke2 5.1 netbsd 5.1 (xen3_domu) #0: sun nov 7 14:54:55 utc 2010 builds@b6.netbsd.org:homebuildsabnetbsd-5-1-releasei386201011061943z-objhomebuildsabnetbsd-5-1-releasesrcsysarchi386compilexen3_domu i386 '
    config_args='-des -Dusethreads -Dprefix=/home/sts/cpansmoke/perl-5.14.1'
    hint=recommended, useposix=true, d_sigaction=define
    useithreads=define, usemultiplicity=define
    useperlio=define, d_sfio=undef, uselargefiles=define, usesocks=undef
    use64bitint=undef, use64bitall=undef, uselongdouble=undef
    usemymalloc=n, bincompat5005=undef
  Compiler:
    cc='cc', ccflags ='-fno-strict-aliasing -pipe -fstack-protector -I/usr/pkg/include',
    optimize='-O',
    cppflags='-fno-strict-aliasing -pipe -fstack-protector -I/usr/pkg/include'
    ccversion='', gccversion='4.1.3 20080704 prerelease (NetBSD nb2 20081120)', gccosandvers=''
    intsize=4, longsize=4, ptrsize=4, doublesize=8, byteorder=1234
    d_longlong=define, longlongsize=8, d_longdbl=define, longdblsize=12
    ivtype='long', ivsize=4, nvtype='double', nvsize=8, Off_t='off_t', lseeksize=8
    alignbytes=4, prototype=define
  Linker and Libraries:
    ld='cc', ldflags =' -Wl,-rpath,/usr/pkg/lib -Wl,-rpath,/usr/local/lib -fstack-protector -L/usr/pkg/lib'
    libpth=/usr/pkg/lib /lib /usr/lib
    libs=-lm -lcrypt -lutil -lc -lposix -lpthread
    perllibs=-lm -lcrypt -lutil -lc -lposix -lpthread
    libc=/lib/libc.so, so=so, useshrplib=false, libperl=libperl.a
    gnulibc_version=''
  Dynamic Linking:
    dlsrc=dl_dlopen.xs, dlext=so, d_dlsymun=undef, ccdlflags='-Wl,-E '
    cccdlflags='-DPIC -fPIC ', lddlflags='--whole-archive -shared  -L/usr/pkg/lib -fstack-protector'


Characteristics of this binary (from libperl): 
  Compile-time options: MULTIPLICITY PERL_DONT_CREATE_GVSV
                        PERL_IMPLICIT_CONTEXT PERL_MALLOC_WRAP
                        PERL_PRESERVE_IVUV USE_ITHREADS USE_LARGE_FILES
                        USE_PERLIO USE_PERL_ATOF USE_REENTRANT_API
  Built under netbsd
  Compiled at Jul 18 2011 20:42:57
  %ENV:
    PERL5LIB="/home/sts/cpansmoke/perl-5.14.1/cpan/build/UNIVERSAL-require-0.13-ZuiAQW/blib/arch:/home/sts/cpansmoke/perl-5.14.1/cpan/build/UNIVERSAL-require-0.13-ZuiAQW/blib/lib:/home/sts/cpansmoke/perl-5.14.1/cpan/build/Template-Toolkit-2.22-HLB7_U/blib/arch:/home/sts/cpansmoke/perl-5.14.1/cpan/build/Template-Toolkit-2.22-HLB7_U/blib/lib:/home/sts/cpansmoke/perl-5.14.1/cpan/build/AppConfig-1.66-uII8SD/blib/arch:/home/sts/cpansmoke/perl-5.14.1/cpan/build/AppConfig-1.66-uII8SD/blib/lib:/home/sts/cpansmoke/perl-5.14.1/cpan/build/Text-CharWidth-0.04-NqwvhA/blib/arch:/home/sts/cpansmoke/perl-5.14.1/cpan/build/Text-CharWidth-0.04-NqwvhA/blib/lib:/home/sts/cpansmoke/perl-5.14.1/cpan/build/Text-VisualWidth-0.02-n_isAL/blib/arch:/home/sts/cpansmoke/perl-5.14.1/cpan/build/Text-VisualWidth-0.02-n_isAL/blib/lib:/home/sts/cpansmoke/perl-5.14.1/cpan/build/Test-Base-0.60-QcjWvw/blib/arch:/home/sts/cpansmoke/perl-5.14.1/cpan/build/Test-Base-0.60-QcjWvw/blib/lib:/home/sts/cpansmoke/perl-5.14.1/cpan/build/Spiffy-0.30-yGRMSw/blib/arch:/home/sts/cpansmoke/perl-5.14.1/cpan/build/Spiffy-0.30-yGRMSw/blib/lib"
    PERL5OPT=""
    PERL5_CPANPLUS_IS_RUNNING="22894"
    PERL5_CPAN_IS_RUNNING="22894"
    PERL5_CPAN_IS_RUNNING_IN_RECURSION="5966,22894"
    PERL_CR_SMOKER_CURRENT="Template-Plugin-Filter-VisualTruncate-0.05"
    PERL_EXTUTILS_AUTOINSTALL="--defaultdeps"
    PERL_MM_USE_DEFAULT="1"
  @INC:
    /home/sts/cpansmoke/perl-5.14.1/cpan/build/UNIVERSAL-require-0.13-ZuiAQW/blib/arch
    /home/sts/cpansmoke/perl-5.14.1/cpan/build/UNIVERSAL-require-0.13-ZuiAQW/blib/lib
    /home/sts/cpansmoke/perl-5.14.1/cpan/build/Template-Toolkit-2.22-HLB7_U/blib/arch
    /home/sts/cpansmoke/perl-5.14.1/cpan/build/Template-Toolkit-2.22-HLB7_U/blib/lib
    /home/sts/cpansmoke/perl-5.14.1/cpan/build/AppConfig-1.66-uII8SD/blib/arch
    /home/sts/cpansmoke/perl-5.14.1/cpan/build/AppConfig-1.66-uII8SD/blib/lib
    /home/sts/cpansmoke/perl-5.14.1/cpan/build/Text-CharWidth-0.04-NqwvhA/blib/arch
    /home/sts/cpansmoke/perl-5.14.1/cpan/build/Text-CharWidth-0.04-NqwvhA/blib/lib
    /home/sts/cpansmoke/perl-5.14.1/cpan/build/Text-VisualWidth-0.02-n_isAL/blib/arch
    /home/sts/cpansmoke/perl-5.14.1/cpan/build/Text-VisualWidth-0.02-n_isAL/blib/lib
    /home/sts/cpansmoke/perl-5.14.1/cpan/build/Test-Base-0.60-QcjWvw/blib/arch
    /home/sts/cpansmoke/perl-5.14.1/cpan/build/Test-Base-0.60-QcjWvw/blib/lib
    /home/sts/cpansmoke/perl-5.14.1/cpan/build/Spiffy-0.30-yGRMSw/blib/arch
    /home/sts/cpansmoke/perl-5.14.1/cpan/build/Spiffy-0.30-yGRMSw/blib/lib
    /home/sts/cpansmoke/perl-5.14.1/lib/site_perl/5.14.1/i386-netbsd-thread-multi
    /home/sts/cpansmoke/perl-5.14.1/lib/site_perl/5.14.1
    /home/sts/cpansmoke/perl-5.14.1/lib/5.14.1/i386-netbsd-thread-multi
    /home/sts/cpansmoke/perl-5.14.1/lib/5.14.1
    .