MooseX-Getopt-Usage v0.24 Perl 5 v5.41.13 amd64-freebsd-thread-multi
- Status
- Fail
- From
- Carlos Guevara
- Dist
-
MooseX-Getopt-Usage v0.24
- Platform
- Perl 5 v5.41.13 amd64-freebsd-thread-multi
- Date
- 2025-05-08 17:35:10
- ID
- ca5af4b8-2c32-11f0-ac9f-b5bb9e3d18cc
This distribution has been tested as part of the CPAN Testers
project, supporting the Perl programming language. See
http://wiki.cpantesters.org/ for more information or email
questions to cpan-testers-discuss@perl.org
--
Dear Mark Pitchless,
This is a computer-generated report for MooseX-Getopt-Usage-0.24
on perl 5.41.13, created by CPAN-Reporter-1.2020.
Thank you for uploading your work to CPAN. However, there was a problem
testing your distribution.
If you think this report is invalid, please consult the CPAN Testers Wiki
for suggestions on how to avoid getting FAIL reports for missing library
or binary dependencies, unsupported operating systems, and so on:
http://wiki.cpantesters.org/wiki/CPANAuthorNotes
Sections of this report:
* Tester comments
* Program output
* Prerequisites
* Environment and other context
------------------------------
TESTER COMMENTS
------------------------------
Additional comments from tester:
this report is from an automated smoke testing program
and was not reviewed by a human for accuracy
------------------------------
PROGRAM OUTPUT
------------------------------
Output from './Build test':
# Testing MooseX::Getopt::Usage 0.24, Perl 5.041013, /home/cpan/bin/perl/bin/perl5.41.13
t/00-load.t ........................ ok
# Failed test 'errors.pl --doom=lots; stdout like (?^:^Value "lots" invalid for option doom \(number expected\)\nUsage)'
# at /home/cpan/.cpan/build/MooseX-Getopt-Usage-0.24-0/t/lib/Basic/Test.pm line 29.
# (in Basic::Test->cmd_line_errors)
# 'Value "lots" invalid for option doom (integer number expected)
# Usage:
# errors.pl [OPTIONS]
#
# Options:
# --help -? --usage - Bool. Display the usage message and exit
# --man - Bool. Display man page
# --verbose - Bool.
# --doom - Int.
# --missile_launchers - OnOffAuto. Default=auto.
#
# '
# doesn't match '(?^:^Value "lots" invalid for option doom \(number expected\)\nUsage)'
# Looks like you failed 1 test of 9.
t/basic.t ..........................
Dubious, test returned 1 (wstat 256, 0x100)
Failed 1/9 subtests
t/bin.t ............................ ok
t/manifest.t ....................... skipped: Author tests not required for installation
t/moosex-getopt-usage-formatter.t .. ok
t/pod-coverage.t ................... ok
t/pod.t ............................ ok
Test Summary Report
-------------------
t/basic.t (Wstat: 256 (exited 1) Tests: 9 Failed: 1)
Failed test: 7
Non-zero exit status: 1
Files=7, Tests=93, 9 wallclock secs ( 0.02 usr 0.02 sys + 8.11 cusr 0.91 csys = 9.05 CPU)
Result: FAIL
Failed 1/7 test programs. 1/93 subtests failed.
------------------------------
PREREQUISITES
------------------------------
Prerequisite modules loaded:
requires:
Module Need Have
---------------------------- ---- --------
File::Basename 0 2.86
FindBin 0 1.54
Module::Loaded 0.06 0.08
Moose 1.23 2.2207
Moose::Util::TypeConstraints 0 2.2207
MooseX::Getopt 0 0.78
Pod::Text 0 v6.0.2
Pod::Usage 1.36 2.05
Term::ANSIColor 0 5.01
Term::ReadKey 0 2.38
Text::Wrap 0 2024.001
Try::Tiny 0.09 0.32
build_requires:
Module Need Have
---------------------------- ---- --------
Capture::Tiny 0.08 0.50
File::Slurp 0 9999.32
Test::Class 0.36 0.52
Test::Differences 0.5 0.71
Test::More 0 1.302211
configure_requires:
Module Need Have
---------------------------- ---- --------
Module::Build 0.4 0.4234
------------------------------
ENVIRONMENT AND OTHER CONTEXT
------------------------------
Environment variables:
AUTOMATED_TESTING = 1
DATE_MANIP_TEST_DM5 = 1
LANG = C.UTF-8
LC_ALL = C
NONINTERACTIVE_TESTING = 1
NO_NETWORK_TESTING = 1
PATH = /home/cpan/bin/perl/bin:/home/cpan/bin:/sbin:/bin:/usr/sbin:/usr/bin:/usr/local/sbin:/usr/local/bin:/home/cpan/bin
PERL5LIB =
PERL5OPT =
PERL5_CPANPLUS_IS_RUNNING = 73806
PERL5_CPAN_IS_RUNNING = 73806
PERL_MM_USE_DEFAULT = 1
PERL_USE_UNSAFE_INC = 1
SHELL = /usr/local/bin/bash
TERM = screen
TMPDIR = /home/cpan/tmp
Perl special variables (and OS-specific diagnostics, for MSWin32):
$^X = /home/cpan/bin/perl/bin/perl5.41.13
$UID/$EUID = 1002 / 1002
$GID = 1002 1002
$EGID = 1002 1002
Perl module toolchain versions installed:
Module Have
------------------- --------
CPAN 2.38
CPAN::Meta 2.150010
Cwd 3.94
ExtUtils::CBuilder 0.280241
ExtUtils::Command 7.74
ExtUtils::Install 2.22
ExtUtils::MakeMaker 7.74
ExtUtils::Manifest 1.75
ExtUtils::ParseXS 3.57
File::Spec 3.94
JSON 4.10
JSON::PP 4.16
Module::Build 0.4234
Module::Signature 0.89
Parse::CPAN::Meta 2.150010
Test2 1.302211
Test::Harness 3.50
Test::More 1.302211
YAML 1.31
YAML::Syck 1.34
version 0.9933
--
Summary of my perl5 (revision 5 version 41 subversion 13) configuration:
Commit id: 29cc8053c53cd1d31c48caef82b715a48368374d
Platform:
osname=freebsd
osvers=14.2-release-p1
archname=amd64-freebsd-thread-multi
uname='freebsd cjg-freebsd14 14.2-release-p1 freebsd 14.2-release-p1 generic amd64 '
config_args='-des -Dprefix=/home/cpan/bin/perl -Dscriptdir=/home/cpan/bin/perl/bin -Dusedevel -Duse64bitall -Duseithreads'
hint=recommended
useposix=true
d_sigaction=define
useithreads=define
usemultiplicity=define
use64bitint=define
use64bitall=define
uselongdouble=undef
usemymalloc=n
default_inc_excludes_dot=define
Compiler:
cc='cc'
ccflags ='-DHAS_FPSETMASK -DHAS_FLOATINGPOINT_H -DNO_POSIX_2008_LOCALE -fno-strict-aliasing -pipe -fstack-protector-strong -I/usr/local/include'
optimize='-O2'
cppflags='-DHAS_FPSETMASK -DHAS_FLOATINGPOINT_H -DNO_POSIX_2008_LOCALE -fno-strict-aliasing -pipe -fstack-protector-strong -I/usr/local/include'
ccversion=''
gccversion='FreeBSD Clang 18.1.6 (https://github.com/llvm/llvm-project.git llvmorg-18.1.6-0-g1118c2e05e67)'
gccosandvers=''
intsize=4
longsize=8
ptrsize=8
doublesize=8
byteorder=12345678
doublekind=3
d_longlong=define
longlongsize=8
d_longdbl=define
longdblsize=16
longdblkind=3
ivtype='long'
ivsize=8
nvtype='double'
nvsize=8
Off_t='off_t'
lseeksize=8
alignbytes=8
prototype=define
Linker and Libraries:
ld='cc'
ldflags ='-pthread -Wl,-E -fstack-protector-strong -L/usr/local/lib'
libpth=/usr/lib /usr/local/lib /usr/lib/clang/18/lib
libs=-lpthread -lgdbm -ldl -lm -lcrypt -lutil
perllibs=-lpthread -ldl -lm -lcrypt -lutil
libc=
so=so
useshrplib=false
libperl=libperl.a
gnulibc_version=''
Dynamic Linking:
dlsrc=dl_dlopen.xs
dlext=so
d_dlsymun=undef
ccdlflags=' '
cccdlflags='-DPIC -fPIC'
lddlflags='-shared -L/usr/local/lib -fstack-protector-strong'
Characteristics of this binary (from libperl):
Compile-time options:
HAS_LONG_DOUBLE
HAS_STRTOLD
HAS_TIMES
MULTIPLICITY
PERLIO_LAYERS
PERL_COPY_ON_WRITE
PERL_DONT_CREATE_GVSV
PERL_HASH_FUNC_SIPHASH13
PERL_HASH_USE_SBOX32
PERL_MALLOC_WRAP
PERL_OP_PARENT
PERL_PRESERVE_IVUV
PERL_USE_DEVEL
PERL_USE_SAFE_PUTENV
USE_64_BIT_ALL
USE_64_BIT_INT
USE_ITHREADS
USE_LARGE_FILES
USE_LOCALE
USE_LOCALE_COLLATE
USE_LOCALE_CTYPE
USE_LOCALE_NUMERIC
USE_LOCALE_TIME
USE_PERLIO
USE_PERL_ATOF
USE_REENTRANT_API
Built under freebsd
Compiled at May 8 2025 08:48:24
%ENV:
PERL5LIB=""
PERL5OPT=""
PERL5_CPANPLUS_IS_RUNNING="73806"
PERL5_CPAN_IS_RUNNING="73806"
PERL_MM_USE_DEFAULT="1"
PERL_USE_UNSAFE_INC="1"
@INC:
/home/cpan/bin/perl/lib/site_perl/5.41.13/amd64-freebsd-thread-multi
/home/cpan/bin/perl/lib/site_perl/5.41.13
/home/cpan/bin/perl/lib/5.41.13/amd64-freebsd-thread-multi
/home/cpan/bin/perl/lib/5.41.13
.