Crypt-OpenSSL-CA v0.91 Perl 5 v5.38.0 x86_64-linux

Status
Fail
From
Slaven Rezić
Dist
Crypt-OpenSSL-CA v0.91
Platform
Perl 5 v5.38.0 x86_64-linux
Date
2024-10-16 02:31:46
ID
ca35554a-8b66-11ef-af6f-a3426e8775ea
This distribution has been tested as part of the CPAN Testers
project, supporting the Perl programming language.  See
http://wiki.cpantesters.org/ for more information or email
questions to cpan-testers-discuss@perl.org


--
Dear Dominique Quatravaux,

This is a computer-generated report for Crypt-OpenSSL-CA-0.91
on perl 5.38.0, created by CPAN-Reporter-1.2019.

Thank you for uploading your work to CPAN.  However, there was a problem
testing your distribution.

If you think this report is invalid, please consult the CPAN Testers Wiki
for suggestions on how to avoid getting FAIL reports for missing library
or binary dependencies, unsupported operating systems, and so on:

http://wiki.cpantesters.org/wiki/CPANAuthorNotes

Sections of this report:

    * Tester comments
    * Program output
    * Prerequisites
    * Environment and other context

------------------------------
TESTER COMMENTS
------------------------------

Additional comments from tester:

none provided

------------------------------
PROGRAM OUTPUT
------------------------------

Output from './Build test':

"our" variable @ISA redeclared at /home/cpansand/.cpan/build/2024101520/Crypt-OpenSSL-CA-0.91-1/_build/lib/MyModuleBuilder.pm line 7.
t/10-unknown-method.t ............. ok
t/20-taint.t ...................... ok

# Failed test 'make-cert-chain.pl runs without errors'
# at t/example-make-cert-chain.t line 22.
# exited with code 65280
# -----BEGIN CERTIFICATE-----
# MIICYDCCAcmgAwIBAgIBATANBgkqhkiG9w0BAQUFADA2MQswCQYDVQQGDAJhdTEV
# MBMGA1UECwwMWW95b2R5bmUgSW5jMRAwDgYDVQQDDAd0ZXN0IENBMCAXDTA4MDIw
# NDEwMTUwMFoYDzIyMDgwMjA0MTAxNTAwWjA2MQswCQYDVQQGDAJhdTEVMBMGA1UE
# CwwMWW95b2R5bmUgSW5jMRAwDgYDVQQDDAd0ZXN0IENBMIGfMA0GCSqGSIb3DQEB
# AQUAA4GNADCBiQKBgQCtZgNySzp0kcnOf63i4R9n8trxPRXlu1aYwNMRBzYQ71Ta
# 6Fnyt6oUvirdIBtFJS1ob+I+vqar6GAhkDiPz458BHAvzGP5YHWcXH1WdefyoWDf
# R7BTXnvIEX6FUVNEyo8SRmV1t4QYbyjAjLayri4DFPG0NW1CwCu5k10EphaQTQID
# AQABo3wwejAPBgNVHRMBAf8EBTADAQH/MB0GA1UdDgQWBBRdV/jDhokB20MVKTty
# XzPd58E1ADBIBgNVHSMEQTA/oTqkODA2MQswCQYDVQQGDAJhdTEVMBMGA1UECwwM
# WW95b2R5bmUgSW5jMRAwDgYDVQQDDAd0ZXN0IENBggEBMA0GCSqGSIb3DQEBBQUA
# A4GBAA01MT7H1PcI8Cdv3mTA/U7csPIB/LVAuWrUOPRx48sncuDghmg7cvt58gNv
# KC0iwBQu17fWvM76oVa8ix5MqSW7Ucyii5Xi9FIcV97p5YhXYE9dQSbq56nq1lvI
# 62P5/MwbJU2RJpf0N5/5PQ7FGN4OZD/ySkfZo8N7d2Tps4/C
# -----END CERTIFICATE-----
# And here is a certificate using ripemd160 as the digest!
# Crypt::OpenSSL::CA: error: X509_sign failed
# error:0308010C:digital envelope routines::unsupported
# error:1C80007A:Provider routines::invalid digest
# error:1C8000AE:Provider routines::digest not allowed

# Failed test 'make-cert-chain.pl produced 2 certificates on standard output'
# at t/example-make-cert-chain.t line 28.
# +-----+----+-------+
# | GOT | OP | CHECK |
# +-----+----+-------+
# | 1   | eq | 2     |
# +-----+----+-------+
(If this table is too small, you can use the TABLE_TERM_SIZE=### env var to set a larger size, detected size is '78')

No point in testing anything else... at t/example-make-cert-chain.t line 28.
# Tests were run but no plan was declared and done_testing() was not seen.
# Looks like your test exited with 255 after test #2.
# Seeded srand with seed '20241015' from local date.
t/example-make-cert-chain.t ....... 
Dubious, test returned 255 (wstat 65280, 0xff00)
Failed 2/2 subtests 
t/example-make-crls.t ............. ok
    # Failed test 'authority key id'
    # at lib/Crypt/OpenSSL/CA.pm line 3995.
    # +-------------------------------------------+----+-------------------+
    # | GOT                                       | OP | CHECK             |
    # +-------------------------------------------+----+-------------------+
    # | Certificate:\n                            | =~ | (?^i:de.ad.be.ef) |
    # |     Data:\n                               |    |                   |
    # |         Version: 3 (0x2)\n                |    |                   |
    # |         Serial Number: 1 (0x1)\n          |    |                   |
    # |         Signature Algorithm: sha1WithRSAE |    |                   |
    # | ncryption\n                               |    |                   |
    # |         Issuer: \n                        |    |                   |
    # |         Validity\n                        |    |                   |
    # |             Not Before: Jan  1 00:00:00 1 |    |                   |
    # | 970 GMT\n                                 |    |                   |
    # |             Not After : Jan  1 00:00:00 1 |    |                   |
    # | 970 GMT\n                                 |    |                   |
    # |         Subject: \n                       |    |                   |
    # |         Subject Public Key Info:\n        |    |                   |
    # |             Public Key Algorithm: rsaEncr |    |                   |
    # | yption\n                                  |    |                   |
    # |                 Public-Key: (1024 bit)\n  |    |                   |
    # |                 Modulus:\n                |    |                   |
    # |                     00:df:19:89:a5:39:86: |    |                   |
    # | e9:1a:40:43:fd:a8:13:52:\n                |    |                   |
    # |                     78:b1:2d:c7:61:e8:7d: |    |                   |
    # | 57:33:5d:f0:d7:b4:5b:cd:\n                |    |                   |
    # |                     aa:00:ed:bc:99:0f:a2: |    |                   |
    # | fe:0e:7f:0c:65:de:bd:3e:\n                |    |                   |
    # |                     e5:dc:64:04:04:50:6e: |    |                   |
    # | 0e:7b:a4:32:01:c6:9f:b2:\n                |    |                   |
    # |                     f0:db:ed:21:e3:c8:91: |    |                   |
    # | cb:a0:f4:ce:b0:06:74:7b:\n                |    |                   |
    # |                     1f:f4:cc:82:55:a7:0f: |    |                   |
    # | 97:ca:9a:40:f1:f6:71:e9:\n                |    |                   |
    # |                     b9:ee:1c:a5:1a:6e:a7: |    |                   |
    # | e3:f3:73:8b:93:f0:02:7d:\n                |    |                   |
    # |                     04:81:5f:b6:dc:2f:b6: |    |                   |
    # | 3c:87:06:1c:64:97:2a:ca:\n                |    |                   |
    # |                     33:33:b7:d0:53:ee:80: |    |                   |
    # | a5:77\n                                   |    |                   |
    # |                 Exponent: 65537 (0x10001) |    |                   |
    # | \n                                        |    |                   |
    # |         X509v3 extensions:\n              |    |                   |
    # |             X509v3 Authority Key Identifi |    |                   |
    # | er: \n                                    |    |                   |
    # |                 0.\n                      |    |                   |
    # |     Signature Algorithm: sha1WithRSAEncry |    |                   |
    # | ption\n                                   |    |                   |
    # |     Signature Value:\n                    |    |                   |
    # |         5e:de:da:a3:76:22:13:65:89:be:a3: |    |                   |
    # | 50:71:49:d4:15:34:f8:\n                   |    |                   |
    # |         43:f7:e8:9e:f3:22:f6:cc:31:41:f1: |    |                   |
    # | 64:fb:68:ca:b8:ac:37:\n                   |    |                   |
    # |         f8:2d:15:1a:00:00:b8:73:e8:c9:12: |    |                   |
    # | 5f:16:b9:2f:d4:b2:92:\n                   |    |                   |
    # |         a1:cc:e4:64:c2:85:c6:09:ef:e1:56: |    |                   |
    # | 42:d3:1e:a8:c6:23:95:\n                   |    |                   |
    # |         13:c7:e2:5f:3a:98:ff:1b:61:28:9b: |    |                   |
    # | 55:fc:58:be:db:52:6d:\n                   |    |                   |
    # |         eb:34:d5:ad:e6:4a:09:cb:ea:35:54: |    |                   |
    # | 65:14:30:8b:3a:01:b1:\n                   |    |                   |
    # |         08:b3:c1:c8:ff:47:51:71:14:3b:65: |    |                   |
    # | dc:e3:8c:15:c6:0e:57:\n                   |    |                   |
    # |         3f:b1\n                           |    |                   |
    # +-------------------------------------------+----+-------------------+
    (If this table is too small, you can use the TABLE_TERM_SIZE=### env var to set a larger size, detected size is '74')

# Failed test 'Authority key identifier'
# at lib/Crypt/OpenSSL/CA.pm line 4019.
    # Failed test at lib/Crypt/OpenSSL/CA.pm line 4195.
    # +-------------------------------+----+-------------------------------+
    # | GOT                           | OP | CHECK                         |
    # +-------------------------------+----+-------------------------------+
    # | Certificate Revocation List ( | =~ | (?^:keyid.*DE:AD:BE:EF)       |
    # | CRL):\n                       |    |                               |
    # |         Version 2 (0x1)\n     |    |                               |
    # |         Signature Algorithm:  |    |                               |
    # | sha1WithRSAEncryption\n       |    |                               |
    # |         Issuer: C = AU, ST =  |    |                               |
    # | Some-State, O = Internet Widg |    |                               |
    # | its Pty Ltd\n                 |    |                               |
    # |         Last Update: Jan  1 0 |    |                               |
    # | 0:00:00 2007 GMT\n            |    |                               |
    # |         Next Update: Jan  1 0 |    |                               |
    # | 0:00:00 2057 GMT\n            |    |                               |
    # |         CRL extensions:\n     |    |                               |
    # |             X509v3 Authority  |    |                               |
    # | Key Identifier: \n            |    |                               |
    # |                 DirName:/C=AU |    |                               |
    # | /ST=Some-State/O=Internet Wid |    |                               |
    # | gits Pty Ltd\n                |    |                               |
    # |                 serial:41\n   |    |                               |
    # |             X509v3 CRL Number |    |                               |
    # | : critical\n                  |    |                               |
    # |                 7352416514438 |    |                               |
    # | 6\n                           |    |                               |
    # |             X509v3 Freshest C |    |                               |
    # | RL: \n                        |    |                               |
    # |                 Full Name:\n  |    |                               |
    # |                   URI:http:// |    |                               |
    # | www.example.com/deltacrl.crl\ |    |                               |
    # | n                             |    |                               |
    # | Revoked Certificates:\n       |    |                               |
    # |     Serial Number: 10\n       |    |                               |
    # |         Revocation Date: Feb  |    |                               |
    # | 12 10:00:00 2007 GMT\n        |    |                               |
    # |     Serial Number: 11\n       |    |                               |
    # |         Revocation Date: Feb  |    |                               |
    # | 12 10:01:00 2007 GMT\n        |    |                               |
    # |         CRL entry extensions: |    |                               |
    # | \n                            |    |                               |
    # |             X509v3 CRL Reason |    |                               |
    # |  Code: \n                     |    |                               |
    # |                 Unspecified\n |    |                               |
    # |     Serial Number: 12\n       |    |                               |
    # |         Revocation Date: Feb  |    |                               |
    # | 12 10:02:00 2007 GMT\n        |    |                               |
    # |         CRL entry extensions: |    |                               |
    # | \n                            |    |                               |
    # |             X509v3 CRL Reason |    |                               |
    # |  Code: \n                     |    |                               |
    # |                 Key Compromis |    |                               |
    # | e\n                           |    |                               |
    # |             Invalidity Date:  |    |                               |
    # | \n                            |    |                               |
    # |                 Feb 10 00:00: |    |                               |
    # | 00 2007 GMT\n                 |    |                               |
    # |     Serial Number: 42DEADBEEF |    |                               |
    # | 32\n                          |    |                               |
    # |         Revocation Date: Feb  |    |                               |
    # | 12 09:01:00 2007 GMT\n        |    |                               |
    # |         CRL entry extensions: |    |                               |
    # | \n                            |    |                               |
    # |             Hold Instruction  |    |                               |
    # | Code: \n                      |    |                               |
    # |                 1.2.840.10040 |    |                               |
    # | .2.4\n                        |    |                               |
    # |     Signature Algorithm: sha1 |    |                               |
    # | WithRSAEncryption\n           |    |                               |
    # |     Signature Value:\n        |    |                               |
    # |         2e:3f:f2:7c:95:9c:c5: |    |                               |
    # | 5d:4b:71:7c:b5:82:f6:b3:44:33 |    |                               |
    # | :8d:\n                        |    |                               |
    # |         60:f2:cb:ae:ee:11:45: |    |                               |
    # | 74:e8:5f:ab:d3:80:eb:b9:91:b3 |    |                               |
    # | :49:\n                        |    |                               |
    # |         78:06:c1:b8:5c:36:44: |    |                               |
    # | 79:b8:b1:4d:93:e2:70:a3:c9:aa |    |                               |
    # | :de:\n                        |    |                               |
    # |         b3:71:5b:77:81:29:d0: |    |                               |
    # | 63:29:e0:4d:79:d2:59:c4:ff:99 |    |                               |
    # | :77:\n                        |    |                               |
    # |         70:ed:ee:ea:50:2d:09: |    |                               |
    # | 38:cb:f7:09:ec:d4:04:89:a1:94 |    |                               |
    # | :6f:\n                        |    |                               |
    # |         a6:fa:08:a6:e8:d9:8b: |    |                               |
    # | 76:9d:7d:68:ac:b1:f7:43:b8:14 |    |                               |
    # | :11:\n                        |    |                               |
    # |         81:66:7c:fb:ad:92:e2: |    |                               |
    # | 8f:3e:92:61:95:59:c2:5e:7a:0d |    |                               |
    # | :01:\n                        |    |                               |
    # |         6c:c3\n               |    |                               |
    # +-------------------------------+----+-------------------------------+
    (If this table is too small, you can use the TABLE_TERM_SIZE=### env var to set a larger size, detected size is '74')

# Failed test 'Christmas-tree CRL'
# at lib/Crypt/OpenSSL/CA.pm line 4220.
    # Failed test at lib/Crypt/OpenSSL/CA.pm line 4302.
    # +-------------------------------------------+----+-------------------+
    # | GOT                                       | OP | CHECK             |
    # +-------------------------------------------+----+-------------------+
    # | Certificate:\n                            | =~ | (?^i:de.ad.be.ef) |
    # |     Data:\n                               |    |                   |
    # |         Version: 3 (0x2)\n                |    |                   |
    # |         Serial Number: 1 (0x1)\n          |    |                   |
    # |         Signature Algorithm: sha1WithRSAE |    |                   |
    # | ncryption\n                               |    |                   |
    # |         Issuer: \n                        |    |                   |
    # |         Validity\n                        |    |                   |
    # |             Not Before: Jan  1 00:00:00 1 |    |                   |
    # | 970 GMT\n                                 |    |                   |
    # |             Not After : Jan  1 00:00:00 1 |    |                   |
    # | 970 GMT\n                                 |    |                   |
    # |         Subject: \n                       |    |                   |
    # |         Subject Public Key Info:\n        |    |                   |
    # |             Public Key Algorithm: rsaEncr |    |                   |
    # | yption\n                                  |    |                   |
    # |                 RSA Public-Key: (1024 bit |    |                   |
    # | )\n                                       |    |                   |
    # |                 Modulus:\n                |    |                   |
    # |                     00:df:19:89:a5:39:86: |    |                   |
    # | e9:1a:40:43:fd:a8:13:52:\n                |    |                   |
    # |                     78:b1:2d:c7:61:e8:7d: |    |                   |
    # | 57:33:5d:f0:d7:b4:5b:cd:\n                |    |                   |
    # |                     aa:00:ed:bc:99:0f:a2: |    |                   |
    # | fe:0e:7f:0c:65:de:bd:3e:\n                |    |                   |
    # |                     e5:dc:64:04:04:50:6e: |    |                   |
    # | 0e:7b:a4:32:01:c6:9f:b2:\n                |    |                   |
    # |                     f0:db:ed:21:e3:c8:91: |    |                   |
    # | cb:a0:f4:ce:b0:06:74:7b:\n                |    |                   |
    # |                     1f:f4:cc:82:55:a7:0f: |    |                   |
    # | 97:ca:9a:40:f1:f6:71:e9:\n                |    |                   |
    # |                     b9:ee:1c:a5:1a:6e:a7: |    |                   |
    # | e3:f3:73:8b:93:f0:02:7d:\n                |    |                   |
    # |                     04:81:5f:b6:dc:2f:b6: |    |                   |
    # | 3c:87:06:1c:64:97:2a:ca:\n                |    |                   |
    # |                     33:33:b7:d0:53:ee:80: |    |                   |
    # | a5:77\n                                   |    |                   |
    # |                 Exponent: 65537 (0x10001) |    |                   |
    # | \n                                        |    |                   |
    # |         X509v3 extensions:\n              |    |                   |
    # |             X509v3 Authority Key Identifi |    |                   |
    # | er: \n                                    |    |                   |
    # |                 0.\n                      |    |                   |
    # |     Signature Algorithm: sha1WithRSAEncry |    |                   |
    # | ption\n                                   |    |                   |
    # |     Signature Value:\n                    |    |                   |
    # |         5e:de:da:a3:76:22:13:65:89:be:a3: |    |                   |
    # | 50:71:49:d4:15:34:f8:\n                   |    |                   |
    # |         43:f7:e8:9e:f3:22:f6:cc:31:41:f1: |    |                   |
    # | 64:fb:68:ca:b8:ac:37:\n                   |    |                   |
    # |         f8:2d:15:1a:00:00:b8:73:e8:c9:12: |    |                   |
    # | 5f:16:b9:2f:d4:b2:92:\n                   |    |                   |
    # |         a1:cc:e4:64:c2:85:c6:09:ef:e1:56: |    |                   |
    # | 42:d3:1e:a8:c6:23:95:\n                   |    |                   |
    # |         13:c7:e2:5f:3a:98:ff:1b:61:28:9b: |    |                   |
    # | 55:fc:58:be:db:52:6d:\n                   |    |                   |
    # |         eb:34:d5:ad:e6:4a:09:cb:ea:35:54: |    |                   |
    # | 65:14:30:8b:3a:01:b1:\n                   |    |                   |
    # |         08:b3:c1:c8:ff:47:51:71:14:3b:65: |    |                   |
    # | dc:e3:8c:15:c6:0e:57:\n                   |    |                   |
    # |         3f:b1\n                           |    |                   |
    # +-------------------------------------------+----+-------------------+
    (If this table is too small, you can use the TABLE_TERM_SIZE=### env var to set a larger size, detected size is '74')

    # Failed test at lib/Crypt/OpenSSL/CA.pm line 4307.
    # +-------------------------------------------+----+-------------------+
    # | GOT                                       | OP | CHECK             |
    # +-------------------------------------------+----+-------------------+
    # | Certificate Revocation List (CRL):\n      | =~ | (?^i:de.ad.be.ef) |
    # |         Version 2 (0x1)\n                 |    |                   |
    # |         Signature Algorithm: sha1WithRSAE |    |                   |
    # | ncryption\n                               |    |                   |
    # |         Issuer: \n                        |    |                   |
    # |         Last Update: Bad time value\n     |    |                   |
    # |         Next Update: NONE\n               |    |                   |
    # |         CRL extensions:\n                 |    |                   |
    # |             X509v3 Authority Key Identifi |    |                   |
    # | er: \n                                    |    |                   |
    # |                 0.\n                      |    |                   |
    # | No Revoked Certificates.\n                |    |                   |
    # |     Signature Algorithm: sha1WithRSAEncry |    |                   |
    # | ption\n                                   |    |                   |
    # |     Signature Value:\n                    |    |                   |
    # |         59:f0:e4:c2:28:1e:e4:44:d0:7b:98: |    |                   |
    # | 7e:6c:29:9f:a3:d3:70:\n                   |    |                   |
    # |         0b:be:36:41:f1:f0:a8:5f:1f:40:7f: |    |                   |
    # | e4:42:ff:99:fe:69:93:\n                   |    |                   |
    # |         90:ea:8f:1e:d1:2c:b0:04:64:bb:15: |    |                   |
    # | 6c:0f:52:73:ac:7e:f1:\n                   |    |                   |
    # |         94:2c:98:6b:e4:b3:ad:e9:6a:ad:da: |    |                   |
    # | d1:b4:78:11:89:72:91:\n                   |    |                   |
    # |         70:05:05:4b:82:4f:49:a1:e9:6a:df: |    |                   |
    # | cb:51:eb:ac:a0:ce:0f:\n                   |    |                   |
    # |         01:7d:a1:a9:52:35:87:6c:f3:9d:cc: |    |                   |
    # | 64:2e:20:0d:0f:d4:e9:\n                   |    |                   |
    # |         6c:76:4c:be:e0:18:bb:1b:7c:3a:61: |    |                   |
    # | f7:c7:c8:89:58:bc:3d:\n                   |    |                   |
    # |         c9:8c\n                           |    |                   |
    # +-------------------------------------------+----+-------------------+
    (If this table is too small, you can use the TABLE_TERM_SIZE=### env var to set a larger size, detected size is '74')

# Failed test 'obsolete authorityKeyIdentifier_keyid extension'
# at lib/Crypt/OpenSSL/CA.pm line 4308.
lib/Crypt/OpenSSL/CA.pm ........... 
Dubious, test returned 3 (wstat 768, 0x300)
Failed 3/45 subtests 
new 0x564e1a47e098 : SV = IV(0x564e1a47e088) at 0x564e1a47e098
  REFCNT = 1
  FLAGS = (IOK,pIOK)
  IV = 94893444388040
Use of uninitialized value $start_of_errors in addition (+) at lib/Crypt/OpenSSL/CA/Inline/C.pm line 761.
    # Failed test at lib/Crypt/OpenSSL/CA/Inline/C.pm line 760.
# Failed test 'sslcroak()'
# at lib/Crypt/OpenSSL/CA/Inline/C.pm line 769.
lib/Crypt/OpenSSL/CA/Inline/C.pm .. 
Dubious, test returned 1 (wstat 256, 0x100)
Failed 1/5 subtests 
    # Failed test at t/lib/Crypt/OpenSSL/CA/Test.pm line 2062.
    # +-------------------------------+----+-------------------------------+
    # | GOT                           | OP | CHECK                         |
    # +-------------------------------+----+-------------------------------+
    # | -----BEGIN PRIVATE KEY-----\n | eq | -----BEGIN RSA PRIVATE KEY--- |
    # | MIICeAIBADANBgkqhkiG9w0BAQEFA |    | --\n                          |
    # | ASCAmIwggJeAgEAAoGBAN8ZiaU5hu |    | MIICXgIBAAKBgQDfGYmlOYbpGkBD/ |
    # | kaQEP9\n                      |    | agTUnixLcdh6H1XM13w17RbzaoA7b |
    # | qBNSeLEtx2HofVczXfDXtFvNqgDtv |    | yZD6L+\n                      |
    # | JkPov4Ofwxl3r0+5dxkBARQbg57pD |    | Dn8MZd69PuXcZAQEUG4Oe6QyAcafs |
    # | IBxp+y\n                      |    | vDb7SHjyJHLoPTOsAZ0ex/0zIJVpw |
    # | 8NvtIePIkcug9M6wBnR7H/TMglWnD |    | +XyppA\n                      |
    # | 5fKmkDx9nHpue4cpRpup+Pzc4uT8A |    | 8fZx6bnuHKUabqfj83OLk/ACfQSBX |
    # | J9BIFf\n                      |    | 7bcL7Y8hwYcZJcqyjMzt9BT7oCldw |
    # | ttwvtjyHBhxklyrKMzO30FPugKV3A |    | IDAQAB\n                      |
    # | gMBAAECgYEA1YtSLy5TLggMf4fqOy |    | AoGBANWLUi8uUy4IDH+H6jskc5XUJ |
    # | RzldQl\n                      |    | cZXjLHM3xxKu74rq4/b/uvbBb58Da |
    # | xleMsczfHEq7viurj9v+69sFvnwNq |    | vGTl+C\n                      |
    # | 8ZOX4I27q9lEOQTlBVQ4vTEM9RJq5 |    | Nu6vZRDkE5QVUOL0xDPUSauY3RerF |
    # | jdF6sW\n                      |    | nMPdTZZ43WAKYbrrNqA0/xEpEAWv4 |
    # | cw91NlnjdYAphuus2oDT/ESkQBa/g |    | CxXAMI\n                      |
    # | LFcAwh/cF/bKkF0XMTbrweJpDG/// |    | f3Bf2ypBdFzE268HiaQxv//61ZtIj |
    # | rVm0iN\n                      |    | b7NDu8j6gcRLLVjU0RhAkEA9X0TZS |
    # | vs0O7yPqBxEstWNTRGECQQD1fRNlJ |    | cqGLFR\n                      |
    # | yoYsVHzgaxKW2ShLPHZD7p3zXKPML |    | 84GsSltkoSzx2Q+6d81yjzC27CtQg |
    # | bsK1CD\n                      |    | wEUCFhvFG69jAUzJASogac0hmkGa1 |
    # | ARQIWG8Ubr2MBTMkBKiBpzSGaQZrW |    | lVzylO\n                      |
    # | VXPKU7kPbCAvbg/AkEA6KcL97LhcT |    | 5D2wgL24PwJBAOinC/ey4XE3isah8 |
    # | eKxqHz\n                      |    | 6Kpgfj8yVj5vtLEodBkUmhNOIrgiH |
    # | oqmB+PzJWPm+0sSh0GRSaE04iuCIe |    | t6+QE+\n                      |
    # | 3r5AT7ljCt4mKTNEHYGz2J2CWD5// |    | 5YwreJikzRB2Bs9idglg+f/0nqlLd |
    # | SeqUt0\n                      |    | KLWBMkCQQDZNxvjRD0+biAKa/IMNU |
    # | otYEyQJBANk3G+NEPT5uIApr8gw1R |    | QcTU2N\n                      |
    # | BxNTY34GdGJy1UiEKl2Rh405QnhXi |    | +BnRictVIhCpdkYeNOUJ4V4gYUB81 |
    # | BhQHzV\n                      |    | dkDhM+pMU8Lo4CXmguQa4ev81nrAH |
    # | 2QOEz6kxTwujgJeaC5Brh6/zWesAd |    | Q3AkBh\n                      |
    # | DcCQGF99tbin/Q4qS/Zl+X3EF8NVz |    | ffbW4p/0OKkv2Zfl9xBfDVc2sNlVK |
    # | aw2VUr\n                      |    | 07/q7qYuJtUHwkybXLBIeFBXsoXdR |
    # | Tv+rupi4m1QfCTJtcsEh4UFeyhd1H |    | /1oO/z\n                      |
    # | /Wg7/OhuALwH3Mxx/b7hrHh63kCQQ |    | obgC8B9zMcf2+4ax4et5AkEAsNLkU |
    # | Cw0uRS\n                      |    | pS5EmsdlyuUnHxg5jU30o8XSUznmz |
    # | lLkSax2XK5ScfGDmNTfSjxdJTOebN |    | R7OX/H\n                      |
    # | Hs5f8eE/fqsaCsTiZyUPQuBrNFEyO |    | hP36rGgrE4mclD0LgazRRMjmWFzT6 |
    # | ZYXNPr\n                      |    | /RtiQb5OnfFxXaDTQ==\n         |
    # | 9G2JBvk6d8XFdoNN\n            |    | -----END RSA PRIVATE KEY----- |
    # | -----END PRIVATE KEY-----\n   |    | \n                            |
    # +-------------------------------+----+-------------------------------+
    (If this table is too small, you can use the TABLE_TERM_SIZE=### env var to set a larger size, detected size is '74')

    # Failed test at t/lib/Crypt/OpenSSL/CA/Test.pm line 2062.
    # +-------------------------------+----+-------------------------------+
    # | GOT                           | OP | CHECK                         |
    # +-------------------------------+----+-------------------------------+
    # | -----BEGIN PRIVATE KEY-----\n | eq | -----BEGIN RSA PRIVATE KEY--- |
    # | MIIEvQIBADANBgkqhkiG9w0BAQEFA |    | --\n                          |
    # | ASCBKcwggSjAgEAAoIBAQCxupRLyk |    | MIIEowIBAAKCAQEAsbqUS8pGlr4ED |
    # | aWvgQP\n                      |    | 9mmZnBBqvf9zl7Z0NR9LZzX2yXsc2 |
    # | 2aZmcEGq9/3OXtnQ1H0tnNfbJexzY |    | GMgjol\n                      |
    # | YyCOiU1CP8KsMoeNMvdUun4FwGKec |    | NQj/CrDKHjTL3VLp+BcBinnJIxhdX |
    # | kjGF1e\n                      |    | g7joGxodJ2huPjOP+T0wmzmhdqLW/ |
    # | DuOgbGh0naG4+M4/5PTCbOaF2otb8 |    | Mz3PqF\n                      |
    # | zPc+oUGh3tmgiLhLnlV4zQbeTBRD6 |    | Bod7ZoIi4S55VeM0G3kwUQ+v4Ih5x |
    # | /giHnF\n                      |    | YFFgvhHPz4xJ5g7vde+N9BiNp5w+u |
    # | gUWC+Ec/PjEnmDu917430GI2nnD66 |    | vzma/T\n                      |
    # | /OZr9NnyxFYMhSlufwWRGCtR6LLa9 |    | Z8sRWDIUpbn8FkRgrUeiy2vUKgwJf |
    # | QqDAl+\n                      |    | g720prxxi/Ru1RQRnBcC22k2FFppL |
    # | DvbSmvHGL9G7VFBGcFwLbaTYUWmkv |    | 0MBIat\n                      |
    # | QwEhq01yZ/bp+yAIJpygsnWMg6kJa |    | Ncmf26fsgCCacoLJ1jIOpCWoZASOY |
    # | hkBI5h\n                      |    | TRStSlmy2MhfSAyW+k7C/ZkYlvPtA |
    # | NFK1KWbLYyF9IDJb6TsL9mRiW8+0B |    | QJGaLA\n                      |
    # | AkZosD5jdm4Ra7SMtiTjzY+FyNp2I |    | +Y3ZuEWu0jLYk482PhcjadiEcGd9j |
    # | RwZ32N\n                      |    | e9IjRhj2QIDAQABAoIBADh9EvFb4z |
    # | 70iNGGPZAgMBAAECggEAOH0S8VvjP |    | +6OVRI\n                      |
    # | 7o5VEhbSSfY11xnARbIqEVBXCQDv5 |    | W0kn2NdcZwEWyKhFQVwkA7+VuCecE |
    # | W4J5wT\n                      |    | 6q4jGbk6xscwcEECt/XoKHHviejOb |
    # | qriMZuTrGxzBwQQK39egoce+J6M5u |    | i738Er\n                      |
    # | LvfwSt+UdjjAl2vrzj1ZP2CheFTC6 |    | flHY4wJdr6849WT9goXhUwusQKsDC |
    # | xAqwML\n                      |    | 7LqtSk0GpakOi3UNaCEzGUHCcJZ+A |
    # | suq1KTQalqQ6LdQ1oITMZQcJwln4D |    | 6nkfyi\n                      |
    # | qeR/KJv04bSLlm4Cduq8VYHEXpcHP |    | b9OG0i5ZuAnbqvFWBxF6XBz8EvDNU |
    # | wS8M1R\n                      |    | dc2OWSr4IWkweBJlFp9Cj3th574b+ |
    # | 1zY5ZKvghaTB4EmUWn0KPe2Hnvhv4 |    | PzO7Tl\n                      |
    # | /M7tOWCuBflSFzXfstOq6xpPs6SKt |    | grgX5Uhc137LTqusaT7OkirUyRMHF |
    # | TJEwcV\n                      |    | R1ryvgTYe99OFqSdS6jZpE6Gyijqi |
    # | HWvK+BNh7304WpJ1LqNmkTobKKOqI |    | Hlesfd\n                      |
    # | eV6x92b5UoxQZ/oXdsF+YdLf3QBBO |    | m+VKMUGf6F3bBfmHS390AQTmKGSq7 |
    # | YoZKru\n                      |    | gB+K1aYNKTQJyDIvTgqhg1otBZ+vc |
    # | AH4rVpg0pNAnIMi9OCqGDWi0Fn69w |    | FnrDhu\n                      |
    # | WesOG5bvFdhuQKBgQDoAVF0feApAF |    | W7xXYbkCgYEA6AFRdH3gKQBfqcmUf |
    # | +pyZR/\n                      |    | +Jfi8a8vadSM40ggWbHd00fon2D2Z |
    # | 4l+Lxry9p1IzjSCBZsd3TR+ifYPZm |    | phsXU0\n                      |
    # | mGxdTS0ZH7fMWD71TMvuR6BQClwjk |    | tGR+3zFg+9UzL7kegUApcI5F3vHai |
    # | Xe8dqK\n                      |    | hamh2x9T4Dz4Lzsr3EBwCzQo1Cmb9 |
    # | FqaHbH1PgPPgvOyvcQHALNCjUKZv1 |    | d/xtyn\n                      |
    # | 3/G3KfWKcGKus/BI98Hj0yA/PLnKi |    | 1inBirrPwSPfB49MgPzy5yokbaVpo |
    # | RtpWmi\n                      |    | la23seZfDA5wYE3N6MZ5vElPkMCgY |
    # | Vrbex5l8MDnBgTc3oxnm8SU+QwKBg |    | EAxBw2\n                      |
    # | QDEHDbv5laA/YYtJscda/GOGTRhF2 |    | 7+ZWgP2GLSbHHWvxjhk0YRdqiLEis |
    # | qIsSKx\n                      |    | XUV/7Xr0dlr5CAHRiuGwocOBpmBvy |
    # | dRX/tevR2WvkIAdGK4bChw4GmYG/J |    | Xiyfnw\n                      |
    # | eLJ+fAYDST3JqfJxFCi5BNBJtDWNX |    | GA0k9yanycRQouQTQSbQ1jV4yCZS4 |
    # | jIJlLh\n                      |    | QLTCHsMQ53r1p48TtSB8/RHYK9/HK |
    # | AtMIewxDnevWnjxO1IHz9Edgr38cq |    | lrybn4\n                      |
    # | WvJufiBEKS9WgkE/eOcVOMtwGS19V |    | gRCkvVoJBP3jnFTjLcBktfVTsPbwM |
    # | Ow9vAy\n                      |    | qU3TkGUibMCgYBa5tlReVhw+DKDRf |
    # | pTdOQZSJswKBgFrm2VF5WHD4MoNF9 |    | YnPT0O\n                      |
    # | ic9PQ55Kc5tVqnYK9pHuPOnhjOWVi |    | eSnObVap2CvaR7jzp4YzllYo1nJco |
    # | jWclyj\n                      |    | 32pCI8lSCWlxl0t36xyG/+gmD4MIl |
    # | fakIjyVIJaXGXS3frHIb/6CYPgwiW |    | rsK//H\n                      |
    # | uwr/8ej3F1gOy3dGCeNcZAofv7eRL |    | o9xdYDst3RgnjXGQKH7+3kS4IYlxE |
    # | ghiXET\n                      |    | 1e3c9jfUF7CYBmszpq9F17c8Agh5e |
    # | V7dz2N9QXsJgGazOmr0XXtzwCCHl4 |    | PDtZIl\n                      |
    # | 8O1kiUrs5mTE64bwNTN1QJFjcAdAo |    | K7OZkxOuG8DUzdUCRY3AHQKBgQCt3 |
    # | GBAK3e\n                      |    | jX2y8i15BApx8+RDjrDOSVvT0tslV |
    # | NfbLyLXkECnHz5EOOsM5JW9PS2yVX |    | +k5aHz\n                      |
    # | 6TlofNsXv9WPImsu8ZCoN+mzZCcWK |    | bF7/VjyJrLvGQqDfps2QnFikF/rSB |
    # | QX+tIH\n                      |    | 34OVNkJJoRsJlk3ke5gPQG6aP4Etb |
    # | fg5U2QkmhGwmWTeR7mA9Abpo/gS1t |    | WVOOPR\n                      |
    # | ZU449EJBv6L7KQC9oUNc4nOcdoOvi |    | CQb+i+ykAvaFDXOJznHaDr4rsymVW |
    # | uzKZVY\n                      |    | AQyqYblOgX1HwPFfp1L2t9vU2o34z |
    # | BDKphuU6BfUfA8V+nUva329TajfjN |    | diL4ix\n                      |
    # | 2IviLEhA4hxAoGAEfMtwHa3LKiiwi |    | IQOIcQKBgBHzLcB2tyyoosIpj88Ke |
    # | mPzwp7\n                      |    | 2m2UFt34b6KskjV5CgrKyvgTV8uZU |
    # | abZQW3fhvoqySNXkKCsrK+BNXy5lQ |    | I3bSFU\n                      |
    # | jdtIVSdehZEXE0T2M4QINlQV0jDPi |    | nXoWRFxNE9jOECDZUFdIwz4tdjKHG |
    # | 12Mocb\n                      |    | 3bIXYX3qzDGhbfwxze3G/5g0lEWUa |
    # | dshdhferMMaFt/DHN7cb/mDSURZRp |    | bBjtjY\n                      |
    # | sGO2NjV3Ow9frpuc0dPV3AX0r5mKU |    | 1dzsPX66bnNHT1dwF9K+ZilNKIpUU |
    # | 0oilRQ\n                      |    | EPisXEsLZ28n579qZbP1vmL\n     |
    # | Q+KxcSwtnbyfnv2pls/W+Ys=\n    |    | -----END RSA PRIVATE KEY----- |
    # | -----END PRIVATE KEY-----\n   |    | \n                            |
    # +-------------------------------+----+-------------------------------+
    (If this table is too small, you can use the TABLE_TERM_SIZE=### env var to set a larger size, detected size is '74')

# Failed test '%test_keys_plaintext and %test_keys_password'
# at t/lib/Crypt/OpenSSL/CA/Test.pm line 2065.
t/lib/Crypt/OpenSSL/CA/Test.pm .... 
Dubious, test returned 1 (wstat 256, 0x100)
Failed 1/14 subtests 

Test Summary Report
-------------------
t/example-make-cert-chain.t     (Wstat: 65280 (exited 255) Tests: 2 Failed: 2)
  Failed tests:  1-2
  Non-zero exit status: 255
  Parse errors: No plan found in TAP output
lib/Crypt/OpenSSL/CA.pm         (Wstat: 768 (exited 3) Tests: 45 Failed: 3)
  Failed tests:  33, 39, 44
  Non-zero exit status: 3
lib/Crypt/OpenSSL/CA/Inline/C.pm (Wstat: 256 (exited 1) Tests: 5 Failed: 1)
  Failed test:  5
  Non-zero exit status: 1
t/lib/Crypt/OpenSSL/CA/Test.pm  (Wstat: 256 (exited 1) Tests: 14 Failed: 1)
  Failed test:  13
  Non-zero exit status: 1
Files=7, Tests=96, 79 wallclock secs ( 0.07 usr  0.01 sys + 75.89 cusr  2.24 csys = 78.21 CPU)
Result: FAIL
Failed 4/7 test programs. 7/96 subtests failed.

------------------------------
PREREQUISITES
------------------------------

Prerequisite modules loaded:

requires:

    Module                Need  Have      
    --------------------- ----- ----------
    perl                  5.008 5.038000  

build_requires:

    Module                Need  Have      
    --------------------- ----- ----------
    Convert::ASN1         0.2   0.33      
    Devel::Leak           0     0.04      
    Devel::Mallinfo       0     14        
    File::Slurp           0     9999.32   
    File::Which           0     1.27      
    Inline                0.4   0.86      
    Inline::C             0     0.82      
    IPC::Run              0     20231003.0
    Module::Build         0.29  0.4234    
    Net::SSLeay           1.25  1.92      
    Test2::API            0     1.302203  
    Test2::Tools::Basic   0     1.302203  
    Test2::Tools::Compare 0     1.302203  
    Test2::V0             0     1.302203  
    Test::Taint           0     1.08      

configure_requires:

    Module                Need  Have      
    --------------------- ----- ----------
    Inline                0.4   0.86      
    Inline::C             0     0.82      
    Module::Build         0.29  0.4234    


------------------------------
ENVIRONMENT AND OTHER CONTEXT
------------------------------

Environment variables:

    LANG = C
    PATH = /usr/local/bin:/usr/bin:/bin:/usr/local/sbin:/usr/sbin:/sbin:/home/cpansand/bin/linux-gnu:/home/cpansand/bin/sh:/home/cpansand/bin:/usr/games:/home/cpansand/devel:/home/eserte/src/srezic-misc/scripts
    PERL5LIB = /home/cpansand/.local/share/.cpan/build/2024101520/Devel-Mallinfo-14-1/blib/arch:/home/cpansand/.local/share/.cpan/build/2024101520/Devel-Mallinfo-14-1/blib/lib:/home/cpansand/.local/share/.cpan/build/2024101520/Devel-Leak-0.04-1/blib/arch:/home/cpansand/.local/share/.cpan/build/2024101520/Devel-Leak-0.04-1/blib/lib
    PERL5OPT = 
    PERL5_CPANPLUS_IS_RUNNING = 3794277
    PERL5_CPAN_IS_RUNNING = 3794277
    PERL5_CPAN_IS_RUNNING_IN_RECURSION = 3790553,3794277
    PERLDOC = -MPod::Perldoc::ToTextOverstrike
    PERL_BATCH = yes
    PERL_CANARY_STABILITY_NOPROMPT = 1
    PERL_CPAN_REPORTER_CONFIG = /var/tmp/cpansmoker-1023/2024101520/cpanreporter_001_config.ini
    PERL_EXTUTILS_AUTOINSTALL = --defaultdeps
    PERL_USE_UNSAFE_INC = 1
    SHELL = /usr/bin/zsh
    TERM = screen
    TMPDIR = /var/tmp/cpansmoker-1023/2024101520

Perl special variables (and OS-specific diagnostics, for MSWin32):

    $^X = /opt/perl-5.38.0/bin/perl
    $UID/$EUID = 1023 / 1023
    $GID = 1023 1023
    $EGID = 1023 1023

Perl module toolchain versions installed:

    Module              Have    
    ------------------- --------
    CPAN                2.37    
    CPAN::Meta          2.150010
    Cwd                 3.89    
    ExtUtils::CBuilder  0.280238
    ExtUtils::Command   7.70    
    ExtUtils::Install   2.22    
    ExtUtils::MakeMaker 7.70    
    ExtUtils::Manifest  1.73    
    ExtUtils::ParseXS   3.51    
    File::Spec          3.88    
    JSON                4.10    
    JSON::PP            4.16    
    Module::Build       0.4234  
    Module::Signature   0.88    
    Parse::CPAN::Meta   2.150010
    Test2               1.302203
    Test::Harness       3.48    
    Test::More          1.302203
    YAML                1.31    
    YAML::Syck          1.34    
    version             0.9929  


--

Summary of my perl5 (revision 5 version 38 subversion 0) configuration:
   
  Platform:
    osname=linux
    osvers=5.15.0-76-generic
    archname=x86_64-linux
    uname='linux cloud14.bbbike.org 5.15.0-76-generic #83-ubuntu smp thu jun 15 19:16:32 utc 2023 x86_64 x86_64 x86_64 gnulinux '
    config_args='-ds -e -Dprefix=/opt/perl-5.38.0 -Dcf_email=srezic@cpan.org'
    hint=recommended
    useposix=true
    d_sigaction=define
    useithreads=undef
    usemultiplicity=undef
    use64bitint=define
    use64bitall=define
    uselongdouble=undef
    usemymalloc=n
    default_inc_excludes_dot=define
  Compiler:
    cc='cc'
    ccflags ='-fwrapv -fno-strict-aliasing -pipe -fstack-protector-strong -I/usr/local/include -D_LARGEFILE_SOURCE -D_FILE_OFFSET_BITS=64'
    optimize='-O2'
    cppflags='-fwrapv -fno-strict-aliasing -pipe -fstack-protector-strong -I/usr/local/include'
    ccversion=''
    gccversion='11.3.0'
    gccosandvers=''
    intsize=4
    longsize=8
    ptrsize=8
    doublesize=8
    byteorder=12345678
    doublekind=3
    d_longlong=define
    longlongsize=8
    d_longdbl=define
    longdblsize=16
    longdblkind=3
    ivtype='long'
    ivsize=8
    nvtype='double'
    nvsize=8
    Off_t='off_t'
    lseeksize=8
    alignbytes=8
    prototype=define
  Linker and Libraries:
    ld='cc'
    ldflags =' -fstack-protector-strong -L/usr/local/lib'
    libpth=/usr/local/lib /usr/lib/x86_64-linux-gnu /usr/lib /usr/lib64
    libs=-lpthread -lgdbm -ldb -ldl -lm -lcrypt -lutil -lc
    perllibs=-lpthread -ldl -lm -lcrypt -lutil -lc
    libc=/lib/x86_64-linux-gnu/libc.so.6
    so=so
    useshrplib=false
    libperl=libperl.a
    gnulibc_version='2.35'
  Dynamic Linking:
    dlsrc=dl_dlopen.xs
    dlext=so
    d_dlsymun=undef
    ccdlflags='-Wl,-E'
    cccdlflags='-fPIC'
    lddlflags='-shared -O2 -L/usr/local/lib -fstack-protector-strong'


Characteristics of this binary (from libperl): 
  Compile-time options:
    HAS_LONG_DOUBLE
    HAS_STRTOLD
    HAS_TIMES
    PERLIO_LAYERS
    PERL_COPY_ON_WRITE
    PERL_DONT_CREATE_GVSV
    PERL_HASH_FUNC_SIPHASH13
    PERL_HASH_USE_SBOX32
    PERL_MALLOC_WRAP
    PERL_OP_PARENT
    PERL_PRESERVE_IVUV
    PERL_USE_SAFE_PUTENV
    USE_64_BIT_ALL
    USE_64_BIT_INT
    USE_LARGE_FILES
    USE_LOCALE
    USE_LOCALE_COLLATE
    USE_LOCALE_CTYPE
    USE_LOCALE_NUMERIC
    USE_LOCALE_TIME
    USE_PERLIO
    USE_PERL_ATOF
  Built under linux
  Compiled at Jul  8 2023 12:27:40
  %ENV:
    PERL5LIB="/home/cpansand/.local/share/.cpan/build/2024101520/Devel-Mallinfo-14-1/blib/arch:/home/cpansand/.local/share/.cpan/build/2024101520/Devel-Mallinfo-14-1/blib/lib:/home/cpansand/.local/share/.cpan/build/2024101520/Devel-Leak-0.04-1/blib/arch:/home/cpansand/.local/share/.cpan/build/2024101520/Devel-Leak-0.04-1/blib/lib"
    PERL5OPT=""
    PERL5_CPANPLUS_IS_RUNNING="3794277"
    PERL5_CPAN_IS_RUNNING="3794277"
    PERL5_CPAN_IS_RUNNING_IN_RECURSION="3790553,3794277"
    PERLDOC="-MPod::Perldoc::ToTextOverstrike"
    PERL_BATCH="yes"
    PERL_CANARY_STABILITY_NOPROMPT="1"
    PERL_CPAN_REPORTER_CONFIG="/var/tmp/cpansmoker-1023/2024101520/cpanreporter_001_config.ini"
    PERL_EXTUTILS_AUTOINSTALL="--defaultdeps"
    PERL_USE_UNSAFE_INC="1"
  @INC:
    /home/cpansand/.local/share/.cpan/build/2024101520/Devel-Mallinfo-14-1/blib/arch
    /home/cpansand/.local/share/.cpan/build/2024101520/Devel-Mallinfo-14-1/blib/lib
    /home/cpansand/.local/share/.cpan/build/2024101520/Devel-Leak-0.04-1/blib/arch
    /home/cpansand/.local/share/.cpan/build/2024101520/Devel-Leak-0.04-1/blib/lib
    /opt/perl-5.38.0/lib/site_perl/5.38.0/x86_64-linux
    /opt/perl-5.38.0/lib/site_perl/5.38.0
    /opt/perl-5.38.0/lib/5.38.0/x86_64-linux
    /opt/perl-5.38.0/lib/5.38.0
    .