Report for Catalyst-Plugin-I18N-0.10

Back
From: metabase:user:320bfe00-2aae-11df-837a-5e0a49663a4f
Subject: FAIL Catalyst-Plugin-I18N-0.10 v5.13.5 GNU/Linux
Date: 2011-01-13T14:31:19Z

This distribution has been tested as part of the CPAN Testers
project, supporting the Perl programming language.  See
http://wiki.cpantesters.org/ for more information or email
questions to cpan-testers-discuss@perl.org


--
Dear Tomas Doran,

This is a computer-generated report for Catalyst-Plugin-I18N-0.10
on perl 5.13.5, created by CPAN-Reporter-1.18_06.

Thank you for uploading your work to CPAN.  However, there was a problem
testing your distribution.

If you think this report is invalid, please consult the CPAN Testers Wiki
for suggestions on how to avoid getting FAIL reports for missing library
or binary dependencies, unsupported operating systems, and so on:

http://wiki.cpantesters.org/wiki/CPANAuthorNotes

Sections of this report:

    * Tester comments
    * Program output
    * Prerequisites
    * Environment and other context

------------------------------
TESTER COMMENTS
------------------------------

Additional comments from tester:

this report is from an automated smoke testing program
and was not reviewed by a human for accuracy

------------------------------
PROGRAM OUTPUT
------------------------------

Output from '/usr/bin/make test':

PERL_DL_NONLAZY=1 /home/src/perl/repoperls/installed-perls/perl/v5.13.5-10-g5c3fa2e/bin/perl "-MExtUtils::Command::MM" "-e" "test_harness(0, 'inc', 'blib/lib', 'blib/arch')" t/01use.t t/02pod.t t/03podcoverage.t t/04live.t
t/01use.t .......... ok
t/02pod.t .......... skipped: set TEST_POD to enable this test
t/03podcoverage.t .. skipped: set TEST_POD to enable this test
Couldn't load class (TestApp) because: Can't use an undefined value as a HASH reference at /home/src/perl/repoperls/installed-perls/perl/v5.13.5-10-g5c3fa2e/lib/site_perl/5.13.5/Catalyst.pm line 2697.
BEGIN failed--compilation aborted at /home/sand/.cpan/build/Catalyst-Plugin-I18N-0.10-SzPb8q/t/lib/TestApp.pm line 4.
Compilation failed in require at /home/src/perl/repoperls/installed-perls/perl/v5.13.5-10-g5c3fa2e/lib/site_perl/5.13.5/x86_64-linux-ld/Class/MOP.pm line 117.
 at /home/src/perl/repoperls/installed-perls/perl/v5.13.5-10-g5c3fa2e/lib/site_perl/5.13.5/x86_64-linux-ld/Class/MOP.pm line 123
	Class::MOP::__ANON__('Can\'t use an undefined value as a HASH reference at /home/sr...') called at /home/src/perl/repoperls/installed-perls/perl/v5.13.5-10-g5c3fa2e/lib/site_perl/5.13.5/Try/Tiny.pm line 100
	Try::Tiny::try('CODE(0x202db60)', 'Try::Tiny::Catch=REF(0x1db7170)') called at /home/src/perl/repoperls/installed-perls/perl/v5.13.5-10-g5c3fa2e/lib/site_perl/5.13.5/x86_64-linux-ld/Class/MOP.pm line 128
	Class::MOP::load_first_existing_class('TestApp') called at /home/src/perl/repoperls/installed-perls/perl/v5.13.5-10-g5c3fa2e/lib/site_perl/5.13.5/x86_64-linux-ld/Class/MOP.pm line 140
	Class::MOP::load_class('TestApp') called at /home/src/perl/repoperls/installed-perls/perl/v5.13.5-10-g5c3fa2e/lib/site_perl/5.13.5/Catalyst/Test.pm line 23
	Catalyst::Test::__ANON__('Catalyst::Test', 'all', 'HASH(0x202db18)', 'HASH(0x201b3e8)') called at /home/src/perl/repoperls/installed-perls/perl/v5.13.5-10-g5c3fa2e/lib/site_perl/5.13.5/Sub/Exporter.pm line 493
	Sub::Exporter::_expand_group('Catalyst::Test', 'HASH(0x202d338)', 'ARRAY(0x201b3d0)', 'HASH(0x201b3e8)', 'HASH(0x202db90)', 'HASH(0x13643c0)') called at /home/src/perl/repoperls/installed-perls/perl/v5.13.5-10-g5c3fa2e/lib/site_perl/5.13.5/Sub/Exporter.pm line 424
	Sub::Exporter::_expand_groups('Catalyst::Test', 'HASH(0x202d338)', 'ARRAY(0x202d470)', 'HASH(0x201b3e8)') called at /home/src/perl/repoperls/installed-perls/perl/v5.13.5-10-g5c3fa2e/lib/site_perl/5.13.5/Sub/Exporter.pm line 742
	Sub::Exporter::__ANON__('Catalyst::Test', '-all', 'HASH(0x1364330)') called at /home/src/perl/repoperls/installed-perls/perl/v5.13.5-10-g5c3fa2e/lib/site_perl/5.13.5/Catalyst/Test.pm line 122
	Catalyst::Test::import('Catalyst::Test', 'TestApp') called at t/04live.t line 10
	main::BEGIN() called at /home/src/perl/repoperls/installed-perls/perl/v5.13.5-10-g5c3fa2e/lib/site_perl/5.13.5/Catalyst/Test.pm line 10
	eval {...} called at /home/src/perl/repoperls/installed-perls/perl/v5.13.5-10-g5c3fa2e/lib/site_perl/5.13.5/Catalyst/Test.pm line 10
BEGIN failed--compilation aborted at t/04live.t line 10.
# Looks like your test exited with 2 before it could output anything.
t/04live.t ......... 
Dubious, test returned 2 (wstat 512, 0x200)
Failed 36/36 subtests 

Test Summary Report
-------------------
t/04live.t       (Wstat: 512 Tests: 0 Failed: 0)
  Non-zero exit status: 2
  Parse errors: Bad plan.  You planned 36 tests but ran 0.
Files=4, Tests=1,  1 wallclock secs ( 0.02 usr  0.02 sys +  0.62 cusr  0.06 csys =  0.72 CPU)
Result: FAIL
Failed 1/4 test programs. 0/1 subtests failed.
make: *** [test_dynamic] Error 2

------------------------------
PREREQUISITES
------------------------------

Prerequisite modules loaded:

requires:

    Module                    Need  Have    
    ------------------------- ----- --------
    Catalyst::Runtime         0     5.80029 
    I18N::LangTags            0.35  0.35_01 
    Locale::Maketext::Lexicon 0     0.84    
    Locale::Maketext::Simple  0.19  0.21    
    MRO::Compat               0.10  0.11    
    perl                      5.008 5.013005
    Test::More                0     0.96    

build_requires:

    Module                    Need  Have    
    ------------------------- ----- --------
    ExtUtils::MakeMaker       6.42  6.57_05 
    Test::More                0     0.96    

configure_requires:

    Module                    Need  Have    
    ------------------------- ----- --------
    ExtUtils::MakeMaker       6.42  6.57_05 


------------------------------
ENVIRONMENT AND OTHER CONTEXT
------------------------------

Environment variables:

    AUTOMATED_TESTING = 1
    LANG = en_US.UTF-8
    PATH = /home/sand/bin:/usr/local/bin:/usr/bin:/bin:/usr/bin/X11:/usr/games:/usr/local/perl/bin:/usr/X11/bin:/sbin:/usr/sbin
    PERL5LIB = 
    PERL5OPT = 
    PERL5_CPANPLUS_IS_RUNNING = 2900
    PERL5_CPAN_IS_RUNNING = 2900
    PERL_MM_USE_DEFAULT = 1
    SHELL = /usr/bin/zsh
    TERM = screen

Perl special variables (and OS-specific diagnostics, for MSWin32):

    $^X = /home/src/perl/repoperls/installed-perls/perl/v5.13.5-10-g5c3fa2e/bin/perl
    $UID/$EUID = 1001 / 1001
    $GID = 1001 1001
    $EGID = 1001 1001

Perl module toolchain versions installed:

    Module              Have   
    ------------------- -------
    CPAN                1.94_57
    Cwd                 3.33   
    ExtUtils::CBuilder  0.2802 
    ExtUtils::Command   1.16   
    ExtUtils::Install   1.55   
    ExtUtils::MakeMaker 6.57_05
    ExtUtils::Manifest  1.58   
    ExtUtils::ParseXS   2.2207 
    File::Spec          3.33   
    Module::Build       0.3607 
    Module::Signature   0.66   
    Test::Harness       3.22   
    Test::More          0.96   
    YAML                0.72   
    YAML::Syck          1.17   
    version             0.88   


--

Summary of my perl5 (revision 5 version 13 subversion 5) configuration:
  Commit id: 5c3fa2e7f75bb4370f758b363cec53992c7fd20a
  Platform:
    osname=linux, osvers=2.6.32-2-amd64, archname=x86_64-linux-ld
    uname='linux k81 2.6.32-2-amd64 #1 smp fri feb 12 00:01:47 utc 2010 x86_64 gnulinux '
    config_args='-Dprefix=/home/src/perl/repoperls/installed-perls/perl/v5.13.5-10-g5c3fa2e -Dinstallusrbinperl=n -Uversiononly -Dusedevel -des -Ui_db -Uuseithreads -Duselongdouble'
    hint=recommended, useposix=true, d_sigaction=define
    useithreads=undef, usemultiplicity=undef
    useperlio=define, d_sfio=undef, uselargefiles=define, usesocks=undef
    use64bitint=define, use64bitall=define, uselongdouble=define
    usemymalloc=n, bincompat5005=undef
  Compiler:
    cc='cc', ccflags ='-fno-strict-aliasing -pipe -fstack-protector -I/usr/local/include -D_LARGEFILE_SOURCE -D_FILE_OFFSET_BITS=64',
    optimize='-O2',
    cppflags='-fno-strict-aliasing -pipe -fstack-protector -I/usr/local/include'
    ccversion='', gccversion='4.4.4', gccosandvers=''
    intsize=4, longsize=8, ptrsize=8, doublesize=8, byteorder=12345678
    d_longlong=define, longlongsize=8, d_longdbl=define, longdblsize=16
    ivtype='long', ivsize=8, nvtype='long double', nvsize=16, Off_t='off_t', lseeksize=8
    alignbytes=16, prototype=define
  Linker and Libraries:
    ld='cc', ldflags =' -fstack-protector -L/usr/local/lib'
    libpth=/usr/local/lib /lib /usr/lib /lib64 /usr/lib64
    libs=-lnsl -lgdbm -ldb -ldl -lm -lcrypt -lutil -lc -lgdbm_compat
    perllibs=-lnsl -ldl -lm -lcrypt -lutil -lc
    libc=/lib/libc-2.11.2.so, so=so, useshrplib=false, libperl=libperl.a
    gnulibc_version='2.11.2'
  Dynamic Linking:
    dlsrc=dl_dlopen.xs, dlext=so, d_dlsymun=undef, ccdlflags='-Wl,-E'
    cccdlflags='-fPIC', lddlflags='-shared -O2 -L/usr/local/lib -fstack-protector'


Characteristics of this binary (from libperl): 
  Compile-time options: PERL_DONT_CREATE_GVSV PERL_MALLOC_WRAP PERL_USE_DEVEL
                        USE_64_BIT_ALL USE_64_BIT_INT USE_LARGE_FILES
                        USE_LONG_DOUBLE USE_PERLIO USE_PERL_ATOF
  Built under linux
  Compiled at Sep 22 2010 08:00:49
  %ENV:
    PERL5LIB=""
    PERL5OPT=""
    PERL5_CPANPLUS_IS_RUNNING="2900"
    PERL5_CPAN_IS_RUNNING="2900"
    PERL_MM_USE_DEFAULT="1"
  @INC:
    /home/src/perl/repoperls/installed-perls/perl/v5.13.5-10-g5c3fa2e/lib/site_perl/5.13.5/x86_64-linux-ld
    /home/src/perl/repoperls/installed-perls/perl/v5.13.5-10-g5c3fa2e/lib/site_perl/5.13.5
    /home/src/perl/repoperls/installed-perls/perl/v5.13.5-10-g5c3fa2e/lib/5.13.5/x86_64-linux-ld
    /home/src/perl/repoperls/installed-perls/perl/v5.13.5-10-g5c3fa2e/lib/5.13.5
    .