Report for Catalyst-TraitFor-Request-PerLanguageDomains-0.03

Back
From: metabase:user:320bfe00-2aae-11df-837a-5e0a49663a4f
Subject: FAIL Catalyst-TraitFor-Request-PerLanguageDomains-0.03 v5.19.8 GNU/Linux
Date: 2014-01-12T01:13:46Z

This distribution has been tested as part of the CPAN Testers
project, supporting the Perl programming language.  See
http://wiki.cpantesters.org/ for more information or email
questions to cpan-testers-discuss@perl.org


--
Dear Tomas Doran,

This is a computer-generated report for Catalyst-TraitFor-Request-PerLanguageDomains-0.03
on perl 5.19.8, created by CPAN-Reporter-1.2010.

Thank you for uploading your work to CPAN.  However, there was a problem
testing your distribution.

If you think this report is invalid, please consult the CPAN Testers Wiki
for suggestions on how to avoid getting FAIL reports for missing library
or binary dependencies, unsupported operating systems, and so on:

http://wiki.cpantesters.org/wiki/CPANAuthorNotes

Sections of this report:

    * Tester comments
    * Program output
    * Prerequisites
    * Environment and other context

------------------------------
TESTER COMMENTS
------------------------------

Additional comments from tester:

this report is from an automated smoke testing program
and was not reviewed by a human for accuracy

------------------------------
PROGRAM OUTPUT
------------------------------

Output from '/usr/bin/make test':

PERL_DL_NONLAZY=1 /tmp/basesmoker-reloperl-FXRY/bin/perl "-MExtUtils::Command::MM" "-MTest::Harness" "-e" "undef *Test::Harness::Switches; test_harness(0, 'inc', 'blib/lib', 'blib/arch')" t/*.t
t/00-load.t .............. ok
'Catalyst::TraitFor::Request::PerLanguageDomains' requires the method '_context' to be implemented by 'Moose::Meta::Class::__ANON__::SERIAL::16' at /home/sand/src/perl/repoperls/installed-perls/perl/v5.19.7-255-gad94bb3/127e/lib/site_perl/5.19.8/x86_64-linux-ld/Moose/Exception.pm line 38
	Moose::Exception::_build_trace('Moose::Exception::RequiredMethodsNotImplementedByClass=HASH(0x33ab2a8)') called at reader Moose::Exception::trace (defined at /home/sand/src/perl/repoperls/installed-perls/perl/v5.19.7-255-gad94bb3/127e/lib/site_perl/5.19.8/x86_64-linux-ld/Moose/Exception.pm line 12) line 8
	Moose::Exception::trace('Moose::Exception::RequiredMethodsNotImplementedByClass=HASH(0x33ab2a8)') called at /home/sand/src/perl/repoperls/installed-perls/perl/v5.19.7-255-gad94bb3/127e/lib/site_perl/5.19.8/x86_64-linux-ld/Moose/Exception.pm line 50
	Moose::Exception::BUILD('Moose::Exception::RequiredMethodsNotImplementedByClass=HASH(0x33ab2a8)', 'HASH(0x35712a8)') called at /home/sand/src/perl/repoperls/installed-perls/perl/v5.19.7-255-gad94bb3/127e/lib/site_perl/5.19.8/x86_64-linux-ld/Class/MOP/Method.pm line 131
	Class::MOP::Method::execute('Moose::Meta::Method=HASH(0x3945fa8)', 'Moose::Exception::RequiredMethodsNotImplementedByClass=HASH(0x33ab2a8)', 'HASH(0x35712a8)') called at /home/sand/src/perl/repoperls/installed-perls/perl/v5.19.7-255-gad94bb3/127e/lib/site_perl/5.19.8/x86_64-linux-ld/Moose/Object.pm line 59
	Moose::Object::BUILDALL('Moose::Exception::RequiredMethodsNotImplementedByClass=HASH(0x33ab2a8)', 'HASH(0x35712a8)') called at /home/sand/src/perl/repoperls/installed-perls/perl/v5.19.7-255-gad94bb3/127e/lib/site_perl/5.19.8/x86_64-linux-ld/Moose/Meta/Class.pm line 285
	Moose::Meta::Class::new_object('Moose::Meta::Class=HASH(0x38d34d0)', 'HASH(0x35712a8)') called at /home/sand/src/perl/repoperls/installed-perls/perl/v5.19.7-255-gad94bb3/127e/lib/site_perl/5.19.8/x86_64-linux-ld/Moose/Object.pm line 30
	Moose::Object::new('Moose::Exception::RequiredMethodsNotImplementedByClass', 'class', 'Moose::Meta::Class=HASH(0x27f6060)', 'role', 'Moose::Meta::Role=HASH(0x33c0d60)', 'missing_methods', 'ARRAY(0x21fc408)') called at /home/sand/src/perl/repoperls/installed-perls/perl/v5.19.7-255-gad94bb3/127e/lib/site_perl/5.19.8/x86_64-linux-ld/Moose/Util.pm line 54
	Moose::Util::throw_exception('RequiredMethodsNotImplementedByClass', 'class', 'Moose::Meta::Class=HASH(0x27f6060)', 'role', 'Moose::Meta::Role=HASH(0x33c0d60)', 'missing_methods', 'ARRAY(0x21fc408)') called at /home/sand/src/perl/repoperls/installed-perls/perl/v5.19.7-255-gad94bb3/127e/lib/site_perl/5.19.8/x86_64-linux-ld/Moose/Meta/Role/Application/ToClass.pm line 110
	Moose::Meta::Role::Application::ToClass::check_required_methods('Moose::Meta::Role::Application::ToClass=HASH(0x38922c8)', 'Moose::Meta::Role=HASH(0x33c0d60)', 'Moose::Meta::Class=HASH(0x27f6060)') called at /home/sand/src/perl/repoperls/installed-perls/perl/v5.19.7-255-gad94bb3/127e/lib/site_perl/5.19.8/x86_64-linux-ld/Moose/Meta/Role/Application.pm line 57
	Moose::Meta::Role::Application::apply('Moose::Meta::Role::Application::ToClass=HASH(0x38922c8)', 'Moose::Meta::Role=HASH(0x33c0d60)', 'Moose::Meta::Class=HASH(0x27f6060)') called at /home/sand/src/perl/repoperls/installed-perls/perl/v5.19.7-255-gad94bb3/127e/lib/site_perl/5.19.8/x86_64-linux-ld/Moose/Meta/Role/Application/ToClass.pm line 38
	Moose::Meta::Role::Application::ToClass::apply('Moose::Meta::Role::Application::ToClass=HASH(0x38922c8)', 'Moose::Meta::Role=HASH(0x33c0d60)', 'Moose::Meta::Class=HASH(0x27f6060)', 'HASH(0x3881d90)') called at /home/sand/src/perl/repoperls/installed-perls/perl/v5.19.7-255-gad94bb3/127e/lib/site_perl/5.19.8/x86_64-linux-ld/Moose/Meta/Role.pm line 477
	Moose::Meta::Role::apply('Moose::Meta::Role=HASH(0x33c0d60)', 'Moose::Meta::Class=HASH(0x27f6060)') called at /home/sand/src/perl/repoperls/installed-perls/perl/v5.19.7-255-gad94bb3/127e/lib/site_perl/5.19.8/x86_64-linux-ld/Moose/Util.pm line 169
	Moose::Util::_apply_all_roles('Moose::Meta::Class=HASH(0x27f6060)', undef, 'Catalyst::TraitFor::Request::PerLanguageDomains') called at /home/sand/src/perl/repoperls/installed-perls/perl/v5.19.7-255-gad94bb3/127e/lib/site_perl/5.19.8/x86_64-linux-ld/Moose/Util.pm line 111
	Moose::Util::apply_all_roles('Moose::Meta::Class=HASH(0x27f6060)', 'Catalyst::TraitFor::Request::PerLanguageDomains') called at /home/sand/src/perl/repoperls/installed-perls/perl/v5.19.7-255-gad94bb3/127e/lib/site_perl/5.19.8/x86_64-linux-ld/Moose/Meta/Class.pm line 96
	Moose::Meta::Class::create('Moose::Meta::Class', 'Moose::Meta::Class::__ANON__::SERIAL::16', 'weaken', '', 'superclasses', 'ARRAY(0x27f67f8)', 'roles', 'ARRAY(0x27f4528)') called at /home/sand/src/perl/repoperls/installed-perls/perl/v5.19.7-255-gad94bb3/127e/lib/site_perl/5.19.8/x86_64-linux-ld/Class/MOP/Package.pm line 129
	Class::MOP::Package::create_anon('Moose::Meta::Class', 'superclasses', 'ARRAY(0x27f67f8)', 'roles', 'ARRAY(0x27f4528)', 'cache', 1) called at /home/sand/src/perl/repoperls/installed-perls/perl/v5.19.7-255-gad94bb3/127e/lib/site_perl/5.19.8/x86_64-linux-ld/Class/MOP/Class.pm line 478
	Class::MOP::Class::create_anon_class('Moose::Meta::Class', 'superclasses', 'ARRAY(0x27f67f8)', 'roles', 'ARRAY(0x27f4528)', 'cache', 1) called at /home/sand/src/perl/repoperls/installed-perls/perl/v5.19.7-255-gad94bb3/127e/lib/site_perl/5.19.8/MooseX/RelatedClassRoles.pm line 42
	Moose::Meta::Role::__ANON__::SERIAL::11::apply_request_class_roles('TestApp', 'Catalyst::TraitFor::Request::PerLanguageDomains') called at /tmp/loop_over_bdir-2497-bG5gec/Catalyst-TraitFor-Request-PerLanguageDomains-0.03-iao8Oc/t/lib/TestApp.pm line 24
	require TestApp.pm at /home/sand/src/perl/repoperls/installed-perls/perl/v5.19.7-255-gad94bb3/127e/lib/site_perl/5.19.8/Module/Runtime.pm line 317
	Module::Runtime::require_module('TestApp') called at /home/sand/src/perl/repoperls/installed-perls/perl/v5.19.7-255-gad94bb3/127e/lib/site_perl/5.19.8/Class/Load.pm line 177
	Class::Load::try {...}  at /home/sand/src/perl/repoperls/installed-perls/perl/v5.19.7-255-gad94bb3/127e/lib/site_perl/5.19.8/Try/Tiny.pm line 79
	eval {...} at /home/sand/src/perl/repoperls/installed-perls/perl/v5.19.7-255-gad94bb3/127e/lib/site_perl/5.19.8/Try/Tiny.pm line 74
	Try::Tiny::try('CODE(0x2614f70)', 'Try::Tiny::Catch=REF(0x2614d60)') called at /home/sand/src/perl/repoperls/installed-perls/perl/v5.19.7-255-gad94bb3/127e/lib/site_perl/5.19.8/Class/Load.pm line 183
	Class::Load::try_load_class('TestApp', undef) called at /home/sand/src/perl/repoperls/installed-perls/perl/v5.19.7-255-gad94bb3/127e/lib/site_perl/5.19.8/Class/Load.pm line 38
	Class::Load::load_class('TestApp') called at /home/sand/src/perl/repoperls/installed-perls/perl/v5.19.7-255-gad94bb3/127e/lib/site_perl/5.19.8/Catalyst/Test.pm line 29
	Catalyst::Test::_build_request_export('Catalyst::Test', 'HASH(0x27e6688)') called at /home/sand/src/perl/repoperls/installed-perls/perl/v5.19.7-255-gad94bb3/127e/lib/site_perl/5.19.8/Catalyst/Test.pm line 92
	Catalyst::Test::__ANON__('Catalyst::Test', 'all', 'HASH(0x27e6658)', 'HASH(0x27e64c0)') called at /home/sand/src/perl/repoperls/installed-perls/perl/v5.19.7-255-gad94bb3/127e/lib/site_perl/5.19.8/Sub/Exporter.pm line 108
	Sub::Exporter::_expand_group('Catalyst::Test', 'HASH(0x27d7f90)', 'ARRAY(0x14ce3d8)', 'HASH(0x27e64c0)', 'HASH(0x27e66b8)', 'HASH(0x14254e0)') called at /home/sand/src/perl/repoperls/installed-perls/perl/v5.19.7-255-gad94bb3/127e/lib/site_perl/5.19.8/Sub/Exporter.pm line 39
	Sub::Exporter::_expand_groups('Catalyst::Test', 'HASH(0x27d7f90)', 'ARRAY(0x27e6040)', 'HASH(0x27e64c0)') called at /home/sand/src/perl/repoperls/installed-perls/perl/v5.19.7-255-gad94bb3/127e/lib/site_perl/5.19.8/Sub/Exporter.pm line 323
	Sub::Exporter::__ANON__('Catalyst::Test', '-all', 'HASH(0x1775168)') called at /home/sand/src/perl/repoperls/installed-perls/perl/v5.19.7-255-gad94bb3/127e/lib/site_perl/5.19.8/Catalyst/Test.pm line 155
	Catalyst::Test::import('Catalyst::Test', 'TestApp') called at t/01-live-test.t line 12
	main::BEGIN at /tmp/loop_over_bdir-2497-bG5gec/Catalyst-TraitFor-Request-PerLanguageDomains-0.03-iao8Oc/t/lib/TestApp.pm line 0
	eval {...} at /tmp/loop_over_bdir-2497-bG5gec/Catalyst-TraitFor-Request-PerLanguageDomains-0.03-iao8Oc/t/lib/TestApp.pm line 0
Compilation failed in require at /home/sand/src/perl/repoperls/installed-perls/perl/v5.19.7-255-gad94bb3/127e/lib/site_perl/5.19.8/Catalyst/Test.pm line 155.
BEGIN failed--compilation aborted at t/01-live-test.t line 12.
# Looks like your test exited with 255 before it could output anything.
t/01-live-test.t ......... 
Dubious, test returned 255 (wstat 65280, 0xff00)
Failed 6/6 subtests 
'Catalyst::TraitFor::Request::PerLanguageDomains' requires the method '_context' to be implemented by 'Moose::Meta::Class::__ANON__::SERIAL::16' at /home/sand/src/perl/repoperls/installed-perls/perl/v5.19.7-255-gad94bb3/127e/lib/site_perl/5.19.8/x86_64-linux-ld/Moose/Exception.pm line 38
	Moose::Exception::_build_trace('Moose::Exception::RequiredMethodsNotImplementedByClass=HASH(0x47cd5c8)') called at reader Moose::Exception::trace (defined at /home/sand/src/perl/repoperls/installed-perls/perl/v5.19.7-255-gad94bb3/127e/lib/site_perl/5.19.8/x86_64-linux-ld/Moose/Exception.pm line 12) line 8
	Moose::Exception::trace('Moose::Exception::RequiredMethodsNotImplementedByClass=HASH(0x47cd5c8)') called at /home/sand/src/perl/repoperls/installed-perls/perl/v5.19.7-255-gad94bb3/127e/lib/site_perl/5.19.8/x86_64-linux-ld/Moose/Exception.pm line 50
	Moose::Exception::BUILD('Moose::Exception::RequiredMethodsNotImplementedByClass=HASH(0x47cd5c8)', 'HASH(0x4ce30f8)') called at /home/sand/src/perl/repoperls/installed-perls/perl/v5.19.7-255-gad94bb3/127e/lib/site_perl/5.19.8/x86_64-linux-ld/Class/MOP/Method.pm line 131
	Class::MOP::Method::execute('Moose::Meta::Method=HASH(0x4d68a18)', 'Moose::Exception::RequiredMethodsNotImplementedByClass=HASH(0x47cd5c8)', 'HASH(0x4ce30f8)') called at /home/sand/src/perl/repoperls/installed-perls/perl/v5.19.7-255-gad94bb3/127e/lib/site_perl/5.19.8/x86_64-linux-ld/Moose/Object.pm line 59
	Moose::Object::BUILDALL('Moose::Exception::RequiredMethodsNotImplementedByClass=HASH(0x47cd5c8)', 'HASH(0x4ce30f8)') called at /home/sand/src/perl/repoperls/installed-perls/perl/v5.19.7-255-gad94bb3/127e/lib/site_perl/5.19.8/x86_64-linux-ld/Moose/Meta/Class.pm line 285
	Moose::Meta::Class::new_object('Moose::Meta::Class=HASH(0x4b26688)', 'HASH(0x4ce30f8)') called at /home/sand/src/perl/repoperls/installed-perls/perl/v5.19.7-255-gad94bb3/127e/lib/site_perl/5.19.8/x86_64-linux-ld/Moose/Object.pm line 30
	Moose::Object::new('Moose::Exception::RequiredMethodsNotImplementedByClass', 'class', 'Moose::Meta::Class=HASH(0x3c25288)', 'role', 'Moose::Meta::Role=HASH(0x47cffe8)', 'missing_methods', 'ARRAY(0x362b558)') called at /home/sand/src/perl/repoperls/installed-perls/perl/v5.19.7-255-gad94bb3/127e/lib/site_perl/5.19.8/x86_64-linux-ld/Moose/Util.pm line 54
	Moose::Util::throw_exception('RequiredMethodsNotImplementedByClass', 'class', 'Moose::Meta::Class=HASH(0x3c25288)', 'role', 'Moose::Meta::Role=HASH(0x47cffe8)', 'missing_methods', 'ARRAY(0x362b558)') called at /home/sand/src/perl/repoperls/installed-perls/perl/v5.19.7-255-gad94bb3/127e/lib/site_perl/5.19.8/x86_64-linux-ld/Moose/Meta/Role/Application/ToClass.pm line 110
	Moose::Meta::Role::Application::ToClass::check_required_methods('Moose::Meta::Role::Application::ToClass=HASH(0x4ca1a48)', 'Moose::Meta::Role=HASH(0x47cffe8)', 'Moose::Meta::Class=HASH(0x3c25288)') called at /home/sand/src/perl/repoperls/installed-perls/perl/v5.19.7-255-gad94bb3/127e/lib/site_perl/5.19.8/x86_64-linux-ld/Moose/Meta/Role/Application.pm line 57
	Moose::Meta::Role::Application::apply('Moose::Meta::Role::Application::ToClass=HASH(0x4ca1a48)', 'Moose::Meta::Role=HASH(0x47cffe8)', 'Moose::Meta::Class=HASH(0x3c25288)') called at /home/sand/src/perl/repoperls/installed-perls/perl/v5.19.7-255-gad94bb3/127e/lib/site_perl/5.19.8/x86_64-linux-ld/Moose/Meta/Role/Application/ToClass.pm line 38
	Moose::Meta::Role::Application::ToClass::apply('Moose::Meta::Role::Application::ToClass=HASH(0x4ca1a48)', 'Moose::Meta::Role=HASH(0x47cffe8)', 'Moose::Meta::Class=HASH(0x3c25288)', 'HASH(0x4c91420)') called at /home/sand/src/perl/repoperls/installed-perls/perl/v5.19.7-255-gad94bb3/127e/lib/site_perl/5.19.8/x86_64-linux-ld/Moose/Meta/Role.pm line 477
	Moose::Meta::Role::apply('Moose::Meta::Role=HASH(0x47cffe8)', 'Moose::Meta::Class=HASH(0x3c25288)') called at /home/sand/src/perl/repoperls/installed-perls/perl/v5.19.7-255-gad94bb3/127e/lib/site_perl/5.19.8/x86_64-linux-ld/Moose/Util.pm line 169
	Moose::Util::_apply_all_roles('Moose::Meta::Class=HASH(0x3c25288)', undef, 'Catalyst::TraitFor::Request::PerLanguageDomains') called at /home/sand/src/perl/repoperls/installed-perls/perl/v5.19.7-255-gad94bb3/127e/lib/site_perl/5.19.8/x86_64-linux-ld/Moose/Util.pm line 111
	Moose::Util::apply_all_roles('Moose::Meta::Class=HASH(0x3c25288)', 'Catalyst::TraitFor::Request::PerLanguageDomains') called at /home/sand/src/perl/repoperls/installed-perls/perl/v5.19.7-255-gad94bb3/127e/lib/site_perl/5.19.8/x86_64-linux-ld/Moose/Meta/Class.pm line 96
	Moose::Meta::Class::create('Moose::Meta::Class', 'Moose::Meta::Class::__ANON__::SERIAL::16', 'weaken', '', 'roles', 'ARRAY(0x3c238b8)', 'superclasses', 'ARRAY(0x3c25b40)') called at /home/sand/src/perl/repoperls/installed-perls/perl/v5.19.7-255-gad94bb3/127e/lib/site_perl/5.19.8/x86_64-linux-ld/Class/MOP/Package.pm line 129
	Class::MOP::Package::create_anon('Moose::Meta::Class', 'superclasses', 'ARRAY(0x3c25b40)', 'roles', 'ARRAY(0x3c238b8)', 'cache', 1) called at /home/sand/src/perl/repoperls/installed-perls/perl/v5.19.7-255-gad94bb3/127e/lib/site_perl/5.19.8/x86_64-linux-ld/Class/MOP/Class.pm line 478
	Class::MOP::Class::create_anon_class('Moose::Meta::Class', 'superclasses', 'ARRAY(0x3c25b40)', 'roles', 'ARRAY(0x3c238b8)', 'cache', 1) called at /home/sand/src/perl/repoperls/installed-perls/perl/v5.19.7-255-gad94bb3/127e/lib/site_perl/5.19.8/MooseX/RelatedClassRoles.pm line 42
	Moose::Meta::Role::__ANON__::SERIAL::11::apply_request_class_roles('TestApp', 'Catalyst::TraitFor::Request::PerLanguageDomains') called at /tmp/loop_over_bdir-2497-bG5gec/Catalyst-TraitFor-Request-PerLanguageDomains-0.03-iao8Oc/t/lib/TestApp.pm line 24
	require TestApp.pm at /home/sand/src/perl/repoperls/installed-perls/perl/v5.19.7-255-gad94bb3/127e/lib/site_perl/5.19.8/Module/Runtime.pm line 317
	Module::Runtime::require_module('TestApp') called at /home/sand/src/perl/repoperls/installed-perls/perl/v5.19.7-255-gad94bb3/127e/lib/site_perl/5.19.8/Class/Load.pm line 177
	Class::Load::try {...}  at /home/sand/src/perl/repoperls/installed-perls/perl/v5.19.7-255-gad94bb3/127e/lib/site_perl/5.19.8/Try/Tiny.pm line 79
	eval {...} at /home/sand/src/perl/repoperls/installed-perls/perl/v5.19.7-255-gad94bb3/127e/lib/site_perl/5.19.8/Try/Tiny.pm line 74
	Try::Tiny::try('CODE(0x3a44260)', 'Try::Tiny::Catch=REF(0x3a43d50)') called at /home/sand/src/perl/repoperls/installed-perls/perl/v5.19.7-255-gad94bb3/127e/lib/site_perl/5.19.8/Class/Load.pm line 183
	Class::Load::try_load_class('TestApp', undef) called at /home/sand/src/perl/repoperls/installed-perls/perl/v5.19.7-255-gad94bb3/127e/lib/site_perl/5.19.8/Class/Load.pm line 38
	Class::Load::load_class('TestApp') called at /home/sand/src/perl/repoperls/installed-perls/perl/v5.19.7-255-gad94bb3/127e/lib/site_perl/5.19.8/Catalyst/Test.pm line 29
	Catalyst::Test::_build_request_export('Catalyst::Test', 'HASH(0x3c15a18)') called at /home/sand/src/perl/repoperls/installed-perls/perl/v5.19.7-255-gad94bb3/127e/lib/site_perl/5.19.8/Catalyst/Test.pm line 92
	Catalyst::Test::__ANON__('Catalyst::Test', 'all', 'HASH(0x3c159e8)', 'HASH(0x3c15850)') called at /home/sand/src/perl/repoperls/installed-perls/perl/v5.19.7-255-gad94bb3/127e/lib/site_perl/5.19.8/Sub/Exporter.pm line 108
	Sub::Exporter::_expand_group('Catalyst::Test', 'HASH(0x3c07320)', 'ARRAY(0x2bafaa0)', 'HASH(0x3c15850)', 'HASH(0x3c15a48)', 'HASH(0x2854520)') called at /home/sand/src/perl/repoperls/installed-perls/perl/v5.19.7-255-gad94bb3/127e/lib/site_perl/5.19.8/Sub/Exporter.pm line 39
	Sub::Exporter::_expand_groups('Catalyst::Test', 'HASH(0x3c07320)', 'ARRAY(0x3c153d0)', 'HASH(0x3c15850)') called at /home/sand/src/perl/repoperls/installed-perls/perl/v5.19.7-255-gad94bb3/127e/lib/site_perl/5.19.8/Sub/Exporter.pm line 323
	Sub::Exporter::__ANON__('Catalyst::Test', '-all', 'HASH(0x2ba41b8)') called at /home/sand/src/perl/repoperls/installed-perls/perl/v5.19.7-255-gad94bb3/127e/lib/site_perl/5.19.8/Catalyst/Test.pm line 155
	Catalyst::Test::import('Catalyst::Test', 'TestApp') called at t/02-live-test-header.t line 12
	main::BEGIN at /tmp/loop_over_bdir-2497-bG5gec/Catalyst-TraitFor-Request-PerLanguageDomains-0.03-iao8Oc/t/lib/TestApp.pm line 0
	eval {...} at /tmp/loop_over_bdir-2497-bG5gec/Catalyst-TraitFor-Request-PerLanguageDomains-0.03-iao8Oc/t/lib/TestApp.pm line 0
Compilation failed in require at /home/sand/src/perl/repoperls/installed-perls/perl/v5.19.7-255-gad94bb3/127e/lib/site_perl/5.19.8/Catalyst/Test.pm line 155.
BEGIN failed--compilation aborted at t/02-live-test-header.t line 12.
# Looks like your test exited with 255 before it could output anything.
t/02-live-test-header.t .. 
Dubious, test returned 255 (wstat 65280, 0xff00)
Failed 5/5 subtests 
'Catalyst::TraitFor::Request::PerLanguageDomains' requires the method '_context' to be implemented by 'Moose::Meta::Class::__ANON__::SERIAL::16' at /home/sand/src/perl/repoperls/installed-perls/perl/v5.19.7-255-gad94bb3/127e/lib/site_perl/5.19.8/x86_64-linux-ld/Moose/Exception.pm line 38
	Moose::Exception::_build_trace('Moose::Exception::RequiredMethodsNotImplementedByClass=HASH(0x3c28628)') called at reader Moose::Exception::trace (defined at /home/sand/src/perl/repoperls/installed-perls/perl/v5.19.7-255-gad94bb3/127e/lib/site_perl/5.19.8/x86_64-linux-ld/Moose/Exception.pm line 12) line 8
	Moose::Exception::trace('Moose::Exception::RequiredMethodsNotImplementedByClass=HASH(0x3c28628)') called at /home/sand/src/perl/repoperls/installed-perls/perl/v5.19.7-255-gad94bb3/127e/lib/site_perl/5.19.8/x86_64-linux-ld/Moose/Exception.pm line 50
	Moose::Exception::BUILD('Moose::Exception::RequiredMethodsNotImplementedByClass=HASH(0x3c28628)', 'HASH(0x3fbe038)') called at /home/sand/src/perl/repoperls/installed-perls/perl/v5.19.7-255-gad94bb3/127e/lib/site_perl/5.19.8/x86_64-linux-ld/Class/MOP/Method.pm line 131
	Class::MOP::Method::execute('Moose::Meta::Method=HASH(0x4200a60)', 'Moose::Exception::RequiredMethodsNotImplementedByClass=HASH(0x3c28628)', 'HASH(0x3fbe038)') called at /home/sand/src/perl/repoperls/installed-perls/perl/v5.19.7-255-gad94bb3/127e/lib/site_perl/5.19.8/x86_64-linux-ld/Moose/Object.pm line 59
	Moose::Object::BUILDALL('Moose::Exception::RequiredMethodsNotImplementedByClass=HASH(0x3c28628)', 'HASH(0x3fbe038)') called at /home/sand/src/perl/repoperls/installed-perls/perl/v5.19.7-255-gad94bb3/127e/lib/site_perl/5.19.8/x86_64-linux-ld/Moose/Meta/Class.pm line 285
	Moose::Meta::Class::new_object('Moose::Meta::Class=HASH(0x3cffdb0)', 'HASH(0x3fbe038)') called at /home/sand/src/perl/repoperls/installed-perls/perl/v5.19.7-255-gad94bb3/127e/lib/site_perl/5.19.8/x86_64-linux-ld/Moose/Object.pm line 30
	Moose::Object::new('Moose::Exception::RequiredMethodsNotImplementedByClass', 'class', 'Moose::Meta::Class=HASH(0x30b33d0)', 'role', 'Moose::Meta::Role=HASH(0x3c5dc40)', 'missing_methods', 'ARRAY(0x2ab91f8)') called at /home/sand/src/perl/repoperls/installed-perls/perl/v5.19.7-255-gad94bb3/127e/lib/site_perl/5.19.8/x86_64-linux-ld/Moose/Util.pm line 54
	Moose::Util::throw_exception('RequiredMethodsNotImplementedByClass', 'class', 'Moose::Meta::Class=HASH(0x30b33d0)', 'role', 'Moose::Meta::Role=HASH(0x3c5dc40)', 'missing_methods', 'ARRAY(0x2ab91f8)') called at /home/sand/src/perl/repoperls/installed-perls/perl/v5.19.7-255-gad94bb3/127e/lib/site_perl/5.19.8/x86_64-linux-ld/Moose/Meta/Role/Application/ToClass.pm line 110
	Moose::Meta::Role::Application::ToClass::check_required_methods('Moose::Meta::Role::Application::ToClass=HASH(0x412f2e8)', 'Moose::Meta::Role=HASH(0x3c5dc40)', 'Moose::Meta::Class=HASH(0x30b33d0)') called at /home/sand/src/perl/repoperls/installed-perls/perl/v5.19.7-255-gad94bb3/127e/lib/site_perl/5.19.8/x86_64-linux-ld/Moose/Meta/Role/Application.pm line 57
	Moose::Meta::Role::Application::apply('Moose::Meta::Role::Application::ToClass=HASH(0x412f2e8)', 'Moose::Meta::Role=HASH(0x3c5dc40)', 'Moose::Meta::Class=HASH(0x30b33d0)') called at /home/sand/src/perl/repoperls/installed-perls/perl/v5.19.7-255-gad94bb3/127e/lib/site_perl/5.19.8/x86_64-linux-ld/Moose/Meta/Role/Application/ToClass.pm line 38
	Moose::Meta::Role::Application::ToClass::apply('Moose::Meta::Role::Application::ToClass=HASH(0x412f2e8)', 'Moose::Meta::Role=HASH(0x3c5dc40)', 'Moose::Meta::Class=HASH(0x30b33d0)', 'HASH(0x411eb18)') called at /home/sand/src/perl/repoperls/installed-perls/perl/v5.19.7-255-gad94bb3/127e/lib/site_perl/5.19.8/x86_64-linux-ld/Moose/Meta/Role.pm line 477
	Moose::Meta::Role::apply('Moose::Meta::Role=HASH(0x3c5dc40)', 'Moose::Meta::Class=HASH(0x30b33d0)') called at /home/sand/src/perl/repoperls/installed-perls/perl/v5.19.7-255-gad94bb3/127e/lib/site_perl/5.19.8/x86_64-linux-ld/Moose/Util.pm line 169
	Moose::Util::_apply_all_roles('Moose::Meta::Class=HASH(0x30b33d0)', undef, 'Catalyst::TraitFor::Request::PerLanguageDomains') called at /home/sand/src/perl/repoperls/installed-perls/perl/v5.19.7-255-gad94bb3/127e/lib/site_perl/5.19.8/x86_64-linux-ld/Moose/Util.pm line 111
	Moose::Util::apply_all_roles('Moose::Meta::Class=HASH(0x30b33d0)', 'Catalyst::TraitFor::Request::PerLanguageDomains') called at /home/sand/src/perl/repoperls/installed-perls/perl/v5.19.7-255-gad94bb3/127e/lib/site_perl/5.19.8/x86_64-linux-ld/Moose/Meta/Class.pm line 96
	Moose::Meta::Class::create('Moose::Meta::Class', 'Moose::Meta::Class::__ANON__::SERIAL::16', 'weaken', '', 'superclasses', 'ARRAY(0x30b15c8)', 'roles', 'ARRAY(0x30b1628)') called at /home/sand/src/perl/repoperls/installed-perls/perl/v5.19.7-255-gad94bb3/127e/lib/site_perl/5.19.8/x86_64-linux-ld/Class/MOP/Package.pm line 129
	Class::MOP::Package::create_anon('Moose::Meta::Class', 'superclasses', 'ARRAY(0x30b15c8)', 'roles', 'ARRAY(0x30b1628)', 'cache', 1) called at /home/sand/src/perl/repoperls/installed-perls/perl/v5.19.7-255-gad94bb3/127e/lib/site_perl/5.19.8/x86_64-linux-ld/Class/MOP/Class.pm line 478
	Class::MOP::Class::create_anon_class('Moose::Meta::Class', 'superclasses', 'ARRAY(0x30b15c8)', 'roles', 'ARRAY(0x30b1628)', 'cache', 1) called at /home/sand/src/perl/repoperls/installed-perls/perl/v5.19.7-255-gad94bb3/127e/lib/site_perl/5.19.8/MooseX/RelatedClassRoles.pm line 42
	Moose::Meta::Role::__ANON__::SERIAL::11::apply_request_class_roles('TestApp', 'Catalyst::TraitFor::Request::PerLanguageDomains') called at /tmp/loop_over_bdir-2497-bG5gec/Catalyst-TraitFor-Request-PerLanguageDomains-0.03-iao8Oc/t/lib/TestApp.pm line 24
	require TestApp.pm at /home/sand/src/perl/repoperls/installed-perls/perl/v5.19.7-255-gad94bb3/127e/lib/site_perl/5.19.8/Module/Runtime.pm line 317
	Module::Runtime::require_module('TestApp') called at /home/sand/src/perl/repoperls/installed-perls/perl/v5.19.7-255-gad94bb3/127e/lib/site_perl/5.19.8/Class/Load.pm line 177
	Class::Load::try {...}  at /home/sand/src/perl/repoperls/installed-perls/perl/v5.19.7-255-gad94bb3/127e/lib/site_perl/5.19.8/Try/Tiny.pm line 79
	eval {...} at /home/sand/src/perl/repoperls/installed-perls/perl/v5.19.7-255-gad94bb3/127e/lib/site_perl/5.19.8/Try/Tiny.pm line 74
	Try::Tiny::try('CODE(0x2ed1f90)', 'Try::Tiny::Catch=REF(0x2ed21d0)') called at /home/sand/src/perl/repoperls/installed-perls/perl/v5.19.7-255-gad94bb3/127e/lib/site_perl/5.19.8/Class/Load.pm line 183
	Class::Load::try_load_class('TestApp', undef) called at /home/sand/src/perl/repoperls/installed-perls/perl/v5.19.7-255-gad94bb3/127e/lib/site_perl/5.19.8/Class/Load.pm line 38
	Class::Load::load_class('TestApp') called at /home/sand/src/perl/repoperls/installed-perls/perl/v5.19.7-255-gad94bb3/127e/lib/site_perl/5.19.8/Catalyst/Test.pm line 29
	Catalyst::Test::_build_request_export('Catalyst::Test', 'HASH(0x30a36e8)') called at /home/sand/src/perl/repoperls/installed-perls/perl/v5.19.7-255-gad94bb3/127e/lib/site_perl/5.19.8/Catalyst/Test.pm line 92
	Catalyst::Test::__ANON__('Catalyst::Test', 'all', 'HASH(0x30a36b8)', 'HASH(0x30a3520)') called at /home/sand/src/perl/repoperls/installed-perls/perl/v5.19.7-255-gad94bb3/127e/lib/site_perl/5.19.8/Sub/Exporter.pm line 108
	Sub::Exporter::_expand_group('Catalyst::Test', 'HASH(0x3094000)', 'ARRAY(0x2032150)', 'HASH(0x30a3520)', 'HASH(0x30a3718)', 'HASH(0x1ce23f0)') called at /home/sand/src/perl/repoperls/installed-perls/perl/v5.19.7-255-gad94bb3/127e/lib/site_perl/5.19.8/Sub/Exporter.pm line 39
	Sub::Exporter::_expand_groups('Catalyst::Test', 'HASH(0x3094000)', 'ARRAY(0x30a30a0)', 'HASH(0x30a3520)') called at /home/sand/src/perl/repoperls/installed-perls/perl/v5.19.7-255-gad94bb3/127e/lib/site_perl/5.19.8/Sub/Exporter.pm line 323
	Sub::Exporter::__ANON__('Catalyst::Test', '-all', 'HASH(0x2031f58)') called at /home/sand/src/perl/repoperls/installed-perls/perl/v5.19.7-255-gad94bb3/127e/lib/site_perl/5.19.8/Catalyst/Test.pm line 155
	Catalyst::Test::import('Catalyst::Test', 'TestApp') called at t/03-live-test-domain.t line 12
	main::BEGIN at /tmp/loop_over_bdir-2497-bG5gec/Catalyst-TraitFor-Request-PerLanguageDomains-0.03-iao8Oc/t/lib/TestApp.pm line 0
	eval {...} at /tmp/loop_over_bdir-2497-bG5gec/Catalyst-TraitFor-Request-PerLanguageDomains-0.03-iao8Oc/t/lib/TestApp.pm line 0
Compilation failed in require at /home/sand/src/perl/repoperls/installed-perls/perl/v5.19.7-255-gad94bb3/127e/lib/site_perl/5.19.8/Catalyst/Test.pm line 155.
BEGIN failed--compilation aborted at t/03-live-test-domain.t line 12.
# Looks like your test exited with 255 before it could output anything.
t/03-live-test-domain.t .. 
Dubious, test returned 255 (wstat 65280, 0xff00)
Failed 3/3 subtests 

Test Summary Report
-------------------
t/01-live-test.t       (Wstat: 65280 Tests: 0 Failed: 0)
  Non-zero exit status: 255
  Parse errors: Bad plan.  You planned 6 tests but ran 0.
t/02-live-test-header.t (Wstat: 65280 Tests: 0 Failed: 0)
  Non-zero exit status: 255
  Parse errors: Bad plan.  You planned 5 tests but ran 0.
t/03-live-test-domain.t (Wstat: 65280 Tests: 0 Failed: 0)
  Non-zero exit status: 255
  Parse errors: Bad plan.  You planned 3 tests but ran 0.
Files=4, Tests=1,  2 wallclock secs ( 0.02 usr  0.00 sys +  1.98 cusr  0.10 csys =  2.10 CPU)
Result: FAIL
Failed 3/4 test programs. 0/1 subtests failed.
make: *** [test_dynamic] Error 255

------------------------------
PREREQUISITES
------------------------------

Prerequisite modules loaded:

requires:

    Module                                   Need     Have    
    ---------------------------------------- -------- --------
    Catalyst                                 5.80     5.90053 
    I18N::AcceptLanguage                     0        1.04    
    Moose                                    0        2.1200  
    Moose::Autobox                           0        0.15    
    MooseX::Types                            0        0.41    
    MooseX::Types::Common::String            0        0.001012
    MooseX::Types::Structured                0        0.30    
    namespace::autoclean                     0        0.15    
    perl                                     5.008005 5.019008

build_requires:

    Module                                   Need     Have    
    ---------------------------------------- -------- --------
    Catalyst::Action::RenderView             0        0.16    
    Catalyst::Plugin::Session                0        0.39    
    Catalyst::Plugin::Session::State::Cookie 0        0.17    
    Catalyst::Plugin::Session::Store::File   0        0.18    
    Catalyst::View::TT                       0        0.41    
    CatalystX::RoleApplicator                0        0.005   
    ExtUtils::MakeMaker                      6.42     6.86    
    HTTP::Request::Common                    0        6.04    
    Test::More                               0        1.001002

configure_requires:

    Module                                   Need     Have    
    ---------------------------------------- -------- --------
    ExtUtils::MakeMaker                      6.42     6.86    


------------------------------
ENVIRONMENT AND OTHER CONTEXT
------------------------------

Environment variables:

    AUTOMATED_TESTING = 1
    LANG = en_US.UTF-8
    LANGUAGE = en_US:en
    PATH = /usr/lib/ccache:/home/sand/bin:/usr/local/bin:/usr/bin:/bin:/usr/bin/X11:/usr/games:/usr/local/perl/bin:/usr/X11/bin:/sbin:/usr/sbin
    PERL = /tmp/basesmoker-reloperl-FXRY/bin/perl
    PERL5LIB = 
    PERL5OPT = 
    PERL5_CPANPLUS_IS_RUNNING = 28823
    PERL5_CPAN_IS_RUNNING = 28823
    PERL_MM_USE_DEFAULT = 1
    SHELL = /usr/bin/zsh
    TERM = screen

Perl special variables (and OS-specific diagnostics, for MSWin32):

    $^X = /tmp/basesmoker-reloperl-FXRY/bin/perl
    $UID/$EUID = 1005 / 1005
    $GID = 1005 1005
    $EGID = 1005 1005

Perl module toolchain versions installed:

    Module              Have    
    ------------------- --------
    CPAN                2.00    
    CPAN::Meta          2.133380
    Cwd                 3.45    
    ExtUtils::CBuilder  0.280213
    ExtUtils::Command   1.18    
    ExtUtils::Install   1.61    
    ExtUtils::MakeMaker 6.86    
    ExtUtils::Manifest  1.63    
    ExtUtils::ParseXS   3.23    
    File::Spec          3.45    
    JSON                2.90    
    JSON::PP            2.27203 
    Module::Build       0.4203  
    Module::Signature   0.73    
    Parse::CPAN::Meta   1.4409  
    Test::Harness       3.30    
    Test::More          1.001002
    YAML                0.88    
    YAML::Syck          1.27    
    version             0.9906  


--

Summary of my perl5 (revision 5 version 19 subversion 8) configuration:
  Commit id: ad94bb394e2544f935ffc8cb9aa70295ca2045dd
  Platform:
    osname=linux, osvers=3.10-3-amd64, archname=x86_64-linux-ld
    uname='linux k83 3.10-3-amd64 #1 smp debian 3.10.11-1 (2013-09-10) x86_64 gnulinux '
    config_args='-Dprefix=/home/sand/src/perl/repoperls/installed-perls/perl/v5.19.7-255-gad94bb3/127e -Dmyhostname=k83 -Dinstallusrbinperl=n -Uversiononly -Dusedevel -des -Ui_db -Uuseithreads -Duselongdouble -DDEBUGGING=-g'
    hint=recommended, useposix=true, d_sigaction=define
    useithreads=undef, usemultiplicity=undef
    use64bitint=define, use64bitall=define, uselongdouble=define
    usemymalloc=n, bincompat5005=undef
  Compiler:
    cc='cc', ccflags ='-fno-strict-aliasing -pipe -fstack-protector -I/usr/local/include -D_LARGEFILE_SOURCE -D_FILE_OFFSET_BITS=64',
    optimize='-O2 -g',
    cppflags='-fno-strict-aliasing -pipe -fstack-protector -I/usr/local/include'
    ccversion='', gccversion='4.8.2', gccosandvers=''
    intsize=4, longsize=8, ptrsize=8, doublesize=8, byteorder=12345678
    d_longlong=define, longlongsize=8, d_longdbl=define, longdblsize=16
    ivtype='long', ivsize=8, nvtype='long double', nvsize=16, Off_t='off_t', lseeksize=8
    alignbytes=16, prototype=define
  Linker and Libraries:
    ld='cc', ldflags =' -fstack-protector -L/usr/local/lib'
    libpth=/usr/local/lib /lib/x86_64-linux-gnu /lib/../lib /usr/lib/x86_64-linux-gnu /usr/lib/../lib /lib /usr/lib
    libs=-lnsl -lgdbm -ldb -ldl -lm -lcrypt -lutil -lc -lgdbm_compat
    perllibs=-lnsl -ldl -lm -lcrypt -lutil -lc
    libc=, so=so, useshrplib=false, libperl=libperl.a
    gnulibc_version='2.17'
  Dynamic Linking:
    dlsrc=dl_dlopen.xs, dlext=so, d_dlsymun=undef, ccdlflags='-Wl,-E'
    cccdlflags='-fPIC', lddlflags='-shared -O2 -g -L/usr/local/lib -fstack-protector'


Characteristics of this binary (from libperl): 
  Compile-time options: HAS_TIMES PERLIO_LAYERS PERL_DONT_CREATE_GVSV
                        PERL_HASH_FUNC_ONE_AT_A_TIME_HARD PERL_MALLOC_WRAP
                        PERL_NEW_COPY_ON_WRITE PERL_PRESERVE_IVUV
                        PERL_USE_DEVEL USE_64_BIT_ALL USE_64_BIT_INT
                        USE_LARGE_FILES USE_LOCALE USE_LOCALE_COLLATE
                        USE_LOCALE_CTYPE USE_LOCALE_NUMERIC USE_LONG_DOUBLE
                        USE_PERLIO USE_PERL_ATOF
  Built under linux
  Compiled at Jan 11 2014 06:54:26
  %ENV:
    PERL="/tmp/basesmoker-reloperl-FXRY/bin/perl"
    PERL5LIB=""
    PERL5OPT=""
    PERL5_CPANPLUS_IS_RUNNING="28823"
    PERL5_CPAN_IS_RUNNING="28823"
    PERL_MM_USE_DEFAULT="1"
  @INC:
    /home/sand/src/perl/repoperls/installed-perls/perl/v5.19.7-255-gad94bb3/127e/lib/site_perl/5.19.8/x86_64-linux-ld
    /home/sand/src/perl/repoperls/installed-perls/perl/v5.19.7-255-gad94bb3/127e/lib/site_perl/5.19.8
    /home/sand/src/perl/repoperls/installed-perls/perl/v5.19.7-255-gad94bb3/127e/lib/5.19.8/x86_64-linux-ld
    /home/sand/src/perl/repoperls/installed-perls/perl/v5.19.7-255-gad94bb3/127e/lib/5.19.8
    .