Report for Goo-0.09

Back
From: metabase:user:314402c4-2aae-11df-837a-5e0a49663a4f
Subject: FAIL Goo-0.09 v5.10.1 GNU/Linux
Date: 2015-02-14T21:02:29Z

This distribution has been tested as part of the CPAN Testers
project, supporting the Perl programming language.  See
http://wiki.cpantesters.org/ for more information or email
questions to cpan-testers-discuss@perl.org


--
Dear Nigel Hamilton,

This is a computer-generated report for Goo-0.09
on perl 5.10.1, created by CPAN-Reporter-1.2011.

Thank you for uploading your work to CPAN.  However, there was a problem
testing your distribution.

If you think this report is invalid, please consult the CPAN Testers Wiki
for suggestions on how to avoid getting FAIL reports for missing library
or binary dependencies, unsupported operating systems, and so on:

http://wiki.cpantesters.org/wiki/CPANAuthorNotes

Sections of this report:

    * Tester comments
    * Program output
    * Prerequisites
    * Environment and other context

------------------------------
TESTER COMMENTS
------------------------------

Additional comments from tester:

none provided

------------------------------
PROGRAM OUTPUT
------------------------------

Output from '/usr/bin/make test':

PERL_DL_NONLAZY=1 "/bbbike/perl-5.10.1/bin/perl" "-MExtUtils::Command::MM" "-MTest::Harness" "-e" "undef *Test::Harness::Switches; test_harness(0, 'blib/lib', 'blib/arch')" t/*.t
t/boilerplate.t ... ok

#   Failed test 'Pod coverage on Goo'
#   at /opt/perl-5.10.1/lib/site_perl/5.10.1/Test/Pod/Coverage.pm line 133.
# Goo: requiring 'Goo' failed

#   Failed test 'Pod coverage on Goo::Shell'
#   at /opt/perl-5.10.1/lib/site_perl/5.10.1/Test/Pod/Coverage.pm line 133.
# Goo::Shell: requiring 'Goo::Shell' failed

#   Failed test 'Pod coverage on Goo::DatabaseInfo'
#   at /opt/perl-5.10.1/lib/site_perl/5.10.1/Test/Pod/Coverage.pm line 133.
# Goo::DatabaseInfo: requiring 'Goo::DatabaseInfo' failed

#   Failed test 'Pod coverage on Goo::DatabaseThing::Maker'
#   at /opt/perl-5.10.1/lib/site_perl/5.10.1/Test/Pod/Coverage.pm line 133.
# Goo::DatabaseThing::Maker: requiring 'Goo::DatabaseThing::Maker' failed

#   Failed test 'Pod coverage on Goo::Thing::tpm::TestRunner'
#   at /opt/perl-5.10.1/lib/site_perl/5.10.1/Test/Pod/Coverage.pm line 133.
# Goo::Thing::tpm::TestRunner: requiring 'Goo::Thing::tpm::TestRunner' failed

#   Failed test 'Pod coverage on Goo::Thing::tpm::Tester'
#   at /opt/perl-5.10.1/lib/site_perl/5.10.1/Test/Pod/Coverage.pm line 133.
# Goo::Thing::tpm::Tester: requiring 'Goo::Thing::tpm::Tester' failed

#   Failed test 'Pod coverage on Goo::Thing::tpm::TestLoader'
#   at /opt/perl-5.10.1/lib/site_perl/5.10.1/Test/Pod/Coverage.pm line 133.
# Goo::Thing::tpm::TestLoader: requiring 'Goo::Thing::tpm::TestLoader' failed

#   Failed test 'Pod coverage on Goo::Thing::tpm::TestMaker'
#   at /opt/perl-5.10.1/lib/site_perl/5.10.1/Test/Pod/Coverage.pm line 133.
# Goo::Thing::tpm::TestMaker: requiring 'Goo::Thing::tpm::TestMaker' failed

#   Failed test 'Pod coverage on Goo::Thing::task::TaskEditor'
#   at /opt/perl-5.10.1/lib/site_perl/5.10.1/Test/Pod/Coverage.pm line 133.
# Goo::Thing::task::TaskEditor: requiring 'Goo::Thing::task::TaskEditor' failed

#   Failed test 'Pod coverage on Goo::Thing::task::TaskLister'
#   at /opt/perl-5.10.1/lib/site_perl/5.10.1/Test/Pod/Coverage.pm line 133.
# Goo::Thing::task::TaskLister: requiring 'Goo::Thing::task::TaskLister' failed

#   Failed test 'Pod coverage on Goo::Thing::log::Profiler'
#   at /opt/perl-5.10.1/lib/site_perl/5.10.1/Test/Pod/Coverage.pm line 133.
# Goo::Thing::log::Profiler: requiring 'Goo::Thing::log::Profiler' failed

#   Failed test 'Pod coverage on Goo::Thing::pl::ScriptMaker'
#   at /opt/perl-5.10.1/lib/site_perl/5.10.1/Test/Pod/Coverage.pm line 133.
# Goo::Thing::pl::ScriptMaker: requiring 'Goo::Thing::pl::ScriptMaker' failed

#   Failed test 'Pod coverage on Goo::Thing::js::JSFunctionProfileOption'
#   at /opt/perl-5.10.1/lib/site_perl/5.10.1/Test/Pod/Coverage.pm line 133.
# Goo::Thing::js::JSFunctionProfileOption: requiring 'Goo::Thing::js::JSFunctionProfileOption' failed

#   Failed test 'Pod coverage on Goo::Thing::js::JavascriptProfiler'
#   at /opt/perl-5.10.1/lib/site_perl/5.10.1/Test/Pod/Coverage.pm line 133.
# Goo::Thing::js::JavascriptProfiler: requiring 'Goo::Thing::js::JavascriptProfiler' failed

#   Failed test 'Pod coverage on Goo::Thing::pm::ProgramDeleter'
#   at /opt/perl-5.10.1/lib/site_perl/5.10.1/Test/Pod/Coverage.pm line 133.
# Goo::Thing::pm::ProgramDeleter: requiring 'Goo::Thing::pm::ProgramDeleter' failed

#   Failed test 'Pod coverage on Goo::Thing::pm::ProgramCloner'
#   at /opt/perl-5.10.1/lib/site_perl/5.10.1/Test/Pod/Coverage.pm line 133.
# Goo::Thing::pm::ProgramCloner: requiring 'Goo::Thing::pm::ProgramCloner' failed
# Looks like you failed 16 tests of 124.
t/pod-coverage.t .. 
Dubious, test returned 16 (wstat 4096, 0x1000)
Failed 16/124 subtests 
t/pod.t ........... ok

Test Summary Report
-------------------
t/pod-coverage.t (Wstat: 4096 Tests: 124 Failed: 16)
  Failed tests:  1, 48, 59, 66, 69-73, 76-77, 82-84, 88
                91
  Non-zero exit status: 16
Files=3, Tests=259,  1 wallclock secs ( 0.02 usr  0.03 sys +  0.50 cusr  0.07 csys =  0.62 CPU)
Result: FAIL
Failed 1/3 test programs. 16/259 subtests failed.
make: *** [test_dynamic] Error 255

------------------------------
PREREQUISITES
------------------------------

Prerequisite modules loaded:

requires:

    Module              Need Have    
    ------------------- ---- --------
    CGI                 0    4.09    
    Config::Auto        0    0.44    
    Config::Tiny        0    2.20    
    DBD::SQLite         0    1.46    
    Devel::Symdump      0    2.14    
    File::Find          0    1.14    
    File::Grep          0    0.02    
    File::NCopy         0    0.36    
    LWP::ConnCache      0    6.02    
    LWP::UserAgent      0    6.06    
    Perl::Tidy          0    20140711
    Pod::Coverage       0    0.23    
    Term::ANSIColor     0    2.00    
    Term::Complete      0    1.402   
    Term::ProgressBar   0    2.17    
    Term::ReadKey       0    2.32    
    Test::More          0    1.001014
    Test::Pod           0    1.48    
    Test::Pod::Coverage 0    1.10    
    Text::FormatTable   0    1.03    
    Time::HiRes         0    1.9726  

build_requires:

    Module              Need Have    
    ------------------- ---- --------
    ExtUtils::MakeMaker 0    7.04    


------------------------------
ENVIRONMENT AND OTHER CONTEXT
------------------------------

Environment variables:

    DBIC_NO_WARN_BAD_PERL = 1
    LANG = C
    PATH = /usr/local/bin:/usr/bin:/bin:/usr/local/sbin:/usr/sbin:/sbin:/home/eserte/bin/linux-gnu:/home/eserte/bin/sh:/home/eserte/bin:/usr/games:/home/eserte/devel:/home/eserte/src/srezic-misc/scripts
    PERL5LIB = /home/eserte/.cpan/build/File-NCopy-0.36-4XBnvo/blib/arch:/home/eserte/.cpan/build/File-NCopy-0.36-4XBnvo/blib/lib:/home/eserte/.cpan/build/File-Grep-0.02-hOYE8r/blib/arch:/home/eserte/.cpan/build/File-Grep-0.02-hOYE8r/blib/lib
    PERL5OPT = 
    PERL5_CPANPLUS_IS_RUNNING = 29771
    PERL5_CPAN_IS_RUNNING = 29771
    PERL5_CPAN_IS_RUNNING_IN_RECURSION = 29358,29771
    PERLDOC = -MPod::Perldoc::ToTextOverstrike
    PERL_BATCH = yes
    PERL_CPAN_REPORTER_CONFIG = /var/tmp/cpansmoker-1001/Q75kQ6RvFF_config.ini
    PERL_EXTUTILS_AUTOINSTALL = --defaultdeps
    PERL_HTML_DISPLAY_CLASS = HTML::Display::Mozilla
    SHELL = /bin/zsh
    TERM = screen
    TMPDIR = /var/tmp/cpansmoker-1001

Perl special variables (and OS-specific diagnostics, for MSWin32):

    $^X = /bbbike/perl-5.10.1/bin/perl
    $UID/$EUID = 1001 / 1001
    $GID = 1001 109 1001
    $EGID = 1001 109 1001

Perl module toolchain versions installed:

    Module              Have    
    ------------------- --------
    CPAN                2.05    
    CPAN::Meta          2.142690
    Cwd                 3.47    
    ExtUtils::CBuilder  0.280219
    ExtUtils::Command   1.16    
    ExtUtils::Install   2.04    
    ExtUtils::MakeMaker 7.04    
    ExtUtils::Manifest  1.68    
    ExtUtils::ParseXS   3.24    
    File::Spec          3.47    
    JSON                2.90    
    JSON::PP            2.27203 
    Module::Build       0.4211  
    Module::Signature   0.73    
    Parse::CPAN::Meta   1.4414  
    Test::Harness       3.35    
    Test::More          1.001014
    YAML                1.14    
    YAML::Syck          1.29    
    version             0.9911  


--

Summary of my perl5 (revision 5 version 10 subversion 1) configuration:
   
  Platform:
    osname=linux, osvers=3.2.0-4-amd64, archname=x86_64-linux
    uname='linux eserte 3.2.0-4-amd64 #1 smp debian 3.2.60-1+deb7u3 x86_64 gnulinux '
    config_args='-ds -e -Dprefix=/opt/perl-5.10.1'
    hint=recommended, useposix=true, d_sigaction=define
    useithreads=undef, usemultiplicity=undef
    useperlio=define, d_sfio=undef, uselargefiles=define, usesocks=undef
    use64bitint=define, use64bitall=define, uselongdouble=undef
    usemymalloc=n, bincompat5005=undef
  Compiler:
    cc='cc', ccflags ='-fno-strict-aliasing -pipe -fstack-protector -I/usr/local/include -D_LARGEFILE_SOURCE -D_FILE_OFFSET_BITS=64',
    optimize='-O2',
    cppflags='-fno-strict-aliasing -pipe -fstack-protector -I/usr/local/include'
    ccversion='', gccversion='4.7.2', gccosandvers=''
    intsize=4, longsize=8, ptrsize=8, doublesize=8, byteorder=12345678
    d_longlong=define, longlongsize=8, d_longdbl=define, longdblsize=16
    ivtype='long', ivsize=8, nvtype='double', nvsize=8, Off_t='off_t', lseeksize=8
    alignbytes=8, prototype=define
  Linker and Libraries:
    ld='cc', ldflags =' -fstack-protector -L/usr/local/lib'
    libpth=/usr/local/lib /lib/x86_64-linux-gnu /lib/../lib /usr/lib/x86_64-linux-gnu /usr/lib/../lib /lib /usr/lib
    libs=-lnsl -ldb -ldl -lm -lcrypt -lutil -lc
    perllibs=-lnsl -ldl -lm -lcrypt -lutil -lc
    libc=libc-2.13.so, so=so, useshrplib=false, libperl=libperl.a
    gnulibc_version='2.13'
  Dynamic Linking:
    dlsrc=dl_dlopen.xs, dlext=so, d_dlsymun=undef, ccdlflags='-Wl,-E'
    cccdlflags='-fPIC', lddlflags='-shared -O2 -L/usr/local/lib -fstack-protector'


Characteristics of this binary (from libperl): 
  Compile-time options: PERL_DONT_CREATE_GVSV PERL_MALLOC_WRAP USE_64_BIT_ALL
                        USE_64_BIT_INT USE_LARGE_FILES USE_PERLIO
  Built under linux
  Compiled at Aug 18 2014 20:38:33
  %ENV:
    PERL5LIB="/home/eserte/.cpan/build/File-NCopy-0.36-4XBnvo/blib/arch:/home/eserte/.cpan/build/File-NCopy-0.36-4XBnvo/blib/lib:/home/eserte/.cpan/build/File-Grep-0.02-hOYE8r/blib/arch:/home/eserte/.cpan/build/File-Grep-0.02-hOYE8r/blib/lib"
    PERL5OPT=""
    PERL5_CPANPLUS_IS_RUNNING="29771"
    PERL5_CPAN_IS_RUNNING="29771"
    PERL5_CPAN_IS_RUNNING_IN_RECURSION="29358,29771"
    PERLDOC="-MPod::Perldoc::ToTextOverstrike"
    PERL_BATCH="yes"
    PERL_CPAN_REPORTER_CONFIG="/var/tmp/cpansmoker-1001/Q75kQ6RvFF_config.ini"
    PERL_EXTUTILS_AUTOINSTALL="--defaultdeps"
    PERL_HTML_DISPLAY_CLASS="HTML::Display::Mozilla"
  @INC:
    /home/eserte/.cpan/build/File-NCopy-0.36-4XBnvo/blib/arch
    /home/eserte/.cpan/build/File-NCopy-0.36-4XBnvo/blib/lib
    /home/eserte/.cpan/build/File-Grep-0.02-hOYE8r/blib/arch
    /home/eserte/.cpan/build/File-Grep-0.02-hOYE8r/blib/lib
    /opt/perl-5.10.1/lib/5.10.1/x86_64-linux
    /opt/perl-5.10.1/lib/5.10.1
    /opt/perl-5.10.1/lib/site_perl/5.10.1/x86_64-linux
    /opt/perl-5.10.1/lib/site_perl/5.10.1
    .