XML-RSS-Tools v0.34 Perl 5 v5.35.2 x86_64-linux-ld
- Status
- Fail
- From
- Andreas J. König (ANDK)
- Dist
-
XML-RSS-Tools v0.34
- Platform
- Perl 5 v5.35.2 x86_64-linux-ld
- Date
- 2021-08-10 22:03:25
- ID
- c8f7d600-fa26-11eb-a4db-7b3c083349c8
This distribution has been tested as part of the CPAN Testers
project, supporting the Perl programming language. See
http://wiki.cpantesters.org/ for more information or email
questions to cpan-testers-discuss@perl.org
--
Dear Adam John Trickett,
This is a computer-generated report for XML-RSS-Tools-0.34
on perl 5.35.2, created by CPAN-Reporter-1.2018.
Thank you for uploading your work to CPAN. However, there was a problem
testing your distribution.
If you think this report is invalid, please consult the CPAN Testers Wiki
for suggestions on how to avoid getting FAIL reports for missing library
or binary dependencies, unsupported operating systems, and so on:
http://wiki.cpantesters.org/wiki/CPANAuthorNotes
Sections of this report:
* Tester comments
* Program output
* Prerequisites
* Environment and other context
------------------------------
TESTER COMMENTS
------------------------------
Additional comments from tester:
this report is from an automated smoke testing program
and was not reviewed by a human for accuracy
------------------------------
PROGRAM OUTPUT
------------------------------
Output from '/usr/bin/make test':
PERL_DL_NONLAZY=1 "/tmp/basesmoker-reloperl-HVFz/bin/perl" "-MExtUtils::Command::MM" "-MTest::Harness" "-e" "undef *Test::Harness::Switches; test_harness(0, 'blib/lib', 'blib/arch')" t/*.t
Old SIGNATURE detected. Please inform the module author to regenerate SIGNATURE using Module::Signature version 0.82 or newer.
WARNING: This key is not certified with a trusted signature!
Primary key fingerprint: 9664 1770 E805 A152 8CDE CFBD 9CDA 8911 AF0D B8C8
t/00-signature.t ......... ok
#
# Package Version
# Operating System linux
# perl 5.35.2
# XML::Parser 2.46
# XML::RSS 1.59
# XML::LibXML 2.0207
# XML::LibXSLT 1.99
# URI 5.09
# LWP 6.55
# HTTP::GHTTP Not Installed
# HTTP::Lite 2.44
# WWW::Curl::Easy Not Installed
# Test::More 1.302186
# Test::Warn 0.36
# Test::NoWarnings 1.06
# Test::Perl::Critic 1.04
# Test::Pod 1.52
# Test::Pod::Coverage 1.10
# Pod::Coverage 0.23
# IO::Capture 0.05
t/01-config.t ............ ok
# Failed test 'use XML::RSS::Tools;'
# at t/02-use.t line 17.
# Tried to use 'XML::RSS::Tools'.
# Error: Malformed UTF-8 character (fatal) at /tmp/loop_over_bdir-14873-gqPQRU/XML-RSS-Tools-0.34-0/blib/lib/XML/RSS/Tools.pm line 657.
# Compilation failed in require at t/02-use.t line 17.
# BEGIN failed--compilation aborted at t/02-use.t line 17.
# Failed test 'no warnings'
# at t/02-use.t line 20.
# There were 1 warning(s)
# Previous test 0 ''
# Malformed UTF-8 character: \xc6\x7d (unexpected non-continuation byte 0x7d, immediately after start byte 0xc6; need 2 bytes, got 1) at /tmp/loop_over_bdir-14873-gqPQRU/XML-RSS-Tools-0.34-0/blib/lib/XML/RSS/Tools.pm line 657.
# at /tmp/loop_over_bdir-14873-gqPQRU/XML-RSS-Tools-0.34-0/blib/lib/XML/RSS/Tools.pm line 657.
# require XML/RSS/Tools.pm called at t/02-use.t line 17
# main::BEGIN() called at /tmp/loop_over_bdir-14873-gqPQRU/XML-RSS-Tools-0.34-0/blib/lib/XML/RSS/Tools.pm line 657
# eval {...} called at /tmp/loop_over_bdir-14873-gqPQRU/XML-RSS-Tools-0.34-0/blib/lib/XML/RSS/Tools.pm line 657
# eval 'package main;
# BEGIN { ${^WARNING_BITS} = $args[-1] if defined $args[-1] }
# #line 17 t/02-use.t
# use XML::RSS::Tools @{$args[0]};
# 1;
# ' called at /home/sand/src/perl/repoperls/installed-perls/host/k93bionic/v5.35.2/ca05/lib/site_perl/5.35.2/Test/More.pm line 1034
# Test::More::_eval("package main;\x{a}BEGIN { \${^WARNING_BITS} = \$args[-1] if defined"..., ARRAY(0x555ecead1c98), undef) called at /home/sand/src/perl/repoperls/installed-perls/host/k93bionic/v5.35.2/ca05/lib/site_perl/5.35.2/Test/More.pm line 1009
# Test::More::use_ok("XML::RSS::Tools") called at t/02-use.t line 17
# main::BEGIN() called at /tmp/loop_over_bdir-14873-gqPQRU/XML-RSS-Tools-0.34-0/blib/lib/XML/RSS/Tools.pm line 657
# eval {...} called at /tmp/loop_over_bdir-14873-gqPQRU/XML-RSS-Tools-0.34-0/blib/lib/XML/RSS/Tools.pm line 657
#
# Looks like you failed 2 tests of 2.
t/02-use.t ...............
Dubious, test returned 2 (wstat 512, 0x200)
Failed 2/2 subtests
Malformed UTF-8 character: \xc6\x7d (unexpected non-continuation byte 0x7d, immediately after start byte 0xc6; need 2 bytes, got 1) at /tmp/loop_over_bdir-14873-gqPQRU/XML-RSS-Tools-0.34-0/blib/lib/XML/RSS/Tools.pm line 657.
Malformed UTF-8 character (fatal) at /tmp/loop_over_bdir-14873-gqPQRU/XML-RSS-Tools-0.34-0/blib/lib/XML/RSS/Tools.pm line 657.
Compilation failed in require at t/03-basic-tests.t line 6.
BEGIN failed--compilation aborted at t/03-basic-tests.t line 6.
t/03-basic-tests.t .......
Dubious, test returned 255 (wstat 65280, 0xff00)
No subtests run
# Failed test 'use XML::RSS::Tools;'
# at t/04-standard-tests.t line 18.
# Tried to use 'XML::RSS::Tools'.
# Error: Malformed UTF-8 character (fatal) at /tmp/loop_over_bdir-14873-gqPQRU/XML-RSS-Tools-0.34-0/blib/lib/XML/RSS/Tools.pm line 657.
# Compilation failed in require at t/04-standard-tests.t line 18.
# BEGIN failed--compilation aborted at t/04-standard-tests.t line 18.
Can't locate object method "_raise_error" via package "XML::RSS::Tools" at /tmp/loop_over_bdir-14873-gqPQRU/XML-RSS-Tools-0.34-0/blib/lib/XML/RSS/Tools.pm line 492.
# Looks like your test exited with 2 just after 4.
t/04-standard-tests.t ....
Dubious, test returned 2 (wstat 512, 0x200)
Failed 24/27 subtests
# Failed test 'use XML::RSS::Tools;'
# at t/05-version-tests.t line 19.
# Tried to use 'XML::RSS::Tools'.
# Error: Malformed UTF-8 character (fatal) at /tmp/loop_over_bdir-14873-gqPQRU/XML-RSS-Tools-0.34-0/blib/lib/XML/RSS/Tools.pm line 657.
# Compilation failed in require at t/05-version-tests.t line 19.
# BEGIN failed--compilation aborted at t/05-version-tests.t line 19.
Can't locate object method "_raise_error" via package "XML::RSS::Tools" at /tmp/loop_over_bdir-14873-gqPQRU/XML-RSS-Tools-0.34-0/blib/lib/XML/RSS/Tools.pm line 214.
# Looks like your test exited with 255 just after 2.
t/05-version-tests.t .....
Dubious, test returned 255 (wstat 65280, 0xff00)
Failed 10/11 subtests
# Failed test 'use XML::RSS::Tools;'
# at t/06-filehandle-tests.t line 18.
# Tried to use 'XML::RSS::Tools'.
# Error: Malformed UTF-8 character (fatal) at /tmp/loop_over_bdir-14873-gqPQRU/XML-RSS-Tools-0.34-0/blib/lib/XML/RSS/Tools.pm line 657.
# Compilation failed in require at t/06-filehandle-tests.t line 18.
# BEGIN failed--compilation aborted at t/06-filehandle-tests.t line 18.
Can't locate object method "_raise_error" via package "XML::RSS::Tools" at /tmp/loop_over_bdir-14873-gqPQRU/XML-RSS-Tools-0.34-0/blib/lib/XML/RSS/Tools.pm line 307.
# Looks like your test exited with 2 just after 1.
t/06-filehandle-tests.t ..
Dubious, test returned 2 (wstat 512, 0x200)
Failed 11/11 subtests
# Failed test 'use XML::RSS::Tools;'
# at t/07-catalog-tests.t line 29.
# Tried to use 'XML::RSS::Tools'.
# Error: Malformed UTF-8 character (fatal) at /tmp/loop_over_bdir-14873-gqPQRU/XML-RSS-Tools-0.34-0/blib/lib/XML/RSS/Tools.pm line 657.
# Compilation failed in require at t/07-catalog-tests.t line 29.
# BEGIN failed--compilation aborted at t/07-catalog-tests.t line 29.
Can't locate object method "_raise_error" via package "XML::RSS::Tools" at /tmp/loop_over_bdir-14873-gqPQRU/XML-RSS-Tools-0.34-0/blib/lib/XML/RSS/Tools.pm line 492.
# Looks like your test exited with 2 just after 2.
t/07-catalog-tests.t .....
Dubious, test returned 2 (wstat 512, 0x200)
Failed 12/13 subtests
Malformed UTF-8 character: \xc6\x7d (unexpected non-continuation byte 0x7d, immediately after start byte 0xc6; need 2 bytes, got 1) at /tmp/loop_over_bdir-14873-gqPQRU/XML-RSS-Tools-0.34-0/blib/lib/XML/RSS/Tools.pm line 657.
Malformed UTF-8 character (fatal) at /tmp/loop_over_bdir-14873-gqPQRU/XML-RSS-Tools-0.34-0/blib/lib/XML/RSS/Tools.pm line 657.
Compilation failed in require at t/08-no-catalog.t line 5.
BEGIN failed--compilation aborted at t/08-no-catalog.t line 5.
t/08-no-catalog.t ........
Dubious, test returned 255 (wstat 65280, 0xff00)
No subtests run
# Failed test 'use XML::RSS::Tools;'
# at t/50-error-tests.t line 25.
# Tried to use 'XML::RSS::Tools'.
# Error: Malformed UTF-8 character (fatal) at /tmp/loop_over_bdir-14873-gqPQRU/XML-RSS-Tools-0.34-0/blib/lib/XML/RSS/Tools.pm line 657.
# Compilation failed in require at t/50-error-tests.t line 25.
# BEGIN failed--compilation aborted at t/50-error-tests.t line 25.
Can't locate object method "_raise_error" via package "XML::RSS::Tools" at /tmp/loop_over_bdir-14873-gqPQRU/XML-RSS-Tools-0.34-0/blib/lib/XML/RSS/Tools.pm line 492.
# Looks like your test exited with 2 just after 5.
t/50-error-tests.t .......
Dubious, test returned 2 (wstat 512, 0x200)
Failed 43/47 subtests
Malformed UTF-8 character: \xc6\x7d (unexpected non-continuation byte 0x7d, immediately after start byte 0xc6; need 2 bytes, got 1) at /tmp/loop_over_bdir-14873-gqPQRU/XML-RSS-Tools-0.34-0/blib/lib/XML/RSS/Tools.pm line 657.
Malformed UTF-8 character (fatal) at /tmp/loop_over_bdir-14873-gqPQRU/XML-RSS-Tools-0.34-0/blib/lib/XML/RSS/Tools.pm line 657.
Compilation failed in require at t/51-debug-tests-1.t line 5.
BEGIN failed--compilation aborted at t/51-debug-tests-1.t line 5.
t/51-debug-tests-1.t .....
Dubious, test returned 255 (wstat 65280, 0xff00)
No subtests run
# Failed test 'use XML::RSS::Tools;'
# at t/52-debug-tests-2.t line 28.
# Tried to use 'XML::RSS::Tools'.
# Error: Malformed UTF-8 character (fatal) at /tmp/loop_over_bdir-14873-gqPQRU/XML-RSS-Tools-0.34-0/blib/lib/XML/RSS/Tools.pm line 657.
# Compilation failed in require at t/52-debug-tests-2.t line 28.
# BEGIN failed--compilation aborted at t/52-debug-tests-2.t line 28.
Can't locate object method "_raise_error" via package "XML::RSS::Tools" at /tmp/loop_over_bdir-14873-gqPQRU/XML-RSS-Tools-0.34-0/blib/lib/XML/RSS/Tools.pm line 492.
# Looks like your test exited with 2 just after 2.
t/52-debug-tests-2.t .....
Dubious, test returned 2 (wstat 512, 0x200)
Failed 60/61 subtests
Malformed UTF-8 character: \xc6\x7d (unexpected non-continuation byte 0x7d, immediately after start byte 0xc6; need 2 bytes, got 1) at /tmp/loop_over_bdir-14873-gqPQRU/XML-RSS-Tools-0.34-0/blib/lib/XML/RSS/Tools.pm line 657.
Malformed UTF-8 character (fatal) at /tmp/loop_over_bdir-14873-gqPQRU/XML-RSS-Tools-0.34-0/blib/lib/XML/RSS/Tools.pm line 657.
Compilation failed in require at t/53-no-debug-tests-1.t line 28.
BEGIN failed--compilation aborted at t/53-no-debug-tests-1.t line 28.
# Looks like your test exited with 255 before it could output anything.
t/53-no-debug-tests-1.t ..
Dubious, test returned 255 (wstat 65280, 0xff00)
Failed 44/44 subtests
# Failed test 'use XML::RSS::Tools;'
# at t/54-no-debug-tests-2.t line 23.
# Tried to use 'XML::RSS::Tools'.
# Error: Malformed UTF-8 character (fatal) at /tmp/loop_over_bdir-14873-gqPQRU/XML-RSS-Tools-0.34-0/blib/lib/XML/RSS/Tools.pm line 657.
# Compilation failed in require at t/54-no-debug-tests-2.t line 23.
# BEGIN failed--compilation aborted at t/54-no-debug-tests-2.t line 23.
Can't locate object method "_raise_error" via package "XML::RSS::Tools" at /tmp/loop_over_bdir-14873-gqPQRU/XML-RSS-Tools-0.34-0/blib/lib/XML/RSS/Tools.pm line 492.
# Looks like your test exited with 2 just after 2.
t/54-no-debug-tests-2.t ..
Dubious, test returned 2 (wstat 512, 0x200)
Failed 23/24 subtests
# Failed test 'use XML::RSS::Tools;'
# at t/60-http-tests.t line 21.
# Tried to use 'XML::RSS::Tools'.
# Error: Malformed UTF-8 character (fatal) at /tmp/loop_over_bdir-14873-gqPQRU/XML-RSS-Tools-0.34-0/blib/lib/XML/RSS/Tools.pm line 657.
# Compilation failed in require at t/60-http-tests.t line 21.
# BEGIN failed--compilation aborted at t/60-http-tests.t line 21.
Can't locate object method "_raise_error" via package "XML::RSS::Tools" at /tmp/loop_over_bdir-14873-gqPQRU/XML-RSS-Tools-0.34-0/blib/lib/XML/RSS/Tools.pm line 561.
# Looks like your test exited with 255 just after 5.
t/60-http-tests.t ........
Dubious, test returned 255 (wstat 65280, 0xff00)
Failed 18/22 subtests
(less 2 skipped subtests: 2 okay)
t/70-pod-test.t .......... ok
# Failed test at t/71-pod-cover-1.t line 29.
# Failed test 'no warnings'
# at t/71-pod-cover-1.t line 30.
# There were 1 warning(s)
# Previous test 0 ''
# Malformed UTF-8 character: \xc6\x7d (unexpected non-continuation byte 0x7d, immediately after start byte 0xc6; need 2 bytes, got 1) at /tmp/loop_over_bdir-14873-gqPQRU/XML-RSS-Tools-0.34-0/blib/lib/XML/RSS/Tools.pm line 657.
# at /tmp/loop_over_bdir-14873-gqPQRU/XML-RSS-Tools-0.34-0/blib/lib/XML/RSS/Tools.pm line 657.
# require XML/RSS/Tools.pm called at (eval 11) line 1
# eval ' require XML::RSS::Tools ' called at /home/sand/src/perl/repoperls/installed-perls/host/k93bionic/v5.35.2/ca05/lib/site_perl/5.35.2/Pod/Coverage.pm line 308
# Pod::Coverage::_get_syms(Pod::Coverage=HASH(0x56162cc2d190), "XML::RSS::Tools") called at /home/sand/src/perl/repoperls/installed-perls/host/k93bionic/v5.35.2/ca05/lib/site_perl/5.35.2/Pod/Coverage.pm line 152
# Pod::Coverage::coverage(Pod::Coverage=HASH(0x56162cc2d190)) called at t/71-pod-cover-1.t line 29
#
# Looks like you failed 2 tests of 2.
t/71-pod-cover-1.t .......
Dubious, test returned 2 (wstat 512, 0x200)
Failed 2/2 subtests
# Failed test 'Pod coverage on XML::RSS::Tools'
# at t/72-pod-cover-2.t line 27.
# XML::RSS::Tools: requiring 'XML::RSS::Tools' failed
# Failed test 'no warnings'
# at t/72-pod-cover-2.t line 28.
# There were 1 warning(s)
# Previous test 0 ''
# Malformed UTF-8 character: \xc6\x7d (unexpected non-continuation byte 0x7d, immediately after start byte 0xc6; need 2 bytes, got 1) at /tmp/loop_over_bdir-14873-gqPQRU/XML-RSS-Tools-0.34-0/blib/lib/XML/RSS/Tools.pm line 657.
# at /tmp/loop_over_bdir-14873-gqPQRU/XML-RSS-Tools-0.34-0/blib/lib/XML/RSS/Tools.pm line 657.
# require XML/RSS/Tools.pm called at (eval 12) line 1
# eval ' require XML::RSS::Tools ' called at /home/sand/src/perl/repoperls/installed-perls/host/k93bionic/v5.35.2/ca05/lib/site_perl/5.35.2/Pod/Coverage.pm line 308
# Pod::Coverage::_get_syms(Pod::Coverage=HASH(0x5651a85fbe38), "XML::RSS::Tools") called at /home/sand/src/perl/repoperls/installed-perls/host/k93bionic/v5.35.2/ca05/lib/site_perl/5.35.2/Pod/Coverage.pm line 152
# Pod::Coverage::coverage(Pod::Coverage=HASH(0x5651a85fbe38)) called at /home/sand/src/perl/repoperls/installed-perls/host/k93bionic/v5.35.2/ca05/lib/site_perl/5.35.2/Test/Pod/Coverage.pm line 169
# Test::Pod::Coverage::pod_coverage_ok("XML::RSS::Tools", HASH(0x5651a85fba78)) called at t/72-pod-cover-2.t line 27
#
# Looks like you failed 2 tests of 2.
t/72-pod-cover-2.t .......
Dubious, test returned 2 (wstat 512, 0x200)
Failed 2/2 subtests
t/80-kwalitee.t .......... skipped: Author test. Set $ENV{TEST_AUTHOR} to a true value to run.
t/81-perl-critic.t ....... skipped: Author test. Set $ENV{TEST_AUTHOR} to a true value to run.
Malformed UTF-8 character: \xc6\x7d (unexpected non-continuation byte 0x7d, immediately after start byte 0xc6; need 2 bytes, got 1) at /tmp/loop_over_bdir-14873-gqPQRU/XML-RSS-Tools-0.34-0/blib/lib/XML/RSS/Tools.pm line 657.
# Failed test 'use XML::RSS::Tools;'
# at /home/sand/src/perl/repoperls/installed-perls/host/k93bionic/v5.35.2/ca05/lib/site_perl/5.35.2/Test/Distribution.pm line 177.
# Tried to use 'XML::RSS::Tools'.
# Error: Malformed UTF-8 character (fatal) at /tmp/loop_over_bdir-14873-gqPQRU/XML-RSS-Tools-0.34-0/blib/lib/XML/RSS/Tools.pm line 657.
# Compilation failed in require at /home/sand/src/perl/repoperls/installed-perls/host/k93bionic/v5.35.2/ca05/lib/site_perl/5.35.2/Test/Distribution.pm line 177.
# BEGIN failed--compilation aborted at /home/sand/src/perl/repoperls/installed-perls/host/k93bionic/v5.35.2/ca05/lib/site_perl/5.35.2/Test/Distribution.pm line 177.
# Failed test 'XML::RSS::Tools defines a version'
# at /home/sand/src/perl/repoperls/installed-perls/host/k93bionic/v5.35.2/ca05/lib/site_perl/5.35.2/Test/Distribution.pm line 212.
# Failed test 'Pod Coverage ok'
# at /home/sand/src/perl/repoperls/installed-perls/host/k93bionic/v5.35.2/ca05/lib/site_perl/5.35.2/Test/Distribution.pm line 165.
# XML::RSS::Tools: requiring 'XML::RSS::Tools' failed
# Looks like you failed 3 tests of 10.
t/90-distribution.t ......
Dubious, test returned 3 (wstat 768, 0x300)
Failed 3/10 subtests
(less 1 skipped subtest: 6 okay)
t/91-meta-yaml.t ......... ok
Test Summary Report
-------------------
t/02-use.t (Wstat: 512 Tests: 2 Failed: 2)
Failed tests: 1-2
Non-zero exit status: 2
t/03-basic-tests.t (Wstat: 65280 Tests: 0 Failed: 0)
Non-zero exit status: 255
Parse errors: No plan found in TAP output
t/04-standard-tests.t (Wstat: 512 Tests: 4 Failed: 1)
Failed test: 1
Non-zero exit status: 2
Parse errors: Bad plan. You planned 27 tests but ran 4.
t/05-version-tests.t (Wstat: 65280 Tests: 2 Failed: 1)
Failed test: 1
Non-zero exit status: 255
Parse errors: Bad plan. You planned 11 tests but ran 2.
t/06-filehandle-tests.t (Wstat: 512 Tests: 1 Failed: 1)
Failed test: 1
Non-zero exit status: 2
Parse errors: Bad plan. You planned 11 tests but ran 1.
t/07-catalog-tests.t (Wstat: 512 Tests: 2 Failed: 1)
Failed test: 1
Non-zero exit status: 2
Parse errors: Bad plan. You planned 13 tests but ran 2.
t/08-no-catalog.t (Wstat: 65280 Tests: 0 Failed: 0)
Non-zero exit status: 255
Parse errors: No plan found in TAP output
t/50-error-tests.t (Wstat: 512 Tests: 5 Failed: 1)
Failed test: 1
Non-zero exit status: 2
Parse errors: Bad plan. You planned 47 tests but ran 5.
t/51-debug-tests-1.t (Wstat: 65280 Tests: 0 Failed: 0)
Non-zero exit status: 255
Parse errors: No plan found in TAP output
t/52-debug-tests-2.t (Wstat: 512 Tests: 2 Failed: 1)
Failed test: 1
Non-zero exit status: 2
Parse errors: Bad plan. You planned 61 tests but ran 2.
t/53-no-debug-tests-1.t (Wstat: 65280 Tests: 0 Failed: 0)
Non-zero exit status: 255
Parse errors: Bad plan. You planned 44 tests but ran 0.
t/54-no-debug-tests-2.t (Wstat: 512 Tests: 2 Failed: 1)
Failed test: 1
Non-zero exit status: 2
Parse errors: Bad plan. You planned 24 tests but ran 2.
t/60-http-tests.t (Wstat: 65280 Tests: 5 Failed: 1)
Failed test: 1
Non-zero exit status: 255
Parse errors: Bad plan. You planned 22 tests but ran 5.
t/71-pod-cover-1.t (Wstat: 512 Tests: 2 Failed: 2)
Failed tests: 1-2
Non-zero exit status: 2
t/72-pod-cover-2.t (Wstat: 512 Tests: 2 Failed: 2)
Failed tests: 1-2
Non-zero exit status: 2
t/90-distribution.t (Wstat: 768 Tests: 10 Failed: 3)
Failed tests: 2-3, 10
Non-zero exit status: 3
Files=22, Tests=57, 6 wallclock secs ( 0.05 usr 0.09 sys + 4.00 cusr 1.11 csys = 5.25 CPU)
Result: FAIL
Failed 16/22 test programs. 17/57 subtests failed.
Makefile:850: recipe for target 'test_dynamic' failed
make: *** [test_dynamic] Error 255
------------------------------
PREREQUISITES
------------------------------
Prerequisite modules loaded:
requires:
Module Need Have
------------------- ---- ------
LWP 5.8 6.55
URI 1.35 5.09
XML::LibXML 1.59 2.0207
XML::LibXSLT 1.59 1.99
XML::RSS 1.22 1.62
build_requires:
Module Need Have
------------------- ---- ------
ExtUtils::MakeMaker 0 7.62
configure_requires:
Module Need Have
------------------- ---- ------
Module::Build 0.4 0.4231
------------------------------
ENVIRONMENT AND OTHER CONTEXT
------------------------------
Environment variables:
AUTOMATED_TESTING = 1
LANG = en_US.utf8
PATH = /home/sand/bin:/usr/local/bin:/usr/local/sbin:/usr/sbin:/usr/bin:/sbin:/bin:/usr/games:/usr/local/games:/snap/bin:/usr/local/perl/bin:/usr/X11/bin
PERL = /tmp/basesmoker-reloperl-HVFz/bin/perl
PERL5LIB = /tmp/loop_over_bdir-14873-gqPQRU/dta-tokwrap-0.98-0/blib/arch:/tmp/loop_over_bdir-14873-gqPQRU/dta-tokwrap-0.98-0/blib/lib:/tmp/loop_over_bdir-14873-gqPQRU/triceps-2.1.0-0/blib/arch:/tmp/loop_over_bdir-14873-gqPQRU/triceps-2.1.0-0/blib/lib:/tmp/loop_over_bdir-14873-gqPQRU/Lemonldap-NG-Cli-0.2-0/blib/arch:/tmp/loop_over_bdir-14873-gqPQRU/Lemonldap-NG-Cli-0.2-0/blib/lib:/tmp/loop_over_bdir-14873-gqPQRU/OSDial-3.0.2.124-0/blib/arch:/tmp/loop_over_bdir-14873-gqPQRU/OSDial-3.0.2.124-0/blib/lib:/tmp/loop_over_bdir-14873-gqPQRU/Business-Shipping-DataFiles-1.02-0/blib/arch:/tmp/loop_over_bdir-14873-gqPQRU/Business-Shipping-DataFiles-1.02-0/blib/lib:/tmp/loop_over_bdir-14873-gqPQRU/Devel-Required-0.16-0/blib/arch:/tmp/loop_over_bdir-14873-gqPQRU/Devel-Required-0.16-0/blib/lib:/tmp/loop_over_bdir-14873-gqPQRU/Debian-Packages-0.03-0/blib/arch:/tmp/loop_over_bdir-14873-gqPQRU/Debian-Packages-0.03-0/blib/lib:/tmp/loop_over_bdir-14873-gqPQRU/Lingua-BioYaTeA-0.11-0/blib/arch:/tmp/loop_over_bdir-14873-gqPQRU/Lingua-BioYaTeA-0.11-0/blib/lib:/tmp/loop_over_bdir-14873-gqPQRU/Lingua-YaTeA-0.626-0/blib/arch:/tmp/loop_over_bdir-14873-gqPQRU/Lingua-YaTeA-0.626-0/blib/lib:/tmp/loop_over_bdir-14873-gqPQRU/mmds-1.902-0/blib/arch:/tmp/loop_over_bdir-14873-gqPQRU/mmds-1.902-0/blib/lib:/tmp/loop_over_bdir-14873-gqPQRU/LiquidWeb-Storm-CLI-1.03-0/blib/arch:/tmp/loop_over_bdir-14873-gqPQRU/LiquidWeb-Storm-CLI-1.03-0/blib/lib
PERL5OPT =
PERL5_CPANPLUS_IS_RUNNING = 14881
PERL5_CPAN_IS_RUNNING = 14881
PERL_CANARY_STABILITY_NOPROMPT = 1
PERL_MM_USE_DEFAULT = 1
PERL_USE_UNSAFE_INC = 1
SHELL = /usr/bin/zsh
TERM = screen
Perl special variables (and OS-specific diagnostics, for MSWin32):
$^X = /tmp/basesmoker-reloperl-HVFz/bin/perl
$UID/$EUID = 1005 / 1005
$GID = 1005 1005
$EGID = 1005 1005
Perl module toolchain versions installed:
Module Have
------------------- --------
CPAN 2.28
CPAN::Meta 2.150010
Cwd 3.82
ExtUtils::CBuilder 0.280236
ExtUtils::Command 7.62
ExtUtils::Install 2.20
ExtUtils::MakeMaker 7.62
ExtUtils::Manifest 1.73
ExtUtils::ParseXS 3.43
File::Spec 3.81
JSON 4.03
JSON::PP 4.06
Module::Build 0.4231
Module::Signature 0.87
Parse::CPAN::Meta 2.150010
Test::Harness 3.43
Test::More 1.302186
YAML 1.30
YAML::Syck 1.34
version 0.9929
--
Summary of my perl5 (revision 5 version 35 subversion 2) configuration:
Commit id: e758692133b5069e2524e70b41bd782ad9e1267b
Platform:
osname=linux
osvers=4.15.0-144-generic
archname=x86_64-linux-ld
uname='linux k93bionic 4.15.0-144-generic #148-ubuntu smp sat may 8 02:33:43 utc 2021 x86_64 x86_64 x86_64 gnulinux '
config_args='-Dprefix=/home/sand/src/perl/repoperls/installed-perls/host/k93bionic/v5.35.2/ca05 -Dmyhostname=k93bionic -Dinstallusrbinperl=n -Uversiononly -Dusedevel -des -Ui_db -Dlibswanted=cl pthread socket inet nsl gdbm dbm malloc dl ld sun m crypt sec util c cposix posix ucb BSD gdbm_compat -Uuseithreads -Duselongdouble -DEBUGGING=-g'
hint=recommended
useposix=true
d_sigaction=define
useithreads=undef
usemultiplicity=undef
use64bitint=define
use64bitall=define
uselongdouble=define
usemymalloc=n
default_inc_excludes_dot=define
Compiler:
cc='cc'
ccflags ='-fwrapv -fno-strict-aliasing -pipe -fstack-protector-strong -I/usr/local/include -D_LARGEFILE_SOURCE -D_FILE_OFFSET_BITS=64'
optimize='-O2 -g'
cppflags='-fwrapv -fno-strict-aliasing -pipe -fstack-protector-strong -I/usr/local/include'
ccversion=''
gccversion='7.5.0'
gccosandvers=''
intsize=4
longsize=8
ptrsize=8
doublesize=8
byteorder=12345678
doublekind=3
d_longlong=define
longlongsize=8
d_longdbl=define
longdblsize=16
longdblkind=3
ivtype='long'
ivsize=8
nvtype='long double'
nvsize=16
Off_t='off_t'
lseeksize=8
alignbytes=16
prototype=define
Linker and Libraries:
ld='cc'
ldflags =' -fstack-protector-strong -L/usr/local/lib'
libpth=/usr/local/lib /usr/lib/x86_64-linux-gnu /usr/lib /lib/x86_64-linux-gnu /lib
libs=-lpthread -lnsl -ldl -lm -lcrypt -lutil -lc
perllibs=-lpthread -lnsl -ldl -lm -lcrypt -lutil -lc
libc=libc-2.27.so
so=so
useshrplib=false
libperl=libperl.a
gnulibc_version='2.27'
Dynamic Linking:
dlsrc=dl_dlopen.xs
dlext=so
d_dlsymun=undef
ccdlflags='-Wl,-E'
cccdlflags='-fPIC'
lddlflags='-shared -O2 -g -L/usr/local/lib -fstack-protector-strong'
Characteristics of this binary (from libperl):
Compile-time options:
HAS_TIMES
PERLIO_LAYERS
PERL_COPY_ON_WRITE
PERL_DONT_CREATE_GVSV
PERL_MALLOC_WRAP
PERL_OP_PARENT
PERL_PRESERVE_IVUV
PERL_USE_DEVEL
USE_64_BIT_ALL
USE_64_BIT_INT
USE_LARGE_FILES
USE_LOCALE
USE_LOCALE_COLLATE
USE_LOCALE_CTYPE
USE_LOCALE_NUMERIC
USE_LOCALE_TIME
USE_LONG_DOUBLE
USE_PERLIO
USE_PERL_ATOF
Built under linux
Compiled at Aug 6 2021 11:12:08
%ENV:
PERL="/tmp/basesmoker-reloperl-HVFz/bin/perl"
PERL5LIB="/tmp/loop_over_bdir-14873-gqPQRU/dta-tokwrap-0.98-0/blib/arch:/tmp/loop_over_bdir-14873-gqPQRU/dta-tokwrap-0.98-0/blib/lib:/tmp/loop_over_bdir-14873-gqPQRU/triceps-2.1.0-0/blib/arch:/tmp/loop_over_bdir-14873-gqPQRU/triceps-2.1.0-0/blib/lib:/tmp/loop_over_bdir-14873-gqPQRU/Lemonldap-NG-Cli-0.2-0/blib/arch:/tmp/loop_over_bdir-14873-gqPQRU/Lemonldap-NG-Cli-0.2-0/blib/lib:/tmp/loop_over_bdir-14873-gqPQRU/OSDial-3.0.2.124-0/blib/arch:/tmp/loop_over_bdir-14873-gqPQRU/OSDial-3.0.2.124-0/blib/lib:/tmp/loop_over_bdir-14873-gqPQRU/Business-Shipping-DataFiles-1.02-0/blib/arch:/tmp/loop_over_bdir-14873-gqPQRU/Business-Shipping-DataFiles-1.02-0/blib/lib:/tmp/loop_over_bdir-14873-gqPQRU/Devel-Required-0.16-0/blib/arch:/tmp/loop_over_bdir-14873-gqPQRU/Devel-Required-0.16-0/blib/lib:/tmp/loop_over_bdir-14873-gqPQRU/Debian-Packages-0.03-0/blib/arch:/tmp/loop_over_bdir-14873-gqPQRU/Debian-Packages-0.03-0/blib/lib:/tmp/loop_over_bdir-14873-gqPQRU/Lingua-BioYaTeA-0.11-0/blib/arch:/tmp/loop_over_bdir-14873-gqPQRU/Lingua-BioYaTeA-0.11-0/blib/lib:/tmp/loop_over_bdir-14873-gqPQRU/Lingua-YaTeA-0.626-0/blib/arch:/tmp/loop_over_bdir-14873-gqPQRU/Lingua-YaTeA-0.626-0/blib/lib:/tmp/loop_over_bdir-14873-gqPQRU/mmds-1.902-0/blib/arch:/tmp/loop_over_bdir-14873-gqPQRU/mmds-1.902-0/blib/lib:/tmp/loop_over_bdir-14873-gqPQRU/LiquidWeb-Storm-CLI-1.03-0/blib/arch:/tmp/loop_over_bdir-14873-gqPQRU/LiquidWeb-Storm-CLI-1.03-0/blib/lib"
PERL5OPT=""
PERL5_CPANPLUS_IS_RUNNING="14881"
PERL5_CPAN_IS_RUNNING="14881"
PERL_CANARY_STABILITY_NOPROMPT="1"
PERL_MM_USE_DEFAULT="1"
PERL_USE_UNSAFE_INC="1"
@INC:
/tmp/loop_over_bdir-14873-gqPQRU/dta-tokwrap-0.98-0/blib/arch
/tmp/loop_over_bdir-14873-gqPQRU/dta-tokwrap-0.98-0/blib/lib
/tmp/loop_over_bdir-14873-gqPQRU/triceps-2.1.0-0/blib/arch
/tmp/loop_over_bdir-14873-gqPQRU/triceps-2.1.0-0/blib/lib
/tmp/loop_over_bdir-14873-gqPQRU/Lemonldap-NG-Cli-0.2-0/blib/arch
/tmp/loop_over_bdir-14873-gqPQRU/Lemonldap-NG-Cli-0.2-0/blib/lib
/tmp/loop_over_bdir-14873-gqPQRU/OSDial-3.0.2.124-0/blib/arch
/tmp/loop_over_bdir-14873-gqPQRU/OSDial-3.0.2.124-0/blib/lib
/tmp/loop_over_bdir-14873-gqPQRU/Business-Shipping-DataFiles-1.02-0/blib/arch
/tmp/loop_over_bdir-14873-gqPQRU/Business-Shipping-DataFiles-1.02-0/blib/lib
/tmp/loop_over_bdir-14873-gqPQRU/Devel-Required-0.16-0/blib/arch
/tmp/loop_over_bdir-14873-gqPQRU/Devel-Required-0.16-0/blib/lib
/tmp/loop_over_bdir-14873-gqPQRU/Debian-Packages-0.03-0/blib/arch
/tmp/loop_over_bdir-14873-gqPQRU/Debian-Packages-0.03-0/blib/lib
/tmp/loop_over_bdir-14873-gqPQRU/Lingua-BioYaTeA-0.11-0/blib/arch
/tmp/loop_over_bdir-14873-gqPQRU/Lingua-BioYaTeA-0.11-0/blib/lib
/tmp/loop_over_bdir-14873-gqPQRU/Lingua-YaTeA-0.626-0/blib/arch
/tmp/loop_over_bdir-14873-gqPQRU/Lingua-YaTeA-0.626-0/blib/lib
/tmp/loop_over_bdir-14873-gqPQRU/mmds-1.902-0/blib/arch
/tmp/loop_over_bdir-14873-gqPQRU/mmds-1.902-0/blib/lib
/tmp/loop_over_bdir-14873-gqPQRU/LiquidWeb-Storm-CLI-1.03-0/blib/arch
/tmp/loop_over_bdir-14873-gqPQRU/LiquidWeb-Storm-CLI-1.03-0/blib/lib
/home/sand/src/perl/repoperls/installed-perls/host/k93bionic/v5.35.2/ca05/lib/site_perl/5.35.2/x86_64-linux-ld
/home/sand/src/perl/repoperls/installed-perls/host/k93bionic/v5.35.2/ca05/lib/site_perl/5.35.2
/home/sand/src/perl/repoperls/installed-perls/host/k93bionic/v5.35.2/ca05/lib/5.35.2/x86_64-linux-ld
/home/sand/src/perl/repoperls/installed-perls/host/k93bionic/v5.35.2/ca05/lib/5.35.2
.