Report for HTML-Tested-0.58

Back
From: metabase:user:320bfe00-2aae-11df-837a-5e0a49663a4f
Subject: FAIL HTML-Tested-0.58 v5.21.9 GNU/Linux
Date: 2015-01-24T09:02:55Z

This distribution has been tested as part of the CPAN Testers
project, supporting the Perl programming language.  See
http://wiki.cpantesters.org/ for more information or email
questions to cpan-testers-discuss@perl.org


--
Dear Boris Sukholitko,

This is a computer-generated report for HTML-Tested-0.58
on perl 5.21.9, created by CPAN-Reporter-1.2011.

Thank you for uploading your work to CPAN.  However, there was a problem
testing your distribution.

If you think this report is invalid, please consult the CPAN Testers Wiki
for suggestions on how to avoid getting FAIL reports for missing library
or binary dependencies, unsupported operating systems, and so on:

http://wiki.cpantesters.org/wiki/CPANAuthorNotes

Sections of this report:

    * Tester comments
    * Program output
    * Prerequisites
    * Environment and other context

------------------------------
TESTER COMMENTS
------------------------------

Additional comments from tester:

this report is from an automated smoke testing program
and was not reviewed by a human for accuracy

------------------------------
PROGRAM OUTPUT
------------------------------

Output from '/usr/bin/make test':

PERL_DL_NONLAZY=1 "/tmp/basesmoker-reloperl-Hk3b/bin/perl" "-MExtUtils::Command::MM" "-MTest::Harness" "-e" "undef *Test::Harness::Switches; test_harness(0, 'blib/lib', 'blib/arch')" t/*.t
t/001_load.t .......... ok
t/010_value.t ......... ok
t/020_list.t .......... ok
t/030_edit_box.t ...... ok
t/040_textarea.t ...... ok
t/050_tree.t .......... ok
t/060_pager.t ......... ok
t/070_password_box.t .. ok
t/080_dropdown.t ...... ok
t/090_checkbox.t ...... ok
t/100_link.t .......... ok
t/110_upload.t ........ ok
t/120_form.t .......... ok
t/130_submit.t ........ ok
t/140_hidden.t ........ ok
t/150_radio.t ......... ok

#   Failed test at t/160_seal.t line 42.
#          got: 'HTML::Tested::Seal=HASH(0x1c0d500)'
#     expected: anything else

#   Failed test at t/160_seal.t line 241.
#     Structures begin differing at:
#          $got->[0] = Does not exist
#     $expected->[0] = 'Unable to find "<input type="hidden" name="h" id="h" value="bye" />
#     " in "<html>
#     <input type="hidden" name="h" id="h" value="ENCRYPTED" />
#     
#     ENCRYPTED
#     "'
# Looks like you failed 2 tests of 70.
t/160_seal.t .......... 
Dubious, test returned 2 (wstat 512, 0x200)
Failed 2/70 subtests 
t/170_list_table.t .... ok

#   Failed test at t/180_unicode.t line 25.
Wide character in print at /home/sand/src/perl/repoperls/installed-perls/perl/v5.21.8-42-g127a715/165a/lib/5.21.9/Test/Stream.pm line 591.
#          got: undef
#     expected: 'дед'
# Looks like you failed 1 test of 10.
t/180_unicode.t ....... 
Dubious, test returned 1 (wstat 256, 0x100)
Failed 1/10 subtests 
t/190_datetime.t ...... ok
t/200_snippet.t ....... ok

Test Summary Report
-------------------
t/160_seal.t        (Wstat: 512 Tests: 70 Failed: 2)
  Failed tests:  16, 60
  Non-zero exit status: 2
t/180_unicode.t     (Wstat: 256 Tests: 10 Failed: 1)
  Failed test:  4
  Non-zero exit status: 1
Files=21, Tests=476,  4 wallclock secs ( 0.11 usr  0.02 sys +  2.44 cusr  0.20 csys =  2.77 CPU)
Result: FAIL
Failed 2/21 test programs. 3/476 subtests failed.
Makefile:963: recipe for target 'test_dynamic' failed
make: *** [test_dynamic] Error 255

------------------------------
PREREQUISITES
------------------------------

Prerequisite modules loaded:

requires:

    Module                     Need Have        
    -------------------------- ---- ------------
    Class::Accessor            0    0.34        
    Class::Data::Inheritable   0    0.08        
    Class::Singleton           0    1.5         
    Crypt::Blowfish            0    2.14        
    Crypt::CBC                 2.22 2.33        
    Data::Dumper               0    2.156       
    DateTime                   0    1.18        
    DateTime::Format::Strptime 0    1.56        
    Digest::CRC                0    0.18        
    File::Slurp                0    9999.19     
    HTML::Entities             0    3.69        
    Math::Combinatorics        0    0.09        
    Template                   0    2.26        
    Test::Simple               0.44 1.301001_097
    Text::Diff                 0    1.41        

build_requires:

    Module                     Need Have        
    -------------------------- ---- ------------
    ExtUtils::MakeMaker        0    7.04        

configure_requires:

    Module                     Need Have        
    -------------------------- ---- ------------
    ExtUtils::MakeMaker        0    7.04        


------------------------------
ENVIRONMENT AND OTHER CONTEXT
------------------------------

Environment variables:

    AUTOMATED_TESTING = 1
    LANG = en_US.UTF-8
    LANGUAGE = en_US:en
    PATH = /home/sand/bin:/usr/local/bin:/usr/bin:/bin:/usr/games:/usr/local/perl/bin:/usr/X11/bin:/sbin:/usr/sbin
    PERL5LIB = /tmp/loop_over_bdir-21361-g8ew3H/FusionInventory-Agent-2.3.15-nVQf1I/blib/arch:/tmp/loop_over_bdir-21361-g8ew3H/FusionInventory-Agent-2.3.15-nVQf1I/blib/lib:/tmp/loop_over_bdir-21361-g8ew3H/Alien-ActiveMQ-0.00005-0yJAyt/blib/arch:/tmp/loop_over_bdir-21361-g8ew3H/Alien-ActiveMQ-0.00005-0yJAyt/blib/lib
    PERL5OPT = 
    PERL5_CPANPLUS_IS_RUNNING = 25918
    PERL5_CPAN_IS_RUNNING = 25918
    PERL_MM_USE_DEFAULT = 1
    SHELL = /usr/bin/zsh
    TERM = screen

Perl special variables (and OS-specific diagnostics, for MSWin32):

    $^X = /tmp/basesmoker-reloperl-Hk3b/bin/perl
    $UID/$EUID = 1005 / 1005
    $GID = 1005 1005
    $EGID = 1005 1005

Perl module toolchain versions installed:

    Module              Have        
    ------------------- ------------
    CPAN                2.05        
    CPAN::Meta          2.143240    
    Cwd                 3.54        
    ExtUtils::CBuilder  0.280221    
    ExtUtils::Command   1.20        
    ExtUtils::Install   2.04        
    ExtUtils::MakeMaker 7.04        
    ExtUtils::Manifest  1.70        
    ExtUtils::ParseXS   3.27        
    File::Spec          3.53        
    JSON                2.90        
    JSON::PP            2.27300     
    Module::Build       0.4211      
    Module::Signature   0.73        
    Parse::CPAN::Meta   1.4414      
    Test::Harness       3.35        
    Test::More          1.301001_097
    YAML                1.14        
    YAML::Syck          1.29        
    version             0.9912      


--

Summary of my perl5 (revision 5 version 21 subversion 9) configuration:
  Commit id: 127a7155e792d480c35e856b70f4e4378fc91f49
  Platform:
    osname=linux, osvers=3.16.0-4-amd64, archname=x86_64-linux
    uname='linux k83 3.16.0-4-amd64 #1 smp debian 3.16.7-ckt2-1 (2014-12-08) x86_64 gnulinux '
    config_args='-Dprefix=/home/sand/src/perl/repoperls/installed-perls/perl/v5.21.8-42-g127a715/165a -Dmyhostname=k83 -Dinstallusrbinperl=n -Uversiononly -Dusedevel -des -Ui_db -Uuseithreads -Uuselongdouble -DDEBUGGING=-g'
    hint=recommended, useposix=true, d_sigaction=define
    useithreads=undef, usemultiplicity=undef
    use64bitint=define, use64bitall=define, uselongdouble=undef
    usemymalloc=n, bincompat5005=undef
  Compiler:
    cc='cc', ccflags ='-fwrapv -fno-strict-aliasing -pipe -fstack-protector-strong -I/usr/local/include -D_LARGEFILE_SOURCE -D_FILE_OFFSET_BITS=64 -D_FORTIFY_SOURCE=2',
    optimize='-O2 -g',
    cppflags='-fwrapv -fno-strict-aliasing -pipe -fstack-protector-strong -I/usr/local/include'
    ccversion='', gccversion='4.9.2', gccosandvers=''
    intsize=4, longsize=8, ptrsize=8, doublesize=8, byteorder=12345678, doublekind=3
    d_longlong=define, longlongsize=8, d_longdbl=define, longdblsize=16, longdblkind=3
    ivtype='long', ivsize=8, nvtype='double', nvsize=8, Off_t='off_t', lseeksize=8
    alignbytes=8, prototype=define
  Linker and Libraries:
    ld='cc', ldflags =' -fstack-protector-strong -L/usr/local/lib'
    libpth=/usr/local/lib /usr/lib/gcc/x86_64-linux-gnu/4.9/include-fixed /usr/include/x86_64-linux-gnu /usr/lib /lib/x86_64-linux-gnu /lib/../lib /usr/lib/x86_64-linux-gnu /usr/lib/../lib /lib
    libs=-lpthread -lnsl -lgdbm -ldb -ldl -lm -lcrypt -lutil -lc -lgdbm_compat
    perllibs=-lpthread -lnsl -ldl -lm -lcrypt -lutil -lc
    libc=libc-2.19.so, so=so, useshrplib=false, libperl=libperl.a
    gnulibc_version='2.19'
  Dynamic Linking:
    dlsrc=dl_dlopen.xs, dlext=so, d_dlsymun=undef, ccdlflags='-Wl,-E'
    cccdlflags='-fPIC', lddlflags='-shared -O2 -g -L/usr/local/lib -fstack-protector-strong'


Characteristics of this binary (from libperl): 
  Compile-time options: HAS_TIMES PERLIO_LAYERS PERL_DONT_CREATE_GVSV
                        PERL_HASH_FUNC_ONE_AT_A_TIME_HARD PERL_MALLOC_WRAP
                        PERL_NEW_COPY_ON_WRITE PERL_PRESERVE_IVUV
                        PERL_USE_DEVEL USE_64_BIT_ALL USE_64_BIT_INT
                        USE_LARGE_FILES USE_LOCALE USE_LOCALE_COLLATE
                        USE_LOCALE_CTYPE USE_LOCALE_NUMERIC USE_LOCALE_TIME
                        USE_PERLIO USE_PERL_ATOF
  Built under linux
  Compiled at Jan 23 2015 09:42:25
  %ENV:
    PERL5LIB="/tmp/loop_over_bdir-21361-g8ew3H/FusionInventory-Agent-2.3.15-nVQf1I/blib/arch:/tmp/loop_over_bdir-21361-g8ew3H/FusionInventory-Agent-2.3.15-nVQf1I/blib/lib:/tmp/loop_over_bdir-21361-g8ew3H/Alien-ActiveMQ-0.00005-0yJAyt/blib/arch:/tmp/loop_over_bdir-21361-g8ew3H/Alien-ActiveMQ-0.00005-0yJAyt/blib/lib"
    PERL5OPT=""
    PERL5_CPANPLUS_IS_RUNNING="25918"
    PERL5_CPAN_IS_RUNNING="25918"
    PERL_MM_USE_DEFAULT="1"
  @INC:
    /tmp/loop_over_bdir-21361-g8ew3H/FusionInventory-Agent-2.3.15-nVQf1I/blib/arch
    /tmp/loop_over_bdir-21361-g8ew3H/FusionInventory-Agent-2.3.15-nVQf1I/blib/lib
    /tmp/loop_over_bdir-21361-g8ew3H/Alien-ActiveMQ-0.00005-0yJAyt/blib/arch
    /tmp/loop_over_bdir-21361-g8ew3H/Alien-ActiveMQ-0.00005-0yJAyt/blib/lib
    /home/sand/src/perl/repoperls/installed-perls/perl/v5.21.8-42-g127a715/165a/lib/site_perl/5.21.9/x86_64-linux
    /home/sand/src/perl/repoperls/installed-perls/perl/v5.21.8-42-g127a715/165a/lib/site_perl/5.21.9
    /home/sand/src/perl/repoperls/installed-perls/perl/v5.21.8-42-g127a715/165a/lib/5.21.9/x86_64-linux
    /home/sand/src/perl/repoperls/installed-perls/perl/v5.21.8-42-g127a715/165a/lib/5.21.9
    .