Geo-Google-PolylineEncoder v0.06 Perl 5 v5.22.2 x86_64-linux-ld

Status
Fail
From
Andreas J. König (ANDK)
Dist
Geo-Google-PolylineEncoder v0.06
Platform
Perl 5 v5.22.2 x86_64-linux-ld
Date
2017-08-21 03:57:00
ID
c89a836c-8624-11e7-b0df-aaca711d39b6
This distribution has been tested as part of the CPAN Testers
project, supporting the Perl programming language.  See
http://wiki.cpantesters.org/ for more information or email
questions to cpan-testers-discuss@perl.org


--
Dear Robert Rothenberg,

This is a computer-generated report for Geo-Google-PolylineEncoder-0.06
on perl 5.22.2, created by CPAN-Reporter-1.2018.

Thank you for uploading your work to CPAN.  However, there was a problem
testing your distribution.

If you think this report is invalid, please consult the CPAN Testers Wiki
for suggestions on how to avoid getting FAIL reports for missing library
or binary dependencies, unsupported operating systems, and so on:

http://wiki.cpantesters.org/wiki/CPANAuthorNotes

Sections of this report:

    * Tester comments
    * Program output
    * Prerequisites
    * Environment and other context

------------------------------
TESTER COMMENTS
------------------------------

Additional comments from tester:

this report is from an automated smoke testing program
and was not reviewed by a human for accuracy

------------------------------
PROGRAM OUTPUT
------------------------------

Output from '/usr/bin/make test':

/home/sand/src/perl/repoperls/installed-perls/host/k93msid/v5.22.2/0a29/bin/perl Build --makefile_env_macros 1 test

#   Failed test 'encode_signed_number: 53.926935'
#   at t/01_basic.t line 32.
#          got: 'irchI'
#     expected: 'krchI'

#   Failed test 'ex2 points'
#   at t/01_basic.t line 130.
#          got: 'irchIwzo}@EqKa@}KaAuKwByOgFw\mD}SsCgO{Je`@_BsJ'
#     expected: 'krchIwzo}@CqKa@}KaAwKwBwOgFw\mD}SsCgO{Je`@_BqJ'

#   Failed test 'ex2 all points'
#   at t/01_basic.t line 157.
#          got: 'irchIwzo}@EqKa@}KaAuKwByOyAuJmCaQmD}SsCgOgDuMsEoQ_BsJ'
#     expected: 'krchIwzo}@CqKa@}KaAwKwBwOyAuJmCaQmD}SsCgOgDuMsEoQ_BqJ'
# Looks like you failed 3 tests of 108.
t/01_basic.t ......... 
Dubious, test returned 3 (wstat 768, 0x300)
Failed 3/108 subtests 
	(less 68 skipped subtests: 37 okay)
t/encoding_bugs.t .... ok

#   Failed test 'ex4 levels'
#   at t/mt_mitchell_csv.t line 41.
#          got: 'P@B@D??@@?D?CA?B?CA?G@B@@B??@???A??@AA?B??AH@???@B@A@BAG?A?A@@??D@BAB@EACBBDC@AB@G@A??C@@D???A@BI@@@C?A?@C@B@B?AG?@@C?C@C???@@?D@B???GBCC?BGABE???FCBAEBB??B?G?@DBC@?D?@DGBBBBCBGDDDCGBFDBDBDCIBCFCCDBFDAHBDFCFEBCEBBIBDCBGCEECCEDFBCEEBECFBCBHCFACDBFCCBHDEBFCCBGBEBCDBEBFBDBGDBFBBECDCIBFBCCFBBEBHBDECCECFCEBJCDCGDBECGDCFCBBECGBECBCFCBHCECCFCCEBEDCGCBFCDBFCIDBCFBDBFBBFDCFBDBBEGDBDFCCJBDBBEE@CHBDBDDCFBECJBCDFBDEFCBFCCHBDBCFCCECCFCDBDCCFBBDBGCBCCBECBGCDCCHBEBEBECCGDECKBCGBBDECBBECBFBCFBBCCFACCGBDDBGBCBFCDAGBBEFBCDBFCBDBGBDCBDCJBEBBDCECHCDDCGCEBCDGBCBDDBFCBDBFCFEBBFBACGEBHCBCFBCBECECECDBP'
#     expected: 'P@B@D??@@?D?CA?B?CA?G@B@@B??@???A??@AA?B??AH@???@B@A@BAG?A?A@@??D@BAB@EACBBDC@AB@G@A??C@@D???A@BI@@@C?A?@C@B@B?AG?@@C?C@C???@?@D@B???GBCC?BGABE???FCAAEBB??B?G?@DBC@?D?@DGBBBBCBGDDDCGBFDBDBDCIBCFCCDBFDAHBDFCFEBCEBBIBDCBGCEECCEDFBCEEBECFBCBHCFACDBFCCBHDEBFCCBGBFBCDBEBEBDBGDBFBBECDCIBFBCCFBBEBHBDECCECFCEBJCDCGDBECGDCFCBBECGBECBCFCBHCECCFCCEBEDCGCBFCDBFCIDBCFBDBFBBFDCFBDBBEGDBDFCCJBDBBEE@CHBDBDDCFBECJBCDFBDEFCBFCCHBDBCFCCECCFCDBDCCFBBDBGCBCCBECBGCDCCHBEBEBECCGDECKBCGBBDECBBECBFBCFBBCCFACCGBDDBGBCBFCDAGBBEFBCDBFCBDBGBDCBDCJBEBBDCECHCDDCGCEBCDGBCBDDBFCBDBFCFEBBFBACGEBHCBCFBCBECECECDBP'

#   Failed test 'ex5 levels'
#   at t/mt_mitchell_csv.t line 81.
#          got: 'G?@@???A??B??A@??@???@??A?@?B????A???@?A????A?@A??@???A@??@@A??????A@@@?A?A@?@?@?B??A??@?A@B?@A?A@??@??B?@??A?@@??@@A??@@?@?A???B?A?@?A???B@@?A???A?@??@?@?A?@?A@?A??@?@?B?A???A??@?B?@@??@?A?@?C?@?A@?@?A@?A???@?A?@???A??B?@??A??@?@@?A??A?@?A?B@??A?@?A??A@?A?@??@A@?@A??C?@??@@?B?@?@@?A?@?C??@A?@@A??A??B?@??A??@??A?@?@??A??@?A?????@??A?@??B?@?@?@??A@@?C??A??@@???@??A??A????A??A?@@?A???A?@A??@A??@?A??@?A?@??@?C?@??@?@?B?@@?A?@??@A???@@?A??@?A?A@??A??A@?B???A???@?@?@?@?G'
#     expected: 'G?@@???A??B??A@??@???@??A?@?B????A???@?A????A?@A?@???A@??@@A??????A@@@?A?A@?@?@?B??A??@?A@B?@A?A@??@??B?@??A?@@??@@A??@@?@?A???B?A?@?A???B@@?A???A?A??@?@?@?@?A@?A??@?@?B?A???A??@?B?@@??@?A?@?C?@?A@?@?A@?A???@?A?@???A??B?@??A??@?@@?A??A?@?A?B@??A?@?A??A@?A?@??@A@?@A??C?@??@@?B?@?@@?A?@?C??@A?@@A??A??B?@??A??@??A?@?@??A??@?A?????@??A?@??B?@?@?@??A@@?C??A??@@???@??A??A????A??A?@@?A???A?@A??@A??@?A??@?A?@??@?C?@??@?@?B?@@?A?@??@A???@@?A??@?A?A@??A??A@?B???A???@?@?@?@?G'

#   Failed test 'decode: num points == expected num points'
#   at t/mt_mitchell_csv.t line 91.
#          got: '470'
#     expected: '469'
# Looks like you failed 3 tests of 3178.
t/mt_mitchell_csv.t .. 
Dubious, test returned 3 (wstat 768, 0x300)
Failed 3/3178 subtests 
	(less 3165 skipped subtests: 10 okay)

#   Failed test 'small gpx: points'
#   at t/small_gpx_file.t line 38.
#          got: 'yw}yHvP~M`EDzAEADf@HNh@P^ZTrAB`GA|DlF[rJaBfBa@RG|AOvD{AhFkCPEbDa@hFU`@Ub@Mj@JVdCh@hE^zCI@PdAL`@f@|@d@^XLj@HlDmAjGQRv@?JJrBpAvHbAjAdBjCrBfFTfFxA|SlA|J@^ASV~@j@IxEeBb@WCAFST[`@Y`@GJj@SP_@LSv@?j@FnA@_@Hd@HV'
#     expected: '{w}yHtP`NbEDzAEADf@HNh@N^\TrAB`GA|DlF[pJaBhBa@RG|AOvD{AhFkCRE`Da@hFU`@Ub@Mj@JVfCj@fE\zCI@PbALb@f@|@d@^XLj@HlDmAjGQRv@?JJrBpAvHbAjAdBjCrBfFTfFxA|SlA|J@^AST~@l@KxEcBb@WCAFST[`@Y`@GJj@SP_@LSv@?j@FnA@_@Hd@JV'
# Looks like you failed 1 test of 325.
t/small_gpx_file.t ... 
Dubious, test returned 1 (wstat 256, 0x100)
Failed 1/325 subtests 
	(less 316 skipped subtests: 8 okay)

Test Summary Report
-------------------
t/01_basic.t       (Wstat: 768 Tests: 108 Failed: 3)
  Failed tests:  6, 29, 55
  Non-zero exit status: 3
t/mt_mitchell_csv.t (Wstat: 768 Tests: 3178 Failed: 3)
  Failed tests:  4, 1765, 1768
  Non-zero exit status: 3
t/small_gpx_file.t (Wstat: 256 Tests: 325 Failed: 1)
  Failed test:  4
  Non-zero exit status: 1
Files=4, Tests=3951,  6 wallclock secs ( 0.29 usr  0.05 sys +  1.04 cusr  0.13 csys =  1.51 CPU)
Result: FAIL
Failed 3/4 test programs. 7/3951 subtests failed.
Makefile:103: recipe for target 'test' failed
make: *** [test] Error 1

------------------------------
PREREQUISITES
------------------------------

Prerequisite modules loaded:

requires:

    Module        Need   Have    
    ------------- ------ --------
    accessors     0.02   1.01    
    perl          v5.6.0 5.022002

build_requires:

    Module        Need   Have    
    ------------- ------ --------
    IO::File      0.01   1.16    
    Module::Build 0.20   0.4224  
    Test::More    0.01   1.302089

configure_requires:

    Module        Need   Have    
    ------------- ------ --------
    Module::Build 0.40   0.4224  


------------------------------
ENVIRONMENT AND OTHER CONTEXT
------------------------------

Environment variables:

    AUTOMATED_TESTING = 1
    LANG = en_US.UTF-8
    PATH = /home/sand/bin:/usr/local/bin:/usr/bin:/bin:/usr/games:/usr/local/perl/bin:/usr/X11/bin:/sbin:/usr/sbin
    PERL5LIB = 
    PERL5OPT = 
    PERL5_CPANPLUS_IS_RUNNING = 8728
    PERL5_CPAN_IS_RUNNING = 8728
    PERL_CANARY_STABILITY_NOPROMPT = 1
    PERL_MM_USE_DEFAULT = 1
    PERL_USE_UNSAFE_INC = 1
    SHELL = /usr/bin/zsh
    TERM = screen

Perl special variables (and OS-specific diagnostics, for MSWin32):

    $^X = /home/sand/src/perl/repoperls/installed-perls/host/k93msid/v5.22.2/0a29/bin/perl
    $UID/$EUID = 1005 / 1005
    $GID = 1005 1005
    $EGID = 1005 1005

Perl module toolchain versions installed:

    Module              Have    
    ------------------- --------
    CPAN                2.18    
    CPAN::Meta          2.150010
    Cwd                 3.62    
    ExtUtils::CBuilder  0.280226
    ExtUtils::Command   7.30    
    ExtUtils::Install   2.06    
    ExtUtils::MakeMaker 7.30    
    ExtUtils::Manifest  1.70    
    ExtUtils::ParseXS   3.35    
    File::Spec          3.62    
    JSON                2.94    
    JSON::PP            2.94    
    Module::Build       0.4224  
    Module::Signature   0.81    
    Parse::CPAN::Meta   2.150010
    Test::Harness       3.40_01 
    Test::More          1.302089
    YAML                1.23    
    YAML::Syck          1.30    
    version             0.9918  


--

Summary of my perl5 (revision 5 version 22 subversion 2) configuration:
  Derived from: 9cbffb38735712e3a34e6f537892b6ef06fb815f
  Platform:
    osname=linux, osvers=4.9.0-2-amd64, archname=x86_64-linux-ld
    uname='linux k93msid 4.9.0-2-amd64 #1 smp debian 4.9.18-1 (2017-03-30) x86_64 gnulinux '
    config_args='-Dprefix=/home/sand/src/perl/repoperls/installed-perls/host/k93msid/v5.22.2/0a29 -Dmyhostname=k93msid -Dinstallusrbinperl=n -Uversiononly -Dusedevel -des -Ui_db -Dlibswanted=cl pthread socket inet nsl gdbm dbm malloc dl ld sun m crypt sec util c cposix posix ucb BSD gdbm_compat -Uuseithreads -Duselongdouble -DDEBUGGING=both'
    hint=recommended, useposix=true, d_sigaction=define
    useithreads=undef, usemultiplicity=undef
    use64bitint=define, use64bitall=define, uselongdouble=define
    usemymalloc=n, bincompat5005=undef
  Compiler:
    cc='cc', ccflags ='-fwrapv -DDEBUGGING -fno-strict-aliasing -pipe -fstack-protector-strong -I/usr/local/include -D_LARGEFILE_SOURCE -D_FILE_OFFSET_BITS=64',
    optimize='-O2 -g',
    cppflags='-fwrapv -DDEBUGGING -fno-strict-aliasing -pipe -fstack-protector-strong -I/usr/local/include'
    ccversion='', gccversion='6.3.0 20170406', gccosandvers=''
    intsize=4, longsize=8, ptrsize=8, doublesize=8, byteorder=12345678, doublekind=3
    d_longlong=define, longlongsize=8, d_longdbl=define, longdblsize=16, longdblkind=3
    ivtype='long', ivsize=8, nvtype='long double', nvsize=16, Off_t='off_t', lseeksize=8
    alignbytes=16, prototype=define
  Linker and Libraries:
    ld='cc', ldflags =' -fstack-protector-strong -L/usr/local/lib'
    libpth=/usr/local/lib /usr/lib/gcc/x86_64-linux-gnu/6/include-fixed /usr/include/x86_64-linux-gnu /usr/lib /lib/x86_64-linux-gnu /lib/../lib /usr/lib/x86_64-linux-gnu /usr/lib/../lib /lib
    libs=-lpthread -lnsl -ldl -lm -lcrypt -lutil -lc
    perllibs=-lpthread -lnsl -ldl -lm -lcrypt -lutil -lc
    libc=libc-2.24.so, so=so, useshrplib=false, libperl=libperl.a
    gnulibc_version='2.24'
  Dynamic Linking:
    dlsrc=dl_dlopen.xs, dlext=so, d_dlsymun=undef, ccdlflags='-Wl,-E'
    cccdlflags='-fPIC', lddlflags='-shared -O2 -g -L/usr/local/lib -fstack-protector-strong'


Characteristics of this binary (from libperl): 
  Compile-time options: DEBUGGING HAS_TIMES PERLIO_LAYERS
                        PERL_DONT_CREATE_GVSV
                        PERL_HASH_FUNC_ONE_AT_A_TIME_HARD PERL_MALLOC_WRAP
                        PERL_NEW_COPY_ON_WRITE PERL_PRESERVE_IVUV
                        PERL_USE_DEVEL USE_64_BIT_ALL USE_64_BIT_INT
                        USE_LARGE_FILES USE_LOCALE USE_LOCALE_COLLATE
                        USE_LOCALE_CTYPE USE_LOCALE_NUMERIC USE_LOCALE_TIME
                        USE_LONG_DOUBLE USE_PERLIO USE_PERL_ATOF
  Locally applied patches:
	uncommitted-changes
  Built under linux
  Compiled at Jul  2 2017 18:30:34
  %ENV:
    PERL5LIB=""
    PERL5OPT=""
    PERL5_CPANPLUS_IS_RUNNING="8728"
    PERL5_CPAN_IS_RUNNING="8728"
    PERL_CANARY_STABILITY_NOPROMPT="1"
    PERL_MM_USE_DEFAULT="1"
    PERL_USE_UNSAFE_INC="1"
  @INC:
    /home/sand/src/perl/repoperls/installed-perls/host/k93msid/v5.22.2/0a29/lib/site_perl/5.22.2/x86_64-linux-ld
    /home/sand/src/perl/repoperls/installed-perls/host/k93msid/v5.22.2/0a29/lib/site_perl/5.22.2
    /home/sand/src/perl/repoperls/installed-perls/host/k93msid/v5.22.2/0a29/lib/5.22.2/x86_64-linux-ld
    /home/sand/src/perl/repoperls/installed-perls/host/k93msid/v5.22.2/0a29/lib/5.22.2
    .