HTTP-Engine v0.03005 Perl 5 v5.37.3 x86_64-linux
- Status
- Fail
- From
- Andreas J. König (ANDK)
- Dist
-
HTTP-Engine v0.03005
- Platform
- Perl 5 v5.37.3 x86_64-linux
- Date
- 2022-09-20 05:26:30
- ID
- c835a69e-38a4-11ed-a5c3-3a5875c76ba7
This distribution has been tested as part of the CPAN Testers
project, supporting the Perl programming language. See
http://wiki.cpantesters.org/ for more information or email
questions to cpan-testers-discuss@perl.org
--
Dear Kazuhiro Osawa,
This is a computer-generated report for HTTP-Engine-0.03005
on perl 5.37.3, created by CPAN-Reporter-1.2018.
Thank you for uploading your work to CPAN. However, there was a problem
testing your distribution.
If you think this report is invalid, please consult the CPAN Testers Wiki
for suggestions on how to avoid getting FAIL reports for missing library
or binary dependencies, unsupported operating systems, and so on:
http://wiki.cpantesters.org/wiki/CPANAuthorNotes
Sections of this report:
* Tester comments
* Program output
* Prerequisites
* Environment and other context
------------------------------
TESTER COMMENTS
------------------------------
Additional comments from tester:
this report is from an automated smoke testing program
and was not reviewed by a human for accuracy
------------------------------
PROGRAM OUTPUT
------------------------------
Output from '/usr/bin/make test':
PERL_DL_NONLAZY=1 "/tmp/basesmoker-reloperl-d1xf/bin/perl" "-MExtUtils::Command::MM" "-MTest::Harness" "-e" "undef *Test::Harness::Switches; test_harness(0, 'inc', 'blib/lib', 'blib/arch')" t/*.t t/*/*.t t/moose/*/*.t
Possible precedence issue with control flow operator at /tmp/loop_over_bdir-1501182-kgEqy_/HTTP-Engine-0.03005-0/inc/Test/Builder.pm line 917.
Any::Moose is deprecated. Please use Moo instead at /tmp/loop_over_bdir-1501182-kgEqy_/HTTP-Engine-0.03005-0/blib/lib/HTTP/Engine.pm line 3.
# Soft dependency versions:
# Any::Moose 0.27
# Mouse v2.5.10
# MooseX::Types 0.50
t/00_compile.t .............................................. ok
Possible precedence issue with control flow operator at /tmp/loop_over_bdir-1501182-kgEqy_/HTTP-Engine-0.03005-0/inc/Test/Builder.pm line 917.
Any::Moose is deprecated. Please use Moo instead at /tmp/loop_over_bdir-1501182-kgEqy_/HTTP-Engine-0.03005-0/blib/lib/HTTP/Engine/Request.pm line 2.
t/010_core/builder_options-upload_tmp.t ..................... ok
Possible precedence issue with control flow operator at /tmp/loop_over_bdir-1501182-kgEqy_/HTTP-Engine-0.03005-0/inc/Test/Builder.pm line 917.
Any::Moose is deprecated. Please use Moo instead at t/Utils.pm line 2.
t/010_core/interface-require.t .............................. ok
Possible precedence issue with control flow operator at /tmp/loop_over_bdir-1501182-kgEqy_/HTTP-Engine-0.03005-0/inc/Test/Builder.pm line 917.
Any::Moose is deprecated. Please use Moo instead at t/Utils.pm line 2.
t/010_core/interface.t ...................................... ok
Possible precedence issue with control flow operator at /tmp/loop_over_bdir-1501182-kgEqy_/HTTP-Engine-0.03005-0/inc/Test/Builder.pm line 917.
Any::Moose is deprecated. Please use Moo instead at /tmp/loop_over_bdir-1501182-kgEqy_/HTTP-Engine-0.03005-0/blib/lib/HTTP/Engine/RequestBuilder/CGI.pm line 2.
t/010_core/load_requestbuilder_cgi.t ........................ ok
Possible precedence issue with control flow operator at /tmp/loop_over_bdir-1501182-kgEqy_/HTTP-Engine-0.03005-0/inc/Test/Builder.pm line 917.
Redundant argument in sprintf at /tmp/loop_over_bdir-1501182-kgEqy_/HTTP-Engine-0.03005-0/inc/Spiffy.pm line 225.
Redundant argument in sprintf at /tmp/loop_over_bdir-1501182-kgEqy_/HTTP-Engine-0.03005-0/inc/Spiffy.pm line 225.
Redundant argument in sprintf at /tmp/loop_over_bdir-1501182-kgEqy_/HTTP-Engine-0.03005-0/inc/Spiffy.pm line 225.
Redundant argument in sprintf at /tmp/loop_over_bdir-1501182-kgEqy_/HTTP-Engine-0.03005-0/inc/Spiffy.pm line 225.
Any::Moose is deprecated. Please use Moo instead at t/Utils.pm line 2.
t/010_core/request-absolute_uri.t ........................... ok
Possible precedence issue with control flow operator at /tmp/loop_over_bdir-1501182-kgEqy_/HTTP-Engine-0.03005-0/inc/Test/Builder.pm line 917.
Any::Moose is deprecated. Please use Moo instead at /tmp/loop_over_bdir-1501182-kgEqy_/HTTP-Engine-0.03005-0/blib/lib/HTTP/Engine/Request.pm line 2.
t/010_core/request-as_http_request.t ........................ ok
Possible precedence issue with control flow operator at /tmp/loop_over_bdir-1501182-kgEqy_/HTTP-Engine-0.03005-0/inc/Test/Builder.pm line 917.
Any::Moose is deprecated. Please use Moo instead at /tmp/loop_over_bdir-1501182-kgEqy_/HTTP-Engine-0.03005-0/blib/lib/HTTP/Engine.pm line 3.
t/010_core/request-as_string.t .............................. ok
Possible precedence issue with control flow operator at /tmp/loop_over_bdir-1501182-kgEqy_/HTTP-Engine-0.03005-0/inc/Test/Builder.pm line 917.
Any::Moose is deprecated. Please use Moo instead at t/Utils.pm line 2.
t/010_core/request-body.t ................................... ok
Possible precedence issue with control flow operator at /tmp/loop_over_bdir-1501182-kgEqy_/HTTP-Engine-0.03005-0/inc/Test/Builder.pm line 917.
Any::Moose is deprecated. Please use Moo instead at /tmp/loop_over_bdir-1501182-kgEqy_/HTTP-Engine-0.03005-0/blib/lib/HTTP/Engine/Request.pm line 2.
t/010_core/request-content.t ................................ ok
Possible precedence issue with control flow operator at /tmp/loop_over_bdir-1501182-kgEqy_/HTTP-Engine-0.03005-0/inc/Test/Builder.pm line 917.
Any::Moose is deprecated. Please use Moo instead at t/Utils.pm line 2.
t/010_core/request-cookie.t ................................. ok
Possible precedence issue with control flow operator at /tmp/loop_over_bdir-1501182-kgEqy_/HTTP-Engine-0.03005-0/inc/Test/Builder.pm line 917.
Any::Moose is deprecated. Please use Moo instead at /tmp/loop_over_bdir-1501182-kgEqy_/HTTP-Engine-0.03005-0/blib/lib/HTTP/Engine/Request.pm line 2.
t/010_core/request-hostname.t ............................... ok
Any::Moose is deprecated. Please use Moo instead at t/Utils.pm line 2.
Possible precedence issue with control flow operator at /tmp/loop_over_bdir-1501182-kgEqy_/HTTP-Engine-0.03005-0/inc/Test/Builder.pm line 917.
t/010_core/request-many_upload.t ............................ ok
Possible precedence issue with control flow operator at /tmp/loop_over_bdir-1501182-kgEqy_/HTTP-Engine-0.03005-0/inc/Test/Builder.pm line 917.
Any::Moose is deprecated. Please use Moo instead at /tmp/loop_over_bdir-1501182-kgEqy_/HTTP-Engine-0.03005-0/blib/lib/HTTP/Engine/Request.pm line 2.
t/010_core/request-parameters.t ............................. ok
Possible precedence issue with control flow operator at /tmp/loop_over_bdir-1501182-kgEqy_/HTTP-Engine-0.03005-0/inc/Test/Builder.pm line 917.
Redundant argument in sprintf at /tmp/loop_over_bdir-1501182-kgEqy_/HTTP-Engine-0.03005-0/inc/Spiffy.pm line 225.
Redundant argument in sprintf at /tmp/loop_over_bdir-1501182-kgEqy_/HTTP-Engine-0.03005-0/inc/Spiffy.pm line 225.
Redundant argument in sprintf at /tmp/loop_over_bdir-1501182-kgEqy_/HTTP-Engine-0.03005-0/inc/Spiffy.pm line 225.
Redundant argument in sprintf at /tmp/loop_over_bdir-1501182-kgEqy_/HTTP-Engine-0.03005-0/inc/Spiffy.pm line 225.
Any::Moose is deprecated. Please use Moo instead at /tmp/loop_over_bdir-1501182-kgEqy_/HTTP-Engine-0.03005-0/blib/lib/HTTP/Engine/Request.pm line 2.
t/010_core/request-params.t ................................. ok
Possible precedence issue with control flow operator at /tmp/loop_over_bdir-1501182-kgEqy_/HTTP-Engine-0.03005-0/inc/Test/Builder.pm line 917.
Any::Moose is deprecated. Please use Moo instead at /tmp/loop_over_bdir-1501182-kgEqy_/HTTP-Engine-0.03005-0/blib/lib/HTTP/Engine/Request.pm line 2.
t/010_core/request-parse.t .................................. ok
Possible precedence issue with control flow operator at /tmp/loop_over_bdir-1501182-kgEqy_/HTTP-Engine-0.03005-0/inc/Test/Builder.pm line 917.
Redundant argument in sprintf at /tmp/loop_over_bdir-1501182-kgEqy_/HTTP-Engine-0.03005-0/inc/Spiffy.pm line 225.
Redundant argument in sprintf at /tmp/loop_over_bdir-1501182-kgEqy_/HTTP-Engine-0.03005-0/inc/Spiffy.pm line 225.
Redundant argument in sprintf at /tmp/loop_over_bdir-1501182-kgEqy_/HTTP-Engine-0.03005-0/inc/Spiffy.pm line 225.
Redundant argument in sprintf at /tmp/loop_over_bdir-1501182-kgEqy_/HTTP-Engine-0.03005-0/inc/Spiffy.pm line 225.
Any::Moose is deprecated. Please use Moo instead at /tmp/loop_over_bdir-1501182-kgEqy_/HTTP-Engine-0.03005-0/blib/lib/HTTP/Engine/Request.pm line 2.
t/010_core/request-proxy_request.t .......................... ok
Possible precedence issue with control flow operator at /tmp/loop_over_bdir-1501182-kgEqy_/HTTP-Engine-0.03005-0/inc/Test/Builder.pm line 917.
Any::Moose is deprecated. Please use Moo instead at /tmp/loop_over_bdir-1501182-kgEqy_/HTTP-Engine-0.03005-0/blib/lib/HTTP/Engine/Request.pm line 2.
t/010_core/request-raw_body.t ............................... ok
Possible precedence issue with control flow operator at /tmp/loop_over_bdir-1501182-kgEqy_/HTTP-Engine-0.03005-0/inc/Test/Builder.pm line 917.
Any::Moose is deprecated. Please use Moo instead at t/Utils.pm line 2.
t/010_core/request-readbody.t ............................... ok
Possible precedence issue with control flow operator at /tmp/loop_over_bdir-1501182-kgEqy_/HTTP-Engine-0.03005-0/inc/Test/Builder.pm line 917.
Redundant argument in sprintf at /tmp/loop_over_bdir-1501182-kgEqy_/HTTP-Engine-0.03005-0/inc/Spiffy.pm line 225.
Redundant argument in sprintf at /tmp/loop_over_bdir-1501182-kgEqy_/HTTP-Engine-0.03005-0/inc/Spiffy.pm line 225.
Redundant argument in sprintf at /tmp/loop_over_bdir-1501182-kgEqy_/HTTP-Engine-0.03005-0/inc/Spiffy.pm line 225.
Redundant argument in sprintf at /tmp/loop_over_bdir-1501182-kgEqy_/HTTP-Engine-0.03005-0/inc/Spiffy.pm line 225.
Any::Moose is deprecated. Please use Moo instead at /tmp/loop_over_bdir-1501182-kgEqy_/HTTP-Engine-0.03005-0/blib/lib/HTTP/Engine/Request.pm line 2.
t/010_core/request-secure.t ................................. ok
Possible precedence issue with control flow operator at /tmp/loop_over_bdir-1501182-kgEqy_/HTTP-Engine-0.03005-0/inc/Test/Builder.pm line 917.
Any::Moose is deprecated. Please use Moo instead at /tmp/loop_over_bdir-1501182-kgEqy_/HTTP-Engine-0.03005-0/blib/lib/HTTP/Engine/Request.pm line 2.
t/010_core/request-upload.t ................................. ok
Possible precedence issue with control flow operator at /tmp/loop_over_bdir-1501182-kgEqy_/HTTP-Engine-0.03005-0/inc/Test/Builder.pm line 917.
Redundant argument in sprintf at /tmp/loop_over_bdir-1501182-kgEqy_/HTTP-Engine-0.03005-0/inc/Spiffy.pm line 225.
Redundant argument in sprintf at /tmp/loop_over_bdir-1501182-kgEqy_/HTTP-Engine-0.03005-0/inc/Spiffy.pm line 225.
Redundant argument in sprintf at /tmp/loop_over_bdir-1501182-kgEqy_/HTTP-Engine-0.03005-0/inc/Spiffy.pm line 225.
Redundant argument in sprintf at /tmp/loop_over_bdir-1501182-kgEqy_/HTTP-Engine-0.03005-0/inc/Spiffy.pm line 225.
Any::Moose is deprecated. Please use Moo instead at /tmp/loop_over_bdir-1501182-kgEqy_/HTTP-Engine-0.03005-0/blib/lib/HTTP/Engine/Request.pm line 2.
t/010_core/request-uri.t .................................... ok
Possible precedence issue with control flow operator at /tmp/loop_over_bdir-1501182-kgEqy_/HTTP-Engine-0.03005-0/inc/Test/Builder.pm line 917.
Any::Moose is deprecated. Please use Moo instead at /tmp/loop_over_bdir-1501182-kgEqy_/HTTP-Engine-0.03005-0/blib/lib/HTTP/Engine/Request.pm line 2.
t/010_core/request.t ........................................ ok
Any::Moose is deprecated. Please use Moo instead at t/Utils.pm line 2.
Possible precedence issue with control flow operator at /tmp/loop_over_bdir-1501182-kgEqy_/HTTP-Engine-0.03005-0/inc/Test/Builder.pm line 917.
t/010_core/request_builder-noenv.t .......................... ok
Possible precedence issue with control flow operator at /tmp/loop_over_bdir-1501182-kgEqy_/HTTP-Engine-0.03005-0/inc/Test/Builder.pm line 917.
Any::Moose is deprecated. Please use Moo instead at t/Utils.pm line 2.
t/010_core/request_processor-catch_error.t .................. ok
Possible precedence issue with control flow operator at /tmp/loop_over_bdir-1501182-kgEqy_/HTTP-Engine-0.03005-0/inc/Test/Builder.pm line 917.
Any::Moose is deprecated. Please use Moo instead at t/Utils.pm line 2.
t/010_core/request_processor-make_request.t ................. ok
Possible precedence issue with control flow operator at /tmp/loop_over_bdir-1501182-kgEqy_/HTTP-Engine-0.03005-0/inc/Test/Builder.pm line 917.
Any::Moose is deprecated. Please use Moo instead at t/Utils.pm line 2.
t/010_core/request_processor-response_error.t ............... ok
Possible precedence issue with control flow operator at /tmp/loop_over_bdir-1501182-kgEqy_/HTTP-Engine-0.03005-0/inc/Test/Builder.pm line 917.
Any::Moose is deprecated. Please use Moo instead at /tmp/loop_over_bdir-1501182-kgEqy_/HTTP-Engine-0.03005-0/blib/lib/HTTP/Engine.pm line 3.
t/010_core/request_upload-basename.t ........................ ok
Possible precedence issue with control flow operator at /tmp/loop_over_bdir-1501182-kgEqy_/HTTP-Engine-0.03005-0/inc/Test/Builder.pm line 917.
Any::Moose is deprecated. Please use Moo instead at /tmp/loop_over_bdir-1501182-kgEqy_/HTTP-Engine-0.03005-0/blib/lib/HTTP/Engine/Response.pm line 2.
t/010_core/response-code.t .................................. ok
Possible precedence issue with control flow operator at /tmp/loop_over_bdir-1501182-kgEqy_/HTTP-Engine-0.03005-0/inc/Test/Builder.pm line 917.
Any::Moose is deprecated. Please use Moo instead at /tmp/loop_over_bdir-1501182-kgEqy_/HTTP-Engine-0.03005-0/blib/lib/HTTP/Engine/Response.pm line 2.
t/010_core/response-coerce_headers.t ........................ ok
Possible precedence issue with control flow operator at /tmp/loop_over_bdir-1501182-kgEqy_/HTTP-Engine-0.03005-0/inc/Test/Builder.pm line 917.
Any::Moose is deprecated. Please use Moo instead at /tmp/loop_over_bdir-1501182-kgEqy_/HTTP-Engine-0.03005-0/blib/lib/HTTP/Engine/Response.pm line 2.
t/010_core/response-content_length.t ........................ ok
Possible precedence issue with control flow operator at /tmp/loop_over_bdir-1501182-kgEqy_/HTTP-Engine-0.03005-0/inc/Test/Builder.pm line 917.
Any::Moose is deprecated. Please use Moo instead at t/Utils.pm line 2.
t/010_core/response-cookie.t ................................ ok
Possible precedence issue with control flow operator at /tmp/loop_over_bdir-1501182-kgEqy_/HTTP-Engine-0.03005-0/inc/Test/Builder.pm line 917.
Any::Moose is deprecated. Please use Moo instead at /tmp/loop_over_bdir-1501182-kgEqy_/HTTP-Engine-0.03005-0/blib/lib/HTTP/Engine/Response.pm line 2.
t/010_core/response-new.t ................................... ok
Possible precedence issue with control flow operator at /tmp/loop_over_bdir-1501182-kgEqy_/HTTP-Engine-0.03005-0/inc/Test/Builder.pm line 917.
Any::Moose is deprecated. Please use Moo instead at /tmp/loop_over_bdir-1501182-kgEqy_/HTTP-Engine-0.03005-0/blib/lib/HTTP/Engine/Response.pm line 2.
t/010_core/response-set_http_response.t ..................... ok
Possible precedence issue with control flow operator at /tmp/loop_over_bdir-1501182-kgEqy_/HTTP-Engine-0.03005-0/inc/Test/Builder.pm line 917.
Redundant argument in sprintf at /tmp/loop_over_bdir-1501182-kgEqy_/HTTP-Engine-0.03005-0/inc/Spiffy.pm line 225.
Redundant argument in sprintf at /tmp/loop_over_bdir-1501182-kgEqy_/HTTP-Engine-0.03005-0/inc/Spiffy.pm line 225.
Redundant argument in sprintf at /tmp/loop_over_bdir-1501182-kgEqy_/HTTP-Engine-0.03005-0/inc/Spiffy.pm line 225.
Redundant argument in sprintf at /tmp/loop_over_bdir-1501182-kgEqy_/HTTP-Engine-0.03005-0/inc/Spiffy.pm line 225.
Any::Moose is deprecated. Please use Moo instead at /tmp/loop_over_bdir-1501182-kgEqy_/HTTP-Engine-0.03005-0/blib/lib/HTTP/Engine/Response.pm line 2.
t/010_core/response-status.t ................................ ok
Possible precedence issue with control flow operator at /tmp/loop_over_bdir-1501182-kgEqy_/HTTP-Engine-0.03005-0/inc/Test/Builder.pm line 917.
Any::Moose is deprecated. Please use Moo instead at /tmp/loop_over_bdir-1501182-kgEqy_/HTTP-Engine-0.03005-0/blib/lib/HTTP/Engine/Response.pm line 2.
t/010_core/response.t ....................................... ok
Possible precedence issue with control flow operator at /tmp/loop_over_bdir-1501182-kgEqy_/HTTP-Engine-0.03005-0/inc/Test/Builder.pm line 917.
Redundant argument in sprintf at /tmp/loop_over_bdir-1501182-kgEqy_/HTTP-Engine-0.03005-0/inc/Spiffy.pm line 225.
Redundant argument in sprintf at /tmp/loop_over_bdir-1501182-kgEqy_/HTTP-Engine-0.03005-0/inc/Spiffy.pm line 225.
Redundant argument in sprintf at /tmp/loop_over_bdir-1501182-kgEqy_/HTTP-Engine-0.03005-0/inc/Spiffy.pm line 225.
Redundant argument in sprintf at /tmp/loop_over_bdir-1501182-kgEqy_/HTTP-Engine-0.03005-0/inc/Spiffy.pm line 225.
Any::Moose is deprecated. Please use Moo instead at /tmp/loop_over_bdir-1501182-kgEqy_/HTTP-Engine-0.03005-0/blib/lib/HTTP/Engine.pm line 3.
t/010_core/response_finalizer.t ............................. ok
Possible precedence issue with control flow operator at /tmp/loop_over_bdir-1501182-kgEqy_/HTTP-Engine-0.03005-0/inc/Test/Builder.pm line 917.
Any::Moose is deprecated. Please use Moo instead at /tmp/loop_over_bdir-1501182-kgEqy_/HTTP-Engine-0.03005-0/blib/lib/HTTP/Engine/Request.pm line 2.
t/010_core/response_writer.t ................................ ok
Possible precedence issue with control flow operator at /tmp/loop_over_bdir-1501182-kgEqy_/HTTP-Engine-0.03005-0/inc/Test/Builder.pm line 917.
Any::Moose is deprecated. Please use Moo instead at /tmp/loop_over_bdir-1501182-kgEqy_/HTTP-Engine-0.03005-0/blib/lib/HTTP/Engine/Request.pm line 2.
t/010_core/responsewriter-broken_io.t ....................... ok
Any::Moose is deprecated. Please use Moo instead at t/010_core/responsewriter-with_io.t line 6.
Possible precedence issue with control flow operator at /tmp/loop_over_bdir-1501182-kgEqy_/HTTP-Engine-0.03005-0/inc/Test/Builder.pm line 917.
Redundant argument in sprintf at /tmp/loop_over_bdir-1501182-kgEqy_/HTTP-Engine-0.03005-0/inc/Spiffy.pm line 225.
Redundant argument in sprintf at /tmp/loop_over_bdir-1501182-kgEqy_/HTTP-Engine-0.03005-0/inc/Spiffy.pm line 225.
Redundant argument in sprintf at /tmp/loop_over_bdir-1501182-kgEqy_/HTTP-Engine-0.03005-0/inc/Spiffy.pm line 225.
Redundant argument in sprintf at /tmp/loop_over_bdir-1501182-kgEqy_/HTTP-Engine-0.03005-0/inc/Spiffy.pm line 225.
t/010_core/responsewriter-with_io.t ......................... ok
Any::Moose is deprecated. Please use Moo instead at /tmp/loop_over_bdir-1501182-kgEqy_/HTTP-Engine-0.03005-0/blib/lib/HTTP/Engine.pm line 3.
Possible precedence issue with control flow operator at /tmp/loop_over_bdir-1501182-kgEqy_/HTTP-Engine-0.03005-0/inc/Test/Builder.pm line 917.
Redundant argument in sprintf at /tmp/loop_over_bdir-1501182-kgEqy_/HTTP-Engine-0.03005-0/inc/Spiffy.pm line 225.
Redundant argument in sprintf at /tmp/loop_over_bdir-1501182-kgEqy_/HTTP-Engine-0.03005-0/inc/Spiffy.pm line 225.
Redundant argument in sprintf at /tmp/loop_over_bdir-1501182-kgEqy_/HTTP-Engine-0.03005-0/inc/Spiffy.pm line 225.
Redundant argument in sprintf at /tmp/loop_over_bdir-1501182-kgEqy_/HTTP-Engine-0.03005-0/inc/Spiffy.pm line 225.
t/020_interface/cgi.t ....................................... ok
Possible precedence issue with control flow operator at /tmp/loop_over_bdir-1501182-kgEqy_/HTTP-Engine-0.03005-0/inc/Test/Builder.pm line 917.
t/020_interface/lighty-fcgi.t ............................... skipped: set TEST_LIGHTTPD to enable this test
Any::Moose is deprecated. Please use Moo instead at t/Utils.pm line 2.
Possible precedence issue with control flow operator at /tmp/loop_over_bdir-1501182-kgEqy_/HTTP-Engine-0.03005-0/inc/Test/Builder.pm line 917.
t/020_interface/modperl_wildcard_hostname.t ................. skipped: this test requires mod_perl 2
Possible precedence issue with control flow operator at /tmp/loop_over_bdir-1501182-kgEqy_/HTTP-Engine-0.03005-0/inc/Test/Builder.pm line 917.
Any::Moose is deprecated. Please use Moo instead at /tmp/loop_over_bdir-1501182-kgEqy_/HTTP-Engine-0.03005-0/blib/lib/HTTP/Engine.pm line 3.
=== 2384831 === !!! Kernel has 1 child process(es).
=== 2384831 === !!! Stopped child process (PID 2384833) reaped when POE::Kernel->run() is ready to return.
=== 2384831 === !!! Stopped child process (PID 2384834) reaped when POE::Kernel->run() is ready to return.
=== 2384831 === !!! Stopped child process (PID 2384836) reaped when POE::Kernel->run() is ready to return.
=== 2384831 === !!! Stopped child process (PID 2384837) reaped when POE::Kernel->run() is ready to return.
=== 2384831 === !!! Stopped child process (PID 2384838) reaped when POE::Kernel->run() is ready to return.
=== 2384831 === !!! At least one child process is still running when POE::Kernel->run() is ready to return.
=== 2384831 === !!! Be sure to use sig_child() to reap child processes.
=== 2384831 === !!! In extreme cases, failure to reap child processes has
=== 2384831 === !!! resulted in a slow 'fork bomb' that has halted systems.
t/020_interface/poe-proxy.t ................................. ok
Possible precedence issue with control flow operator at /tmp/loop_over_bdir-1501182-kgEqy_/HTTP-Engine-0.03005-0/inc/Test/Builder.pm line 917.
Any::Moose is deprecated. Please use Moo instead at /tmp/loop_over_bdir-1501182-kgEqy_/HTTP-Engine-0.03005-0/blib/lib/HTTP/Engine.pm line 3.
=== 2384840 === !!! Kernel has 1 child process(es).
=== 2384840 === !!! Stopped child process (PID 2384841) reaped when POE::Kernel->run() is ready to return.
=== 2384840 === !!! Stopped child process (PID 2384842) reaped when POE::Kernel->run() is ready to return.
=== 2384840 === !!! Stopped child process (PID 2384843) reaped when POE::Kernel->run() is ready to return.
=== 2384840 === !!! Stopped child process (PID 2384844) reaped when POE::Kernel->run() is ready to return.
=== 2384840 === !!! Stopped child process (PID 2384845) reaped when POE::Kernel->run() is ready to return.
=== 2384840 === !!! At least one child process is still running when POE::Kernel->run() is ready to return.
=== 2384840 === !!! Be sure to use sig_child() to reap child processes.
=== 2384840 === !!! In extreme cases, failure to reap child processes has
=== 2384840 === !!! resulted in a slow 'fork bomb' that has halted systems.
t/020_interface/poe-uri.t ................................... ok
Possible precedence issue with control flow operator at /tmp/loop_over_bdir-1501182-kgEqy_/HTTP-Engine-0.03005-0/inc/Test/Builder.pm line 917.
Any::Moose is deprecated. Please use Moo instead at /tmp/loop_over_bdir-1501182-kgEqy_/HTTP-Engine-0.03005-0/blib/lib/HTTP/Engine.pm line 3.
=== 2384849 === !!! Kernel has 1 child process(es).
=== 2384849 === !!! Stopped child process (PID 2384851) reaped when POE::Kernel->run() is ready to return.
=== 2384849 === !!! Stopped child process (PID 2384850) reaped when POE::Kernel->run() is ready to return.
=== 2384849 === !!! Stopped child process (PID 2384852) reaped when POE::Kernel->run() is ready to return.
=== 2384849 === !!! Stopped child process (PID 2384853) reaped when POE::Kernel->run() is ready to return.
=== 2384849 === !!! Stopped child process (PID 2384854) reaped when POE::Kernel->run() is ready to return.
=== 2384849 === !!! Stopped child process (PID 2384856) reaped when POE::Kernel->run() is ready to return.
=== 2384849 === !!! Stopped child process (PID 2384857) reaped when POE::Kernel->run() is ready to return.
=== 2384849 === !!! At least one child process is still running when POE::Kernel->run() is ready to return.
=== 2384849 === !!! Be sure to use sig_child() to reap child processes.
=== 2384849 === !!! In extreme cases, failure to reap child processes has
=== 2384849 === !!! resulted in a slow 'fork bomb' that has halted systems.
t/020_interface/poe.t ....................................... ok
Any::Moose is deprecated. Please use Moo instead at t/Utils.pm line 2.
Possible precedence issue with control flow operator at /tmp/loop_over_bdir-1501182-kgEqy_/HTTP-Engine-0.03005-0/inc/Test/Builder.pm line 917.
t/020_interface/psgi-with_plack.t ........................... ok
Any::Moose is deprecated. Please use Moo instead at t/Utils.pm line 2.
Possible precedence issue with control flow operator at /tmp/loop_over_bdir-1501182-kgEqy_/HTTP-Engine-0.03005-0/inc/Test/Builder.pm line 917.
t/020_interface/psgi.t ...................................... ok
Any::Moose is deprecated. Please use Moo instead at t/Utils.pm line 2.
Possible precedence issue with control flow operator at /tmp/loop_over_bdir-1501182-kgEqy_/HTTP-Engine-0.03005-0/inc/Test/Builder.pm line 917.
t/020_interface/server_simple-net_server_configure.t ........ ok
Possible precedence issue with control flow operator at /tmp/loop_over_bdir-1501182-kgEqy_/HTTP-Engine-0.03005-0/inc/Test/Builder.pm line 917.
Any::Moose is deprecated. Please use Moo instead at /tmp/loop_over_bdir-1501182-kgEqy_/HTTP-Engine-0.03005-0/blib/lib/HTTP/Engine.pm line 3.
t/020_interface/server_simple-not-send-header-bug.t ......... ok
Any::Moose is deprecated. Please use Moo instead at t/Utils.pm line 2.
Possible precedence issue with control flow operator at /tmp/loop_over_bdir-1501182-kgEqy_/HTTP-Engine-0.03005-0/inc/Test/Builder.pm line 917.
t/020_interface/server_simple-print_banner.t ................ ok
Any::Moose is deprecated. Please use Moo instead at t/Utils.pm line 2.
Possible precedence issue with control flow operator at /tmp/loop_over_bdir-1501182-kgEqy_/HTTP-Engine-0.03005-0/inc/Test/Builder.pm line 917.
t/020_interface/server_simple.t ............................. ok
Any::Moose is deprecated. Please use Moo instead at t/Utils.pm line 2.
Possible precedence issue with control flow operator at /tmp/loop_over_bdir-1501182-kgEqy_/HTTP-Engine-0.03005-0/inc/Test/Builder.pm line 917.
t/020_interface/standalone-keep_alive.t ..................... skipped: Interface::Standalone will be removed
Any::Moose is deprecated. Please use Moo instead at t/Utils.pm line 2.
Possible precedence issue with control flow operator at /tmp/loop_over_bdir-1501182-kgEqy_/HTTP-Engine-0.03005-0/inc/Test/Builder.pm line 917.
t/020_interface/standalone-restart.t ........................ skipped: Interface::Standalone will be removed
Any::Moose is deprecated. Please use Moo instead at t/Utils.pm line 2.
Possible precedence issue with control flow operator at /tmp/loop_over_bdir-1501182-kgEqy_/HTTP-Engine-0.03005-0/inc/Test/Builder.pm line 917.
t/020_interface/streaming_response.t ........................ ok
Any::Moose is deprecated. Please use Moo instead at /tmp/loop_over_bdir-1501182-kgEqy_/HTTP-Engine-0.03005-0/blib/lib/HTTP/Engine.pm line 3.
Possible precedence issue with control flow operator at /tmp/loop_over_bdir-1501182-kgEqy_/HTTP-Engine-0.03005-0/inc/Test/Builder.pm line 917.
t/020_interface/test-validation.t ........................... ok
Possible precedence issue with control flow operator at /tmp/loop_over_bdir-1501182-kgEqy_/HTTP-Engine-0.03005-0/inc/Test/Builder.pm line 917.
Any::Moose is deprecated. Please use Moo instead at /tmp/loop_over_bdir-1501182-kgEqy_/HTTP-Engine-0.03005-0/blib/lib/HTTP/Engine.pm line 3.
t/020_interface/test-warn_at_utf8.t ......................... ok
Any::Moose is deprecated. Please use Moo instead at /tmp/loop_over_bdir-1501182-kgEqy_/HTTP-Engine-0.03005-0/blib/lib/HTTP/Engine.pm line 3.
Possible precedence issue with control flow operator at /tmp/loop_over_bdir-1501182-kgEqy_/HTTP-Engine-0.03005-0/inc/Test/Builder.pm line 917.
Redundant argument in sprintf at /tmp/loop_over_bdir-1501182-kgEqy_/HTTP-Engine-0.03005-0/inc/Spiffy.pm line 225.
Redundant argument in sprintf at /tmp/loop_over_bdir-1501182-kgEqy_/HTTP-Engine-0.03005-0/inc/Spiffy.pm line 225.
Redundant argument in sprintf at /tmp/loop_over_bdir-1501182-kgEqy_/HTTP-Engine-0.03005-0/inc/Spiffy.pm line 225.
Redundant argument in sprintf at /tmp/loop_over_bdir-1501182-kgEqy_/HTTP-Engine-0.03005-0/inc/Spiffy.pm line 225.
t/020_interface/test.t ...................................... ok
Possible precedence issue with control flow operator at /tmp/loop_over_bdir-1501182-kgEqy_/HTTP-Engine-0.03005-0/inc/Test/Builder.pm line 917.
Any::Moose is deprecated. Please use Moo instead at /tmp/loop_over_bdir-1501182-kgEqy_/HTTP-Engine-0.03005-0/blib/lib/HTTP/Engine.pm line 3.
t/020_interface/test_response-with_io.t ..................... ok
Any::Moose is deprecated. Please use Moo instead at t/Utils.pm line 2.
Possible precedence issue with control flow operator at /tmp/loop_over_bdir-1501182-kgEqy_/HTTP-Engine-0.03005-0/inc/Test/Builder.pm line 917.
Redundant argument in sprintf at /tmp/loop_over_bdir-1501182-kgEqy_/HTTP-Engine-0.03005-0/inc/Spiffy.pm line 225.
Redundant argument in sprintf at /tmp/loop_over_bdir-1501182-kgEqy_/HTTP-Engine-0.03005-0/inc/Spiffy.pm line 225.
Redundant argument in sprintf at /tmp/loop_over_bdir-1501182-kgEqy_/HTTP-Engine-0.03005-0/inc/Spiffy.pm line 225.
Redundant argument in sprintf at /tmp/loop_over_bdir-1501182-kgEqy_/HTTP-Engine-0.03005-0/inc/Spiffy.pm line 225.
t/020_interface/test_upload.t ............................... ok
Any::Moose is deprecated. Please use Moo instead at t/Utils.pm line 2.
Possible precedence issue with control flow operator at /tmp/loop_over_bdir-1501182-kgEqy_/HTTP-Engine-0.03005-0/inc/Test/Builder.pm line 917.
t/030_daemonize/connection_info.t ........................... ok
Any::Moose is deprecated. Please use Moo instead at t/Utils.pm line 2.
Possible precedence issue with control flow operator at /tmp/loop_over_bdir-1501182-kgEqy_/HTTP-Engine-0.03005-0/inc/Test/Builder.pm line 917.
t/030_daemonize/headers.t ................................... ok
Any::Moose is deprecated. Please use Moo instead at t/Utils.pm line 2.
Possible precedence issue with control flow operator at /tmp/loop_over_bdir-1501182-kgEqy_/HTTP-Engine-0.03005-0/inc/Test/Builder.pm line 917.
# Failed test at /tmp/loop_over_bdir-1501182-kgEqy_/HTTP-Engine-0.03005-0/inc/Test/More.pm line 376.
# got: '/foo|'
# expected: '/|http://example.com/foo?http=1'
# Failed test at /tmp/loop_over_bdir-1501182-kgEqy_/HTTP-Engine-0.03005-0/inc/Test/More.pm line 376.
# got: '/foo|'
# expected: '/|http://example.com:8080/foo?http=1'
# Failed test at /tmp/loop_over_bdir-1501182-kgEqy_/HTTP-Engine-0.03005-0/inc/Test/More.pm line 376.
# got: '/foo|'
# expected: '/|http://example.com/foo?http=1'
# Failed test at /tmp/loop_over_bdir-1501182-kgEqy_/HTTP-Engine-0.03005-0/inc/Test/More.pm line 376.
# got: '/foo|'
# expected: '/|http://example.com:8080/foo?http=1'
# Looks like you failed 4 tests of 16.
t/030_daemonize/proxy_path.t ................................
Dubious, test returned 4 (wstat 1024, 0x400)
Failed 4/16 subtests
Any::Moose is deprecated. Please use Moo instead at t/Utils.pm line 2.
Possible precedence issue with control flow operator at /tmp/loop_over_bdir-1501182-kgEqy_/HTTP-Engine-0.03005-0/inc/Test/Builder.pm line 917.
t/030_daemonize/raw_body.t .................................. ok
Any::Moose is deprecated. Please use Moo instead at t/Utils.pm line 2.
Possible precedence issue with control flow operator at /tmp/loop_over_bdir-1501182-kgEqy_/HTTP-Engine-0.03005-0/inc/Test/Builder.pm line 917.
t/030_daemonize/request_independence.t ...................... ok
Any::Moose is deprecated. Please use Moo instead at t/Utils.pm line 2.
Possible precedence issue with control flow operator at /tmp/loop_over_bdir-1501182-kgEqy_/HTTP-Engine-0.03005-0/inc/Test/Builder.pm line 917.
t/030_daemonize/responsewriter_io.t ......................... ok
Any::Moose is deprecated. Please use Moo instead at t/Utils.pm line 2.
Possible precedence issue with control flow operator at /tmp/loop_over_bdir-1501182-kgEqy_/HTTP-Engine-0.03005-0/inc/Test/Builder.pm line 917.
t/030_daemonize/upload-methods.t ............................ ok
Any::Moose is deprecated. Please use Moo instead at t/Utils.pm line 2.
Possible precedence issue with control flow operator at /tmp/loop_over_bdir-1501182-kgEqy_/HTTP-Engine-0.03005-0/inc/Test/Builder.pm line 917.
t/030_daemonize/upload.t .................................... ok
Any::Moose is deprecated. Please use Moo instead at t/Utils.pm line 2.
Possible precedence issue with control flow operator at /tmp/loop_over_bdir-1501182-kgEqy_/HTTP-Engine-0.03005-0/inc/Test/Builder.pm line 917.
t/030_daemonize/uri.t ....................................... ok
Any::Moose is deprecated. Please use Moo instead at t/Utils.pm line 2.
Possible precedence issue with control flow operator at /tmp/loop_over_bdir-1501182-kgEqy_/HTTP-Engine-0.03005-0/inc/Test/Builder.pm line 917.
t/030_daemonize/utf8flagged-uri.t ........................... ok
Possible precedence issue with control flow operator at /tmp/loop_over_bdir-1501182-kgEqy_/HTTP-Engine-0.03005-0/inc/Test/Builder.pm line 917.
Redundant argument in sprintf at /tmp/loop_over_bdir-1501182-kgEqy_/HTTP-Engine-0.03005-0/inc/Spiffy.pm line 225.
Redundant argument in sprintf at /tmp/loop_over_bdir-1501182-kgEqy_/HTTP-Engine-0.03005-0/inc/Spiffy.pm line 225.
Redundant argument in sprintf at /tmp/loop_over_bdir-1501182-kgEqy_/HTTP-Engine-0.03005-0/inc/Spiffy.pm line 225.
Redundant argument in sprintf at /tmp/loop_over_bdir-1501182-kgEqy_/HTTP-Engine-0.03005-0/inc/Spiffy.pm line 225.
t/040_minimal/001_simple.t .................................. ok
Possible precedence issue with control flow operator at /tmp/loop_over_bdir-1501182-kgEqy_/HTTP-Engine-0.03005-0/inc/Test/Builder.pm line 917.
Any::Moose is deprecated. Please use Moo instead at /tmp/loop_over_bdir-1501182-kgEqy_/HTTP-Engine-0.03005-0/blib/lib/HTTP/Engine/Request.pm line 2.
t/050_tests/request.t ....................................... ok
Possible precedence issue with control flow operator at /tmp/loop_over_bdir-1501182-kgEqy_/HTTP-Engine-0.03005-0/inc/Test/Builder.pm line 917.
Any::Moose is deprecated. Please use Moo instead at /tmp/loop_over_bdir-1501182-kgEqy_/HTTP-Engine-0.03005-0/blib/lib/HTTP/Engine.pm line 3.
# Soft dependency versions:
# Any::Moose 0.27
# Mouse v2.5.10
# MooseX::Types 0.50
t/moose/00_compile.t ........................................ ok
Possible precedence issue with control flow operator at /tmp/loop_over_bdir-1501182-kgEqy_/HTTP-Engine-0.03005-0/inc/Test/Builder.pm line 917.
Any::Moose is deprecated. Please use Moo instead at /tmp/loop_over_bdir-1501182-kgEqy_/HTTP-Engine-0.03005-0/blib/lib/HTTP/Engine/Request.pm line 2.
t/moose/010_core/builder_options-upload_tmp.t ............... ok
Possible precedence issue with control flow operator at /tmp/loop_over_bdir-1501182-kgEqy_/HTTP-Engine-0.03005-0/inc/Test/Builder.pm line 917.
Any::Moose is deprecated. Please use Moo instead at t/Utils.pm line 2.
t/moose/010_core/interface-require.t ........................ ok
Possible precedence issue with control flow operator at /tmp/loop_over_bdir-1501182-kgEqy_/HTTP-Engine-0.03005-0/inc/Test/Builder.pm line 917.
Any::Moose is deprecated. Please use Moo instead at t/Utils.pm line 2.
t/moose/010_core/interface.t ................................ ok
Possible precedence issue with control flow operator at /tmp/loop_over_bdir-1501182-kgEqy_/HTTP-Engine-0.03005-0/inc/Test/Builder.pm line 917.
Any::Moose is deprecated. Please use Moo instead at /tmp/loop_over_bdir-1501182-kgEqy_/HTTP-Engine-0.03005-0/blib/lib/HTTP/Engine/RequestBuilder/CGI.pm line 2.
t/moose/010_core/load_requestbuilder_cgi.t .................. ok
Possible precedence issue with control flow operator at /tmp/loop_over_bdir-1501182-kgEqy_/HTTP-Engine-0.03005-0/inc/Test/Builder.pm line 917.
Redundant argument in sprintf at /tmp/loop_over_bdir-1501182-kgEqy_/HTTP-Engine-0.03005-0/inc/Spiffy.pm line 225.
Redundant argument in sprintf at /tmp/loop_over_bdir-1501182-kgEqy_/HTTP-Engine-0.03005-0/inc/Spiffy.pm line 225.
Redundant argument in sprintf at /tmp/loop_over_bdir-1501182-kgEqy_/HTTP-Engine-0.03005-0/inc/Spiffy.pm line 225.
Redundant argument in sprintf at /tmp/loop_over_bdir-1501182-kgEqy_/HTTP-Engine-0.03005-0/inc/Spiffy.pm line 225.
Any::Moose is deprecated. Please use Moo instead at t/Utils.pm line 2.
t/moose/010_core/request-absolute_uri.t ..................... ok
Possible precedence issue with control flow operator at /tmp/loop_over_bdir-1501182-kgEqy_/HTTP-Engine-0.03005-0/inc/Test/Builder.pm line 917.
Any::Moose is deprecated. Please use Moo instead at /tmp/loop_over_bdir-1501182-kgEqy_/HTTP-Engine-0.03005-0/blib/lib/HTTP/Engine/Request.pm line 2.
t/moose/010_core/request-as_http_request.t .................. ok
Possible precedence issue with control flow operator at /tmp/loop_over_bdir-1501182-kgEqy_/HTTP-Engine-0.03005-0/inc/Test/Builder.pm line 917.
Any::Moose is deprecated. Please use Moo instead at /tmp/loop_over_bdir-1501182-kgEqy_/HTTP-Engine-0.03005-0/blib/lib/HTTP/Engine.pm line 3.
t/moose/010_core/request-as_string.t ........................ ok
Possible precedence issue with control flow operator at /tmp/loop_over_bdir-1501182-kgEqy_/HTTP-Engine-0.03005-0/inc/Test/Builder.pm line 917.
Any::Moose is deprecated. Please use Moo instead at t/Utils.pm line 2.
Class::MOP::load_class is deprecated at /home/sand/src/perl/repoperls/installed-perls/host/k93jammy/v5.37.3/6567/lib/site_perl/5.37.3/x86_64-linux/Class/MOP.pm line 69.
Class::MOP::load_class("HTTP::Engine::Interface::Test") called at /tmp/loop_over_bdir-1501182-kgEqy_/HTTP-Engine-0.03005-0/blib/lib/HTTP/Engine/Types/Core.pm line 26
HTTP::Engine::Types::Core::__ANON__(HASH(0x55beba906870)) called at /home/sand/src/perl/repoperls/installed-perls/host/k93jammy/v5.37.3/6567/lib/site_perl/5.37.3/x86_64-linux/Moose/Meta/TypeCoercion.pm line 65
Moose::Meta::TypeCoercion::__ANON__(HASH(0x55beba906870)) called at constructor HTTP::Engine::new (defined at /tmp/loop_over_bdir-1501182-kgEqy_/HTTP-Engine-0.03005-0/blib/lib/HTTP/Engine.pm line 17) line 32
HTTP::Engine::new("HTTP::Engine", "interface", HASH(0x55beba906870)) called at t/Utils.pm line 141
t::Utils::run_engine(CODE(0x55bebab0bc50), HTTP::Request=HASH(0x55bebb884248)) called at t/moose/010_core/request-body.t line 27
t/moose/010_core/request-body.t ............................. ok
Possible precedence issue with control flow operator at /tmp/loop_over_bdir-1501182-kgEqy_/HTTP-Engine-0.03005-0/inc/Test/Builder.pm line 917.
Any::Moose is deprecated. Please use Moo instead at /tmp/loop_over_bdir-1501182-kgEqy_/HTTP-Engine-0.03005-0/blib/lib/HTTP/Engine/Request.pm line 2.
t/moose/010_core/request-content.t .......................... ok
Possible precedence issue with control flow operator at /tmp/loop_over_bdir-1501182-kgEqy_/HTTP-Engine-0.03005-0/inc/Test/Builder.pm line 917.
Any::Moose is deprecated. Please use Moo instead at t/Utils.pm line 2.
Class::MOP::load_class is deprecated at /home/sand/src/perl/repoperls/installed-perls/host/k93jammy/v5.37.3/6567/lib/site_perl/5.37.3/x86_64-linux/Class/MOP.pm line 69.
Class::MOP::load_class("HTTP::Engine::Interface::Test") called at /tmp/loop_over_bdir-1501182-kgEqy_/HTTP-Engine-0.03005-0/blib/lib/HTTP/Engine/Types/Core.pm line 26
HTTP::Engine::Types::Core::__ANON__(HASH(0x55cc6bd08af8)) called at /home/sand/src/perl/repoperls/installed-perls/host/k93jammy/v5.37.3/6567/lib/site_perl/5.37.3/x86_64-linux/Moose/Meta/TypeCoercion.pm line 65
Moose::Meta::TypeCoercion::__ANON__(HASH(0x55cc6bd08af8)) called at constructor HTTP::Engine::new (defined at /tmp/loop_over_bdir-1501182-kgEqy_/HTTP-Engine-0.03005-0/blib/lib/HTTP/Engine.pm line 17) line 32
HTTP::Engine::new("HTTP::Engine", "interface", HASH(0x55cc6bd08af8)) called at t/Utils.pm line 141
t::Utils::run_engine(CODE(0x55cc6bf0d860), HTTP::Request=HASH(0x55cc6cc86218)) called at t/moose/010_core/request-cookie.t line 32
t/moose/010_core/request-cookie.t ........................... ok
Possible precedence issue with control flow operator at /tmp/loop_over_bdir-1501182-kgEqy_/HTTP-Engine-0.03005-0/inc/Test/Builder.pm line 917.
Any::Moose is deprecated. Please use Moo instead at /tmp/loop_over_bdir-1501182-kgEqy_/HTTP-Engine-0.03005-0/blib/lib/HTTP/Engine/Request.pm line 2.
t/moose/010_core/request-hostname.t ......................... ok
Any::Moose is deprecated. Please use Moo instead at t/Utils.pm line 2.
Possible precedence issue with control flow operator at /tmp/loop_over_bdir-1501182-kgEqy_/HTTP-Engine-0.03005-0/inc/Test/Builder.pm line 917.
Class::MOP::load_class is deprecated at /home/sand/src/perl/repoperls/installed-perls/host/k93jammy/v5.37.3/6567/lib/site_perl/5.37.3/x86_64-linux/Class/MOP.pm line 69.
Class::MOP::load_class("HTTP::Engine::Interface::Test") called at /tmp/loop_over_bdir-1501182-kgEqy_/HTTP-Engine-0.03005-0/blib/lib/HTTP/Engine/Types/Core.pm line 26
HTTP::Engine::Types::Core::__ANON__(HASH(0x558501cec8b8)) called at /home/sand/src/perl/repoperls/installed-perls/host/k93jammy/v5.37.3/6567/lib/site_perl/5.37.3/x86_64-linux/Moose/Meta/TypeCoercion.pm line 65
Moose::Meta::TypeCoercion::__ANON__(HASH(0x558501cec8b8)) called at constructor HTTP::Engine::new (defined at /tmp/loop_over_bdir-1501182-kgEqy_/HTTP-Engine-0.03005-0/blib/lib/HTTP/Engine.pm line 17) line 32
HTTP::Engine::new("HTTP::Engine", "interface", HASH(0x558501cec8b8)) called at t/Utils.pm line 141
t::Utils::run_engine(CODE(0x5585037275d8), HTTP::Request=HASH(0x558502afaae0)) called at t/moose/010_core/request-many_upload.t line 91
t/moose/010_core/request-many_upload.t ...................... ok
Possible precedence issue with control flow operator at /tmp/loop_over_bdir-1501182-kgEqy_/HTTP-Engine-0.03005-0/inc/Test/Builder.pm line 917.
Any::Moose is deprecated. Please use Moo instead at /tmp/loop_over_bdir-1501182-kgEqy_/HTTP-Engine-0.03005-0/blib/lib/HTTP/Engine/Request.pm line 2.
t/moose/010_core/request-parameters.t ....................... ok
Possible precedence issue with control flow operator at /tmp/loop_over_bdir-1501182-kgEqy_/HTTP-Engine-0.03005-0/inc/Test/Builder.pm line 917.
Redundant argument in sprintf at /tmp/loop_over_bdir-1501182-kgEqy_/HTTP-Engine-0.03005-0/inc/Spiffy.pm line 225.
Redundant argument in sprintf at /tmp/loop_over_bdir-1501182-kgEqy_/HTTP-Engine-0.03005-0/inc/Spiffy.pm line 225.
Redundant argument in sprintf at /tmp/loop_over_bdir-1501182-kgEqy_/HTTP-Engine-0.03005-0/inc/Spiffy.pm line 225.
Redundant argument in sprintf at /tmp/loop_over_bdir-1501182-kgEqy_/HTTP-Engine-0.03005-0/inc/Spiffy.pm line 225.
Any::Moose is deprecated. Please use Moo instead at /tmp/loop_over_bdir-1501182-kgEqy_/HTTP-Engine-0.03005-0/blib/lib/HTTP/Engine/Request.pm line 2.
t/moose/010_core/request-params.t ........................... ok
Possible precedence issue with control flow operator at /tmp/loop_over_bdir-1501182-kgEqy_/HTTP-Engine-0.03005-0/inc/Test/Builder.pm line 917.
Any::Moose is deprecated. Please use Moo instead at /tmp/loop_over_bdir-1501182-kgEqy_/HTTP-Engine-0.03005-0/blib/lib/HTTP/Engine/Request.pm line 2.
t/moose/010_core/request-parse.t ............................ ok
Possible precedence issue with control flow operator at /tmp/loop_over_bdir-1501182-kgEqy_/HTTP-Engine-0.03005-0/inc/Test/Builder.pm line 917.
Redundant argument in sprintf at /tmp/loop_over_bdir-1501182-kgEqy_/HTTP-Engine-0.03005-0/inc/Spiffy.pm line 225.
Redundant argument in sprintf at /tmp/loop_over_bdir-1501182-kgEqy_/HTTP-Engine-0.03005-0/inc/Spiffy.pm line 225.
Redundant argument in sprintf at /tmp/loop_over_bdir-1501182-kgEqy_/HTTP-Engine-0.03005-0/inc/Spiffy.pm line 225.
Redundant argument in sprintf at /tmp/loop_over_bdir-1501182-kgEqy_/HTTP-Engine-0.03005-0/inc/Spiffy.pm line 225.
Any::Moose is deprecated. Please use Moo instead at /tmp/loop_over_bdir-1501182-kgEqy_/HTTP-Engine-0.03005-0/blib/lib/HTTP/Engine/Request.pm line 2.
t/moose/010_core/request-proxy_request.t .................... ok
Possible precedence issue with control flow operator at /tmp/loop_over_bdir-1501182-kgEqy_/HTTP-Engine-0.03005-0/inc/Test/Builder.pm line 917.
Any::Moose is deprecated. Please use Moo instead at /tmp/loop_over_bdir-1501182-kgEqy_/HTTP-Engine-0.03005-0/blib/lib/HTTP/Engine/Request.pm line 2.
t/moose/010_core/request-raw_body.t ......................... ok
Possible precedence issue with control flow operator at /tmp/loop_over_bdir-1501182-kgEqy_/HTTP-Engine-0.03005-0/inc/Test/Builder.pm line 917.
Any::Moose is deprecated. Please use Moo instead at t/Utils.pm line 2.
t/moose/010_core/request-readbody.t ......................... ok
Possible precedence issue with control flow operator at /tmp/loop_over_bdir-1501182-kgEqy_/HTTP-Engine-0.03005-0/inc/Test/Builder.pm line 917.
Redundant argument in sprintf at /tmp/loop_over_bdir-1501182-kgEqy_/HTTP-Engine-0.03005-0/inc/Spiffy.pm line 225.
Redundant argument in sprintf at /tmp/loop_over_bdir-1501182-kgEqy_/HTTP-Engine-0.03005-0/inc/Spiffy.pm line 225.
Redundant argument in sprintf at /tmp/loop_over_bdir-1501182-kgEqy_/HTTP-Engine-0.03005-0/inc/Spiffy.pm line 225.
Redundant argument in sprintf at /tmp/loop_over_bdir-1501182-kgEqy_/HTTP-Engine-0.03005-0/inc/Spiffy.pm line 225.
Any::Moose is deprecated. Please use Moo instead at /tmp/loop_over_bdir-1501182-kgEqy_/HTTP-Engine-0.03005-0/blib/lib/HTTP/Engine/Request.pm line 2.
t/moose/010_core/request-secure.t ........................... ok
Possible precedence issue with control flow operator at /tmp/loop_over_bdir-1501182-kgEqy_/HTTP-Engine-0.03005-0/inc/Test/Builder.pm line 917.
Any::Moose is deprecated. Please use Moo instead at /tmp/loop_over_bdir-1501182-kgEqy_/HTTP-Engine-0.03005-0/blib/lib/HTTP/Engine/Request.pm line 2.
t/moose/010_core/request-upload.t ........................... ok
Possible precedence issue with control flow operator at /tmp/loop_over_bdir-1501182-kgEqy_/HTTP-Engine-0.03005-0/inc/Test/Builder.pm line 917.
Redundant argument in sprintf at /tmp/loop_over_bdir-1501182-kgEqy_/HTTP-Engine-0.03005-0/inc/Spiffy.pm line 225.
Redundant argument in sprintf at /tmp/loop_over_bdir-1501182-kgEqy_/HTTP-Engine-0.03005-0/inc/Spiffy.pm line 225.
Redundant argument in sprintf at /tmp/loop_over_bdir-1501182-kgEqy_/HTTP-Engine-0.03005-0/inc/Spiffy.pm line 225.
Redundant argument in sprintf at /tmp/loop_over_bdir-1501182-kgEqy_/HTTP-Engine-0.03005-0/inc/Spiffy.pm line 225.
Any::Moose is deprecated. Please use Moo instead at /tmp/loop_over_bdir-1501182-kgEqy_/HTTP-Engine-0.03005-0/blib/lib/HTTP/Engine/Request.pm line 2.
t/moose/010_core/request-uri.t .............................. ok
Possible precedence issue with control flow operator at /tmp/loop_over_bdir-1501182-kgEqy_/HTTP-Engine-0.03005-0/inc/Test/Builder.pm line 917.
Any::Moose is deprecated. Please use Moo instead at /tmp/loop_over_bdir-1501182-kgEqy_/HTTP-Engine-0.03005-0/blib/lib/HTTP/Engine/Request.pm line 2.
t/moose/010_core/request.t .................................. ok
Any::Moose is deprecated. Please use Moo instead at t/Utils.pm line 2.
Possible precedence issue with control flow operator at /tmp/loop_over_bdir-1501182-kgEqy_/HTTP-Engine-0.03005-0/inc/Test/Builder.pm line 917.
t/moose/010_core/request_builder-noenv.t .................... ok
Possible precedence issue with control flow operator at /tmp/loop_over_bdir-1501182-kgEqy_/HTTP-Engine-0.03005-0/inc/Test/Builder.pm line 917.
Any::Moose is deprecated. Please use Moo instead at t/Utils.pm line 2.
# Failed test at /tmp/loop_over_bdir-1501182-kgEqy_/HTTP-Engine-0.03005-0/inc/Test/More.pm line 420.
# 'Class::MOP::load_class is deprecated at /home/sand/src/perl/repoperls/installed-perls/host/k93jammy/v5.37.3/6567/lib/site_perl/5.37.3/x86_64-linux/Class/MOP.pm line 69.
# Class::MOP::load_class("HTTP::Engine::Interface::Test") called at /tmp/loop_over_bdir-1501182-kgEqy_/HTTP-Engine-0.03005-0/blib/lib/HTTP/Engine/Types/Core.pm line 26
# HTTP::Engine::Types::Core::__ANON__(HASH(0x55e8a59c8a00)) called at /home/sand/src/perl/repoperls/installed-perls/host/k93jammy/v5.37.3/6567/lib/site_perl/5.37.3/x86_64-linux/Moose/Meta/TypeCoercion.pm line 65
# Moose::Meta::TypeCoercion::__ANON__(HASH(0x55e8a59c8a00)) called at constructor HTTP::Engine::new (defined at /tmp/loop_over_bdir-1501182-kgEqy_/HTTP-Engine-0.03005-0/blib/lib/HTTP/Engine.pm line 17) line 32
# HTTP::Engine::new("HTTP::Engine", "interface", HASH(0x55e8a59c8a00)) called at t/Utils.pm line 141
# t::Utils::run_engine(CODE(0x55e8a3fe1cb0), HTTP::Request=HASH(0x55e8a59f85b0)) called at t/moose/010_core/request_processor-catch_error.t line 15
# eval {...} called at t/moose/010_core/request_processor-catch_error.t line 12
# orz at t/moose/010_core/request_processor-catch_error.t line 14.
# '
# doesn't match '(?^:^orz)'
# Looks like you failed 1 test of 3.
t/moose/010_core/request_processor-catch_error.t ............
Dubious, test returned 1 (wstat 256, 0x100)
Failed 1/3 subtests
Possible precedence issue with control flow operator at /tmp/loop_over_bdir-1501182-kgEqy_/HTTP-Engine-0.03005-0/inc/Test/Builder.pm line 917.
Any::Moose is deprecated. Please use Moo instead at t/Utils.pm line 2.
Class::MOP::load_class is deprecated at /home/sand/src/perl/repoperls/installed-perls/host/k93jammy/v5.37.3/6567/lib/site_perl/5.37.3/x86_64-linux/Class/MOP.pm line 69.
Class::MOP::load_class("HTTP::Engine::Interface::Test") called at /tmp/loop_over_bdir-1501182-kgEqy_/HTTP-Engine-0.03005-0/blib/lib/HTTP/Engine/Types/Core.pm line 26
HTTP::Engine::Types::Core::__ANON__(HASH(0x558e2880e148)) called at /home/sand/src/perl/repoperls/installed-perls/host/k93jammy/v5.37.3/6567/lib/site_perl/5.37.3/x86_64-linux/Moose/Meta/TypeCoercion.pm line 65
Moose::Meta::TypeCoercion::__ANON__(HASH(0x558e2880e148)) called at constructor HTTP::Engine::new (defined at /tmp/loop_over_bdir-1501182-kgEqy_/HTTP-Engine-0.03005-0/blib/lib/HTTP/Engine.pm line 17) line 32
HTTP::Engine::new("HTTP::Engine", "interface", HASH(0x558e2880e148)) called at t/Utils.pm line 141
t::Utils::run_engine(CODE(0x558e26f3f390), HTTP::Request=HASH(0x558e26dcea98), "method", "GET", "raw_body", "test") called at t/moose/010_core/request_processor-make_request.t line 15
t/moose/010_core/request_processor-make_request.t ........... ok
Possible precedence issue with control flow operator at /tmp/loop_over_bdir-1501182-kgEqy_/HTTP-Engine-0.03005-0/inc/Test/Builder.pm line 917.
Any::Moose is deprecated. Please use Moo instead at t/Utils.pm line 2.
t/moose/010_core/request_processor-response_error.t ......... ok
Possible precedence issue with control flow operator at /tmp/loop_over_bdir-1501182-kgEqy_/HTTP-Engine-0.03005-0/inc/Test/Builder.pm line 917.
Any::Moose is deprecated. Please use Moo instead at /tmp/loop_over_bdir-1501182-kgEqy_/HTTP-Engine-0.03005-0/blib/lib/HTTP/Engine.pm line 3.
t/moose/010_core/request_upload-basename.t .................. ok
Possible precedence issue with control flow operator at /tmp/loop_over_bdir-1501182-kgEqy_/HTTP-Engine-0.03005-0/inc/Test/Builder.pm line 917.
Any::Moose is deprecated. Please use Moo instead at /tmp/loop_over_bdir-1501182-kgEqy_/HTTP-Engine-0.03005-0/blib/lib/HTTP/Engine/Response.pm line 2.
t/moose/010_core/response-code.t ............................ ok
Possible precedence issue with control flow operator at /tmp/loop_over_bdir-1501182-kgEqy_/HTTP-Engine-0.03005-0/inc/Test/Builder.pm line 917.
Any::Moose is deprecated. Please use Moo instead at /tmp/loop_over_bdir-1501182-kgEqy_/HTTP-Engine-0.03005-0/blib/lib/HTTP/Engine/Response.pm line 2.
t/moose/010_core/response-coerce_headers.t .................. ok
Possible precedence issue with control flow operator at /tmp/loop_over_bdir-1501182-kgEqy_/HTTP-Engine-0.03005-0/inc/Test/Builder.pm line 917.
Any::Moose is deprecated. Please use Moo instead at /tmp/loop_over_bdir-1501182-kgEqy_/HTTP-Engine-0.03005-0/blib/lib/HTTP/Engine/Response.pm line 2.
t/moose/010_core/response-content_length.t .................. ok
Possible precedence issue with control flow operator at /tmp/loop_over_bdir-1501182-kgEqy_/HTTP-Engine-0.03005-0/inc/Test/Builder.pm line 917.
Any::Moose is deprecated. Please use Moo instead at t/Utils.pm line 2.
Class::MOP::load_class is deprecated at /home/sand/src/perl/repoperls/installed-perls/host/k93jammy/v5.37.3/6567/lib/site_perl/5.37.3/x86_64-linux/Class/MOP.pm line 69.
Class::MOP::load_class("HTTP::Engine::Interface::Test") called at /tmp/loop_over_bdir-1501182-kgEqy_/HTTP-Engine-0.03005-0/blib/lib/HTTP/Engine/Types/Core.pm line 26
HTTP::Engine::Types::Core::__ANON__(HASH(0x55b15c1dd280)) called at /home/sand/src/perl/repoperls/installed-perls/host/k93jammy/v5.37.3/6567/lib/site_perl/5.37.3/x86_64-linux/Moose/Meta/TypeCoercion.pm line 65
Moose::Meta::TypeCoercion::__ANON__(HASH(0x55b15c1dd280)) called at constructor HTTP::Engine::new (defined at /tmp/loop_over_bdir-1501182-kgEqy_/HTTP-Engine-0.03005-0/blib/lib/HTTP/Engine.pm line 17) line 32
HTTP::Engine::new("HTTP::Engine", "interface", HASH(0x55b15c1dd280)) called at t/Utils.pm line 141
t::Utils::run_engine(CODE(0x55b15c1ddbe0), HTTP::Request=HASH(0x55b15c1b7a98)) called at t/moose/010_core/response-cookie.t line 45
t/moose/010_core/response-cookie.t .......................... ok
Possible precedence issue with control flow operator at /tmp/loop_over_bdir-1501182-kgEqy_/HTTP-Engine-0.03005-0/inc/Test/Builder.pm line 917.
Any::Moose is deprecated. Please use Moo instead at /tmp/loop_over_bdir-1501182-kgEqy_/HTTP-Engine-0.03005-0/blib/lib/HTTP/Engine/Response.pm line 2.
t/moose/010_core/response-new.t ............................. ok
Possible precedence issue with control flow operator at /tmp/loop_over_bdir-1501182-kgEqy_/HTTP-Engine-0.03005-0/inc/Test/Builder.pm line 917.
Any::Moose is deprecated. Please use Moo instead at /tmp/loop_over_bdir-1501182-kgEqy_/HTTP-Engine-0.03005-0/blib/lib/HTTP/Engine/Response.pm line 2.
t/moose/010_core/response-set_http_response.t ............... ok
Possible precedence issue with control flow operator at /tmp/loop_over_bdir-1501182-kgEqy_/HTTP-Engine-0.03005-0/inc/Test/Builder.pm line 917.
Redundant argument in sprintf at /tmp/loop_over_bdir-1501182-kgEqy_/HTTP-Engine-0.03005-0/inc/Spiffy.pm line 225.
Redundant argument in sprintf at /tmp/loop_over_bdir-1501182-kgEqy_/HTTP-Engine-0.03005-0/inc/Spiffy.pm line 225.
Redundant argument in sprintf at /tmp/loop_over_bdir-1501182-kgEqy_/HTTP-Engine-0.03005-0/inc/Spiffy.pm line 225.
Redundant argument in sprintf at /tmp/loop_over_bdir-1501182-kgEqy_/HTTP-Engine-0.03005-0/inc/Spiffy.pm line 225.
Any::Moose is deprecated. Please use Moo instead at /tmp/loop_over_bdir-1501182-kgEqy_/HTTP-Engine-0.03005-0/blib/lib/HTTP/Engine/Response.pm line 2.
t/moose/010_core/response-status.t .......................... ok
Possible precedence issue with control flow operator at /tmp/loop_over_bdir-1501182-kgEqy_/HTTP-Engine-0.03005-0/inc/Test/Builder.pm line 917.
Any::Moose is deprecated. Please use Moo instead at /tmp/loop_over_bdir-1501182-kgEqy_/HTTP-Engine-0.03005-0/blib/lib/HTTP/Engine/Response.pm line 2.
t/moose/010_core/response.t ................................. ok
Possible precedence issue with control flow operator at /tmp/loop_over_bdir-1501182-kgEqy_/HTTP-Engine-0.03005-0/inc/Test/Builder.pm line 917.
Redundant argument in sprintf at /tmp/loop_over_bdir-1501182-kgEqy_/HTTP-Engine-0.03005-0/inc/Spiffy.pm line 225.
Redundant argument in sprintf at /tmp/loop_over_bdir-1501182-kgEqy_/HTTP-Engine-0.03005-0/inc/Spiffy.pm line 225.
Redundant argument in sprintf at /tmp/loop_over_bdir-1501182-kgEqy_/HTTP-Engine-0.03005-0/inc/Spiffy.pm line 225.
Redundant argument in sprintf at /tmp/loop_over_bdir-1501182-kgEqy_/HTTP-Engine-0.03005-0/inc/Spiffy.pm line 225.
Any::Moose is deprecated. Please use Moo instead at /tmp/loop_over_bdir-1501182-kgEqy_/HTTP-Engine-0.03005-0/blib/lib/HTTP/Engine.pm line 3.
t/moose/010_core/response_finalizer.t ....................... ok
Possible precedence issue with control flow operator at /tmp/loop_over_bdir-1501182-kgEqy_/HTTP-Engine-0.03005-0/inc/Test/Builder.pm line 917.
Any::Moose is deprecated. Please use Moo instead at /tmp/loop_over_bdir-1501182-kgEqy_/HTTP-Engine-0.03005-0/blib/lib/HTTP/Engine/Request.pm line 2.
Class::MOP::load_class is deprecated at /home/sand/src/perl/repoperls/installed-perls/host/k93jammy/v5.37.3/6567/lib/site_perl/5.37.3/x86_64-linux/Class/MOP.pm line 69.
Class::MOP::load_class("HTTP::Engine::RequestBuilder::CGI") called at /tmp/loop_over_bdir-1501182-kgEqy_/HTTP-Engine-0.03005-0/blib/lib/HTTP/Engine/Interface.pm line 65
HTTP::Engine::Interface::_setup_builder("HTTP::Engine::Interface::CGI", "CGI") called at /tmp/loop_over_bdir-1501182-kgEqy_/HTTP-Engine-0.03005-0/blib/lib/HTTP/Engine/Interface.pm line 51
HTTP::Engine::Interface::__INTERFACE__("HTTP::Engine::Interface::CGI") called at /tmp/loop_over_bdir-1501182-kgEqy_/HTTP-Engine-0.03005-0/blib/lib/HTTP/Engine/Interface.pm line 31
HTTP::Engine::Interface::__ANON__() called at /tmp/loop_over_bdir-1501182-kgEqy_/HTTP-Engine-0.03005-0/blib/lib/HTTP/Engine/Interface/CGI.pm line 18
require HTTP/Engine/Interface/CGI.pm called at t/moose/010_core/response_writer.t line 9
main::BEGIN() called at t/moose/010_core/response_writer.t line 9
eval {...} called at t/moose/010_core/response_writer.t line 9
t/moose/010_core/response_writer.t .......................... ok
Possible precedence issue with control flow operator at /tmp/loop_over_bdir-1501182-kgEqy_/HTTP-Engine-0.03005-0/inc/Test/Builder.pm line 917.
Any::Moose is deprecated. Please use Moo instead at /tmp/loop_over_bdir-1501182-kgEqy_/HTTP-Engine-0.03005-0/blib/lib/HTTP/Engine/Request.pm line 2.
t/moose/010_core/responsewriter-broken_io.t ................. ok
Any::Moose is deprecated. Please use Moo instead at t/moose/010_core/responsewriter-with_io.t line 7.
Possible precedence issue with control flow operator at /tmp/loop_over_bdir-1501182-kgEqy_/HTTP-Engine-0.03005-0/inc/Test/Builder.pm line 917.
Redundant argument in sprintf at /tmp/loop_over_bdir-1501182-kgEqy_/HTTP-Engine-0.03005-0/inc/Spiffy.pm line 225.
Redundant argument in sprintf at /tmp/loop_over_bdir-1501182-kgEqy_/HTTP-Engine-0.03005-0/inc/Spiffy.pm line 225.
Redundant argument in sprintf at /tmp/loop_over_bdir-1501182-kgEqy_/HTTP-Engine-0.03005-0/inc/Spiffy.pm line 225.
Redundant argument in sprintf at /tmp/loop_over_bdir-1501182-kgEqy_/HTTP-Engine-0.03005-0/inc/Spiffy.pm line 225.
t/moose/010_core/responsewriter-with_io.t ................... ok
Any::Moose is deprecated. Please use Moo instead at /tmp/loop_over_bdir-1501182-kgEqy_/HTTP-Engine-0.03005-0/blib/lib/HTTP/Engine.pm line 3.
Class::MOP::load_class is deprecated at /home/sand/src/perl/repoperls/installed-perls/host/k93jammy/v5.37.3/6567/lib/site_perl/5.37.3/x86_64-linux/Class/MOP.pm line 69.
Class::MOP::load_class("HTTP::Engine::RequestBuilder::CGI") called at /tmp/loop_over_bdir-1501182-kgEqy_/HTTP-Engine-0.03005-0/blib/lib/HTTP/Engine/Interface.pm line 65
HTTP::Engine::Interface::_setup_builder("HTTP::Engine::Interface::CGI", "CGI") called at /tmp/loop_over_bdir-1501182-kgEqy_/HTTP-Engine-0.03005-0/blib/lib/HTTP/Engine/Interface.pm line 51
HTTP::Engine::Interface::__INTERFACE__("HTTP::Engine::Interface::CGI") called at /tmp/loop_over_bdir-1501182-kgEqy_/HTTP-Engine-0.03005-0/blib/lib/HTTP/Engine/Interface.pm line 31
HTTP::Engine::Interface::__ANON__() called at /tmp/loop_over_bdir-1501182-kgEqy_/HTTP-Engine-0.03005-0/blib/lib/HTTP/Engine/Interface/CGI.pm line 18
require HTTP/Engine/Interface/CGI.pm called at t/moose/020_interface/cgi.t line 5
main::BEGIN() called at t/moose/020_interface/cgi.t line 5
eval {...} called at t/moose/020_interface/cgi.t line 5
Possible precedence issue with control flow operator at /tmp/loop_over_bdir-1501182-kgEqy_/HTTP-Engine-0.03005-0/inc/Test/Builder.pm line 917.
Redundant argument in sprintf at /tmp/loop_over_bdir-1501182-kgEqy_/HTTP-Engine-0.03005-0/inc/Spiffy.pm line 225.
Redundant argument in sprintf at /tmp/loop_over_bdir-1501182-kgEqy_/HTTP-Engine-0.03005-0/inc/Spiffy.pm line 225.
Redundant argument in sprintf at /tmp/loop_over_bdir-1501182-kgEqy_/HTTP-Engine-0.03005-0/inc/Spiffy.pm line 225.
Redundant argument in sprintf at /tmp/loop_over_bdir-1501182-kgEqy_/HTTP-Engine-0.03005-0/inc/Spiffy.pm line 225.
Class::MOP::load_class is deprecated at /home/sand/src/perl/repoperls/installed-perls/host/k93jammy/v5.37.3/6567/lib/site_perl/5.37.3/x86_64-linux/Class/MOP.pm line 69, <DATA> line 1.
Class::MOP::load_class("HTTP::Engine::Interface::CGI") called at /tmp/loop_over_bdir-1501182-kgEqy_/HTTP-Engine-0.03005-0/blib/lib/HTTP/Engine/Types/Core.pm line 26
HTTP::Engine::Types::Core::__ANON__(HASH(0x563276ca42d0)) called at /home/sand/src/perl/repoperls/installed-perls/host/k93jammy/v5.37.3/6567/lib/site_perl/5.37.3/x86_64-linux/Moose/Meta/TypeCoercion.pm line 65
Moose::Meta::TypeCoercion::__ANON__(HASH(0x563276ca42d0)) called at constructor HTTP::Engine::new (defined at /tmp/loop_over_bdir-1501182-kgEqy_/HTTP-Engine-0.03005-0/blib/lib/HTTP/Engine.pm line 17) line 32
HTTP::Engine::new("HTTP::Engine", "interface", HASH(0x563276ca42d0)) called at t/moose/020_interface/cgi.t line 36
main::__ANON__(Test::Base::Block=HASH(0x563276c4c890)) called at /tmp/loop_over_bdir-1501182-kgEqy_/HTTP-Engine-0.03005-0/inc/Test/Base.pm line 269
Test::Base::run(undef) called at t/moose/020_interface/cgi.t line 39
t/moose/020_interface/cgi.t ................................. ok
Possible precedence issue with control flow operator at /tmp/loop_over_bdir-1501182-kgEqy_/HTTP-Engine-0.03005-0/inc/Test/Builder.pm line 917.
t/moose/020_interface/lighty-fcgi.t ......................... skipped: set TEST_LIGHTTPD to enable this test
Any::Moose is deprecated. Please use Moo instead at t/Utils.pm line 2.
Possible precedence issue with control flow operator at /tmp/loop_over_bdir-1501182-kgEqy_/HTTP-Engine-0.03005-0/inc/Test/Builder.pm line 917.
t/moose/020_interface/modperl_wildcard_hostname.t ........... skipped: this test requires mod_perl 2
Possible precedence issue with control flow operator at /tmp/loop_over_bdir-1501182-kgEqy_/HTTP-Engine-0.03005-0/inc/Test/Builder.pm line 917.
Any::Moose is deprecated. Please use Moo instead at /tmp/loop_over_bdir-1501182-kgEqy_/HTTP-Engine-0.03005-0/blib/lib/HTTP/Engine.pm line 3.
Class::MOP::load_class is deprecated at /home/sand/src/perl/repoperls/installed-perls/host/k93jammy/v5.37.3/6567/lib/site_perl/5.37.3/x86_64-linux/Class/MOP.pm line 69.
Class::MOP::load_class("HTTP::Engine::RequestBuilder::NoEnv") called at /tmp/loop_over_bdir-1501182-kgEqy_/HTTP-Engine-0.03005-0/blib/lib/HTTP/Engine/Interface.pm line 65
HTTP::Engine::Interface::_setup_builder("HTTP::Engine::Interface::POE", "NoEnv") called at /tmp/loop_over_bdir-1501182-kgEqy_/HTTP-Engine-0.03005-0/blib/lib/HTTP/Engine/Interface.pm line 51
HTTP::Engine::Interface::__INTERFACE__("HTTP::Engine::Interface::POE") called at /tmp/loop_over_bdir-1501182-kgEqy_/HTTP-Engine-0.03005-0/blib/lib/HTTP/Engine/Interface.pm line 31
HTTP::Engine::Interface::__ANON__() called at /tmp/loop_over_bdir-1501182-kgEqy_/HTTP-Engine-0.03005-0/blib/lib/HTTP/Engine/Interface/POE.pm line 132
require HTTP/Engine/Interface/POE.pm called at (eval 331) line 2
main::BEGIN() called at (eval 331) line 2
eval {...} called at (eval 331) line 2
eval 'package main;
use HTTP::Engine::Interface::POE @{$args[0]};
1;
' called at /tmp/loop_over_bdir-1501182-kgEqy_/HTTP-Engine-0.03005-0/inc/Test/More.pm line 884
Test::More::_eval("package main;\x{a}use HTTP::Engine::Interface::POE \@{\$args[0]};\x{a}1;\x{a}", ARRAY(0x5567db6a4668)) called at /tmp/loop_over_bdir-1501182-kgEqy_/HTTP-Engine-0.03005-0/inc/Test/More.pm line 859
Test::More::use_ok("HTTP::Engine::Interface::POE") called at t/moose/020_interface/poe-proxy.t line 15
=== 2384977 === !!! Kernel has 1 child process(es).
=== 2384977 === !!! Stopped child process (PID 2384980) reaped when POE::Kernel->run() is ready to return.
=== 2384977 === !!! Stopped child process (PID 2384981) reaped when POE::Kernel->run() is ready to return.
=== 2384977 === !!! Stopped child process (PID 2384982) reaped when POE::Kernel->run() is ready to return.
=== 2384977 === !!! Stopped child process (PID 2384983) reaped when POE::Kernel->run() is ready to return.
=== 2384977 === !!! Stopped child process (PID 2384984) reaped when POE::Kernel->run() is ready to return.
=== 2384977 === !!! At least one child process is still running when POE::Kernel->run() is ready to return.
=== 2384977 === !!! Be sure to use sig_child() to reap child processes.
=== 2384977 === !!! In extreme cases, failure to reap child processes has
=== 2384977 === !!! resulted in a slow 'fork bomb' that has halted systems.
t/moose/020_interface/poe-proxy.t ........................... ok
Possible precedence issue with control flow operator at /tmp/loop_over_bdir-1501182-kgEqy_/HTTP-Engine-0.03005-0/inc/Test/Builder.pm line 917.
Any::Moose is deprecated. Please use Moo instead at /tmp/loop_over_bdir-1501182-kgEqy_/HTTP-Engine-0.03005-0/blib/lib/HTTP/Engine.pm line 3.
Class::MOP::load_class is deprecated at /home/sand/src/perl/repoperls/installed-perls/host/k93jammy/v5.37.3/6567/lib/site_perl/5.37.3/x86_64-linux/Class/MOP.pm line 69.
Class::MOP::load_class("HTTP::Engine::RequestBuilder::NoEnv") called at /tmp/loop_over_bdir-1501182-kgEqy_/HTTP-Engine-0.03005-0/blib/lib/HTTP/Engine/Interface.pm line 65
HTTP::Engine::Interface::_setup_builder("HTTP::Engine::Interface::POE", "NoEnv") called at /tmp/loop_over_bdir-1501182-kgEqy_/HTTP-Engine-0.03005-0/blib/lib/HTTP/Engine/Interface.pm line 51
HTTP::Engine::Interface::__INTERFACE__("HTTP::Engine::Interface::POE") called at /tmp/loop_over_bdir-1501182-kgEqy_/HTTP-Engine-0.03005-0/blib/lib/HTTP/Engine/Interface.pm line 31
HTTP::Engine::Interface::__ANON__() called at /tmp/loop_over_bdir-1501182-kgEqy_/HTTP-Engine-0.03005-0/blib/lib/HTTP/Engine/Interface/POE.pm line 132
require HTTP/Engine/Interface/POE.pm called at (eval 331) line 2
main::BEGIN() called at (eval 331) line 2
eval {...} called at (eval 331) line 2
eval 'package main;
use HTTP::Engine::Interface::POE @{$args[0]};
1;
' called at /tmp/loop_over_bdir-1501182-kgEqy_/HTTP-Engine-0.03005-0/inc/Test/More.pm line 884
Test::More::_eval("package main;\x{a}use HTTP::Engine::Interface::POE \@{\$args[0]};\x{a}1;\x{a}", ARRAY(0x56513a63d7a8)) called at /tmp/loop_over_bdir-1501182-kgEqy_/HTTP-Engine-0.03005-0/inc/Test/More.pm line 859
Test::More::use_ok("HTTP::Engine::Interface::POE") called at t/moose/020_interface/poe-uri.t line 16
=== 2384986 === !!! Kernel has 1 child process(es).
=== 2384986 === !!! Stopped child process (PID 2384988) reaped when POE::Kernel->run() is ready to return.
=== 2384986 === !!! Stopped child process (PID 2384989) reaped when POE::Kernel->run() is ready to return.
=== 2384986 === !!! Stopped child process (PID 2384990) reaped when POE::Kernel->run() is ready to return.
=== 2384986 === !!! Stopped child process (PID 2384991) reaped when POE::Kernel->run() is ready to return.
=== 2384986 === !!! Stopped child process (PID 2384993) reaped when POE::Kernel->run() is ready to return.
=== 2384986 === !!! At least one child process is still running when POE::Kernel->run() is ready to return.
=== 2384986 === !!! Be sure to use sig_child() to reap child processes.
=== 2384986 === !!! In extreme cases, failure to reap child processes has
=== 2384986 === !!! resulted in a slow 'fork bomb' that has halted systems.
t/moose/020_interface/poe-uri.t ............................. ok
Possible precedence issue with control flow operator at /tmp/loop_over_bdir-1501182-kgEqy_/HTTP-Engine-0.03005-0/inc/Test/Builder.pm line 917.
Any::Moose is deprecated. Please use Moo instead at /tmp/loop_over_bdir-1501182-kgEqy_/HTTP-Engine-0.03005-0/blib/lib/HTTP/Engine.pm line 3.
Class::MOP::load_class is deprecated at /home/sand/src/perl/repoperls/installed-perls/host/k93jammy/v5.37.3/6567/lib/site_perl/5.37.3/x86_64-linux/Class/MOP.pm line 69.
Class::MOP::load_class("HTTP::Engine::RequestBuilder::NoEnv") called at /tmp/loop_over_bdir-1501182-kgEqy_/HTTP-Engine-0.03005-0/blib/lib/HTTP/Engine/Interface.pm line 65
HTTP::Engine::Interface::_setup_builder("HTTP::Engine::Interface::POE", "NoEnv") called at /tmp/loop_over_bdir-1501182-kgEqy_/HTTP-Engine-0.03005-0/blib/lib/HTTP/Engine/Interface.pm line 51
HTTP::Engine::Interface::__INTERFACE__("HTTP::Engine::Interface::POE") called at /tmp/loop_over_bdir-1501182-kgEqy_/HTTP-Engine-0.03005-0/blib/lib/HTTP/Engine/Interface.pm line 31
HTTP::Engine::Interface::__ANON__() called at /tmp/loop_over_bdir-1501182-kgEqy_/HTTP-Engine-0.03005-0/blib/lib/HTTP/Engine/Interface/POE.pm line 132
require HTTP/Engine/Interface/POE.pm called at (eval 331) line 2
main::BEGIN() called at (eval 331) line 2
eval {...} called at (eval 331) line 2
eval 'package main;
use HTTP::Engine::Interface::POE @{$args[0]};
1;
' called at /tmp/loop_over_bdir-1501182-kgEqy_/HTTP-Engine-0.03005-0/inc/Test/More.pm line 884
Test::More::_eval("package main;\x{a}use HTTP::Engine::Interface::POE \@{\$args[0]};\x{a}1;\x{a}", ARRAY(0x5556d5bb8a38)) called at /tmp/loop_over_bdir-1501182-kgEqy_/HTTP-Engine-0.03005-0/inc/Test/More.pm line 859
Test::More::use_ok("HTTP::Engine::Interface::POE") called at t/moose/020_interface/poe.t line 15
=== 2384995 === !!! Kernel has 1 child process(es).
=== 2384995 === !!! Stopped child process (PID 2384996) reaped when POE::Kernel->run() is ready to return.
=== 2384995 === !!! Stopped child process (PID 2384997) reaped when POE::Kernel->run() is ready to return.
=== 2384995 === !!! Stopped child process (PID 2384998) reaped when POE::Kernel->run() is ready to return.
=== 2384995 === !!! Stopped child process (PID 2384999) reaped when POE::Kernel->run() is ready to return.
=== 2384995 === !!! Stopped child process (PID 2385000) reaped when POE::Kernel->run() is ready to return.
=== 2384995 === !!! Stopped child process (PID 2385002) reaped when POE::Kernel->run() is ready to return.
=== 2384995 === !!! Stopped child process (PID 2385003) reaped when POE::Kernel->run() is ready to return.
=== 2384995 === !!! At least one child process is still running when POE::Kernel->run() is ready to return.
=== 2384995 === !!! Be sure to use sig_child() to reap child processes.
=== 2384995 === !!! In extreme cases, failure to reap child processes has
=== 2384995 === !!! resulted in a slow 'fork bomb' that has halted systems.
t/moose/020_interface/poe.t ................................. ok
Any::Moose is deprecated. Please use Moo instead at t/Utils.pm line 2.
Possible precedence issue with control flow operator at /tmp/loop_over_bdir-1501182-kgEqy_/HTTP-Engine-0.03005-0/inc/Test/Builder.pm line 917.
Class::MOP::load_class is deprecated at /home/sand/src/perl/repoperls/installed-perls/host/k93jammy/v5.37.3/6567/lib/site_perl/5.37.3/x86_64-linux/Class/MOP.pm line 69.
Class::MOP::load_class("HTTP::Engine::Interface::PSGI") called at /tmp/loop_over_bdir-1501182-kgEqy_/HTTP-Engine-0.03005-0/blib/lib/HTTP/Engine/Types/Core.pm line 26
HTTP::Engine::Types::Core::__ANON__(HASH(0x5595254bce28)) called at /home/sand/src/perl/repoperls/installed-perls/host/k93jammy/v5.37.3/6567/lib/site_perl/5.37.3/x86_64-linux/Moose/Meta/TypeCoercion.pm line 65
Moose::Meta::TypeCoercion::__ANON__(HASH(0x5595254bce28)) called at constructor HTTP::Engine::new (defined at /tmp/loop_over_bdir-1501182-kgEqy_/HTTP-Engine-0.03005-0/blib/lib/HTTP/Engine.pm line 17) line 32
HTTP::Engine::new("HTTP::Engine", "interface", HASH(0x5595254bce28)) called at t/moose/020_interface/psgi-with_plack.t line 33
main::__ANON__(50647) called at /tmp/loop_over_bdir-1501182-kgEqy_/HTTP-Engine-0.03005-0/inc/Test/TCP.pm line 118
Test::TCP::start(Test::TCP=HASH(0x5595253342e8)) called at /tmp/loop_over_bdir-1501182-kgEqy_/HTTP-Engine-0.03005-0/inc/Test/TCP.pm line 102
Test::TCP::new("Test::TCP", "code", CODE(0x559525337468), "port", 50647) called at /tmp/loop_over_bdir-1501182-kgEqy_/HTTP-Engine-0.03005-0/inc/Test/TCP.pm line 54
Test::TCP::test_tcp("client", CODE(0x55952531c260), "server", CODE(0x559525337468)) called at t/moose/020_interface/psgi-with_plack.t line 37
t/moose/020_interface/psgi-with_plack.t ..................... ok
Any::Moose is deprecated. Please use Moo instead at t/Utils.pm line 2.
Possible precedence issue with control flow operator at /tmp/loop_over_bdir-1501182-kgEqy_/HTTP-Engine-0.03005-0/inc/Test/Builder.pm line 917.
Class::MOP::load_class is deprecated at /home/sand/src/perl/repoperls/installed-perls/host/k93jammy/v5.37.3/6567/lib/site_perl/5.37.3/x86_64-linux/Class/MOP.pm line 69.
Class::MOP::load_class("HTTP::Engine::Interface::PSGI") called at /tmp/loop_over_bdir-1501182-kgEqy_/HTTP-Engine-0.03005-0/blib/lib/HTTP/Engine/Types/Core.pm line 26
HTTP::Engine::Types::Core::__ANON__(HASH(0x562f6e321798)) called at /home/sand/src/perl/repoperls/installed-perls/host/k93jammy/v5.37.3/6567/lib/site_perl/5.37.3/x86_64-linux/Moose/Meta/TypeCoercion.pm line 65
Moose::Meta::TypeCoercion::__ANON__(HASH(0x562f6e321798)) called at constructor HTTP::Engine::new (defined at /tmp/loop_over_bdir-1501182-kgEqy_/HTTP-Engine-0.03005-0/blib/lib/HTTP/Engine.pm line 17) line 32
HTTP::Engine::new("HTTP::Engine", "interface", HASH(0x562f6e321798)) called at t/moose/020_interface/psgi.t line 24
t/moose/020_interface/psgi.t ................................ ok
Any::Moose is deprecated. Please use Moo instead at t/Utils.pm line 2.
Possible precedence issue with control flow operator at /tmp/loop_over_bdir-1501182-kgEqy_/HTTP-Engine-0.03005-0/inc/Test/Builder.pm line 917.
Class::MOP::load_class is deprecated at /home/sand/src/perl/repoperls/installed-perls/host/k93jammy/v5.37.3/6567/lib/site_perl/5.37.3/x86_64-linux/Class/MOP.pm line 69, <DATA> line 11.
Class::MOP::load_class("HTTP::Engine::Interface::ServerSimple") called at /tmp/loop_over_bdir-1501182-kgEqy_/HTTP-Engine-0.03005-0/blib/lib/HTTP/Engine/Types/Core.pm line 26
HTTP::Engine::Types::Core::__ANON__(HASH(0x55c1b0ee33e8)) called at /home/sand/src/perl/repoperls/installed-perls/host/k93jammy/v5.37.3/6567/lib/site_perl/5.37.3/x86_64-linux/Moose/Meta/TypeCoercion.pm line 65
Moose::Meta::TypeCoercion::__ANON__(HASH(0x55c1b0ee33e8)) called at constructor HTTP::Engine::new (defined at /tmp/loop_over_bdir-1501182-kgEqy_/HTTP-Engine-0.03005-0/blib/lib/HTTP/Engine.pm line 17) line 32
HTTP::Engine::new("HTTP::Engine", "interface", HASH(0x55c1b0ee33e8)) called at t/moose/020_interface/server_simple-net_server_configure.t line 52
main::__ANON__(50052) called at /tmp/loop_over_bdir-1501182-kgEqy_/HTTP-Engine-0.03005-0/inc/Test/TCP.pm line 118
Test::TCP::start(Test::TCP=HASH(0x55c1b0a3ee40)) called at /tmp/loop_over_bdir-1501182-kgEqy_/HTTP-Engine-0.03005-0/inc/Test/TCP.pm line 102
Test::TCP::new("Test::TCP", "code", CODE(0x55c1af344040), "port", 50052) called at /tmp/loop_over_bdir-1501182-kgEqy_/HTTP-Engine-0.03005-0/inc/Test/TCP.pm line 54
Test::TCP::test_tcp("client", CODE(0x55c1b0d21540), "server", CODE(0x55c1af344040)) called at t/moose/020_interface/server_simple-net_server_configure.t line 54
t/moose/020_interface/server_simple-net_server_configure.t .. ok
Possible precedence issue with control flow operator at /tmp/loop_over_bdir-1501182-kgEqy_/HTTP-Engine-0.03005-0/inc/Test/Builder.pm line 917.
Any::Moose is deprecated. Please use Moo instead at /tmp/loop_over_bdir-1501182-kgEqy_/HTTP-Engine-0.03005-0/blib/lib/HTTP/Engine.pm line 3.
Class::MOP::load_class is deprecated at /home/sand/src/perl/repoperls/installed-perls/host/k93jammy/v5.37.3/6567/lib/site_perl/5.37.3/x86_64-linux/Class/MOP.pm line 69, <DATA> line 11.
Class::MOP::load_class("HTTP::Engine::Interface::ServerSimple") called at /tmp/loop_over_bdir-1501182-kgEqy_/HTTP-Engine-0.03005-0/blib/lib/HTTP/Engine/Types/Core.pm line 26
HTTP::Engine::Types::Core::__ANON__(HASH(0x55eba118f708)) called at /home/sand/src/perl/repoperls/installed-perls/host/k93jammy/v5.37.3/6567/lib/site_perl/5.37.3/x86_64-linux/Moose/Meta/TypeCoercion.pm line 65
Moose::Meta::TypeCoercion::__ANON__(HASH(0x55eba118f708)) called at constructor HTTP::Engine::new (defined at /tmp/loop_over_bdir-1501182-kgEqy_/HTTP-Engine-0.03005-0/blib/lib/HTTP/Engine.pm line 17) line 32
HTTP::Engine::new("HTTP::Engine", "interface", HASH(0x55eba118f708)) called at t/moose/020_interface/server_simple-not-send-header-bug.t line 39
main::__ANON__(50129) called at /tmp/loop_over_bdir-1501182-kgEqy_/HTTP-Engine-0.03005-0/inc/Test/TCP.pm line 118
Test::TCP::start(Test::TCP=HASH(0x55eb9fa97a98)) called at /tmp/loop_over_bdir-1501182-kgEqy_/HTTP-Engine-0.03005-0/inc/Test/TCP.pm line 102
Test::TCP::new("Test::TCP", "code", CODE(0x55eba0e26b98), "port", 50129) called at /tmp/loop_over_bdir-1501182-kgEqy_/HTTP-Engine-0.03005-0/inc/Test/TCP.pm line 54
Test::TCP::test_tcp("client", CODE(0x55eb9fc750e0), "server", CODE(0x55eba0e26b98)) called at t/moose/020_interface/server_simple-not-send-header-bug.t line 41
Class::MOP::load_class is deprecated at /home/sand/src/perl/repoperls/installed-perls/host/k93jammy/v5.37.3/6567/lib/site_perl/5.37.3/x86_64-linux/Class/MOP.pm line 69, <DATA> line 16.
Class::MOP::load_class("HTTP::Engine::RequestBuilder::NoEnv") called at /tmp/loop_over_bdir-1501182-kgEqy_/HTTP-Engine-0.03005-0/blib/lib/HTTP/Engine/Interface.pm line 65
HTTP::Engine::Interface::_setup_builder("HTTP::Engine::Interface::ServerSimple", "NoEnv") called at /tmp/loop_over_bdir-1501182-kgEqy_/HTTP-Engine-0.03005-0/blib/lib/HTTP/Engine/Interface.pm line 51
HTTP::Engine::Interface::__INTERFACE__("HTTP::Engine::Interface::ServerSimple") called at /tmp/loop_over_bdir-1501182-kgEqy_/HTTP-Engine-0.03005-0/blib/lib/HTTP/Engine/Interface.pm line 31
HTTP::Engine::Interface::__ANON__() called at /tmp/loop_over_bdir-1501182-kgEqy_/HTTP-Engine-0.03005-0/blib/lib/HTTP/Engine/Interface/ServerSimple.pm line 111
require HTTP/Engine/Interface/ServerSimple.pm called at /home/sand/src/perl/repoperls/installed-perls/host/k93jammy/v5.37.3/6567/lib/site_perl/5.37.3/Module/Runtime.pm line 314
Module::Runtime::require_module("HTTP::Engine::Interface::ServerSimple") called at /home/sand/src/perl/repoperls/installed-perls/host/k93jammy/v5.37.3/6567/lib/site_perl/5.37.3/Class/Load.pm line 174
Class::Load::try {...} () called at /home/sand/src/perl/repoperls/installed-perls/host/k93jammy/v5.37.3/6567/lib/site_perl/5.37.3/Try/Tiny.pm line 98
eval {...} called at /home/sand/src/perl/repoperls/installed-perls/host/k93jammy/v5.37.3/6567/lib/site_perl/5.37.3/Try/Tiny.pm line 93
Try::Tiny::try(CODE(0x55eba11a6f68), Try::Tiny::Catch=REF(0x55eba0e3c3c0)) called at /home/sand/src/perl/repoperls/installed-perls/host/k93jammy/v5.37.3/6567/lib/site_perl/5.37.3/Class/Load.pm line 180
Class::Load::try_load_class("HTTP::Engine::Interface::ServerSimple", undef) called at /home/sand/src/perl/repoperls/installed-perls/host/k93jammy/v5.37.3/6567/lib/site_perl/5.37.3/Class/Load.pm line 35
Class::Load::load_class("HTTP::Engine::Interface::ServerSimple") called at /tmp/loop_over_bdir-1501182-kgEqy_/HTTP-Engine-0.03005-0/blib/lib/HTTP/Engine/Types/Core.pm line 26
HTTP::Engine::Types::Core::__ANON__(HASH(0x55eba118f708)) called at /home/sand/src/perl/repoperls/installed-perls/host/k93jammy/v5.37.3/6567/lib/site_perl/5.37.3/x86_64-linux/Moose/Meta/TypeCoercion.pm line 65
Moose::Meta::TypeCoercion::__ANON__(HASH(0x55eba118f708)) called at constructor HTTP::Engine::new (defined at /tmp/loop_over_bdir-1501182-kgEqy_/HTTP-Engine-0.03005-0/blib/lib/HTTP/Engine.pm line 17) line 32
HTTP::Engine::new("HTTP::Engine", "interface", HASH(0x55eba118f708)) called at t/moose/020_interface/server_simple-not-send-header-bug.t line 39
main::__ANON__(50129) called at /tmp/loop_over_bdir-1501182-kgEqy_/HTTP-Engine-0.03005-0/inc/Test/TCP.pm line 118
Test::TCP::start(Test::TCP=HASH(0x55eb9fa97a98)) called at /tmp/loop_over_bdir-1501182-kgEqy_/HTTP-Engine-0.03005-0/inc/Test/TCP.pm line 102
Test::TCP::new("Test::TCP", "code", CODE(0x55eba0e26b98), "port", 50129) called at /tmp/loop_over_bdir-1501182-kgEqy_/HTTP-Engine-0.03005-0/inc/Test/TCP.pm line 54
Test::TCP::test_tcp("client", CODE(0x55eb9fc750e0), "server", CODE(0x55eba0e26b98)) called at t/moose/020_interface/server_simple-not-send-header-bug.t line 41
t/moose/020_interface/server_simple-not-send-header-bug.t ... ok
Any::Moose is deprecated. Please use Moo instead at t/Utils.pm line 2.
Possible precedence issue with control flow operator at /tmp/loop_over_bdir-1501182-kgEqy_/HTTP-Engine-0.03005-0/inc/Test/Builder.pm line 917.
Class::MOP::load_class is deprecated at /home/sand/src/perl/repoperls/installed-perls/host/k93jammy/v5.37.3/6567/lib/site_perl/5.37.3/x86_64-linux/Class/MOP.pm line 69, <DATA> line 11.
Class::MOP::load_class("HTTP::Engine::Interface::ServerSimple") called at /tmp/loop_over_bdir-1501182-kgEqy_/HTTP-Engine-0.03005-0/blib/lib/HTTP/Engine/Types/Core.pm line 26
HTTP::Engine::Types::Core::__ANON__(HASH(0x560cc8a03810)) called at /home/sand/src/perl/repoperls/installed-perls/host/k93jammy/v5.37.3/6567/lib/site_perl/5.37.3/x86_64-linux/Moose/Meta/TypeCoercion.pm line 65
Moose::Meta::TypeCoercion::__ANON__(HASH(0x560cc8a03810)) called at constructor HTTP::Engine::new (defined at /tmp/loop_over_bdir-1501182-kgEqy_/HTTP-Engine-0.03005-0/blib/lib/HTTP/Engine.pm line 17) line 32
HTTP::Engine::new("HTTP::Engine", "interface", HASH(0x560cc8a03810)) called at t/moose/020_interface/server_simple-print_banner.t line 32
main::__ANON__(50043) called at /tmp/loop_over_bdir-1501182-kgEqy_/HTTP-Engine-0.03005-0/inc/Test/TCP.pm line 118
Test::TCP::start(Test::TCP=HASH(0x560cc89d92a8)) called at /tmp/loop_over_bdir-1501182-kgEqy_/HTTP-Engine-0.03005-0/inc/Test/TCP.pm line 102
Test::TCP::new("Test::TCP", "code", CODE(0x560cc6fad5e8), "port", 50043) called at /tmp/loop_over_bdir-1501182-kgEqy_/HTTP-Engine-0.03005-0/inc/Test/TCP.pm line 54
Test::TCP::test_tcp("client", CODE(0x560cc6fd3b90), "server", CODE(0x560cc6fad5e8)) called at t/moose/020_interface/server_simple-print_banner.t line 34
t/moose/020_interface/server_simple-print_banner.t .......... ok
Any::Moose is deprecated. Please use Moo instead at t/Utils.pm line 2.
Possible precedence issue with control flow operator at /tmp/loop_over_bdir-1501182-kgEqy_/HTTP-Engine-0.03005-0/inc/Test/Builder.pm line 917.
Class::MOP::load_class is deprecated at /home/sand/src/perl/repoperls/installed-perls/host/k93jammy/v5.37.3/6567/lib/site_perl/5.37.3/x86_64-linux/Class/MOP.pm line 69, <DATA> line 11.
Class::MOP::load_class("HTTP::Engine::Interface::ServerSimple") called at /tmp/loop_over_bdir-1501182-kgEqy_/HTTP-Engine-0.03005-0/blib/lib/HTTP/Engine/Types/Core.pm line 26
HTTP::Engine::Types::Core::__ANON__(HASH(0x561b94fb7838)) called at /home/sand/src/perl/repoperls/installed-perls/host/k93jammy/v5.37.3/6567/lib/site_perl/5.37.3/x86_64-linux/Moose/Meta/TypeCoercion.pm line 65
Moose::Meta::TypeCoercion::__ANON__(HASH(0x561b94fb7838)) called at constructor HTTP::Engine::new (defined at /tmp/loop_over_bdir-1501182-kgEqy_/HTTP-Engine-0.03005-0/blib/lib/HTTP/Engine.pm line 17) line 32
HTTP::Engine::new("HTTP::Engine", "interface", HASH(0x561b94fb7838)) called at t/moose/020_interface/server_simple.t line 36
main::__ANON__(50474) called at /tmp/loop_over_bdir-1501182-kgEqy_/HTTP-Engine-0.03005-0/inc/Test/TCP.pm line 118
Test::TCP::start(Test::TCP=HASH(0x561b938bc418)) called at /tmp/loop_over_bdir-1501182-kgEqy_/HTTP-Engine-0.03005-0/inc/Test/TCP.pm line 102
Test::TCP::new("Test::TCP", "code", CODE(0x561b95432f48), "port", 50474) called at /tmp/loop_over_bdir-1501182-kgEqy_/HTTP-Engine-0.03005-0/inc/Test/TCP.pm line 54
Test::TCP::test_tcp("client", CODE(0x561b95271588), "server", CODE(0x561b95432f48)) called at t/moose/020_interface/server_simple.t line 38
t/moose/020_interface/server_simple.t ....................... ok
Any::Moose is deprecated. Please use Moo instead at t/Utils.pm line 2.
Possible precedence issue with control flow operator at /tmp/loop_over_bdir-1501182-kgEqy_/HTTP-Engine-0.03005-0/inc/Test/Builder.pm line 917.
t/moose/020_interface/standalone-keep_alive.t ............... skipped: Interface::Standalone will be removed
Any::Moose is deprecated. Please use Moo instead at t/Utils.pm line 2.
Possible precedence issue with control flow operator at /tmp/loop_over_bdir-1501182-kgEqy_/HTTP-Engine-0.03005-0/inc/Test/Builder.pm line 917.
t/moose/020_interface/standalone-restart.t .................. skipped: Interface::Standalone will be removed
Any::Moose is deprecated. Please use Moo instead at t/Utils.pm line 2.
Possible precedence issue with control flow operator at /tmp/loop_over_bdir-1501182-kgEqy_/HTTP-Engine-0.03005-0/inc/Test/Builder.pm line 917.
Class::MOP::load_class is deprecated at /home/sand/src/perl/repoperls/installed-perls/host/k93jammy/v5.37.3/6567/lib/site_perl/5.37.3/x86_64-linux/Class/MOP.pm line 69.
Class::MOP::load_class("HTTP::Engine::Interface::Test") called at /tmp/loop_over_bdir-1501182-kgEqy_/HTTP-Engine-0.03005-0/blib/lib/HTTP/Engine/Types/Core.pm line 26
HTTP::Engine::Types::Core::__ANON__(HASH(0x564cc2aa7610)) called at /home/sand/src/perl/repoperls/installed-perls/host/k93jammy/v5.37.3/6567/lib/site_perl/5.37.3/x86_64-linux/Moose/Meta/TypeCoercion.pm line 65
Moose::Meta::TypeCoercion::__ANON__(HASH(0x564cc2aa7610)) called at constructor HTTP::Engine::new (defined at /tmp/loop_over_bdir-1501182-kgEqy_/HTTP-Engine-0.03005-0/blib/lib/HTTP/Engine.pm line 17) line 32
HTTP::Engine::new("HTTP::Engine", "interface", HASH(0x564cc2aa7610)) called at t/moose/020_interface/streaming_response.t line 30
eval {...} called at t/moose/020_interface/streaming_response.t line 19
t/moose/020_interface/streaming_response.t .................. ok
Any::Moose is deprecated. Please use Moo instead at /tmp/loop_over_bdir-1501182-kgEqy_/HTTP-Engine-0.03005-0/blib/lib/HTTP/Engine.pm line 3.
Possible precedence issue with control flow operator at /tmp/loop_over_bdir-1501182-kgEqy_/HTTP-Engine-0.03005-0/inc/Test/Builder.pm line 917.
# Failed test at t/moose/020_interface/test-validation.t line 23.
# got: '1'
# expected: '0'
# Looks like you failed 1 test of 10.
t/moose/020_interface/test-validation.t .....................
Dubious, test returned 1 (wstat 256, 0x100)
Failed 1/10 subtests
Possible precedence issue with control flow operator at /tmp/loop_over_bdir-1501182-kgEqy_/HTTP-Engine-0.03005-0/inc/Test/Builder.pm line 917.
Any::Moose is deprecated. Please use Moo instead at /tmp/loop_over_bdir-1501182-kgEqy_/HTTP-Engine-0.03005-0/blib/lib/HTTP/Engine.pm line 3.
t/moose/020_interface/test-warn_at_utf8.t ................... ok
Any::Moose is deprecated. Please use Moo instead at /tmp/loop_over_bdir-1501182-kgEqy_/HTTP-Engine-0.03005-0/blib/lib/HTTP/Engine.pm line 3.
Possible precedence issue with control flow operator at /tmp/loop_over_bdir-1501182-kgEqy_/HTTP-Engine-0.03005-0/inc/Test/Builder.pm line 917.
Redundant argument in sprintf at /tmp/loop_over_bdir-1501182-kgEqy_/HTTP-Engine-0.03005-0/inc/Spiffy.pm line 225.
Redundant argument in sprintf at /tmp/loop_over_bdir-1501182-kgEqy_/HTTP-Engine-0.03005-0/inc/Spiffy.pm line 225.
Redundant argument in sprintf at /tmp/loop_over_bdir-1501182-kgEqy_/HTTP-Engine-0.03005-0/inc/Spiffy.pm line 225.
Redundant argument in sprintf at /tmp/loop_over_bdir-1501182-kgEqy_/HTTP-Engine-0.03005-0/inc/Spiffy.pm line 225.
Class::MOP::load_class is deprecated at /home/sand/src/perl/repoperls/installed-perls/host/k93jammy/v5.37.3/6567/lib/site_perl/5.37.3/x86_64-linux/Class/MOP.pm line 69, <DATA> line 1.
Class::MOP::load_class("HTTP::Engine::Interface::Test") called at /tmp/loop_over_bdir-1501182-kgEqy_/HTTP-Engine-0.03005-0/blib/lib/HTTP/Engine/Types/Core.pm line 26
HTTP::Engine::Types::Core::__ANON__(HASH(0x55a23aeaddf8)) called at /home/sand/src/perl/repoperls/installed-perls/host/k93jammy/v5.37.3/6567/lib/site_perl/5.37.3/x86_64-linux/Moose/Meta/TypeCoercion.pm line 65
Moose::Meta::TypeCoercion::__ANON__(HASH(0x55a23aeaddf8)) called at constructor HTTP::Engine::new (defined at /tmp/loop_over_bdir-1501182-kgEqy_/HTTP-Engine-0.03005-0/blib/lib/HTTP/Engine.pm line 17) line 32
HTTP::Engine::new("HTTP::Engine", "interface", HASH(0x55a23aeaddf8)) called at t/moose/020_interface/test.t line 38
main::__ANON__(Test::Base::Block=HASH(0x55a23ade7400)) called at /tmp/loop_over_bdir-1501182-kgEqy_/HTTP-Engine-0.03005-0/inc/Test/Base.pm line 269
Test::Base::run(undef) called at t/moose/020_interface/test.t line 43
t/moose/020_interface/test.t ................................ ok
Possible precedence issue with control flow operator at /tmp/loop_over_bdir-1501182-kgEqy_/HTTP-Engine-0.03005-0/inc/Test/Builder.pm line 917.
Any::Moose is deprecated. Please use Moo instead at /tmp/loop_over_bdir-1501182-kgEqy_/HTTP-Engine-0.03005-0/blib/lib/HTTP/Engine.pm line 3.
Class::MOP::load_class is deprecated at /home/sand/src/perl/repoperls/installed-perls/host/k93jammy/v5.37.3/6567/lib/site_perl/5.37.3/x86_64-linux/Class/MOP.pm line 69.
Class::MOP::load_class("HTTP::Engine::Interface::Test") called at /tmp/loop_over_bdir-1501182-kgEqy_/HTTP-Engine-0.03005-0/blib/lib/HTTP/Engine/Types/Core.pm line 26
HTTP::Engine::Types::Core::__ANON__(HASH(0x5638c8dd09c0)) called at /home/sand/src/perl/repoperls/installed-perls/host/k93jammy/v5.37.3/6567/lib/site_perl/5.37.3/x86_64-linux/Moose/Meta/TypeCoercion.pm line 65
Moose::Meta::TypeCoercion::__ANON__(HASH(0x5638c8dd09c0)) called at constructor HTTP::Engine::new (defined at /tmp/loop_over_bdir-1501182-kgEqy_/HTTP-Engine-0.03005-0/blib/lib/HTTP/Engine.pm line 17) line 32
HTTP::Engine::new("HTTP::Engine", "interface", HASH(0x5638c8dd09c0)) called at t/moose/020_interface/test_response-with_io.t line 26
t/moose/020_interface/test_response-with_io.t ............... ok
Any::Moose is deprecated. Please use Moo instead at t/Utils.pm line 2.
Possible precedence issue with control flow operator at /tmp/loop_over_bdir-1501182-kgEqy_/HTTP-Engine-0.03005-0/inc/Test/Builder.pm line 917.
Redundant argument in sprintf at /tmp/loop_over_bdir-1501182-kgEqy_/HTTP-Engine-0.03005-0/inc/Spiffy.pm line 225.
Redundant argument in sprintf at /tmp/loop_over_bdir-1501182-kgEqy_/HTTP-Engine-0.03005-0/inc/Spiffy.pm line 225.
Redundant argument in sprintf at /tmp/loop_over_bdir-1501182-kgEqy_/HTTP-Engine-0.03005-0/inc/Spiffy.pm line 225.
Redundant argument in sprintf at /tmp/loop_over_bdir-1501182-kgEqy_/HTTP-Engine-0.03005-0/inc/Spiffy.pm line 225.
Class::MOP::load_class is deprecated at /home/sand/src/perl/repoperls/installed-perls/host/k93jammy/v5.37.3/6567/lib/site_perl/5.37.3/x86_64-linux/Class/MOP.pm line 69, <DATA> line 1.
Class::MOP::load_class("HTTP::Engine::Interface::Test") called at /tmp/loop_over_bdir-1501182-kgEqy_/HTTP-Engine-0.03005-0/blib/lib/HTTP/Engine/Types/Core.pm line 26
HTTP::Engine::Types::Core::__ANON__(HASH(0x559e3787a648)) called at /home/sand/src/perl/repoperls/installed-perls/host/k93jammy/v5.37.3/6567/lib/site_perl/5.37.3/x86_64-linux/Moose/Meta/TypeCoercion.pm line 65
Moose::Meta::TypeCoercion::__ANON__(HASH(0x559e3787a648)) called at constructor HTTP::Engine::new (defined at /tmp/loop_over_bdir-1501182-kgEqy_/HTTP-Engine-0.03005-0/blib/lib/HTTP/Engine.pm line 17) line 32
HTTP::Engine::new("HTTP::Engine", "interface", HASH(0x559e3787a648)) called at t/moose/020_interface/test_upload.t line 55
main::__ANON__(Test::Base::Block=HASH(0x559e35b96148)) called at /tmp/loop_over_bdir-1501182-kgEqy_/HTTP-Engine-0.03005-0/inc/Test/Base.pm line 269
Test::Base::run(undef) called at t/moose/020_interface/test_upload.t line 91
t/moose/020_interface/test_upload.t ......................... ok
Any::Moose is deprecated. Please use Moo instead at t/Utils.pm line 2.
Possible precedence issue with control flow operator at /tmp/loop_over_bdir-1501182-kgEqy_/HTTP-Engine-0.03005-0/inc/Test/Builder.pm line 917.
Class::MOP::load_class is deprecated at /home/sand/src/perl/repoperls/installed-perls/host/k93jammy/v5.37.3/6567/lib/site_perl/5.37.3/x86_64-linux/Class/MOP.pm line 69.
Class::MOP::load_class("HTTP::Engine::Interface::Standalone") called at /tmp/loop_over_bdir-1501182-kgEqy_/HTTP-Engine-0.03005-0/blib/lib/HTTP/Engine/Types/Core.pm line 26
HTTP::Engine::Types::Core::__ANON__(HASH(0x557ea1f4d228)) called at /home/sand/src/perl/repoperls/installed-perls/host/k93jammy/v5.37.3/6567/lib/site_perl/5.37.3/x86_64-linux/Moose/Meta/TypeCoercion.pm line 65
Moose::Meta::TypeCoercion::__ANON__(HASH(0x557ea1f4d228)) called at constructor HTTP::Engine::new (defined at /tmp/loop_over_bdir-1501182-kgEqy_/HTTP-Engine-0.03005-0/blib/lib/HTTP/Engine.pm line 17) line 32
HTTP::Engine::new("HTTP::Engine", "interface", HASH(0x557ea1f4d228)) called at t/Utils.pm line 129
t::Utils::__ANON__(50360) called at /tmp/loop_over_bdir-1501182-kgEqy_/HTTP-Engine-0.03005-0/inc/Test/TCP.pm line 118
Test::TCP::start(Test::TCP=HASH(0x557ea3ea3a68)) called at /tmp/loop_over_bdir-1501182-kgEqy_/HTTP-Engine-0.03005-0/inc/Test/TCP.pm line 102
Test::TCP::new("Test::TCP", "code", CODE(0x557ea3e18e98), "port", 50360) called at /tmp/loop_over_bdir-1501182-kgEqy_/HTTP-Engine-0.03005-0/inc/Test/TCP.pm line 54
Test::TCP::test_tcp("client", CODE(0x557ea3e18d18), "server", CODE(0x557ea3e18e98), "port", 50360) called at t/Utils.pm line 132
t::Utils::daemonize_all(CODE(0x557ea1f4dc78), " sub {\x{a} my \$port = shift;\x{a} return (\x{a} "...) called at t/moose/030_daemonize/connection_info.t line 47
Class::MOP::load_class is deprecated at /home/sand/src/perl/repoperls/installed-perls/host/k93jammy/v5.37.3/6567/lib/site_perl/5.37.3/x86_64-linux/Class/MOP.pm line 69.
Class::MOP::load_class("HTTP::Engine::Interface::ServerSimple") called at /tmp/loop_over_bdir-1501182-kgEqy_/HTTP-Engine-0.03005-0/blib/lib/HTTP/Engine/Types/Core.pm line 26
HTTP::Engine::Types::Core::__ANON__(HASH(0x557ea1f4d228)) called at /home/sand/src/perl/repoperls/installed-perls/host/k93jammy/v5.37.3/6567/lib/site_perl/5.37.3/x86_64-linux/Moose/Meta/TypeCoercion.pm line 65
Moose::Meta::TypeCoercion::__ANON__(HASH(0x557ea1f4d228)) called at constructor HTTP::Engine::new (defined at /tmp/loop_over_bdir-1501182-kgEqy_/HTTP-Engine-0.03005-0/blib/lib/HTTP/Engine.pm line 17) line 32
HTTP::Engine::new("HTTP::Engine", "interface", HASH(0x557ea1f4d228)) called at t/Utils.pm line 129
t::Utils::__ANON__(50360) called at /tmp/loop_over_bdir-1501182-kgEqy_/HTTP-Engine-0.03005-0/inc/Test/TCP.pm line 118
Test::TCP::start(Test::TCP=HASH(0x557ea3ea3eb8)) called at /tmp/loop_over_bdir-1501182-kgEqy_/HTTP-Engine-0.03005-0/inc/Test/TCP.pm line 102
Test::TCP::new("Test::TCP", "code", CODE(0x557ea3e18e98), "port", 50360) called at /tmp/loop_over_bdir-1501182-kgEqy_/HTTP-Engine-0.03005-0/inc/Test/TCP.pm line 54
Test::TCP::test_tcp("client", CODE(0x557ea3e18d18), "server", CODE(0x557ea3e18e98), "port", 50360) called at t/Utils.pm line 132
t::Utils::daemonize_all(CODE(0x557ea1f4dc78), " sub {\x{a} my \$port = shift;\x{a} return (\x{a} "...) called at t/moose/030_daemonize/connection_info.t line 47
Class::MOP::load_class is deprecated at /home/sand/src/perl/repoperls/installed-perls/host/k93jammy/v5.37.3/6567/lib/site_perl/5.37.3/x86_64-linux/Class/MOP.pm line 69.
Class::MOP::load_class("HTTP::Engine::Interface::POE") called at /tmp/loop_over_bdir-1501182-kgEqy_/HTTP-Engine-0.03005-0/blib/lib/HTTP/Engine/Types/Core.pm line 26
HTTP::Engine::Types::Core::__ANON__(HASH(0x557ea1f4d228)) called at /home/sand/src/perl/repoperls/installed-perls/host/k93jammy/v5.37.3/6567/lib/site_perl/5.37.3/x86_64-linux/Moose/Meta/TypeCoercion.pm line 65
Moose::Meta::TypeCoercion::__ANON__(HASH(0x557ea1f4d228)) called at constructor HTTP::Engine::new (defined at /tmp/loop_over_bdir-1501182-kgEqy_/HTTP-Engine-0.03005-0/blib/lib/HTTP/Engine.pm line 17) line 32
HTTP::Engine::new("HTTP::Engine", "interface", HASH(0x557ea1f4d228)) called at t/Utils.pm line 129
t::Utils::__ANON__(50360) called at /tmp/loop_over_bdir-1501182-kgEqy_/HTTP-Engine-0.03005-0/inc/Test/TCP.pm line 118
Test::TCP::start(Test::TCP=HASH(0x557ea4285950)) called at /tmp/loop_over_bdir-1501182-kgEqy_/HTTP-Engine-0.03005-0/inc/Test/TCP.pm line 102
Test::TCP::new("Test::TCP", "code", CODE(0x557ea3e18e98), "port", 50360) called at /tmp/loop_over_bdir-1501182-kgEqy_/HTTP-Engine-0.03005-0/inc/Test/TCP.pm line 54
Test::TCP::test_tcp("client", CODE(0x557ea3e18d18), "server", CODE(0x557ea3e18e98), "port", 50360) called at t/Utils.pm line 132
t::Utils::daemonize_all(CODE(0x557ea1f4dc78), " sub {\x{a} my \$port = shift;\x{a} return (\x{a} "...) called at t/moose/030_daemonize/connection_info.t line 47
t/moose/030_daemonize/connection_info.t ..................... ok
Any::Moose is deprecated. Please use Moo instead at t/Utils.pm line 2.
Possible precedence issue with control flow operator at /tmp/loop_over_bdir-1501182-kgEqy_/HTTP-Engine-0.03005-0/inc/Test/Builder.pm line 917.
Class::MOP::load_class is deprecated at /home/sand/src/perl/repoperls/installed-perls/host/k93jammy/v5.37.3/6567/lib/site_perl/5.37.3/x86_64-linux/Class/MOP.pm line 69.
Class::MOP::load_class("HTTP::Engine::Interface::Standalone") called at /tmp/loop_over_bdir-1501182-kgEqy_/HTTP-Engine-0.03005-0/blib/lib/HTTP/Engine/Types/Core.pm line 26
HTTP::Engine::Types::Core::__ANON__(HASH(0x56078606e908)) called at /home/sand/src/perl/repoperls/installed-perls/host/k93jammy/v5.37.3/6567/lib/site_perl/5.37.3/x86_64-linux/Moose/Meta/TypeCoercion.pm line 65
Moose::Meta::TypeCoercion::__ANON__(HASH(0x56078606e908)) called at constructor HTTP::Engine::new (defined at /tmp/loop_over_bdir-1501182-kgEqy_/HTTP-Engine-0.03005-0/blib/lib/HTTP/Engine.pm line 17) line 32
HTTP::Engine::new("HTTP::Engine", "interface", HASH(0x56078606e908)) called at t/Utils.pm line 129
t::Utils::__ANON__(50063) called at /tmp/loop_over_bdir-1501182-kgEqy_/HTTP-Engine-0.03005-0/inc/Test/TCP.pm line 118
Test::TCP::start(Test::TCP=HASH(0x56078642a0b0)) called at /tmp/loop_over_bdir-1501182-kgEqy_/HTTP-Engine-0.03005-0/inc/Test/TCP.pm line 102
Test::TCP::new("Test::TCP", "code", CODE(0x5607863c3650), "port", 50063) called at /tmp/loop_over_bdir-1501182-kgEqy_/HTTP-Engine-0.03005-0/inc/Test/TCP.pm line 54
Test::TCP::test_tcp("client", CODE(0x5607863c34d0), "server", CODE(0x5607863c3650), "port", 50063) called at t/Utils.pm line 132
t::Utils::daemonize_all(CODE(0x5607844f9b68), " sub {\x{a} my \$port = shift;\x{a} return (\x{a} "...) called at t/moose/030_daemonize/headers.t line 40
Class::MOP::load_class is deprecated at /home/sand/src/perl/repoperls/installed-perls/host/k93jammy/v5.37.3/6567/lib/site_perl/5.37.3/x86_64-linux/Class/MOP.pm line 69.
Class::MOP::load_class("HTTP::Engine::Interface::ServerSimple") called at /tmp/loop_over_bdir-1501182-kgEqy_/HTTP-Engine-0.03005-0/blib/lib/HTTP/Engine/Types/Core.pm line 26
HTTP::Engine::Types::Core::__ANON__(HASH(0x56078606e908)) called at /home/sand/src/perl/repoperls/installed-perls/host/k93jammy/v5.37.3/6567/lib/site_perl/5.37.3/x86_64-linux/Moose/Meta/TypeCoercion.pm line 65
Moose::Meta::TypeCoercion::__ANON__(HASH(0x56078606e908)) called at constructor HTTP::Engine::new (defined at /tmp/loop_over_bdir-1501182-kgEqy_/HTTP-Engine-0.03005-0/blib/lib/HTTP/Engine.pm line 17) line 32
HTTP::Engine::new("HTTP::Engine", "interface", HASH(0x56078606e908)) called at t/Utils.pm line 129
t::Utils::__ANON__(50063) called at /tmp/loop_over_bdir-1501182-kgEqy_/HTTP-Engine-0.03005-0/inc/Test/TCP.pm line 118
Test::TCP::start(Test::TCP=HASH(0x56078607c5f8)) called at /tmp/loop_over_bdir-1501182-kgEqy_/HTTP-Engine-0.03005-0/inc/Test/TCP.pm line 102
Test::TCP::new("Test::TCP", "code", CODE(0x5607863c3650), "port", 50063) called at /tmp/loop_over_bdir-1501182-kgEqy_/HTTP-Engine-0.03005-0/inc/Test/TCP.pm line 54
Test::TCP::test_tcp("client", CODE(0x5607863c34d0), "server", CODE(0x5607863c3650), "port", 50063) called at t/Utils.pm line 132
t::Utils::daemonize_all(CODE(0x5607844f9b68), " sub {\x{a} my \$port = shift;\x{a} return (\x{a} "...) called at t/moose/030_daemonize/headers.t line 40
Class::MOP::load_class is deprecated at /home/sand/src/perl/repoperls/installed-perls/host/k93jammy/v5.37.3/6567/lib/site_perl/5.37.3/x86_64-linux/Class/MOP.pm line 69.
Class::MOP::load_class("HTTP::Engine::Interface::POE") called at /tmp/loop_over_bdir-1501182-kgEqy_/HTTP-Engine-0.03005-0/blib/lib/HTTP/Engine/Types/Core.pm line 26
HTTP::Engine::Types::Core::__ANON__(HASH(0x56078606e908)) called at /home/sand/src/perl/repoperls/installed-perls/host/k93jammy/v5.37.3/6567/lib/site_perl/5.37.3/x86_64-linux/Moose/Meta/TypeCoercion.pm line 65
Moose::Meta::TypeCoercion::__ANON__(HASH(0x56078606e908)) called at constructor HTTP::Engine::new (defined at /tmp/loop_over_bdir-1501182-kgEqy_/HTTP-Engine-0.03005-0/blib/lib/HTTP/Engine.pm line 17) line 32
HTTP::Engine::new("HTTP::Engine", "interface", HASH(0x56078606e908)) called at t/Utils.pm line 129
t::Utils::__ANON__(50063) called at /tmp/loop_over_bdir-1501182-kgEqy_/HTTP-Engine-0.03005-0/inc/Test/TCP.pm line 118
Test::TCP::start(Test::TCP=HASH(0x560786445a80)) called at /tmp/loop_over_bdir-1501182-kgEqy_/HTTP-Engine-0.03005-0/inc/Test/TCP.pm line 102
Test::TCP::new("Test::TCP", "code", CODE(0x5607863c3650), "port", 50063) called at /tmp/loop_over_bdir-1501182-kgEqy_/HTTP-Engine-0.03005-0/inc/Test/TCP.pm line 54
Test::TCP::test_tcp("client", CODE(0x5607863c34d0), "server", CODE(0x5607863c3650), "port", 50063) called at t/Utils.pm line 132
t::Utils::daemonize_all(CODE(0x5607844f9b68), " sub {\x{a} my \$port = shift;\x{a} return (\x{a} "...) called at t/moose/030_daemonize/headers.t line 40
t/moose/030_daemonize/headers.t ............................. ok
Any::Moose is deprecated. Please use Moo instead at t/Utils.pm line 2.
Possible precedence issue with control flow operator at /tmp/loop_over_bdir-1501182-kgEqy_/HTTP-Engine-0.03005-0/inc/Test/Builder.pm line 917.
# Failed test at /tmp/loop_over_bdir-1501182-kgEqy_/HTTP-Engine-0.03005-0/inc/Test/More.pm line 376.
# got: '/foo|'
# expected: '/|http://example.com/foo?http=1'
# Failed test at /tmp/loop_over_bdir-1501182-kgEqy_/HTTP-Engine-0.03005-0/inc/Test/More.pm line 376.
# got: '/foo|'
# expected: '/|http://example.com:8080/foo?http=1'
Class::MOP::load_class is deprecated at /home/sand/src/perl/repoperls/installed-perls/host/k93jammy/v5.37.3/6567/lib/site_perl/5.37.3/x86_64-linux/Class/MOP.pm line 69.
Class::MOP::load_class("HTTP::Engine::Interface::Standalone") called at /tmp/loop_over_bdir-1501182-kgEqy_/HTTP-Engine-0.03005-0/blib/lib/HTTP/Engine/Types/Core.pm line 26
HTTP::Engine::Types::Core::__ANON__(HASH(0x558647762160)) called at /home/sand/src/perl/repoperls/installed-perls/host/k93jammy/v5.37.3/6567/lib/site_perl/5.37.3/x86_64-linux/Moose/Meta/TypeCoercion.pm line 65
Moose::Meta::TypeCoercion::__ANON__(HASH(0x558647762160)) called at constructor HTTP::Engine::new (defined at /tmp/loop_over_bdir-1501182-kgEqy_/HTTP-Engine-0.03005-0/blib/lib/HTTP/Engine.pm line 17) line 32
HTTP::Engine::new("HTTP::Engine", "interface", HASH(0x558647762160)) called at t/Utils.pm line 129
t::Utils::__ANON__(50797) called at /tmp/loop_over_bdir-1501182-kgEqy_/HTTP-Engine-0.03005-0/inc/Test/TCP.pm line 118
Test::TCP::start(Test::TCP=HASH(0x558647c7e0c0)) called at /tmp/loop_over_bdir-1501182-kgEqy_/HTTP-Engine-0.03005-0/inc/Test/TCP.pm line 102
Test::TCP::new("Test::TCP", "code", CODE(0x558647814ad0), "port", 50797) called at /tmp/loop_over_bdir-1501182-kgEqy_/HTTP-Engine-0.03005-0/inc/Test/TCP.pm line 54
Test::TCP::test_tcp("client", CODE(0x558647814950), "server", CODE(0x558647814ad0), "port", 50797) called at t/Utils.pm line 132
t::Utils::daemonize_all(CODE(0x558645d62aa8), " sub {\x{a} my \$port = shift;\x{a} return (\x{a} "...) called at t/moose/030_daemonize/proxy_path.t line 25
Class::MOP::load_class is deprecated at /home/sand/src/perl/repoperls/installed-perls/host/k93jammy/v5.37.3/6567/lib/site_perl/5.37.3/x86_64-linux/Class/MOP.pm line 69.
Class::MOP::load_class("HTTP::Engine::Interface::ServerSimple") called at /tmp/loop_over_bdir-1501182-kgEqy_/HTTP-Engine-0.03005-0/blib/lib/HTTP/Engine/Types/Core.pm line 26
HTTP::Engine::Types::Core::__ANON__(HASH(0x558647762160)) called at /home/sand/src/perl/repoperls/installed-perls/host/k93jammy/v5.37.3/6567/lib/site_perl/5.37.3/x86_64-linux/Moose/Meta/TypeCoercion.pm line 65
Moose::Meta::TypeCoercion::__ANON__(HASH(0x558647762160)) called at constructor HTTP::Engine::new (defined at /tmp/loop_over_bdir-1501182-kgEqy_/HTTP-Engine-0.03005-0/blib/lib/HTTP/Engine.pm line 17) line 32
HTTP::Engine::new("HTTP::Engine", "interface", HASH(0x558647762160)) called at t/Utils.pm line 129
t::Utils::__ANON__(50797) called at /tmp/loop_over_bdir-1501182-kgEqy_/HTTP-Engine-0.03005-0/inc/Test/TCP.pm line 118
Test::TCP::start(Test::TCP=HASH(0x558647c7d640)) called at /tmp/loop_over_bdir-1501182-kgEqy_/HTTP-Engine-0.03005-0/inc/Test/TCP.pm line 102
Test::TCP::new("Test::TCP", "code", CODE(0x558647814ad0), "port", 50797) called at /tmp/loop_over_bdir-1501182-kgEqy_/HTTP-Engine-0.03005-0/inc/Test/TCP.pm line 54
Test::TCP::test_tcp("client", CODE(0x558647814950), "server", CODE(0x558647814ad0), "port", 50797) called at t/Utils.pm line 132
t::Utils::daemonize_all(CODE(0x558645d62aa8), " sub {\x{a} my \$port = shift;\x{a} return (\x{a} "...) called at t/moose/030_daemonize/proxy_path.t line 25
# Failed test at /tmp/loop_over_bdir-1501182-kgEqy_/HTTP-Engine-0.03005-0/inc/Test/More.pm line 376.
# got: '/foo|'
# expected: '/|http://example.com/foo?http=1'
# Failed test at /tmp/loop_over_bdir-1501182-kgEqy_/HTTP-Engine-0.03005-0/inc/Test/More.pm line 376.
# got: '/foo|'
# expected: '/|http://example.com:8080/foo?http=1'
Class::MOP::load_class is deprecated at /home/sand/src/perl/repoperls/installed-perls/host/k93jammy/v5.37.3/6567/lib/site_perl/5.37.3/x86_64-linux/Class/MOP.pm line 69.
Class::MOP::load_class("HTTP::Engine::Interface::POE") called at /tmp/loop_over_bdir-1501182-kgEqy_/HTTP-Engine-0.03005-0/blib/lib/HTTP/Engine/Types/Core.pm line 26
HTTP::Engine::Types::Core::__ANON__(HASH(0x558647762160)) called at /home/sand/src/perl/repoperls/installed-perls/host/k93jammy/v5.37.3/6567/lib/site_perl/5.37.3/x86_64-linux/Moose/Meta/TypeCoercion.pm line 65
Moose::Meta::TypeCoercion::__ANON__(HASH(0x558647762160)) called at constructor HTTP::Engine::new (defined at /tmp/loop_over_bdir-1501182-kgEqy_/HTTP-Engine-0.03005-0/blib/lib/HTTP/Engine.pm line 17) line 32
HTTP::Engine::new("HTTP::Engine", "interface", HASH(0x558647762160)) called at t/Utils.pm line 129
t::Utils::__ANON__(50797) called at /tmp/loop_over_bdir-1501182-kgEqy_/HTTP-Engine-0.03005-0/inc/Test/TCP.pm line 118
Test::TCP::start(Test::TCP=HASH(0x558647d7f560)) called at /tmp/loop_over_bdir-1501182-kgEqy_/HTTP-Engine-0.03005-0/inc/Test/TCP.pm line 102
Test::TCP::new("Test::TCP", "code", CODE(0x558647814ad0), "port", 50797) called at /tmp/loop_over_bdir-1501182-kgEqy_/HTTP-Engine-0.03005-0/inc/Test/TCP.pm line 54
Test::TCP::test_tcp("client", CODE(0x558647814950), "server", CODE(0x558647814ad0), "port", 50797) called at t/Utils.pm line 132
t::Utils::daemonize_all(CODE(0x558645d62aa8), " sub {\x{a} my \$port = shift;\x{a} return (\x{a} "...) called at t/moose/030_daemonize/proxy_path.t line 25
# Looks like you failed 4 tests of 16.
t/moose/030_daemonize/proxy_path.t ..........................
Dubious, test returned 4 (wstat 1024, 0x400)
Failed 4/16 subtests
Any::Moose is deprecated. Please use Moo instead at t/Utils.pm line 2.
Possible precedence issue with control flow operator at /tmp/loop_over_bdir-1501182-kgEqy_/HTTP-Engine-0.03005-0/inc/Test/Builder.pm line 917.
Class::MOP::load_class is deprecated at /home/sand/src/perl/repoperls/installed-perls/host/k93jammy/v5.37.3/6567/lib/site_perl/5.37.3/x86_64-linux/Class/MOP.pm line 69.
Class::MOP::load_class("HTTP::Engine::Interface::Standalone") called at /tmp/loop_over_bdir-1501182-kgEqy_/HTTP-Engine-0.03005-0/blib/lib/HTTP/Engine/Types/Core.pm line 26
HTTP::Engine::Types::Core::__ANON__(HASH(0x55cb9ac0a888)) called at /home/sand/src/perl/repoperls/installed-perls/host/k93jammy/v5.37.3/6567/lib/site_perl/5.37.3/x86_64-linux/Moose/Meta/TypeCoercion.pm line 65
Moose::Meta::TypeCoercion::__ANON__(HASH(0x55cb9ac0a888)) called at constructor HTTP::Engine::new (defined at /tmp/loop_over_bdir-1501182-kgEqy_/HTTP-Engine-0.03005-0/blib/lib/HTTP/Engine.pm line 17) line 32
HTTP::Engine::new("HTTP::Engine", "interface", HASH(0x55cb9ac0a888)) called at t/Utils.pm line 129
t::Utils::__ANON__(50037) called at /tmp/loop_over_bdir-1501182-kgEqy_/HTTP-Engine-0.03005-0/inc/Test/TCP.pm line 118
Test::TCP::start(Test::TCP=HASH(0x55cb9afd72d8)) called at /tmp/loop_over_bdir-1501182-kgEqy_/HTTP-Engine-0.03005-0/inc/Test/TCP.pm line 102
Test::TCP::new("Test::TCP", "code", CODE(0x55cb9af50d88), "port", 50037) called at /tmp/loop_over_bdir-1501182-kgEqy_/HTTP-Engine-0.03005-0/inc/Test/TCP.pm line 54
Test::TCP::test_tcp("client", CODE(0x55cb9af50c08), "server", CODE(0x55cb9af50d88), "port", 50037) called at t/Utils.pm line 132
t::Utils::daemonize_all(CODE(0x55cb99085ad8), " sub {\x{a} my \$port = shift;\x{a} return (\x{a} "...) called at t/moose/030_daemonize/raw_body.t line 41
Class::MOP::load_class is deprecated at /home/sand/src/perl/repoperls/installed-perls/host/k93jammy/v5.37.3/6567/lib/site_perl/5.37.3/x86_64-linux/Class/MOP.pm line 69.
Class::MOP::load_class("HTTP::Engine::Interface::ServerSimple") called at /tmp/loop_over_bdir-1501182-kgEqy_/HTTP-Engine-0.03005-0/blib/lib/HTTP/Engine/Types/Core.pm line 26
HTTP::Engine::Types::Core::__ANON__(HASH(0x55cb9ac0a888)) called at /home/sand/src/perl/repoperls/installed-perls/host/k93jammy/v5.37.3/6567/lib/site_perl/5.37.3/x86_64-linux/Moose/Meta/TypeCoercion.pm line 65
Moose::Meta::TypeCoercion::__ANON__(HASH(0x55cb9ac0a888)) called at constructor HTTP::Engine::new (defined at /tmp/loop_over_bdir-1501182-kgEqy_/HTTP-Engine-0.03005-0/blib/lib/HTTP/Engine.pm line 17) line 32
HTTP::Engine::new("HTTP::Engine", "interface", HASH(0x55cb9ac0a888)) called at t/Utils.pm line 129
t::Utils::__ANON__(50037) called at /tmp/loop_over_bdir-1501182-kgEqy_/HTTP-Engine-0.03005-0/inc/Test/TCP.pm line 118
Test::TCP::start(Test::TCP=HASH(0x55cb9afd7278)) called at /tmp/loop_over_bdir-1501182-kgEqy_/HTTP-Engine-0.03005-0/inc/Test/TCP.pm line 102
Test::TCP::new("Test::TCP", "code", CODE(0x55cb9af50d88), "port", 50037) called at /tmp/loop_over_bdir-1501182-kgEqy_/HTTP-Engine-0.03005-0/inc/Test/TCP.pm line 54
Test::TCP::test_tcp("client", CODE(0x55cb9af50c08), "server", CODE(0x55cb9af50d88), "port", 50037) called at t/Utils.pm line 132
t::Utils::daemonize_all(CODE(0x55cb99085ad8), " sub {\x{a} my \$port = shift;\x{a} return (\x{a} "...) called at t/moose/030_daemonize/raw_body.t line 41
Class::MOP::load_class is deprecated at /home/sand/src/perl/repoperls/installed-perls/host/k93jammy/v5.37.3/6567/lib/site_perl/5.37.3/x86_64-linux/Class/MOP.pm line 69.
Class::MOP::load_class("HTTP::Engine::Interface::POE") called at /tmp/loop_over_bdir-1501182-kgEqy_/HTTP-Engine-0.03005-0/blib/lib/HTTP/Engine/Types/Core.pm line 26
HTTP::Engine::Types::Core::__ANON__(HASH(0x55cb9ac0a888)) called at /home/sand/src/perl/repoperls/installed-perls/host/k93jammy/v5.37.3/6567/lib/site_perl/5.37.3/x86_64-linux/Moose/Meta/TypeCoercion.pm line 65
Moose::Meta::TypeCoercion::__ANON__(HASH(0x55cb9ac0a888)) called at constructor HTTP::Engine::new (defined at /tmp/loop_over_bdir-1501182-kgEqy_/HTTP-Engine-0.03005-0/blib/lib/HTTP/Engine.pm line 17) line 32
HTTP::Engine::new("HTTP::Engine", "interface", HASH(0x55cb9ac0a888)) called at t/Utils.pm line 129
t::Utils::__ANON__(50037) called at /tmp/loop_over_bdir-1501182-kgEqy_/HTTP-Engine-0.03005-0/inc/Test/TCP.pm line 118
Test::TCP::start(Test::TCP=HASH(0x55cb9a96ee00)) called at /tmp/loop_over_bdir-1501182-kgEqy_/HTTP-Engine-0.03005-0/inc/Test/TCP.pm line 102
Test::TCP::new("Test::TCP", "code", CODE(0x55cb9af50d88), "port", 50037) called at /tmp/loop_over_bdir-1501182-kgEqy_/HTTP-Engine-0.03005-0/inc/Test/TCP.pm line 54
Test::TCP::test_tcp("client", CODE(0x55cb9af50c08), "server", CODE(0x55cb9af50d88), "port", 50037) called at t/Utils.pm line 132
t::Utils::daemonize_all(CODE(0x55cb99085ad8), " sub {\x{a} my \$port = shift;\x{a} return (\x{a} "...) called at t/moose/030_daemonize/raw_body.t line 41
t/moose/030_daemonize/raw_body.t ............................ ok
Any::Moose is deprecated. Please use Moo instead at t/Utils.pm line 2.
Possible precedence issue with control flow operator at /tmp/loop_over_bdir-1501182-kgEqy_/HTTP-Engine-0.03005-0/inc/Test/Builder.pm line 917.
Class::MOP::load_class is deprecated at /home/sand/src/perl/repoperls/installed-perls/host/k93jammy/v5.37.3/6567/lib/site_perl/5.37.3/x86_64-linux/Class/MOP.pm line 69.
Class::MOP::load_class("HTTP::Engine::Interface::Standalone") called at /tmp/loop_over_bdir-1501182-kgEqy_/HTTP-Engine-0.03005-0/blib/lib/HTTP/Engine/Types/Core.pm line 26
HTTP::Engine::Types::Core::__ANON__(HASH(0x55a7d7e7f238)) called at /home/sand/src/perl/repoperls/installed-perls/host/k93jammy/v5.37.3/6567/lib/site_perl/5.37.3/x86_64-linux/Moose/Meta/TypeCoercion.pm line 65
Moose::Meta::TypeCoercion::__ANON__(HASH(0x55a7d7e7f238)) called at constructor HTTP::Engine::new (defined at /tmp/loop_over_bdir-1501182-kgEqy_/HTTP-Engine-0.03005-0/blib/lib/HTTP/Engine.pm line 17) line 32
HTTP::Engine::new("HTTP::Engine", "interface", HASH(0x55a7d7e7f238)) called at t/Utils.pm line 129
t::Utils::__ANON__(50532) called at /tmp/loop_over_bdir-1501182-kgEqy_/HTTP-Engine-0.03005-0/inc/Test/TCP.pm line 118
Test::TCP::start(Test::TCP=HASH(0x55a7d9dd1ac8)) called at /tmp/loop_over_bdir-1501182-kgEqy_/HTTP-Engine-0.03005-0/inc/Test/TCP.pm line 102
Test::TCP::new("Test::TCP", "code", CODE(0x55a7d9d4aa38), "port", 50532) called at /tmp/loop_over_bdir-1501182-kgEqy_/HTTP-Engine-0.03005-0/inc/Test/TCP.pm line 54
Test::TCP::test_tcp("client", CODE(0x55a7d9d4a8b8), "server", CODE(0x55a7d9d4aa38), "port", 50532) called at t/Utils.pm line 132
t::Utils::daemonize_all(CODE(0x55a7d7e7fc88), " sub {\x{a} my \$port = shift;\x{a} return (\x{a} "...) called at t/moose/030_daemonize/request_independence.t line 51
Class::MOP::load_class is deprecated at /home/sand/src/perl/repoperls/installed-perls/host/k93jammy/v5.37.3/6567/lib/site_perl/5.37.3/x86_64-linux/Class/MOP.pm line 69.
Class::MOP::load_class("HTTP::Engine::Interface::ServerSimple") called at /tmp/loop_over_bdir-1501182-kgEqy_/HTTP-Engine-0.03005-0/blib/lib/HTTP/Engine/Types/Core.pm line 26
HTTP::Engine::Types::Core::__ANON__(HASH(0x55a7d7e7f238)) called at /home/sand/src/perl/repoperls/installed-perls/host/k93jammy/v5.37.3/6567/lib/site_perl/5.37.3/x86_64-linux/Moose/Meta/TypeCoercion.pm line 65
Moose::Meta::TypeCoercion::__ANON__(HASH(0x55a7d7e7f238)) called at constructor HTTP::Engine::new (defined at /tmp/loop_over_bdir-1501182-kgEqy_/HTTP-Engine-0.03005-0/blib/lib/HTTP/Engine.pm line 17) line 32
HTTP::Engine::new("HTTP::Engine", "interface", HASH(0x55a7d7e7f238)) called at t/Utils.pm line 129
t::Utils::__ANON__(50532) called at /tmp/loop_over_bdir-1501182-kgEqy_/HTTP-Engine-0.03005-0/inc/Test/TCP.pm line 118
Test::TCP::start(Test::TCP=HASH(0x55a7d9dd1978)) called at /tmp/loop_over_bdir-1501182-kgEqy_/HTTP-Engine-0.03005-0/inc/Test/TCP.pm line 102
Test::TCP::new("Test::TCP", "code", CODE(0x55a7d9d4aa38), "port", 50532) called at /tmp/loop_over_bdir-1501182-kgEqy_/HTTP-Engine-0.03005-0/inc/Test/TCP.pm line 54
Test::TCP::test_tcp("client", CODE(0x55a7d9d4a8b8), "server", CODE(0x55a7d9d4aa38), "port", 50532) called at t/Utils.pm line 132
t::Utils::daemonize_all(CODE(0x55a7d7e7fc88), " sub {\x{a} my \$port = shift;\x{a} return (\x{a} "...) called at t/moose/030_daemonize/request_independence.t line 51
Class::MOP::load_class is deprecated at /home/sand/src/perl/repoperls/installed-perls/host/k93jammy/v5.37.3/6567/lib/site_perl/5.37.3/x86_64-linux/Class/MOP.pm line 69.
Class::MOP::load_class("HTTP::Engine::Interface::POE") called at /tmp/loop_over_bdir-1501182-kgEqy_/HTTP-Engine-0.03005-0/blib/lib/HTTP/Engine/Types/Core.pm line 26
HTTP::Engine::Types::Core::__ANON__(HASH(0x55a7d7e7f238)) called at /home/sand/src/perl/repoperls/installed-perls/host/k93jammy/v5.37.3/6567/lib/site_perl/5.37.3/x86_64-linux/Moose/Meta/TypeCoercion.pm line 65
Moose::Meta::TypeCoercion::__ANON__(HASH(0x55a7d7e7f238)) called at constructor HTTP::Engine::new (defined at /tmp/loop_over_bdir-1501182-kgEqy_/HTTP-Engine-0.03005-0/blib/lib/HTTP/Engine.pm line 17) line 32
HTTP::Engine::new("HTTP::Engine", "interface", HASH(0x55a7d7e7f238)) called at t/Utils.pm line 129
t::Utils::__ANON__(50532) called at /tmp/loop_over_bdir-1501182-kgEqy_/HTTP-Engine-0.03005-0/inc/Test/TCP.pm line 118
Test::TCP::start(Test::TCP=HASH(0x55a7d9dcded0)) called at /tmp/loop_over_bdir-1501182-kgEqy_/HTTP-Engine-0.03005-0/inc/Test/TCP.pm line 102
Test::TCP::new("Test::TCP", "code", CODE(0x55a7d9d4aa38), "port", 50532) called at /tmp/loop_over_bdir-1501182-kgEqy_/HTTP-Engine-0.03005-0/inc/Test/TCP.pm line 54
Test::TCP::test_tcp("client", CODE(0x55a7d9d4a8b8), "server", CODE(0x55a7d9d4aa38), "port", 50532) called at t/Utils.pm line 132
t::Utils::daemonize_all(CODE(0x55a7d7e7fc88), " sub {\x{a} my \$port = shift;\x{a} return (\x{a} "...) called at t/moose/030_daemonize/request_independence.t line 51
t/moose/030_daemonize/request_independence.t ................ ok
Any::Moose is deprecated. Please use Moo instead at t/Utils.pm line 2.
Possible precedence issue with control flow operator at /tmp/loop_over_bdir-1501182-kgEqy_/HTTP-Engine-0.03005-0/inc/Test/Builder.pm line 917.
Class::MOP::load_class is deprecated at /home/sand/src/perl/repoperls/installed-perls/host/k93jammy/v5.37.3/6567/lib/site_perl/5.37.3/x86_64-linux/Class/MOP.pm line 69.
Class::MOP::load_class("HTTP::Engine::Interface::Standalone") called at /tmp/loop_over_bdir-1501182-kgEqy_/HTTP-Engine-0.03005-0/blib/lib/HTTP/Engine/Types/Core.pm line 26
HTTP::Engine::Types::Core::__ANON__(HASH(0x557fbfb54620)) called at /home/sand/src/perl/repoperls/installed-perls/host/k93jammy/v5.37.3/6567/lib/site_perl/5.37.3/x86_64-linux/Moose/Meta/TypeCoercion.pm line 65
Moose::Meta::TypeCoercion::__ANON__(HASH(0x557fbfb54620)) called at constructor HTTP::Engine::new (defined at /tmp/loop_over_bdir-1501182-kgEqy_/HTTP-Engine-0.03005-0/blib/lib/HTTP/Engine.pm line 17) line 32
HTTP::Engine::new("HTTP::Engine", "interface", HASH(0x557fbfb54620)) called at t/Utils.pm line 129
t::Utils::__ANON__(50870) called at /tmp/loop_over_bdir-1501182-kgEqy_/HTTP-Engine-0.03005-0/inc/Test/TCP.pm line 118
Test::TCP::start(Test::TCP=HASH(0x557fbfbdcad8)) called at /tmp/loop_over_bdir-1501182-kgEqy_/HTTP-Engine-0.03005-0/inc/Test/TCP.pm line 102
Test::TCP::new("Test::TCP", "code", CODE(0x557fbfb55010), "port", 50870) called at /tmp/loop_over_bdir-1501182-kgEqy_/HTTP-Engine-0.03005-0/inc/Test/TCP.pm line 54
Test::TCP::test_tcp("client", CODE(0x557fbfb54e90), "server", CODE(0x557fbfb55010), "port", 50870) called at t/Utils.pm line 132
t::Utils::daemonize_all(CODE(0x557fbfb42448), " sub {\x{a} require File::Temp;\x{a} my \$port = shif"...) called at t/moose/030_daemonize/responsewriter_io.t line 50
Class::MOP::load_class is deprecated at /home/sand/src/perl/repoperls/installed-perls/host/k93jammy/v5.37.3/6567/lib/site_perl/5.37.3/x86_64-linux/Class/MOP.pm line 69.
Class::MOP::load_class("HTTP::Engine::Interface::ServerSimple") called at /tmp/loop_over_bdir-1501182-kgEqy_/HTTP-Engine-0.03005-0/blib/lib/HTTP/Engine/Types/Core.pm line 26
HTTP::Engine::Types::Core::__ANON__(HASH(0x557fbfb54620)) called at /home/sand/src/perl/repoperls/installed-perls/host/k93jammy/v5.37.3/6567/lib/site_perl/5.37.3/x86_64-linux/Moose/Meta/TypeCoercion.pm line 65
Moose::Meta::TypeCoercion::__ANON__(HASH(0x557fbfb54620)) called at constructor HTTP::Engine::new (defined at /tmp/loop_over_bdir-1501182-kgEqy_/HTTP-Engine-0.03005-0/blib/lib/HTTP/Engine.pm line 17) line 32
HTTP::Engine::new("HTTP::Engine", "interface", HASH(0x557fbfb54620)) called at t/Utils.pm line 129
t::Utils::__ANON__(50870) called at /tmp/loop_over_bdir-1501182-kgEqy_/HTTP-Engine-0.03005-0/inc/Test/TCP.pm line 118
Test::TCP::start(Test::TCP=HASH(0x557fbfbb9908)) called at /tmp/loop_over_bdir-1501182-kgEqy_/HTTP-Engine-0.03005-0/inc/Test/TCP.pm line 102
Test::TCP::new("Test::TCP", "code", CODE(0x557fbfb55010), "port", 50870) called at /tmp/loop_over_bdir-1501182-kgEqy_/HTTP-Engine-0.03005-0/inc/Test/TCP.pm line 54
Test::TCP::test_tcp("client", CODE(0x557fbfb54e90), "server", CODE(0x557fbfb55010), "port", 50870) called at t/Utils.pm line 132
t::Utils::daemonize_all(CODE(0x557fbfb42448), " sub {\x{a} require File::Temp;\x{a} my \$port = shif"...) called at t/moose/030_daemonize/responsewriter_io.t line 50
Class::MOP::load_class is deprecated at /home/sand/src/perl/repoperls/installed-perls/host/k93jammy/v5.37.3/6567/lib/site_perl/5.37.3/x86_64-linux/Class/MOP.pm line 69.
Class::MOP::load_class("HTTP::Engine::Interface::POE") called at /tmp/loop_over_bdir-1501182-kgEqy_/HTTP-Engine-0.03005-0/blib/lib/HTTP/Engine/Types/Core.pm line 26
HTTP::Engine::Types::Core::__ANON__(HASH(0x557fbfb54620)) called at /home/sand/src/perl/repoperls/installed-perls/host/k93jammy/v5.37.3/6567/lib/site_perl/5.37.3/x86_64-linux/Moose/Meta/TypeCoercion.pm line 65
Moose::Meta::TypeCoercion::__ANON__(HASH(0x557fbfb54620)) called at constructor HTTP::Engine::new (defined at /tmp/loop_over_bdir-1501182-kgEqy_/HTTP-Engine-0.03005-0/blib/lib/HTTP/Engine.pm line 17) line 32
HTTP::Engine::new("HTTP::Engine", "interface", HASH(0x557fbfb54620)) called at t/Utils.pm line 129
t::Utils::__ANON__(50870) called at /tmp/loop_over_bdir-1501182-kgEqy_/HTTP-Engine-0.03005-0/inc/Test/TCP.pm line 118
Test::TCP::start(Test::TCP=HASH(0x557fbffb7998)) called at /tmp/loop_over_bdir-1501182-kgEqy_/HTTP-Engine-0.03005-0/inc/Test/TCP.pm line 102
Test::TCP::new("Test::TCP", "code", CODE(0x557fbfb55010), "port", 50870) called at /tmp/loop_over_bdir-1501182-kgEqy_/HTTP-Engine-0.03005-0/inc/Test/TCP.pm line 54
Test::TCP::test_tcp("client", CODE(0x557fbfb54e90), "server", CODE(0x557fbfb55010), "port", 50870) called at t/Utils.pm line 132
t::Utils::daemonize_all(CODE(0x557fbfb42448), " sub {\x{a} require File::Temp;\x{a} my \$port = shif"...) called at t/moose/030_daemonize/responsewriter_io.t line 50
t/moose/030_daemonize/responsewriter_io.t ................... ok
Any::Moose is deprecated. Please use Moo instead at t/Utils.pm line 2.
Possible precedence issue with control flow operator at /tmp/loop_over_bdir-1501182-kgEqy_/HTTP-Engine-0.03005-0/inc/Test/Builder.pm line 917.
Class::MOP::load_class is deprecated at /home/sand/src/perl/repoperls/installed-perls/host/k93jammy/v5.37.3/6567/lib/site_perl/5.37.3/x86_64-linux/Class/MOP.pm line 69.
Class::MOP::load_class("HTTP::Engine::Interface::Standalone") called at /tmp/loop_over_bdir-1501182-kgEqy_/HTTP-Engine-0.03005-0/blib/lib/HTTP/Engine/Types/Core.pm line 26
HTTP::Engine::Types::Core::__ANON__(HASH(0x562b7c219768)) called at /home/sand/src/perl/repoperls/installed-perls/host/k93jammy/v5.37.3/6567/lib/site_perl/5.37.3/x86_64-linux/Moose/Meta/TypeCoercion.pm line 65
Moose::Meta::TypeCoercion::__ANON__(HASH(0x562b7c219768)) called at constructor HTTP::Engine::new (defined at /tmp/loop_over_bdir-1501182-kgEqy_/HTTP-Engine-0.03005-0/blib/lib/HTTP/Engine.pm line 17) line 32
HTTP::Engine::new("HTTP::Engine", "interface", HASH(0x562b7c219768)) called at t/Utils.pm line 129
t::Utils::__ANON__(50177) called at /tmp/loop_over_bdir-1501182-kgEqy_/HTTP-Engine-0.03005-0/inc/Test/TCP.pm line 118
Test::TCP::start(Test::TCP=HASH(0x562b7c5ca290)) called at /tmp/loop_over_bdir-1501182-kgEqy_/HTTP-Engine-0.03005-0/inc/Test/TCP.pm line 102
Test::TCP::new("Test::TCP", "code", CODE(0x562b7c544e60), "port", 50177) called at /tmp/loop_over_bdir-1501182-kgEqy_/HTTP-Engine-0.03005-0/inc/Test/TCP.pm line 54
Test::TCP::test_tcp("client", CODE(0x562b7c544ce0), "server", CODE(0x562b7c544e60), "port", 50177) called at t/Utils.pm line 132
t::Utils::daemonize_all(CODE(0x562b7a678448), " sub {\x{a} my \$port = shift;\x{a} return (\x{a} "...) called at t/moose/030_daemonize/upload-methods.t line 42
Class::MOP::load_class is deprecated at /home/sand/src/perl/repoperls/installed-perls/host/k93jammy/v5.37.3/6567/lib/site_perl/5.37.3/x86_64-linux/Class/MOP.pm line 69.
Class::MOP::load_class("HTTP::Engine::Interface::ServerSimple") called at /tmp/loop_over_bdir-1501182-kgEqy_/HTTP-Engine-0.03005-0/blib/lib/HTTP/Engine/Types/Core.pm line 26
HTTP::Engine::Types::Core::__ANON__(HASH(0x562b7c219768)) called at /home/sand/src/perl/repoperls/installed-perls/host/k93jammy/v5.37.3/6567/lib/site_perl/5.37.3/x86_64-linux/Moose/Meta/TypeCoercion.pm line 65
Moose::Meta::TypeCoercion::__ANON__(HASH(0x562b7c219768)) called at constructor HTTP::Engine::new (defined at /tmp/loop_over_bdir-1501182-kgEqy_/HTTP-Engine-0.03005-0/blib/lib/HTTP/Engine.pm line 17) line 32
HTTP::Engine::new("HTTP::Engine", "interface", HASH(0x562b7c219768)) called at t/Utils.pm line 129
t::Utils::__ANON__(50177) called at /tmp/loop_over_bdir-1501182-kgEqy_/HTTP-Engine-0.03005-0/inc/Test/TCP.pm line 118
Test::TCP::start(Test::TCP=HASH(0x562b7c5ca260)) called at /tmp/loop_over_bdir-1501182-kgEqy_/HTTP-Engine-0.03005-0/inc/Test/TCP.pm line 102
Test::TCP::new("Test::TCP", "code", CODE(0x562b7c544e60), "port", 50177) called at /tmp/loop_over_bdir-1501182-kgEqy_/HTTP-Engine-0.03005-0/inc/Test/TCP.pm line 54
Test::TCP::test_tcp("client", CODE(0x562b7c544ce0), "server", CODE(0x562b7c544e60), "port", 50177) called at t/Utils.pm line 132
t::Utils::daemonize_all(CODE(0x562b7a678448), " sub {\x{a} my \$port = shift;\x{a} return (\x{a} "...) called at t/moose/030_daemonize/upload-methods.t line 42
Class::MOP::load_class is deprecated at /home/sand/src/perl/repoperls/installed-perls/host/k93jammy/v5.37.3/6567/lib/site_perl/5.37.3/x86_64-linux/Class/MOP.pm line 69.
Class::MOP::load_class("HTTP::Engine::Interface::POE") called at /tmp/loop_over_bdir-1501182-kgEqy_/HTTP-Engine-0.03005-0/blib/lib/HTTP/Engine/Types/Core.pm line 26
HTTP::Engine::Types::Core::__ANON__(HASH(0x562b7c219768)) called at /home/sand/src/perl/repoperls/installed-perls/host/k93jammy/v5.37.3/6567/lib/site_perl/5.37.3/x86_64-linux/Moose/Meta/TypeCoercion.pm line 65
Moose::Meta::TypeCoercion::__ANON__(HASH(0x562b7c219768)) called at constructor HTTP::Engine::new (defined at /tmp/loop_over_bdir-1501182-kgEqy_/HTTP-Engine-0.03005-0/blib/lib/HTTP/Engine.pm line 17) line 32
HTTP::Engine::new("HTTP::Engine", "interface", HASH(0x562b7c219768)) called at t/Utils.pm line 129
t::Utils::__ANON__(50177) called at /tmp/loop_over_bdir-1501182-kgEqy_/HTTP-Engine-0.03005-0/inc/Test/TCP.pm line 118
Test::TCP::start(Test::TCP=HASH(0x562b7c59dc30)) called at /tmp/loop_over_bdir-1501182-kgEqy_/HTTP-Engine-0.03005-0/inc/Test/TCP.pm line 102
Test::TCP::new("Test::TCP", "code", CODE(0x562b7c544e60), "port", 50177) called at /tmp/loop_over_bdir-1501182-kgEqy_/HTTP-Engine-0.03005-0/inc/Test/TCP.pm line 54
Test::TCP::test_tcp("client", CODE(0x562b7c544ce0), "server", CODE(0x562b7c544e60), "port", 50177) called at t/Utils.pm line 132
t::Utils::daemonize_all(CODE(0x562b7a678448), " sub {\x{a} my \$port = shift;\x{a} return (\x{a} "...) called at t/moose/030_daemonize/upload-methods.t line 42
t/moose/030_daemonize/upload-methods.t ...................... ok
Any::Moose is deprecated. Please use Moo instead at t/Utils.pm line 2.
Possible precedence issue with control flow operator at /tmp/loop_over_bdir-1501182-kgEqy_/HTTP-Engine-0.03005-0/inc/Test/Builder.pm line 917.
Class::MOP::load_class is deprecated at /home/sand/src/perl/repoperls/installed-perls/host/k93jammy/v5.37.3/6567/lib/site_perl/5.37.3/x86_64-linux/Class/MOP.pm line 69.
Class::MOP::load_class("HTTP::Engine::Interface::Standalone") called at /tmp/loop_over_bdir-1501182-kgEqy_/HTTP-Engine-0.03005-0/blib/lib/HTTP/Engine/Types/Core.pm line 26
HTTP::Engine::Types::Core::__ANON__(HASH(0x560d5acf37f0)) called at /home/sand/src/perl/repoperls/installed-perls/host/k93jammy/v5.37.3/6567/lib/site_perl/5.37.3/x86_64-linux/Moose/Meta/TypeCoercion.pm line 65
Moose::Meta::TypeCoercion::__ANON__(HASH(0x560d5acf37f0)) called at constructor HTTP::Engine::new (defined at /tmp/loop_over_bdir-1501182-kgEqy_/HTTP-Engine-0.03005-0/blib/lib/HTTP/Engine.pm line 17) line 32
HTTP::Engine::new("HTTP::Engine", "interface", HASH(0x560d5acf37f0)) called at t/Utils.pm line 129
t::Utils::__ANON__(50551) called at /tmp/loop_over_bdir-1501182-kgEqy_/HTTP-Engine-0.03005-0/inc/Test/TCP.pm line 118
Test::TCP::start(Test::TCP=HASH(0x560d5b0044c0)) called at /tmp/loop_over_bdir-1501182-kgEqy_/HTTP-Engine-0.03005-0/inc/Test/TCP.pm line 102
Test::TCP::new("Test::TCP", "code", CODE(0x560d5af82400), "port", 50551) called at /tmp/loop_over_bdir-1501182-kgEqy_/HTTP-Engine-0.03005-0/inc/Test/TCP.pm line 54
Test::TCP::test_tcp("client", CODE(0x560d5af82280), "server", CODE(0x560d5af82400), "port", 50551) called at t/Utils.pm line 132
t::Utils::daemonize_all(CODE(0x560d590b5438), " sub {\x{a} my \$port = shift;\x{a} return (\x{a} "...) called at t/moose/030_daemonize/upload.t line 42
Class::MOP::load_class is deprecated at /home/sand/src/perl/repoperls/installed-perls/host/k93jammy/v5.37.3/6567/lib/site_perl/5.37.3/x86_64-linux/Class/MOP.pm line 69.
Class::MOP::load_class("HTTP::Engine::Interface::ServerSimple") called at /tmp/loop_over_bdir-1501182-kgEqy_/HTTP-Engine-0.03005-0/blib/lib/HTTP/Engine/Types/Core.pm line 26
HTTP::Engine::Types::Core::__ANON__(HASH(0x560d5acf37f0)) called at /home/sand/src/perl/repoperls/installed-perls/host/k93jammy/v5.37.3/6567/lib/site_perl/5.37.3/x86_64-linux/Moose/Meta/TypeCoercion.pm line 65
Moose::Meta::TypeCoercion::__ANON__(HASH(0x560d5acf37f0)) called at constructor HTTP::Engine::new (defined at /tmp/loop_over_bdir-1501182-kgEqy_/HTTP-Engine-0.03005-0/blib/lib/HTTP/Engine.pm line 17) line 32
HTTP::Engine::new("HTTP::Engine", "interface", HASH(0x560d5acf37f0)) called at t/Utils.pm line 129
t::Utils::__ANON__(50551) called at /tmp/loop_over_bdir-1501182-kgEqy_/HTTP-Engine-0.03005-0/inc/Test/TCP.pm line 118
Test::TCP::start(Test::TCP=HASH(0x560d5b004a48)) called at /tmp/loop_over_bdir-1501182-kgEqy_/HTTP-Engine-0.03005-0/inc/Test/TCP.pm line 102
Test::TCP::new("Test::TCP", "code", CODE(0x560d5af82400), "port", 50551) called at /tmp/loop_over_bdir-1501182-kgEqy_/HTTP-Engine-0.03005-0/inc/Test/TCP.pm line 54
Test::TCP::test_tcp("client", CODE(0x560d5af82280), "server", CODE(0x560d5af82400), "port", 50551) called at t/Utils.pm line 132
t::Utils::daemonize_all(CODE(0x560d590b5438), " sub {\x{a} my \$port = shift;\x{a} return (\x{a} "...) called at t/moose/030_daemonize/upload.t line 42
Class::MOP::load_class is deprecated at /home/sand/src/perl/repoperls/installed-perls/host/k93jammy/v5.37.3/6567/lib/site_perl/5.37.3/x86_64-linux/Class/MOP.pm line 69.
Class::MOP::load_class("HTTP::Engine::Interface::POE") called at /tmp/loop_over_bdir-1501182-kgEqy_/HTTP-Engine-0.03005-0/blib/lib/HTTP/Engine/Types/Core.pm line 26
HTTP::Engine::Types::Core::__ANON__(HASH(0x560d5acf37f0)) called at /home/sand/src/perl/repoperls/installed-perls/host/k93jammy/v5.37.3/6567/lib/site_perl/5.37.3/x86_64-linux/Moose/Meta/TypeCoercion.pm line 65
Moose::Meta::TypeCoercion::__ANON__(HASH(0x560d5acf37f0)) called at constructor HTTP::Engine::new (defined at /tmp/loop_over_bdir-1501182-kgEqy_/HTTP-Engine-0.03005-0/blib/lib/HTTP/Engine.pm line 17) line 32
HTTP::Engine::new("HTTP::Engine", "interface", HASH(0x560d5acf37f0)) called at t/Utils.pm line 129
t::Utils::__ANON__(50551) called at /tmp/loop_over_bdir-1501182-kgEqy_/HTTP-Engine-0.03005-0/inc/Test/TCP.pm line 118
Test::TCP::start(Test::TCP=HASH(0x560d5b0049b8)) called at /tmp/loop_over_bdir-1501182-kgEqy_/HTTP-Engine-0.03005-0/inc/Test/TCP.pm line 102
Test::TCP::new("Test::TCP", "code", CODE(0x560d5af82400), "port", 50551) called at /tmp/loop_over_bdir-1501182-kgEqy_/HTTP-Engine-0.03005-0/inc/Test/TCP.pm line 54
Test::TCP::test_tcp("client", CODE(0x560d5af82280), "server", CODE(0x560d5af82400), "port", 50551) called at t/Utils.pm line 132
t::Utils::daemonize_all(CODE(0x560d590b5438), " sub {\x{a} my \$port = shift;\x{a} return (\x{a} "...) called at t/moose/030_daemonize/upload.t line 42
t/moose/030_daemonize/upload.t .............................. ok
Any::Moose is deprecated. Please use Moo instead at t/Utils.pm line 2.
Possible precedence issue with control flow operator at /tmp/loop_over_bdir-1501182-kgEqy_/HTTP-Engine-0.03005-0/inc/Test/Builder.pm line 917.
Class::MOP::load_class is deprecated at /home/sand/src/perl/repoperls/installed-perls/host/k93jammy/v5.37.3/6567/lib/site_perl/5.37.3/x86_64-linux/Class/MOP.pm line 69.
Class::MOP::load_class("HTTP::Engine::Interface::Standalone") called at /tmp/loop_over_bdir-1501182-kgEqy_/HTTP-Engine-0.03005-0/blib/lib/HTTP/Engine/Types/Core.pm line 26
HTTP::Engine::Types::Core::__ANON__(HASH(0x56401a833948)) called at /home/sand/src/perl/repoperls/installed-perls/host/k93jammy/v5.37.3/6567/lib/site_perl/5.37.3/x86_64-linux/Moose/Meta/TypeCoercion.pm line 65
Moose::Meta::TypeCoercion::__ANON__(HASH(0x56401a833948)) called at constructor HTTP::Engine::new (defined at /tmp/loop_over_bdir-1501182-kgEqy_/HTTP-Engine-0.03005-0/blib/lib/HTTP/Engine.pm line 17) line 32
HTTP::Engine::new("HTTP::Engine", "interface", HASH(0x56401a833948)) called at t/Utils.pm line 129
t::Utils::__ANON__(50185) called at /tmp/loop_over_bdir-1501182-kgEqy_/HTTP-Engine-0.03005-0/inc/Test/TCP.pm line 118
Test::TCP::start(Test::TCP=HASH(0x56401ad23f90)) called at /tmp/loop_over_bdir-1501182-kgEqy_/HTTP-Engine-0.03005-0/inc/Test/TCP.pm line 102
Test::TCP::new("Test::TCP", "code", CODE(0x56401ad23e70), "port", 50185) called at /tmp/loop_over_bdir-1501182-kgEqy_/HTTP-Engine-0.03005-0/inc/Test/TCP.pm line 54
Test::TCP::test_tcp("client", CODE(0x56401ad23cf0), "server", CODE(0x56401ad23e70), "port", 50185) called at t/Utils.pm line 132
t::Utils::daemonize_all(CODE(0x564018e56ad8), " sub {\x{a} my \$port = shift;\x{a} return (\x{a} "...) called at t/moose/030_daemonize/uri.t line 20
Class::MOP::load_class is deprecated at /home/sand/src/perl/repoperls/installed-perls/host/k93jammy/v5.37.3/6567/lib/site_perl/5.37.3/x86_64-linux/Class/MOP.pm line 69.
Class::MOP::load_class("HTTP::Engine::Interface::ServerSimple") called at /tmp/loop_over_bdir-1501182-kgEqy_/HTTP-Engine-0.03005-0/blib/lib/HTTP/Engine/Types/Core.pm line 26
HTTP::Engine::Types::Core::__ANON__(HASH(0x56401a833948)) called at /home/sand/src/perl/repoperls/installed-perls/host/k93jammy/v5.37.3/6567/lib/site_perl/5.37.3/x86_64-linux/Moose/Meta/TypeCoercion.pm line 65
Moose::Meta::TypeCoercion::__ANON__(HASH(0x56401a833948)) called at constructor HTTP::Engine::new (defined at /tmp/loop_over_bdir-1501182-kgEqy_/HTTP-Engine-0.03005-0/blib/lib/HTTP/Engine.pm line 17) line 32
HTTP::Engine::new("HTTP::Engine", "interface", HASH(0x56401a833948)) called at t/Utils.pm line 129
t::Utils::__ANON__(50185) called at /tmp/loop_over_bdir-1501182-kgEqy_/HTTP-Engine-0.03005-0/inc/Test/TCP.pm line 118
Test::TCP::start(Test::TCP=HASH(0x56401adaa4f0)) called at /tmp/loop_over_bdir-1501182-kgEqy_/HTTP-Engine-0.03005-0/inc/Test/TCP.pm line 102
Test::TCP::new("Test::TCP", "code", CODE(0x56401ad23e70), "port", 50185) called at /tmp/loop_over_bdir-1501182-kgEqy_/HTTP-Engine-0.03005-0/inc/Test/TCP.pm line 54
Test::TCP::test_tcp("client", CODE(0x56401ad23cf0), "server", CODE(0x56401ad23e70), "port", 50185) called at t/Utils.pm line 132
t::Utils::daemonize_all(CODE(0x564018e56ad8), " sub {\x{a} my \$port = shift;\x{a} return (\x{a} "...) called at t/moose/030_daemonize/uri.t line 20
Class::MOP::load_class is deprecated at /home/sand/src/perl/repoperls/installed-perls/host/k93jammy/v5.37.3/6567/lib/site_perl/5.37.3/x86_64-linux/Class/MOP.pm line 69.
Class::MOP::load_class("HTTP::Engine::Interface::POE") called at /tmp/loop_over_bdir-1501182-kgEqy_/HTTP-Engine-0.03005-0/blib/lib/HTTP/Engine/Types/Core.pm line 26
HTTP::Engine::Types::Core::__ANON__(HASH(0x56401a833948)) called at /home/sand/src/perl/repoperls/installed-perls/host/k93jammy/v5.37.3/6567/lib/site_perl/5.37.3/x86_64-linux/Moose/Meta/TypeCoercion.pm line 65
Moose::Meta::TypeCoercion::__ANON__(HASH(0x56401a833948)) called at constructor HTTP::Engine::new (defined at /tmp/loop_over_bdir-1501182-kgEqy_/HTTP-Engine-0.03005-0/blib/lib/HTTP/Engine.pm line 17) line 32
HTTP::Engine::new("HTTP::Engine", "interface", HASH(0x56401a833948)) called at t/Utils.pm line 129
t::Utils::__ANON__(50185) called at /tmp/loop_over_bdir-1501182-kgEqy_/HTTP-Engine-0.03005-0/inc/Test/TCP.pm line 118
Test::TCP::start(Test::TCP=HASH(0x56401b186450)) called at /tmp/loop_over_bdir-1501182-kgEqy_/HTTP-Engine-0.03005-0/inc/Test/TCP.pm line 102
Test::TCP::new("Test::TCP", "code", CODE(0x56401ad23e70), "port", 50185) called at /tmp/loop_over_bdir-1501182-kgEqy_/HTTP-Engine-0.03005-0/inc/Test/TCP.pm line 54
Test::TCP::test_tcp("client", CODE(0x56401ad23cf0), "server", CODE(0x56401ad23e70), "port", 50185) called at t/Utils.pm line 132
t::Utils::daemonize_all(CODE(0x564018e56ad8), " sub {\x{a} my \$port = shift;\x{a} return (\x{a} "...) called at t/moose/030_daemonize/uri.t line 20
t/moose/030_daemonize/uri.t ................................. ok
Any::Moose is deprecated. Please use Moo instead at t/Utils.pm line 2.
Possible precedence issue with control flow operator at /tmp/loop_over_bdir-1501182-kgEqy_/HTTP-Engine-0.03005-0/inc/Test/Builder.pm line 917.
Class::MOP::load_class is deprecated at /home/sand/src/perl/repoperls/installed-perls/host/k93jammy/v5.37.3/6567/lib/site_perl/5.37.3/x86_64-linux/Class/MOP.pm line 69.
Class::MOP::load_class("HTTP::Engine::Interface::Standalone") called at /tmp/loop_over_bdir-1501182-kgEqy_/HTTP-Engine-0.03005-0/blib/lib/HTTP/Engine/Types/Core.pm line 26
HTTP::Engine::Types::Core::__ANON__(HASH(0x563fab286010)) called at /home/sand/src/perl/repoperls/installed-perls/host/k93jammy/v5.37.3/6567/lib/site_perl/5.37.3/x86_64-linux/Moose/Meta/TypeCoercion.pm line 65
Moose::Meta::TypeCoercion::__ANON__(HASH(0x563fab286010)) called at constructor HTTP::Engine::new (defined at /tmp/loop_over_bdir-1501182-kgEqy_/HTTP-Engine-0.03005-0/blib/lib/HTTP/Engine.pm line 17) line 32
HTTP::Engine::new("HTTP::Engine", "interface", HASH(0x563fab286010)) called at t/Utils.pm line 129
t::Utils::__ANON__(50467) called at /tmp/loop_over_bdir-1501182-kgEqy_/HTTP-Engine-0.03005-0/inc/Test/TCP.pm line 118
Test::TCP::start(Test::TCP=HASH(0x563fabe8a108)) called at /tmp/loop_over_bdir-1501182-kgEqy_/HTTP-Engine-0.03005-0/inc/Test/TCP.pm line 102
Test::TCP::new("Test::TCP", "code", CODE(0x563fabe004f8), "port", 50467) called at /tmp/loop_over_bdir-1501182-kgEqy_/HTTP-Engine-0.03005-0/inc/Test/TCP.pm line 54
Test::TCP::test_tcp("client", CODE(0x563fabe00378), "server", CODE(0x563fabe004f8), "port", 50467) called at t/Utils.pm line 132
t::Utils::daemonize_all(CODE(0x563fab8d09a0), " sub {\x{a} my \$port = Encode::decode_utf8(shift);\x{a} "...) called at t/moose/030_daemonize/utf8flagged-uri.t line 23
Class::MOP::load_class is deprecated at /home/sand/src/perl/repoperls/installed-perls/host/k93jammy/v5.37.3/6567/lib/site_perl/5.37.3/x86_64-linux/Class/MOP.pm line 69.
Class::MOP::load_class("HTTP::Engine::Interface::ServerSimple") called at /tmp/loop_over_bdir-1501182-kgEqy_/HTTP-Engine-0.03005-0/blib/lib/HTTP/Engine/Types/Core.pm line 26
HTTP::Engine::Types::Core::__ANON__(HASH(0x563fab286010)) called at /home/sand/src/perl/repoperls/installed-perls/host/k93jammy/v5.37.3/6567/lib/site_perl/5.37.3/x86_64-linux/Moose/Meta/TypeCoercion.pm line 65
Moose::Meta::TypeCoercion::__ANON__(HASH(0x563fab286010)) called at constructor HTTP::Engine::new (defined at /tmp/loop_over_bdir-1501182-kgEqy_/HTTP-Engine-0.03005-0/blib/lib/HTTP/Engine.pm line 17) line 32
HTTP::Engine::new("HTTP::Engine", "interface", HASH(0x563fab286010)) called at t/Utils.pm line 129
t::Utils::__ANON__(50467) called at /tmp/loop_over_bdir-1501182-kgEqy_/HTTP-Engine-0.03005-0/inc/Test/TCP.pm line 118
Test::TCP::start(Test::TCP=HASH(0x563fabe87010)) called at /tmp/loop_over_bdir-1501182-kgEqy_/HTTP-Engine-0.03005-0/inc/Test/TCP.pm line 102
Test::TCP::new("Test::TCP", "code", CODE(0x563fabe004f8), "port", 50467) called at /tmp/loop_over_bdir-1501182-kgEqy_/HTTP-Engine-0.03005-0/inc/Test/TCP.pm line 54
Test::TCP::test_tcp("client", CODE(0x563fabe00378), "server", CODE(0x563fabe004f8), "port", 50467) called at t/Utils.pm line 132
t::Utils::daemonize_all(CODE(0x563fab8d09a0), " sub {\x{a} my \$port = Encode::decode_utf8(shift);\x{a} "...) called at t/moose/030_daemonize/utf8flagged-uri.t line 23
Class::MOP::load_class is deprecated at /home/sand/src/perl/repoperls/installed-perls/host/k93jammy/v5.37.3/6567/lib/site_perl/5.37.3/x86_64-linux/Class/MOP.pm line 69.
Class::MOP::load_class("HTTP::Engine::Interface::POE") called at /tmp/loop_over_bdir-1501182-kgEqy_/HTTP-Engine-0.03005-0/blib/lib/HTTP/Engine/Types/Core.pm line 26
HTTP::Engine::Types::Core::__ANON__(HASH(0x563fab286010)) called at /home/sand/src/perl/repoperls/installed-perls/host/k93jammy/v5.37.3/6567/lib/site_perl/5.37.3/x86_64-linux/Moose/Meta/TypeCoercion.pm line 65
Moose::Meta::TypeCoercion::__ANON__(HASH(0x563fab286010)) called at constructor HTTP::Engine::new (defined at /tmp/loop_over_bdir-1501182-kgEqy_/HTTP-Engine-0.03005-0/blib/lib/HTTP/Engine.pm line 17) line 32
HTTP::Engine::new("HTTP::Engine", "interface", HASH(0x563fab286010)) called at t/Utils.pm line 129
t::Utils::__ANON__(50467) called at /tmp/loop_over_bdir-1501182-kgEqy_/HTTP-Engine-0.03005-0/inc/Test/TCP.pm line 118
Test::TCP::start(Test::TCP=HASH(0x563fac29a0f8)) called at /tmp/loop_over_bdir-1501182-kgEqy_/HTTP-Engine-0.03005-0/inc/Test/TCP.pm line 102
Test::TCP::new("Test::TCP", "code", CODE(0x563fabe004f8), "port", 50467) called at /tmp/loop_over_bdir-1501182-kgEqy_/HTTP-Engine-0.03005-0/inc/Test/TCP.pm line 54
Test::TCP::test_tcp("client", CODE(0x563fabe00378), "server", CODE(0x563fabe004f8), "port", 50467) called at t/Utils.pm line 132
t::Utils::daemonize_all(CODE(0x563fab8d09a0), " sub {\x{a} my \$port = Encode::decode_utf8(shift);\x{a} "...) called at t/moose/030_daemonize/utf8flagged-uri.t line 23
t/moose/030_daemonize/utf8flagged-uri.t ..................... ok
Possible precedence issue with control flow operator at /tmp/loop_over_bdir-1501182-kgEqy_/HTTP-Engine-0.03005-0/inc/Test/Builder.pm line 917.
Redundant argument in sprintf at /tmp/loop_over_bdir-1501182-kgEqy_/HTTP-Engine-0.03005-0/inc/Spiffy.pm line 225.
Redundant argument in sprintf at /tmp/loop_over_bdir-1501182-kgEqy_/HTTP-Engine-0.03005-0/inc/Spiffy.pm line 225.
Redundant argument in sprintf at /tmp/loop_over_bdir-1501182-kgEqy_/HTTP-Engine-0.03005-0/inc/Spiffy.pm line 225.
Redundant argument in sprintf at /tmp/loop_over_bdir-1501182-kgEqy_/HTTP-Engine-0.03005-0/inc/Spiffy.pm line 225.
t/moose/040_minimal/001_simple.t ............................ ok
Possible precedence issue with control flow operator at /tmp/loop_over_bdir-1501182-kgEqy_/HTTP-Engine-0.03005-0/inc/Test/Builder.pm line 917.
Any::Moose is deprecated. Please use Moo instead at /tmp/loop_over_bdir-1501182-kgEqy_/HTTP-Engine-0.03005-0/blib/lib/HTTP/Engine/Request.pm line 2.
t/moose/050_tests/request.t ................................. ok
Test Summary Report
-------------------
t/030_daemonize/proxy_path.t (Wstat: 1024 (exited 4) Tests: 16 Failed: 4)
Failed tests: 2, 4, 10, 12
Non-zero exit status: 4
t/moose/010_core/request_processor-catch_error.t (Wstat: 256 (exited 1) Tests: 3 Failed: 1)
Failed test: 3
Non-zero exit status: 1
t/moose/020_interface/test-validation.t (Wstat: 256 (exited 1) Tests: 10 Failed: 1)
Failed test: 2
Non-zero exit status: 1
t/moose/030_daemonize/proxy_path.t (Wstat: 1024 (exited 4) Tests: 16 Failed: 4)
Failed tests: 2, 4, 10, 12
Non-zero exit status: 4
Files=144, Tests=1382, 48 wallclock secs ( 0.42 usr 0.16 sys + 34.27 cusr 5.55 csys = 40.40 CPU)
Result: FAIL
Failed 4/144 test programs. 10/1382 subtests failed.
make: *** [Makefile:863: test_dynamic] Error 255
------------------------------
PREREQUISITES
------------------------------
Prerequisite modules loaded:
requires:
Module Need Have
-------------------- ------ --------
Any::Moose 0.13 0.27
CGI::Simple::Cookie 1.103 1.280
File::Copy 0 2.39
File::Spec::Unix 3.2701 3.86
Filter::Util::Call 0 1.64
HTTP::Body 1.05 1.22
HTTP::Headers::Fast 0.11 0.22
HTTP::Server::Simple 0.35 0.52
Mouse 0.62 v2.5.10
MouseX::Types 0.05 0.06
perl 5.008 5.037003
Scalar::Util 1.19 1.63
URI 1.36 5.12
build_requires:
Module Need Have
-------------------- ------ --------
ExtUtils::MakeMaker 6.42 7.64
File::Temp 0.20 0.2311
HTTP::Request::AsCGI 0 1.2
IO::File 1.14 1.48
IO::Scalar 0 2.113
IO::Socket 1.3 1.49
IO::Socket::INET 0 1.50
Test::More 0 1.302191
Test::SharedFork 0.11 0.35
Test::TCP 0.16 2.22
YAML 0 1.30
configure_requires:
Module Need Have
-------------------- ------ --------
ExtUtils::MakeMaker 6.42 7.64
opt_requires:
Module Need Have
-------------------- ------ --------
Errno 1.0901 1.36
FCGI 0.67 0.82
HTTP::Server::Simple 0.34 0.52
IO::Scalar 2.11 2.113
IO::Socket::INET 1.31 1.50
POE 1.0003 1.370
POE::Filter::HTTPD 1.2387 1.370
------------------------------
ENVIRONMENT AND OTHER CONTEXT
------------------------------
Environment variables:
AUTOMATED_TESTING = 1
LANG = en_US.UTF-8
LC_ADDRESS = de_DE.UTF-8
LC_IDENTIFICATION = de_DE.UTF-8
LC_MEASUREMENT = de_DE.UTF-8
LC_MONETARY = de_DE.UTF-8
LC_NAME = de_DE.UTF-8
LC_NUMERIC = de_DE.UTF-8
LC_PAPER = de_DE.UTF-8
LC_TELEPHONE = de_DE.UTF-8
LC_TIME = de_DE.UTF-8
PATH = /home/sand/bin:/usr/local/bin:/usr/local/sbin:/usr/sbin:/usr/bin:/sbin:/bin:/usr/games:/usr/local/games:/snap/bin:/usr/local/perl/bin:/usr/X11/bin
PERL = /tmp/basesmoker-reloperl-d1xf/bin/perl
PERL5LIB = /tmp/loop_over_bdir-1501182-kgEqy_/Sysync-0.35-0/blib/arch:/tmp/loop_over_bdir-1501182-kgEqy_/Sysync-0.35-0/blib/lib:/tmp/loop_over_bdir-1501182-kgEqy_/Lingua-YaTeA-0.626-0/blib/arch:/tmp/loop_over_bdir-1501182-kgEqy_/Lingua-YaTeA-0.626-0/blib/lib:/tmp/loop_over_bdir-1501182-kgEqy_/Lemonldap-NG-Cli-0.2-0/blib/arch:/tmp/loop_over_bdir-1501182-kgEqy_/Lemonldap-NG-Cli-0.2-0/blib/lib
PERL5OPT =
PERL5_CPANPLUS_IS_RUNNING = 1501191
PERL5_CPAN_IS_RUNNING = 1501191
PERL_CANARY_STABILITY_NOPROMPT = 1
PERL_MM_USE_DEFAULT = 1
PERL_USE_UNSAFE_INC = 1
SHELL = /usr/bin/zsh
TERM = screen
Perl special variables (and OS-specific diagnostics, for MSWin32):
$^X = /tmp/basesmoker-reloperl-d1xf/bin/perl
$UID/$EUID = 1005 / 1005
$GID = 1005 1005
$EGID = 1005 1005
Perl module toolchain versions installed:
Module Have
------------------- --------
CPAN 2.34
CPAN::Meta 2.150010
Cwd 3.86
ExtUtils::CBuilder 0.280237
ExtUtils::Command 7.64
ExtUtils::Install 2.20
ExtUtils::MakeMaker 7.64
ExtUtils::Manifest 1.73
ExtUtils::ParseXS 3.45
File::Spec 3.86
JSON 4.09
JSON::PP 4.11
Module::Build 0.4231
Module::Signature 0.88
Parse::CPAN::Meta 2.150010
Test::Harness 3.44
Test::More 1.302191
YAML 1.30
YAML::Syck 1.34
version 0.9929
--
Summary of my perl5 (revision 5 version 37 subversion 3) configuration:
Commit id: 29b290ccaa79f40de7d941c9a79810119f5c6363
Platform:
osname=linux
osvers=5.15.0-41-generic
archname=x86_64-linux
uname='linux k93jammy 5.15.0-41-generic #44-ubuntu smp wed jun 22 14:20:53 utc 2022 x86_64 x86_64 x86_64 gnulinux '
config_args='-Dprefix=/home/sand/src/perl/repoperls/installed-perls/host/k93jammy/v5.37.3/6567 -Dmyhostname=k93jammy -Dinstallusrbinperl=n -Uversiononly -Dusedevel -des -Ui_db -Dlibswanted=cl pthread socket inet nsl gdbm dbm malloc dl ld sun m crypt sec util c cposix posix ucb BSD gdbm_compat -Uuseithreads -Uuselongdouble -DEBUGGING=-g'
hint=recommended
useposix=true
d_sigaction=define
useithreads=undef
usemultiplicity=undef
use64bitint=define
use64bitall=define
uselongdouble=undef
usemymalloc=n
default_inc_excludes_dot=define
Compiler:
cc='cc'
ccflags ='-fwrapv -fno-strict-aliasing -pipe -fstack-protector-strong -I/usr/local/include -D_LARGEFILE_SOURCE -D_FILE_OFFSET_BITS=64'
optimize='-O2 -g'
cppflags='-fwrapv -fno-strict-aliasing -pipe -fstack-protector-strong -I/usr/local/include'
ccversion=''
gccversion='11.2.0'
gccosandvers=''
intsize=4
longsize=8
ptrsize=8
doublesize=8
byteorder=12345678
doublekind=3
d_longlong=define
longlongsize=8
d_longdbl=define
longdblsize=16
longdblkind=3
ivtype='long'
ivsize=8
nvtype='double'
nvsize=8
Off_t='off_t'
lseeksize=8
alignbytes=8
prototype=define
Linker and Libraries:
ld='cc'
ldflags =' -fstack-protector-strong -L/usr/local/lib'
libpth=/usr/local/lib /usr/lib/x86_64-linux-gnu /usr/lib /usr/lib64
libs=-lpthread -lnsl -ldl -lm -lcrypt -lutil -lc
perllibs=-lpthread -lnsl -ldl -lm -lcrypt -lutil -lc
libc=/lib/x86_64-linux-gnu/libc.so.6
so=so
useshrplib=false
libperl=libperl.a
gnulibc_version='2.35'
Dynamic Linking:
dlsrc=dl_dlopen.xs
dlext=so
d_dlsymun=undef
ccdlflags='-Wl,-E'
cccdlflags='-fPIC'
lddlflags='-shared -O2 -g -L/usr/local/lib -fstack-protector-strong'
Characteristics of this binary (from libperl):
Compile-time options:
HAS_TIMES
PERLIO_LAYERS
PERL_COPY_ON_WRITE
PERL_DONT_CREATE_GVSV
PERL_HASH_FUNC_SIPHASH13
PERL_HASH_USE_SBOX32
PERL_MALLOC_WRAP
PERL_OP_PARENT
PERL_PRESERVE_IVUV
PERL_USE_DEVEL
PERL_USE_SAFE_PUTENV
USE_64_BIT_ALL
USE_64_BIT_INT
USE_LARGE_FILES
USE_LOCALE
USE_LOCALE_COLLATE
USE_LOCALE_CTYPE
USE_LOCALE_NUMERIC
USE_LOCALE_TIME
USE_PERLIO
USE_PERL_ATOF
Built under linux
Compiled at Sep 17 2022 22:14:24
%ENV:
PERL="/tmp/basesmoker-reloperl-d1xf/bin/perl"
PERL5LIB="/tmp/loop_over_bdir-1501182-kgEqy_/Sysync-0.35-0/blib/arch:/tmp/loop_over_bdir-1501182-kgEqy_/Sysync-0.35-0/blib/lib:/tmp/loop_over_bdir-1501182-kgEqy_/Lingua-YaTeA-0.626-0/blib/arch:/tmp/loop_over_bdir-1501182-kgEqy_/Lingua-YaTeA-0.626-0/blib/lib:/tmp/loop_over_bdir-1501182-kgEqy_/Lemonldap-NG-Cli-0.2-0/blib/arch:/tmp/loop_over_bdir-1501182-kgEqy_/Lemonldap-NG-Cli-0.2-0/blib/lib"
PERL5OPT=""
PERL5_CPANPLUS_IS_RUNNING="1501191"
PERL5_CPAN_IS_RUNNING="1501191"
PERL_CANARY_STABILITY_NOPROMPT="1"
PERL_MM_USE_DEFAULT="1"
PERL_USE_UNSAFE_INC="1"
@INC:
/tmp/loop_over_bdir-1501182-kgEqy_/Sysync-0.35-0/blib/arch
/tmp/loop_over_bdir-1501182-kgEqy_/Sysync-0.35-0/blib/lib
/tmp/loop_over_bdir-1501182-kgEqy_/Lingua-YaTeA-0.626-0/blib/arch
/tmp/loop_over_bdir-1501182-kgEqy_/Lingua-YaTeA-0.626-0/blib/lib
/tmp/loop_over_bdir-1501182-kgEqy_/Lemonldap-NG-Cli-0.2-0/blib/arch
/tmp/loop_over_bdir-1501182-kgEqy_/Lemonldap-NG-Cli-0.2-0/blib/lib
/home/sand/src/perl/repoperls/installed-perls/host/k93jammy/v5.37.3/6567/lib/site_perl/5.37.3/x86_64-linux
/home/sand/src/perl/repoperls/installed-perls/host/k93jammy/v5.37.3/6567/lib/site_perl/5.37.3
/home/sand/src/perl/repoperls/installed-perls/host/k93jammy/v5.37.3/6567/lib/5.37.3/x86_64-linux
/home/sand/src/perl/repoperls/installed-perls/host/k93jammy/v5.37.3/6567/lib/5.37.3
.