Statistics-LineFit v0.07 Perl 5 v5.12.4 x86_64-linux-thread-multi-ld

Status
Fail
From
Nigel Horne
Dist
Statistics-LineFit v0.07
Platform
Perl 5 v5.12.4 x86_64-linux-thread-multi-ld
Date
2020-11-07 15:06:15
ID
c83122f8-210a-11eb-b9db-b6c7a8faccfa
This distribution has been tested as part of the CPAN Testers
project, supporting the Perl programming language.  See
http://wiki.cpantesters.org/ for more information or email
questions to cpan-testers-discuss@perl.org


--
Dear Richard Anderson,

This is a computer-generated report for Statistics-LineFit-0.07
on perl 5.12.4, created by CPAN-Reporter-1.2018.

Thank you for uploading your work to CPAN.  However, there was a problem
testing your distribution.

If you think this report is invalid, please consult the CPAN Testers Wiki
for suggestions on how to avoid getting FAIL reports for missing library
or binary dependencies, unsupported operating systems, and so on:

http://wiki.cpantesters.org/wiki/CPANAuthorNotes

Sections of this report:

    * Tester comments
    * Program output
    * Prerequisites
    * Environment and other context

------------------------------
TESTER COMMENTS
------------------------------

Additional comments from tester:

none provided

------------------------------
PROGRAM OUTPUT
------------------------------

Output from '/usr/bin/make test':

PERL_DL_NONLAZY=1 "/home/njh/perl5/perlbrew/perls/perl-5.12.4-thread-multi-ld/bin/perl5.12.4" "-MExtUtils::Command::MM" "-MTest::Harness" "-e" "undef *Test::Harness::Switches; test_harness(0, 'blib/lib', 'blib/arch')" t/*.t
t/02_R5ptsU1-D.t ...... ok
t/01_load.t ........... ok
t/03_R5ptsW1-D.t ...... ok
t/05_4ptsU2-D.t ....... ok
t/04_4ptsU1-D.t ....... ok

#   Failed test 'tStatistics[0]'
#   at t/06_4ptsW1-D.t line 27.
#     '1.00564348515241875e-12'
#         <
#     '1e-12'
# Looks like you failed 1 test of 21.
t/06_4ptsW1-D.t ....... 
Dubious, test returned 1 (wstat 256, 0x100)
Failed 1/21 subtests 

#   Failed test 'tStatistics[0]'
#   at t/07_4ptsW2-D.t line 40.
#     '1.00564348515241875e-12'
#         <
#     '1e-12'
# Looks like you failed 1 test of 21.
t/07_4ptsW2-D.t ....... 
Dubious, test returned 1 (wstat 256, 0x100)
Failed 1/21 subtests 
t/09_2ptsU1-D.t ....... ok
t/08_3ptsU1-D.t ....... ok
t/10_bad_data.t ....... ok
t/11_no_data.t ........ ok
t/12_idempotent.t ..... ok
t/14_scale_weights.t .. ok

#   Failed test 'meanSqError()'
#   at t/13_long_array.t line 27.
#     '5.07640846025836368e-10'
#         <
#     '1e-10'

#   Failed test 'tStatistics[0]'
#   at t/13_long_array.t line 34.
#     '1.0737739586375028e-09'
#         <
#     '1e-10'

#   Failed test 'tStatistics[0]'
#   at t/13_long_array.t line 36.
#     '1.7330953339111943e-09'
#         <
#     '1e-10'
# Looks like you failed 3 tests of 12.
t/13_long_array.t ..... 
Dubious, test returned 3 (wstat 768, 0x300)
Failed 3/12 subtests 

Test Summary Report
-------------------
t/06_4ptsW1-D.t     (Wstat: 256 Tests: 21 Failed: 1)
  Failed test:  5
  Non-zero exit status: 1
t/07_4ptsW2-D.t     (Wstat: 256 Tests: 21 Failed: 1)
  Failed test:  11
  Non-zero exit status: 1
t/13_long_array.t   (Wstat: 768 Tests: 12 Failed: 3)
  Failed tests:  5, 8-9
  Non-zero exit status: 3
Files=14, Tests=244,  1 wallclock secs ( 0.07 usr  0.05 sys +  1.42 cusr  0.18 csys =  1.72 CPU)
Result: FAIL
Failed 3/14 test programs. 5/244 subtests failed.
make: *** [Makefile:840: test_dynamic] Error 3

------------------------------
PREREQUISITES
------------------------------

Prerequisite modules loaded:

requires:

    Module              Need Have    
    ------------------- ---- --------
    Test::Simple        0.44 1.302168

build_requires:

    Module              Need Have    
    ------------------- ---- --------
    ExtUtils::MakeMaker 0    7.42    


------------------------------
ENVIRONMENT AND OTHER CONTEXT
------------------------------

Environment variables:

    HARNESS_OPTIONS = c:j2
    LANG = en_US.UTF-8
    LD_LIBRARY_PATH = /usr/local/lib:
    NONINTERACTIVE_TESTING = 1
    PATH = /home/njh/perl5/perlbrew/bin:/home/njh/perl5/perlbrew/perls/perl-5.12.4-thread-multi-ld/bin:/home/njh/perl5/perlbrew/bin:/usr/local/bin:/usr/bin:/bin:/usr/games:/home/njh/bin:/sbin:/home/njh/go/bin
    PERL5LIB = 
    PERL5OPT = 
    PERL5_CPANPLUS_IS_RUNNING = 78867
    PERL5_CPAN_IS_RUNNING = 78867
    PERLBREW_HOME = /home/njh/.perlbrew
    PERLBREW_LIB = 
    PERLBREW_MANPATH = /home/njh/perl5/perlbrew/perls/perl-5.12.4-thread-multi-ld/man
    PERLBREW_PATH = /home/njh/perl5/perlbrew/bin:/home/njh/perl5/perlbrew/perls/perl-5.12.4-thread-multi-ld/bin
    PERLBREW_PERL = perl-5.12.4-thread-multi-ld
    PERLBREW_ROOT = /home/njh/perl5/perlbrew
    PERLBREW_SHELLRC_VERSION = 0.86
    PERLBREW_VERSION = 0.86
    PERL_LOCAL_LIB_ROOT = 
    PERL_MM_USE_DEFAULT = 1
    PERL_USE_UNSAFE_INC = 1
    SHELL = /bin/bash
    TEMP = /tmp/user/1000
    TMPDIR = /tmp/user/1000

Perl special variables (and OS-specific diagnostics, for MSWin32):

    $^X = /home/njh/perl5/perlbrew/perls/perl-5.12.4-thread-multi-ld/bin/perl5.12.4
    $UID/$EUID = 1000 / 1000
    $GID = 1000 4 24 25 29 30 44 46 103 108 115 123 996 1000
    $EGID = 1000 4 24 25 29 30 44 46 103 108 115 123 996 1000

Perl module toolchain versions installed:

    Module              Have    
    ------------------- --------
    CPAN                2.27    
    CPAN::Meta          2.143240
    Cwd                 3.31    
    ExtUtils::CBuilder  0.27    
    ExtUtils::Command   7.42    
    ExtUtils::Install   2.06    
    ExtUtils::MakeMaker 7.42    
    ExtUtils::Manifest  1.70    
    ExtUtils::ParseXS   2.21    
    File::Spec          3.31_01 
    JSON                4.02    
    JSON::PP            2.27203 
    Module::Build       0.3603  
    Module::Signature   n/a     
    Parse::CPAN::Meta   1.4414  
    Test::Harness       3.42    
    Test::More          1.302168
    YAML                1.30    
    YAML::Syck          1.32    
    version             0.9924  


--

Summary of my perl5 (revision 5 version 12 subversion 4) configuration:
   
  Platform:
    osname=linux, osvers=4.16.0-2-amd64, archname=x86_64-linux-thread-multi-ld
    uname='linux amelia 4.16.0-2-amd64 #1 smp debian 4.16.16-2 (2018-06-22) x86_64 gnulinux '
    config_args='-de -Dprefix=/home/njh/perl5/perlbrew/perls/perl-5.12.4-thread-multi-ld -Dusedevel -Dusemultiplicity -Duselongdouble -Dusethreads -Accflags= -Aeval:scriptdir=/home/njh/perl5/perlbrew/perls/perl-5.12.4-thread-multi-ld/bin'
    hint=recommended, useposix=true, d_sigaction=define
    useithreads=define, usemultiplicity=define
    useperlio=define, d_sfio=undef, uselargefiles=define, usesocks=undef
    use64bitint=define, use64bitall=define, uselongdouble=define
    usemymalloc=n, bincompat5005=undef
  Compiler:
    cc='cc', ccflags ='-D_REENTRANT -D_GNU_SOURCE -fno-strict-aliasing -pipe -fstack-protector -I/usr/local/include -D_LARGEFILE_SOURCE -D_FILE_OFFSET_BITS=64',
    optimize='-O2',
    cppflags='-D_REENTRANT -D_GNU_SOURCE -fno-strict-aliasing -pipe -fstack-protector -I/usr/local/include'
    ccversion='', gccversion='9.2.1 20191030', gccosandvers=''
    intsize=4, longsize=8, ptrsize=8, doublesize=8, byteorder=12345678
    d_longlong=define, longlongsize=8, d_longdbl=define, longdblsize=16
    ivtype='long', ivsize=8, nvtype='long double', nvsize=16, Off_t='off_t', lseeksize=8
    alignbytes=16, prototype=define
  Linker and Libraries:
    ld='cc', ldflags =' -fstack-protector -L/usr/local/lib'
    libpth=/usr/local/lib /lib/x86_64-linux-gnu /lib/../lib /usr/lib/x86_64-linux-gnu /usr/lib/../lib /lib /usr/lib
    libs=-lnsl -lgdbm -ldb -ldl -lm -lcrypt -lutil -lpthread -lc
    perllibs=-lnsl -ldl -lm -lcrypt -lutil -lpthread -lc
    libc=libc-2.29.so, so=so, useshrplib=false, libperl=libperl.a
    gnulibc_version='2.29'
  Dynamic Linking:
    dlsrc=dl_dlopen.xs, dlext=so, d_dlsymun=undef, ccdlflags='-Wl,-E'
    cccdlflags='-fPIC', lddlflags='-shared -O2 -L/usr/local/lib -fstack-protector'


Characteristics of this binary (from libperl): 
  Compile-time options: MULTIPLICITY PERL_DONT_CREATE_GVSV
                        PERL_IMPLICIT_CONTEXT PERL_MALLOC_WRAP PERL_USE_DEVEL
                        USE_64_BIT_ALL USE_64_BIT_INT USE_ITHREADS
                        USE_LARGE_FILES USE_LONG_DOUBLE USE_PERLIO
                        USE_PERL_ATOF USE_REENTRANT_API
  Locally applied patches:
	Devel::PatchPerl 1.48
  Built under linux
  Compiled at Nov  5 2019 01:04:44
  %ENV:
    PERL5LIB=""
    PERL5OPT=""
    PERL5_CPANPLUS_IS_RUNNING="78867"
    PERL5_CPAN_IS_RUNNING="78867"
    PERLBREW_HOME="/home/njh/.perlbrew"
    PERLBREW_LIB=""
    PERLBREW_MANPATH="/home/njh/perl5/perlbrew/perls/perl-5.12.4-thread-multi-ld/man"
    PERLBREW_PATH="/home/njh/perl5/perlbrew/bin:/home/njh/perl5/perlbrew/perls/perl-5.12.4-thread-multi-ld/bin"
    PERLBREW_PERL="perl-5.12.4-thread-multi-ld"
    PERLBREW_ROOT="/home/njh/perl5/perlbrew"
    PERLBREW_SHELLRC_VERSION="0.86"
    PERLBREW_VERSION="0.86"
    PERL_LOCAL_LIB_ROOT=""
    PERL_MM_USE_DEFAULT="1"
    PERL_USE_UNSAFE_INC="1"
  @INC:
    /home/njh/perl5/perlbrew/perls/perl-5.12.4-thread-multi-ld/lib/site_perl/5.12.4/x86_64-linux-thread-multi-ld
    /home/njh/perl5/perlbrew/perls/perl-5.12.4-thread-multi-ld/lib/site_perl/5.12.4
    /home/njh/perl5/perlbrew/perls/perl-5.12.4-thread-multi-ld/lib/5.12.4/x86_64-linux-thread-multi-ld
    /home/njh/perl5/perlbrew/perls/perl-5.12.4-thread-multi-ld/lib/5.12.4
    .