Report for Sendmail-Queue-0.400

Back
From: metabase:user:320bfe00-2aae-11df-837a-5e0a49663a4f
Subject: FAIL Sendmail-Queue-0.400 v5.15.5 GNU/Linux
Date: 2011-12-06T15:55:55Z

This distribution has been tested as part of the CPAN Testers
project, supporting the Perl programming language.  See
http://wiki.cpantesters.org/ for more information or email
questions to cpan-testers-discuss@perl.org


--
Dear David O'Neill,

This is a computer-generated report for Sendmail-Queue-0.400
on perl 5.15.5, created by CPAN-Reporter-1.1902.

Thank you for uploading your work to CPAN.  However, there was a problem
testing your distribution.

If you think this report is invalid, please consult the CPAN Testers Wiki
for suggestions on how to avoid getting FAIL reports for missing library
or binary dependencies, unsupported operating systems, and so on:

http://wiki.cpantesters.org/wiki/CPANAuthorNotes

Sections of this report:

    * Tester comments
    * Program output
    * Prerequisites
    * Environment and other context

------------------------------
TESTER COMMENTS
------------------------------

Additional comments from tester:

this report is from an automated smoke testing program
and was not reviewed by a human for accuracy

------------------------------
PROGRAM OUTPUT
------------------------------

Output from '/usr/bin/make test':

PERL_DL_NONLAZY=1 /home/sand/src/perl/repoperls/installed-perls/perl/v5.15.5-217-gb0f2e9e/127e/bin/perl "-MExtUtils::Command::MM" "-e" "test_harness(0, 'inc', 'blib/lib', 'blib/arch')" t/*.t
Use of qw(...) as parentheses is deprecated at /tmp/loop_over_bdir-WosOLF/Sendmail-Queue-0.400-7z3rb0/blib/lib/Sendmail/Queue.pm line 244.
Use of qw(...) as parentheses is deprecated at /tmp/loop_over_bdir-WosOLF/Sendmail-Queue-0.400-7z3rb0/blib/lib/Sendmail/Queue.pm line 364.
Use of qw(...) as parentheses is deprecated at /tmp/loop_over_bdir-WosOLF/Sendmail-Queue-0.400-7z3rb0/blib/lib/Sendmail/Queue.pm line 387.
# Testing Sendmail::Queue 0.400, Perl 5.015005, /home/sand/src/perl/repoperls/installed-perls/perl/v5.15.5-217-gb0f2e9e/127e/bin/perl
t/00-load.t ............ ok
Use of qw(...) as parentheses is deprecated at /tmp/loop_over_bdir-WosOLF/Sendmail-Queue-0.400-7z3rb0/blib/lib/Sendmail/Queue.pm line 244.
Use of qw(...) as parentheses is deprecated at /tmp/loop_over_bdir-WosOLF/Sendmail-Queue-0.400-7z3rb0/blib/lib/Sendmail/Queue.pm line 364.
Use of qw(...) as parentheses is deprecated at /tmp/loop_over_bdir-WosOLF/Sendmail-Queue-0.400-7z3rb0/blib/lib/Sendmail/Queue.pm line 387.
t/pod-coverage.t ....... ok
t/pod.t ................ ok
t/sendmail-queue-df.t .. ok

#   Failed test 'Got expected Received header'
#   at t/sendmail-queue-qf.t line 240.
#   (in test_queue_df->clone_qf_file)
#                   'Received: from loser (broken.dynamic.server.example.com [999.888.777.666])
# 	by mail.roaringpenguin.com (envelope-sender <dmo@dmo.ca>) (Sendmail::Queue) with ESMTP id lAE0Qe00009986
# 	for <dmo@roaringpenguin.com>; Wed, 14 Nov 2007 01:26:40 +0100'
#     doesn't match '(?^:^Received: from loser \(broken\.dynamic\.server\.example\.com\ \[999\.888\.777\.666\]\)\
# \	by\ mail\.roaringpenguin\.com\ \(envelope\-sender\ \<dmo\@dmo.ca>\)\ \(Sendmail\:\:Queue\) with ESMTP id lAE0Qe..\d{6}\n\tfor <dmo\@roaringpenguin\.com>; Tue, 13 Nov 2007 19:26:40 -0500$)'

#   Failed test 'Got expected Received header'
#   at t/sendmail-queue-qf.t line 196.
#   (in test_queue_df->generate_received)
#                   'Received: (from sand@localhost)
# 	by localhost (Sendmail::Queue) id lAE0Qe00009986; Wed, 14 Nov 2007 01:26:40 +0100'
#     doesn't match '(?^:^Received: \(from sand\@localhost\)\n\tby localhost \(Sendmail::Queue\) id lAE0Qe..\d{6}; Tue, 13 Nov 2007 19:26:40 -0500$)'

#   Failed test 'Got expected Received header'
#   at t/sendmail-queue-qf.t line 214.
#   (in test_queue_df->generate_received)
#                   'Received: from loser (broken.dynamic.server.example.com [999.888.777.666])
# 	by mail.roaringpenguin.com (envelope-sender <dmo@dmo.ca>) (Sendmail::Queue) with ESMTP id lAE0Qe00009986
# 	for <dmo@roaringpenguin.com>; Wed, 14 Nov 2007 01:26:40 +0100'
#     doesn't match '(?^:^Received: from loser \(broken\.dynamic\.server\.example\.com\ \[999\.888\.777\.666\]\)\
# \	by\ mail\.roaringpenguin\.com\ \(envelope\-sender\ \<dmo\@dmo.ca>\)\ \(Sendmail\:\:Queue\) with ESMTP id lAE0Qe..\d{6}\n\tfor <dmo\@roaringpenguin\.com>; Tue, 13 Nov 2007 19:26:40 -0500$)'
# Looks like you failed 3 tests of 46.
t/sendmail-queue-qf.t .. 
Dubious, test returned 3 (wstat 768, 0x300)
Failed 3/46 subtests 
Use of qw(...) as parentheses is deprecated at /tmp/loop_over_bdir-WosOLF/Sendmail-Queue-0.400-7z3rb0/blib/lib/Sendmail/Queue.pm line 244.
Use of qw(...) as parentheses is deprecated at /tmp/loop_over_bdir-WosOLF/Sendmail-Queue-0.400-7z3rb0/blib/lib/Sendmail/Queue.pm line 364.
Use of qw(...) as parentheses is deprecated at /tmp/loop_over_bdir-WosOLF/Sendmail-Queue-0.400-7z3rb0/blib/lib/Sendmail/Queue.pm line 387.

#   Failed test 'Wrote expected qf data'
#   at t/sendmail-queue.t line 116.
#   (in test_queue->queue_message)
#                   'V6
# T1234567890
# K0
# N0
# P30000
# F
# ${daemon_flags}
# $rESMTP
# S<dmo@dmo.ca>
# rRFC822; dmo@roaringpenguin.com
# RPFD:dmo@roaringpenguin.com
# rRFC822; dfs@roaringpenguin.com
# RPFD:dfs@roaringpenguin.com
# H??Received: (from sand@localhost)
# 	by localhost (envelope-sender <dmo@dmo.ca>) (Sendmail::Queue) with ESMTP id n1DNVUuA009987; Sat, 14 Feb 2009 00:31:30 +0100
# H??From: foobar
# H??To: someone
# H??Date: Wed, 07 Nov 2007 14:54:33 -0500
# .
# '
#     doesn't match '(?^:^V6
# T1234567890
# K0
# N0
# P30000
# F
# \${daemon_flags}
# \$rESMTP
# S<dmo\@dmo.ca>
# rRFC822; dmo\@roaringpenguin.com
# RPFD:dmo\@roaringpenguin.com
# rRFC822; dfs\@roaringpenguin.com
# RPFD:dfs\@roaringpenguin.com
# H\?\?Received: \(from sand\@localhost\)
# 	by localhost \(envelope-sender <dmo\@dmo\.ca>\) \(Sendmail::Queue\) with ESMTP id n1DNVU..\d{6}; Fri, 13 Feb 2009 18:31:30 -0500
# H\?\?From: foobar
# H\?\?To: someone
# H\?\?Date: Wed, 07 Nov 2007 14:54:33 -0500
# .
# $)'

#   Failed test 'Wrote expected qf data'
#   at t/sendmail-queue.t line 398.
#   (in test_queue->queue_message_8bit)
#                   'V6
# T1234567890
# K0
# N0
# P30000
# F8
# ${daemon_flags}
# $rESMTP
# S<dmo@dmo.ca>
# rRFC822; dmo@roaringpenguin.com
# RPFD:dmo@roaringpenguin.com
# rRFC822; dfs@roaringpenguin.com
# RPFD:dfs@roaringpenguin.com
# H??Received: (from sand@localhost)
# 	by localhost (envelope-sender <dmo@dmo.ca>) (Sendmail::Queue) with ESMTP id n1DNVUD9009987; Sat, 14 Feb 2009 00:31:30 +0100
# H??From: foobar
# H??To: someone
# H??Date: Wed, 07 Nov 2007 14:54:33 -0500
# .
# '
#     doesn't match '(?^:^V6
# T1234567890
# K0
# N0
# P30000
# F8
# \${daemon_flags}
# \$rESMTP
# S<dmo\@dmo.ca>
# rRFC822; dmo\@roaringpenguin.com
# RPFD:dmo\@roaringpenguin.com
# rRFC822; dfs\@roaringpenguin.com
# RPFD:dfs\@roaringpenguin.com
# H\?\?Received: \(from sand\@localhost\)
# 	by localhost \(envelope-sender <dmo\@dmo\.ca>\) \(Sendmail::Queue\) with ESMTP id n1DNVU..\d{6}; Fri, 13 Feb 2009 18:31:30 -0500
# H\?\?From: foobar
# H\?\?To: someone
# H\?\?Date: Wed, 07 Nov 2007 14:54:33 -0500
# .
# $)'

#   Failed test 'Wrote expected qf data'
#   at t/sendmail-queue.t line 219.
#   (in test_queue->queue_multiple_success)
#                   'V6
# T1234567890
# K0
# N0
# P30000
# F
# ${daemon_flags}
# $rESMTP
# S<dmo@dmo.ca>
# rRFC822; dmo@roaringpenguin.com
# RPFD:dmo@roaringpenguin.com
# rRFC822; dfs@roaringpenguin.com
# RPFD:dfs@roaringpenguin.com
# H??Received: (from sand@localhost)
# 	by localhost (envelope-sender <dmo@dmo.ca>) (Sendmail::Queue) with ESMTP id n1DNVUwu009987; Sat, 14 Feb 2009 00:31:30 +0100
# H??From: foobar
# H??To: someone
# H??Date: Wed, 07 Nov 2007 14:54:33 -0500
# .
# '
#     doesn't match '(?^:^V6
# T1234567890
# K0
# N0
# P30000
# F
# \${daemon_flags}
# \$rESMTP
# S<dmo\@dmo.ca>
# rRFC822; dmo\@roaringpenguin.com
# RPFD:dmo\@roaringpenguin.com
# rRFC822; dfs\@roaringpenguin.com
# RPFD:dfs\@roaringpenguin.com
# H\?\?Received: \(from sand\@localhost\)
# 	by localhost \(envelope-sender <dmo\@dmo\.ca>\) \(Sendmail::Queue\) with ESMTP id n1DNVU..\d{6}; Fri, 13 Feb 2009 18:31:30 -0500
# H\?\?From: foobar
# H\?\?To: someone
# H\?\?Date: Wed, 07 Nov 2007 14:54:33 -0500
# .
# $)'

#   Failed test 'Wrote expected qf data'
#   at t/sendmail-queue.t line 220.
#   (in test_queue->queue_multiple_success)
#                   'V6
# T1234567890
# K0
# N0
# P30000
# F
# ${daemon_flags}
# $rESMTP
# S<dmo@dmo.ca>
# rRFC822; foo@roaringpenguin.com
# RPFD:foo@roaringpenguin.com
# rRFC822; bar@roaringpenguin.com
# RPFD:bar@roaringpenguin.com
# H??Received: (from sand@localhost)
# 	by localhost (envelope-sender <dmo@dmo.ca>) (Sendmail::Queue) with ESMTP id n1DNVUHq009987; Sat, 14 Feb 2009 00:31:30 +0100
# H??From: foobar
# H??To: someone
# H??Date: Wed, 07 Nov 2007 14:54:33 -0500
# .
# '
#     doesn't match '(?^:^V6
# T1234567890
# K0
# N0
# P30000
# F
# \${daemon_flags}
# \$rESMTP
# S<dmo\@dmo.ca>
# rRFC822; foo\@roaringpenguin.com
# RPFD:foo\@roaringpenguin.com
# rRFC822; bar\@roaringpenguin.com
# RPFD:bar\@roaringpenguin.com
# H\?\?Received: \(from sand\@localhost\)
# 	by localhost \(envelope-sender <dmo\@dmo\.ca>\) \(Sendmail::Queue\) with ESMTP id n1DNVU..\d{6}; Fri, 13 Feb 2009 18:31:30 -0500
# H\?\?From: foobar
# H\?\?To: someone
# H\?\?Date: Wed, 07 Nov 2007 14:54:33 -0500
# .
# $)'
# Looks like you failed 4 tests of 36.
t/sendmail-queue.t ..... 
Dubious, test returned 4 (wstat 1024, 0x400)
Failed 4/36 subtests 

Test Summary Report
-------------------
t/sendmail-queue-qf.t (Wstat: 768 Tests: 46 Failed: 3)
  Failed tests:  2, 17-18
  Non-zero exit status: 3
t/sendmail-queue.t   (Wstat: 1024 Tests: 36 Failed: 4)
  Failed tests:  1, 5, 22-23
  Non-zero exit status: 4
Files=6, Tests=104,  1 wallclock secs ( 0.04 usr  0.00 sys +  0.55 cusr  0.09 csys =  0.68 CPU)
Result: FAIL
Failed 2/6 test programs. 7/104 subtests failed.
make: *** [test_dynamic] Error 4

------------------------------
PREREQUISITES
------------------------------

Prerequisite modules loaded:

requires:

    Module                  Need  Have    
    ----------------------- ----- --------
    File::Spec              0     3.34    
    IO::File                0     1.16    
    Mail::Header::Generator 0     0.301   
    perl                    5.008 5.015005
    Scalar::Util            0     1.23_03 
    Storable                0     2.34    
    Time::Local             0     1.2000  

build_requires:

    Module                  Need  Have    
    ----------------------- ----- --------
    ExtUtils::MakeMaker     6.42  6.63_02 
    Test::Class             0     0.36    
    Test::Most              0     0.25    

configure_requires:

    Module                  Need  Have    
    ----------------------- ----- --------
    ExtUtils::MakeMaker     6.42  6.63_02 


------------------------------
ENVIRONMENT AND OTHER CONTEXT
------------------------------

Environment variables:

    AUTOMATED_TESTING = 1
    LANG = en_US.UTF-8
    LANGUAGE = en_US:en
    PATH = /home/sand/bin:/usr/local/bin:/usr/bin:/bin:/usr/bin/X11:/usr/games:/usr/local/perl/bin:/usr/X11/bin:/sbin:/usr/sbin
    PERL5LIB = 
    PERL5OPT = 
    PERL5_CPANPLUS_IS_RUNNING = 9657
    PERL5_CPAN_IS_RUNNING = 9657
    PERL_MM_USE_DEFAULT = 1
    SHELL = /usr/bin/zsh
    TERM = screen

Perl special variables (and OS-specific diagnostics, for MSWin32):

    $^X = /home/sand/src/perl/repoperls/installed-perls/perl/v5.15.5-217-gb0f2e9e/127e/bin/perl
    $UID/$EUID = 1005 / 1005
    $GID = 1005 1005
    $EGID = 1005 1005

Perl module toolchain versions installed:

    Module              Have    
    ------------------- --------
    CPAN                1.9800  
    Cwd                 3.38    
    ExtUtils::CBuilder  0.280205
    ExtUtils::Command   1.17    
    ExtUtils::Install   1.57    
    ExtUtils::MakeMaker 6.63_02 
    ExtUtils::Manifest  1.60    
    ExtUtils::ParseXS   3.06    
    File::Spec          3.34    
    Module::Build       0.39_01 
    Module::Signature   0.68    
    Test::Harness       3.23    
    Test::More          0.98    
    YAML                0.77    
    YAML::Syck          1.19    
    version             0.95    


--

Summary of my perl5 (revision 5 version 15 subversion 5) configuration:
  Commit id: b0f2e9edf966bfc1d2c74c5c60829849f5a6832e
  Platform:
    osname=linux, osvers=2.6.32-5-amd64, archname=x86_64-linux-ld
    uname='linux k83 2.6.32-5-amd64 #1 smp mon oct 3 03:59:20 utc 2011 x86_64 gnulinux '
    config_args='-Dprefix=/home/src/perl/repoperls/installed-perls/perl/v5.15.5-217-gb0f2e9e/127e -Dmyhostname=k83 -Dinstallusrbinperl=n -Uversiononly -Dusedevel -des -Ui_db -Uuseithreads -Duselongdouble -DDEBUGGING=-g'
    hint=recommended, useposix=true, d_sigaction=define
    useithreads=undef, usemultiplicity=undef
    useperlio=define, d_sfio=undef, uselargefiles=define, usesocks=undef
    use64bitint=define, use64bitall=define, uselongdouble=define
    usemymalloc=n, bincompat5005=undef
  Compiler:
    cc='cc', ccflags ='-fno-strict-aliasing -pipe -fstack-protector -I/usr/local/include -D_LARGEFILE_SOURCE -D_FILE_OFFSET_BITS=64',
    optimize='-O2 -g',
    cppflags='-fno-strict-aliasing -pipe -fstack-protector -I/usr/local/include'
    ccversion='', gccversion='4.4.5', gccosandvers=''
    intsize=4, longsize=8, ptrsize=8, doublesize=8, byteorder=12345678
    d_longlong=define, longlongsize=8, d_longdbl=define, longdblsize=16
    ivtype='long', ivsize=8, nvtype='long double', nvsize=16, Off_t='off_t', lseeksize=8
    alignbytes=16, prototype=define
  Linker and Libraries:
    ld='cc', ldflags =' -fstack-protector -L/usr/local/lib'
    libpth=/usr/local/lib /lib/../lib /usr/lib/../lib /lib /usr/lib /lib64 /usr/lib64
    libs=-lnsl -ldb -ldl -lm -lcrypt -lutil -lc
    perllibs=-lnsl -ldl -lm -lcrypt -lutil -lc
    libc=/lib/libc-2.11.2.so, so=so, useshrplib=false, libperl=libperl.a
    gnulibc_version='2.11.2'
  Dynamic Linking:
    dlsrc=dl_dlopen.xs, dlext=so, d_dlsymun=undef, ccdlflags='-Wl,-E'
    cccdlflags='-fPIC', lddlflags='-shared -O2 -g -L/usr/local/lib -fstack-protector'


Characteristics of this binary (from libperl): 
  Compile-time options: HAS_TIMES PERLIO_LAYERS PERL_DONT_CREATE_GVSV
                        PERL_MALLOC_WRAP PERL_PRESERVE_IVUV PERL_USE_DEVEL
                        USE_64_BIT_ALL USE_64_BIT_INT USE_LARGE_FILES
                        USE_LOCALE USE_LOCALE_COLLATE USE_LOCALE_CTYPE
                        USE_LOCALE_NUMERIC USE_LONG_DOUBLE USE_PERLIO
                        USE_PERL_ATOF
  Built under linux
  Compiled at Nov 27 2011 21:53:15
  %ENV:
    PERL5LIB=""
    PERL5OPT=""
    PERL5_CPANPLUS_IS_RUNNING="9657"
    PERL5_CPAN_IS_RUNNING="9657"
    PERL_MM_USE_DEFAULT="1"
  @INC:
    /home/src/perl/repoperls/installed-perls/perl/v5.15.5-217-gb0f2e9e/127e/lib/site_perl/5.15.5/x86_64-linux-ld
    /home/src/perl/repoperls/installed-perls/perl/v5.15.5-217-gb0f2e9e/127e/lib/site_perl/5.15.5
    /home/src/perl/repoperls/installed-perls/perl/v5.15.5-217-gb0f2e9e/127e/lib/5.15.5/x86_64-linux-ld
    /home/src/perl/repoperls/installed-perls/perl/v5.15.5-217-gb0f2e9e/127e/lib/5.15.5
    .