Report for CHI-Driver-Memcached-0.16

Back
From: metabase:user:320bfe00-2aae-11df-837a-5e0a49663a4f
Subject: FAIL CHI-Driver-Memcached-0.16 v5.22.2 GNU/Linux
Date: 2017-03-24T04:10:14Z

This distribution has been tested as part of the CPAN Testers
project, supporting the Perl programming language.  See
http://wiki.cpantesters.org/ for more information or email
questions to cpan-testers-discuss@perl.org


--
Dear Jonathan Swartz,

This is a computer-generated report for CHI-Driver-Memcached-0.16
on perl 5.22.2, created by CPAN-Reporter-1.2018.

Thank you for uploading your work to CPAN.  However, there was a problem
testing your distribution.

If you think this report is invalid, please consult the CPAN Testers Wiki
for suggestions on how to avoid getting FAIL reports for missing library
or binary dependencies, unsupported operating systems, and so on:

http://wiki.cpantesters.org/wiki/CPANAuthorNotes

Sections of this report:

    * Tester comments
    * Program output
    * Prerequisites
    * Environment and other context

------------------------------
TESTER COMMENTS
------------------------------

Additional comments from tester:

this report is from an automated smoke testing program
and was not reviewed by a human for accuracy

------------------------------
PROGRAM OUTPUT
------------------------------

Output from '/usr/bin/make test':

PERL_DL_NONLAZY=1 "/home/sand/src/perl/repoperls/installed-perls/host/k93msid/v5.22.2/a1a1/bin/perl" "-MExtUtils::Command::MM" "-MTest::Harness" "-e" "undef *Test::Harness::Switches; test_harness(0, 'blib/lib', 'blib/arch')" t/*.t
# Testing CHI::Driver::Memcached 0.16, Perl 5.022002, /home/sand/src/perl/repoperls/installed-perls/host/k93msid/v5.22.2/a1a1/bin/perl
t/00-load.t ...................... ok
t/CHIDriverTests-Fast.t .......... skipped: one of required modules not installed: Cache::Memcached::Fast
t/CHIDriverTests-libmemcached.t .. skipped: one of required modules not installed: Cache::Memcached::libmemcached

#   Failed test 'test_add died (Can't call method "expires_at" on an undefined value at /home/sand/src/perl/repoperls/installed-perls/host/k93msid/v5.22.2/a1a1/lib/site_perl/5.22.2/CHI/t/Driver.pm line 1878.)'
#   at /home/sand/src/perl/repoperls/installed-perls/host/k93msid/v5.22.2/a1a1/lib/site_perl/5.22.2/CHI/Test/Class.pm line 25.
#   (in CHI::Driver::Memcached::t::CHIDriverTests::Memcached->test_add)
# 1490328586 is not between 1490328636 and 1490328638

#   Failed test 'test cache object'
#   at /home/sand/src/perl/repoperls/installed-perls/host/k93msid/v5.22.2/a1a1/lib/site_perl/5.22.2/CHI/t/Driver.pm line 1375.
#   (in CHI::Driver::Memcached::t::CHIDriverTests::Memcached->test_cache_object)

#   Failed test 'test_compress_threshold died (Can't call method "size" on an undefined value at /home/sand/src/perl/repoperls/installed-perls/host/k93msid/v5.22.2/a1a1/lib/site_perl/5.22.2/CHI/t/Driver.pm line 1795.)'
#   at /home/sand/src/perl/repoperls/installed-perls/host/k93msid/v5.22.2/a1a1/lib/site_perl/5.22.2/CHI/Test/Class.pm line 25.
#   (in CHI::Driver::Memcached::t::CHIDriverTests::Memcached->test_compress_threshold)

#   Failed test 'test_custom_discard_policy died (Assertion (iterator returned undef, cache should be empty) failed!
#  at /home/sand/src/perl/repoperls/installed-perls/host/k93msid/v5.22.2/a1a1/lib/site_perl/5.22.2/Carp/Assert.pm line 341.
# 	Carp::Assert::affirm(CODE(0x55b713ddc4b0), "iterator returned undef, cache should be empty") called at /home/sand/src/perl/repoperls/installed-perls/host/k93msid/v5.22.2/a1a1/lib/site_perl/5.22.2/CHI/Driver/Role/IsSizeAware.pm line 128
# 	eval {...} called at /home/sand/src/perl/repoperls/installed-perls/host/k93msid/v5.22.2/a1a1/lib/site_perl/5.22.2/CHI/Driver/Role/IsSizeAware.pm line 118
# 	CHI::Driver::Role::IsSizeAware::discard_to_size(CHI::Driver::Memcached::Test::Driver::Memcached__WITH__CHI::Driver::Role::Universal__AND__CHI::Driver::Role::IsSizeAware=HASH(0x55b713d7ce58), 100) called at /home/sand/src/perl/repoperls/installed-perls/host/k93msid/v5.22.2/a1a1/lib/site_perl/5.22.2/CHI/t/Driver.pm line 1499
# 	CHI::t::Driver::test_custom_discard_policy(CHI::Driver::Memcached::t::CHIDriverTests::Memcached=HASH(0x55b7125deca0)) called at /home/sand/src/perl/repoperls/installed-perls/host/k93msid/v5.22.2/a1a1/lib/site_perl/5.22.2/Test/Class.pm line 293
# 	Test::Class::try {...} () called at /home/sand/src/perl/repoperls/installed-perls/host/k93msid/v5.22.2/a1a1/lib/site_perl/5.22.2/Try/Tiny.pm line 101
# 	eval {...} called at /home/sand/src/perl/repoperls/installed-perls/host/k93msid/v5.22.2/a1a1/lib/site_perl/5.22.2/Try/Tiny.pm line 94
# 	Try::Tiny::try(CODE(0x55b713cffbe8), Try::Tiny::Catch=REF(0x55b713cff408)) called at /home/sand/src/perl/repoperls/installed-perls/host/k93msid/v5.22.2/a1a1/lib/site_perl/5.22.2/Test/Class.pm line 293
# 	Test::Class::_run_method(CHI::Driver::Memcached::t::CHIDriverTests::Memcached=HASH(0x55b7125deca0), "test_custom_discard_policy", ARRAY(0x55b712408ab8)) called at /home/sand/src/perl/repoperls/installed-perls/host/k93msid/v5.22.2/a1a1/lib/site_perl/5.22.2/Test/Class.pm line 395
# 	Test::Class::runtests(CHI::Driver::Memcached::t::CHIDriverTests::Memcached=HASH(0x55b7125deca0)) called at /home/sand/src/perl/repoperls/installed-perls/host/k93msid/v5.22.2/a1a1/lib/site_perl/5.22.2/CHI/Test/Class.pm line 25
# 	CHI::Test::Class::runtests("CHI::Driver::Memcached::t::CHIDriverTests::Memcached") called at t/CHIDriverTests-Memcached.t line 5)'
#   at /home/sand/src/perl/repoperls/installed-perls/host/k93msid/v5.22.2/a1a1/lib/site_perl/5.22.2/CHI/Test/Class.pm line 25.
#   (in CHI::Driver::Memcached::t::CHIDriverTests::Memcached->test_custom_discard_policy)

#   Failed test 'get(hashref) returns original data structure'
#   at /home/sand/src/perl/repoperls/installed-perls/host/k93msid/v5.22.2/a1a1/lib/site_perl/5.22.2/CHI/t/Driver.pm line 282.
#   (in CHI::Driver::Memcached::t::CHIDriverTests::Memcached->test_deep_copy)
# Compared reftype($data)
#    got : undef
# expect : 'HASH'

#   Failed test 'multiple get(hashref) do not return same reference'
#   at /home/sand/src/perl/repoperls/installed-perls/host/k93msid/v5.22.2/a1a1/lib/site_perl/5.22.2/CHI/t/Driver.pm line 288.
#   (in CHI::Driver::Memcached::t::CHIDriverTests::Memcached->test_deep_copy)
#          got: undef
#     expected: anything else

#   Failed test 'test_expires_on_backend died (Can't call method "is_expired" on an undefined value at /home/sand/src/perl/repoperls/installed-perls/host/k93msid/v5.22.2/a1a1/lib/site_perl/5.22.2/CHI/t/Driver.pm line 1828.)'
#   at /home/sand/src/perl/repoperls/installed-perls/host/k93msid/v5.22.2/a1a1/lib/site_perl/5.22.2/CHI/Test/Class.pm line 25.
#   (in CHI::Driver::Memcached::t::CHIDriverTests::Memcached->test_expires_on_backend)
# Looks like you failed 7 tests of 731.
t/CHIDriverTests-Memcached.t ..... 
Dubious, test returned 7 (wstat 1792, 0x700)
Failed 7/731 subtests 
	(less 1 skipped subtest: 723 okay)
t/pod.t .......................... ok

Test Summary Report
-------------------
t/CHIDriverTests-Memcached.t   (Wstat: 1792 Tests: 731 Failed: 7)
  Failed tests:  6, 21, 55, 70, 75, 78, 107
  Non-zero exit status: 7
Files=5, Tests=745,  9 wallclock secs ( 0.09 usr  0.06 sys +  2.79 cusr  0.44 csys =  3.38 CPU)
Result: FAIL
Failed 1/5 test programs. 7/745 subtests failed.
Makefile:872: recipe for target 'test_dynamic' failed
make: *** [test_dynamic] Error 255

------------------------------
PREREQUISITES
------------------------------

Prerequisite modules loaded:

requires:

    Module              Need Have    
    ------------------- ---- --------
    CHI                 0.33 0.60    
    Moose               0.66 2.2004  

build_requires:

    Module              Need Have    
    ------------------- ---- --------
    ExtUtils::MakeMaker 0    7.24    
    Test::Class         0    0.50    
    Test::More          0    1.302078

configure_requires:

    Module              Need Have    
    ------------------- ---- --------
    ExtUtils::MakeMaker 0    7.24    


------------------------------
ENVIRONMENT AND OTHER CONTEXT
------------------------------

Environment variables:

    AUTOMATED_TESTING = 1
    LANG = en_US.UTF-8
    PATH = /home/sand/bin:/usr/local/bin:/usr/bin:/bin:/usr/games:/usr/local/perl/bin:/usr/X11/bin:/sbin:/usr/sbin
    PERL5LIB = 
    PERL5OPT = 
    PERL5_CPANPLUS_IS_RUNNING = 27429
    PERL5_CPAN_IS_RUNNING = 27429
    PERL_CANARY_STABILITY_NOPROMPT = 1
    PERL_MM_USE_DEFAULT = 1
    PERL_USE_UNSAFE_INC = 1
    SHELL = /usr/bin/zsh
    TERM = screen

Perl special variables (and OS-specific diagnostics, for MSWin32):

    $^X = /home/sand/src/perl/repoperls/installed-perls/host/k93msid/v5.22.2/a1a1/bin/perl
    $UID/$EUID = 1005 / 1005
    $GID = 1005 1005
    $EGID = 1005 1005

Perl module toolchain versions installed:

    Module              Have    
    ------------------- --------
    CPAN                2.17    
    CPAN::Meta          2.150010
    Cwd                 3.62    
    ExtUtils::CBuilder  0.280224
    ExtUtils::Command   7.24    
    ExtUtils::Install   2.04    
    ExtUtils::MakeMaker 7.24    
    ExtUtils::Manifest  1.70    
    ExtUtils::ParseXS   3.28    
    File::Spec          3.62    
    JSON                2.90    
    JSON::PP            2.27300 
    Module::Build       0.4220  
    Module::Signature   0.81    
    Parse::CPAN::Meta   2.150010
    Test::Harness       3.38    
    Test::More          1.302078
    YAML                1.23    
    YAML::Syck          1.29    
    version             0.9909  


--

Summary of my perl5 (revision 5 version 22 subversion 2) configuration:
  Derived from: 9cbffb38735712e3a34e6f537892b6ef06fb815f
  Platform:
    osname=linux, osvers=4.9.0-2-amd64, archname=x86_64-linux-thread-multi-ld
    uname='linux k93msid 4.9.0-2-amd64 #1 smp debian 4.9.13-1 (2017-02-27) x86_64 gnulinux '
    config_args='-Dprefix=/home/sand/src/perl/repoperls/installed-perls/host/k93msid/v5.22.2/a1a1 -Dmyhostname=k93msid -Dinstallusrbinperl=n -Uversiononly -Dusedevel -des -Ui_db -Dlibswanted=cl pthread socket inet nsl gdbm dbm malloc dl ld sun m crypt sec util c cposix posix ucb BSD gdbm_compat -Duseithreads -Duselongdouble -DDEBUGGING=both'
    hint=recommended, useposix=true, d_sigaction=define
    useithreads=define, usemultiplicity=define
    use64bitint=define, use64bitall=define, uselongdouble=define
    usemymalloc=n, bincompat5005=undef
  Compiler:
    cc='cc', ccflags ='-D_REENTRANT -D_GNU_SOURCE -fwrapv -DDEBUGGING -fno-strict-aliasing -pipe -fstack-protector-strong -I/usr/local/include -D_LARGEFILE_SOURCE -D_FILE_OFFSET_BITS=64',
    optimize='-O2 -g',
    cppflags='-D_REENTRANT -D_GNU_SOURCE -fwrapv -DDEBUGGING -fno-strict-aliasing -pipe -fstack-protector-strong -I/usr/local/include'
    ccversion='', gccversion='6.3.0 20170316', gccosandvers=''
    intsize=4, longsize=8, ptrsize=8, doublesize=8, byteorder=12345678, doublekind=3
    d_longlong=define, longlongsize=8, d_longdbl=define, longdblsize=16, longdblkind=3
    ivtype='long', ivsize=8, nvtype='long double', nvsize=16, Off_t='off_t', lseeksize=8
    alignbytes=16, prototype=define
  Linker and Libraries:
    ld='cc', ldflags =' -fstack-protector-strong -L/usr/local/lib'
    libpth=/usr/local/lib /usr/lib/gcc/x86_64-linux-gnu/6/include-fixed /usr/include/x86_64-linux-gnu /usr/lib /lib/x86_64-linux-gnu /lib/../lib /usr/lib/x86_64-linux-gnu /usr/lib/../lib /lib
    libs=-lpthread -lnsl -ldl -lm -lcrypt -lutil -lc
    perllibs=-lpthread -lnsl -ldl -lm -lcrypt -lutil -lc
    libc=libc-2.24.so, so=so, useshrplib=false, libperl=libperl.a
    gnulibc_version='2.24'
  Dynamic Linking:
    dlsrc=dl_dlopen.xs, dlext=so, d_dlsymun=undef, ccdlflags='-Wl,-E'
    cccdlflags='-fPIC', lddlflags='-shared -O2 -g -L/usr/local/lib -fstack-protector-strong'


Characteristics of this binary (from libperl): 
  Compile-time options: DEBUGGING HAS_TIMES MULTIPLICITY PERLIO_LAYERS
                        PERL_DONT_CREATE_GVSV
                        PERL_HASH_FUNC_ONE_AT_A_TIME_HARD
                        PERL_IMPLICIT_CONTEXT PERL_MALLOC_WRAP
                        PERL_NEW_COPY_ON_WRITE PERL_PRESERVE_IVUV
                        PERL_TRACK_MEMPOOL PERL_USE_DEVEL USE_64_BIT_ALL
                        USE_64_BIT_INT USE_ITHREADS USE_LARGE_FILES
                        USE_LOCALE USE_LOCALE_COLLATE USE_LOCALE_CTYPE
                        USE_LOCALE_NUMERIC USE_LOCALE_TIME USE_LONG_DOUBLE
                        USE_PERLIO USE_PERL_ATOF USE_REENTRANT_API
  Locally applied patches:
	uncommitted-changes
  Built under linux
  Compiled at Mar 19 2017 10:17:24
  %ENV:
    PERL5LIB=""
    PERL5OPT=""
    PERL5_CPANPLUS_IS_RUNNING="27429"
    PERL5_CPAN_IS_RUNNING="27429"
    PERL_CANARY_STABILITY_NOPROMPT="1"
    PERL_MM_USE_DEFAULT="1"
    PERL_USE_UNSAFE_INC="1"
  @INC:
    /home/sand/src/perl/repoperls/installed-perls/host/k93msid/v5.22.2/a1a1/lib/site_perl/5.22.2/x86_64-linux-thread-multi-ld
    /home/sand/src/perl/repoperls/installed-perls/host/k93msid/v5.22.2/a1a1/lib/site_perl/5.22.2
    /home/sand/src/perl/repoperls/installed-perls/host/k93msid/v5.22.2/a1a1/lib/5.22.2/x86_64-linux-thread-multi-ld
    /home/sand/src/perl/repoperls/installed-perls/host/k93msid/v5.22.2/a1a1/lib/5.22.2
    .