MooseX-Params v0.010 Perl 5 v5.37.0 x86_64-linux-multi
- Status
- Fail
- From
- Andreas J. König (ANDK)
- Dist
-
MooseX-Params v0.010
- Platform
- Perl 5 v5.37.0 x86_64-linux-multi
- Date
- 2022-06-24 17:04:59
- ID
- c7d8f0b6-f3df-11ec-b6db-2b019ce018be
This distribution has been tested as part of the CPAN Testers
project, supporting the Perl programming language. See
http://wiki.cpantesters.org/ for more information or email
questions to cpan-testers-discuss@perl.org
--
Dear Peter Shangov,
This is a computer-generated report for MooseX-Params-0.010
on perl 5.37.0, created by CPAN-Reporter-1.2018.
Thank you for uploading your work to CPAN. However, there was a problem
testing your distribution.
If you think this report is invalid, please consult the CPAN Testers Wiki
for suggestions on how to avoid getting FAIL reports for missing library
or binary dependencies, unsupported operating systems, and so on:
http://wiki.cpantesters.org/wiki/CPANAuthorNotes
Sections of this report:
* Tester comments
* Program output
* Prerequisites
* Environment and other context
------------------------------
TESTER COMMENTS
------------------------------
Additional comments from tester:
this report is from an automated smoke testing program
and was not reviewed by a human for accuracy
------------------------------
PROGRAM OUTPUT
------------------------------
Output from '/usr/bin/make test':
PERL_DL_NONLAZY=1 "/tmp/basesmoker-reloperl-73qT/bin/perl" "-MExtUtils::Command::MM" "-MTest::Harness" "-e" "undef *Test::Harness::Switches; test_harness(0, 'blib/lib', 'blib/arch')" t/*.t
Smartmatch is experimental at lib/MooseX/Params/Magic/Wizard.pm line 30.
Smartmatch is experimental at lib/MooseX/Params/Magic/Wizard.pm line 64.
given is experimental at lib/MooseX/Params/Util.pm line 302.
when is experimental at lib/MooseX/Params/Util.pm line 304.
when is experimental at lib/MooseX/Params/Util.pm line 305.
when is experimental at lib/MooseX/Params/Util.pm line 306.
when is experimental at lib/MooseX/Params/Util.pm line 307.
given is experimental at lib/MooseX/Params/Util.pm line 316.
when is experimental at lib/MooseX/Params/Util.pm line 318.
given is experimental at lib/MooseX/Params/Util.pm line 302.
when is experimental at lib/MooseX/Params/Util.pm line 304.
when is experimental at lib/MooseX/Params/Util.pm line 305.
when is experimental at lib/MooseX/Params/Util.pm line 306.
when is experimental at lib/MooseX/Params/Util.pm line 307.
given is experimental at lib/MooseX/Params/Util.pm line 316.
when is experimental at lib/MooseX/Params/Util.pm line 318.
Smartmatch is experimental at lib/MooseX/Params/Magic/Wizard.pm line 30.
Smartmatch is experimental at lib/MooseX/Params/Magic/Wizard.pm line 64.
Smartmatch is experimental at lib/MooseX/Params/Magic/Wizard.pm line 30.
Smartmatch is experimental at lib/MooseX/Params/Magic/Wizard.pm line 64.
given is experimental at lib/MooseX/Params/Util.pm line 302.
when is experimental at lib/MooseX/Params/Util.pm line 304.
when is experimental at lib/MooseX/Params/Util.pm line 305.
when is experimental at lib/MooseX/Params/Util.pm line 306.
when is experimental at lib/MooseX/Params/Util.pm line 307.
given is experimental at lib/MooseX/Params/Util.pm line 316.
when is experimental at lib/MooseX/Params/Util.pm line 318.
t/00-compile.t .......... ok
Smartmatch is experimental at /home/sand/.cpan/privbuild/k93msid/MooseX-Params-0.010-12/blib/lib/MooseX/Params/Magic/Wizard.pm line 30.
Smartmatch is experimental at /home/sand/.cpan/privbuild/k93msid/MooseX-Params-0.010-12/blib/lib/MooseX/Params/Magic/Wizard.pm line 64.
given is experimental at /home/sand/.cpan/privbuild/k93msid/MooseX-Params-0.010-12/blib/lib/MooseX/Params/Util.pm line 302.
when is experimental at /home/sand/.cpan/privbuild/k93msid/MooseX-Params-0.010-12/blib/lib/MooseX/Params/Util.pm line 304.
when is experimental at /home/sand/.cpan/privbuild/k93msid/MooseX-Params-0.010-12/blib/lib/MooseX/Params/Util.pm line 305.
when is experimental at /home/sand/.cpan/privbuild/k93msid/MooseX-Params-0.010-12/blib/lib/MooseX/Params/Util.pm line 306.
when is experimental at /home/sand/.cpan/privbuild/k93msid/MooseX-Params-0.010-12/blib/lib/MooseX/Params/Util.pm line 307.
given is experimental at /home/sand/.cpan/privbuild/k93msid/MooseX-Params-0.010-12/blib/lib/MooseX/Params/Util.pm line 316.
when is experimental at /home/sand/.cpan/privbuild/k93msid/MooseX-Params-0.010-12/blib/lib/MooseX/Params/Util.pm line 318.
t/01-parse.t ............ ok
Smartmatch is experimental at /home/sand/.cpan/privbuild/k93msid/MooseX-Params-0.010-12/blib/lib/MooseX/Params/Magic/Wizard.pm line 30.
Smartmatch is experimental at /home/sand/.cpan/privbuild/k93msid/MooseX-Params-0.010-12/blib/lib/MooseX/Params/Magic/Wizard.pm line 64.
given is experimental at /home/sand/.cpan/privbuild/k93msid/MooseX-Params-0.010-12/blib/lib/MooseX/Params/Util.pm line 302.
when is experimental at /home/sand/.cpan/privbuild/k93msid/MooseX-Params-0.010-12/blib/lib/MooseX/Params/Util.pm line 304.
when is experimental at /home/sand/.cpan/privbuild/k93msid/MooseX-Params-0.010-12/blib/lib/MooseX/Params/Util.pm line 305.
when is experimental at /home/sand/.cpan/privbuild/k93msid/MooseX-Params-0.010-12/blib/lib/MooseX/Params/Util.pm line 306.
when is experimental at /home/sand/.cpan/privbuild/k93msid/MooseX-Params-0.010-12/blib/lib/MooseX/Params/Util.pm line 307.
given is experimental at /home/sand/.cpan/privbuild/k93msid/MooseX-Params-0.010-12/blib/lib/MooseX/Params/Util.pm line 316.
when is experimental at /home/sand/.cpan/privbuild/k93msid/MooseX-Params-0.010-12/blib/lib/MooseX/Params/Util.pm line 318.
t/02-params.t ........... ok
Smartmatch is experimental at /home/sand/.cpan/privbuild/k93msid/MooseX-Params-0.010-12/blib/lib/MooseX/Params/Magic/Wizard.pm line 30.
Smartmatch is experimental at /home/sand/.cpan/privbuild/k93msid/MooseX-Params-0.010-12/blib/lib/MooseX/Params/Magic/Wizard.pm line 64.
given is experimental at /home/sand/.cpan/privbuild/k93msid/MooseX-Params-0.010-12/blib/lib/MooseX/Params/Util.pm line 302.
when is experimental at /home/sand/.cpan/privbuild/k93msid/MooseX-Params-0.010-12/blib/lib/MooseX/Params/Util.pm line 304.
when is experimental at /home/sand/.cpan/privbuild/k93msid/MooseX-Params-0.010-12/blib/lib/MooseX/Params/Util.pm line 305.
when is experimental at /home/sand/.cpan/privbuild/k93msid/MooseX-Params-0.010-12/blib/lib/MooseX/Params/Util.pm line 306.
when is experimental at /home/sand/.cpan/privbuild/k93msid/MooseX-Params-0.010-12/blib/lib/MooseX/Params/Util.pm line 307.
given is experimental at /home/sand/.cpan/privbuild/k93msid/MooseX-Params-0.010-12/blib/lib/MooseX/Params/Util.pm line 316.
when is experimental at /home/sand/.cpan/privbuild/k93msid/MooseX-Params-0.010-12/blib/lib/MooseX/Params/Util.pm line 318.
t/03-lazy.t ............. ok
Smartmatch is experimental at /home/sand/.cpan/privbuild/k93msid/MooseX-Params-0.010-12/blib/lib/MooseX/Params/Magic/Wizard.pm line 30.
Smartmatch is experimental at /home/sand/.cpan/privbuild/k93msid/MooseX-Params-0.010-12/blib/lib/MooseX/Params/Magic/Wizard.pm line 64.
given is experimental at /home/sand/.cpan/privbuild/k93msid/MooseX-Params-0.010-12/blib/lib/MooseX/Params/Util.pm line 302.
when is experimental at /home/sand/.cpan/privbuild/k93msid/MooseX-Params-0.010-12/blib/lib/MooseX/Params/Util.pm line 304.
when is experimental at /home/sand/.cpan/privbuild/k93msid/MooseX-Params-0.010-12/blib/lib/MooseX/Params/Util.pm line 305.
when is experimental at /home/sand/.cpan/privbuild/k93msid/MooseX-Params-0.010-12/blib/lib/MooseX/Params/Util.pm line 306.
when is experimental at /home/sand/.cpan/privbuild/k93msid/MooseX-Params-0.010-12/blib/lib/MooseX/Params/Util.pm line 307.
given is experimental at /home/sand/.cpan/privbuild/k93msid/MooseX-Params-0.010-12/blib/lib/MooseX/Params/Util.pm line 316.
when is experimental at /home/sand/.cpan/privbuild/k93msid/MooseX-Params-0.010-12/blib/lib/MooseX/Params/Util.pm line 318.
t/04-named.t ............ ok
Smartmatch is experimental at /home/sand/.cpan/privbuild/k93msid/MooseX-Params-0.010-12/blib/lib/MooseX/Params/Magic/Wizard.pm line 30.
Smartmatch is experimental at /home/sand/.cpan/privbuild/k93msid/MooseX-Params-0.010-12/blib/lib/MooseX/Params/Magic/Wizard.pm line 64.
given is experimental at /home/sand/.cpan/privbuild/k93msid/MooseX-Params-0.010-12/blib/lib/MooseX/Params/Util.pm line 302.
when is experimental at /home/sand/.cpan/privbuild/k93msid/MooseX-Params-0.010-12/blib/lib/MooseX/Params/Util.pm line 304.
when is experimental at /home/sand/.cpan/privbuild/k93msid/MooseX-Params-0.010-12/blib/lib/MooseX/Params/Util.pm line 305.
when is experimental at /home/sand/.cpan/privbuild/k93msid/MooseX-Params-0.010-12/blib/lib/MooseX/Params/Util.pm line 306.
when is experimental at /home/sand/.cpan/privbuild/k93msid/MooseX-Params-0.010-12/blib/lib/MooseX/Params/Util.pm line 307.
given is experimental at /home/sand/.cpan/privbuild/k93msid/MooseX-Params-0.010-12/blib/lib/MooseX/Params/Util.pm line 316.
when is experimental at /home/sand/.cpan/privbuild/k93msid/MooseX-Params-0.010-12/blib/lib/MooseX/Params/Util.pm line 318.
t/05-buildargs.t ........ ok
Smartmatch is experimental at /home/sand/.cpan/privbuild/k93msid/MooseX-Params-0.010-12/blib/lib/MooseX/Params/Magic/Wizard.pm line 30.
Smartmatch is experimental at /home/sand/.cpan/privbuild/k93msid/MooseX-Params-0.010-12/blib/lib/MooseX/Params/Magic/Wizard.pm line 64.
given is experimental at /home/sand/.cpan/privbuild/k93msid/MooseX-Params-0.010-12/blib/lib/MooseX/Params/Util.pm line 302.
when is experimental at /home/sand/.cpan/privbuild/k93msid/MooseX-Params-0.010-12/blib/lib/MooseX/Params/Util.pm line 304.
when is experimental at /home/sand/.cpan/privbuild/k93msid/MooseX-Params-0.010-12/blib/lib/MooseX/Params/Util.pm line 305.
when is experimental at /home/sand/.cpan/privbuild/k93msid/MooseX-Params-0.010-12/blib/lib/MooseX/Params/Util.pm line 306.
when is experimental at /home/sand/.cpan/privbuild/k93msid/MooseX-Params-0.010-12/blib/lib/MooseX/Params/Util.pm line 307.
given is experimental at /home/sand/.cpan/privbuild/k93msid/MooseX-Params-0.010-12/blib/lib/MooseX/Params/Util.pm line 316.
when is experimental at /home/sand/.cpan/privbuild/k93msid/MooseX-Params-0.010-12/blib/lib/MooseX/Params/Util.pm line 318.
t/06-inheritance.t ...... ok
Smartmatch is experimental at /home/sand/.cpan/privbuild/k93msid/MooseX-Params-0.010-12/blib/lib/MooseX/Params/Magic/Wizard.pm line 30.
Smartmatch is experimental at /home/sand/.cpan/privbuild/k93msid/MooseX-Params-0.010-12/blib/lib/MooseX/Params/Magic/Wizard.pm line 64.
given is experimental at /home/sand/.cpan/privbuild/k93msid/MooseX-Params-0.010-12/blib/lib/MooseX/Params/Util.pm line 302.
when is experimental at /home/sand/.cpan/privbuild/k93msid/MooseX-Params-0.010-12/blib/lib/MooseX/Params/Util.pm line 304.
when is experimental at /home/sand/.cpan/privbuild/k93msid/MooseX-Params-0.010-12/blib/lib/MooseX/Params/Util.pm line 305.
when is experimental at /home/sand/.cpan/privbuild/k93msid/MooseX-Params-0.010-12/blib/lib/MooseX/Params/Util.pm line 306.
when is experimental at /home/sand/.cpan/privbuild/k93msid/MooseX-Params-0.010-12/blib/lib/MooseX/Params/Util.pm line 307.
given is experimental at /home/sand/.cpan/privbuild/k93msid/MooseX-Params-0.010-12/blib/lib/MooseX/Params/Util.pm line 316.
when is experimental at /home/sand/.cpan/privbuild/k93msid/MooseX-Params-0.010-12/blib/lib/MooseX/Params/Util.pm line 318.
t/07-procedural.t ....... ok
Smartmatch is experimental at /home/sand/.cpan/privbuild/k93msid/MooseX-Params-0.010-12/blib/lib/MooseX/Params/Magic/Wizard.pm line 30.
Smartmatch is experimental at /home/sand/.cpan/privbuild/k93msid/MooseX-Params-0.010-12/blib/lib/MooseX/Params/Magic/Wizard.pm line 64.
given is experimental at /home/sand/.cpan/privbuild/k93msid/MooseX-Params-0.010-12/blib/lib/MooseX/Params/Util.pm line 302.
when is experimental at /home/sand/.cpan/privbuild/k93msid/MooseX-Params-0.010-12/blib/lib/MooseX/Params/Util.pm line 304.
when is experimental at /home/sand/.cpan/privbuild/k93msid/MooseX-Params-0.010-12/blib/lib/MooseX/Params/Util.pm line 305.
when is experimental at /home/sand/.cpan/privbuild/k93msid/MooseX-Params-0.010-12/blib/lib/MooseX/Params/Util.pm line 306.
when is experimental at /home/sand/.cpan/privbuild/k93msid/MooseX-Params-0.010-12/blib/lib/MooseX/Params/Util.pm line 307.
given is experimental at /home/sand/.cpan/privbuild/k93msid/MooseX-Params-0.010-12/blib/lib/MooseX/Params/Util.pm line 316.
when is experimental at /home/sand/.cpan/privbuild/k93msid/MooseX-Params-0.010-12/blib/lib/MooseX/Params/Util.pm line 318.
t/08-synopsis.t ......... ok
Smartmatch is experimental at /home/sand/.cpan/privbuild/k93msid/MooseX-Params-0.010-12/blib/lib/MooseX/Params/Magic/Wizard.pm line 30.
Smartmatch is experimental at /home/sand/.cpan/privbuild/k93msid/MooseX-Params-0.010-12/blib/lib/MooseX/Params/Magic/Wizard.pm line 64.
given is experimental at /home/sand/.cpan/privbuild/k93msid/MooseX-Params-0.010-12/blib/lib/MooseX/Params/Util.pm line 302.
when is experimental at /home/sand/.cpan/privbuild/k93msid/MooseX-Params-0.010-12/blib/lib/MooseX/Params/Util.pm line 304.
when is experimental at /home/sand/.cpan/privbuild/k93msid/MooseX-Params-0.010-12/blib/lib/MooseX/Params/Util.pm line 305.
when is experimental at /home/sand/.cpan/privbuild/k93msid/MooseX-Params-0.010-12/blib/lib/MooseX/Params/Util.pm line 306.
when is experimental at /home/sand/.cpan/privbuild/k93msid/MooseX-Params-0.010-12/blib/lib/MooseX/Params/Util.pm line 307.
given is experimental at /home/sand/.cpan/privbuild/k93msid/MooseX-Params-0.010-12/blib/lib/MooseX/Params/Util.pm line 316.
when is experimental at /home/sand/.cpan/privbuild/k93msid/MooseX-Params-0.010-12/blib/lib/MooseX/Params/Util.pm line 318.
t/09-anon.t ............. ok
Smartmatch is experimental at /home/sand/.cpan/privbuild/k93msid/MooseX-Params-0.010-12/blib/lib/MooseX/Params/Magic/Wizard.pm line 30.
Smartmatch is experimental at /home/sand/.cpan/privbuild/k93msid/MooseX-Params-0.010-12/blib/lib/MooseX/Params/Magic/Wizard.pm line 64.
given is experimental at /home/sand/.cpan/privbuild/k93msid/MooseX-Params-0.010-12/blib/lib/MooseX/Params/Util.pm line 302.
when is experimental at /home/sand/.cpan/privbuild/k93msid/MooseX-Params-0.010-12/blib/lib/MooseX/Params/Util.pm line 304.
when is experimental at /home/sand/.cpan/privbuild/k93msid/MooseX-Params-0.010-12/blib/lib/MooseX/Params/Util.pm line 305.
when is experimental at /home/sand/.cpan/privbuild/k93msid/MooseX-Params-0.010-12/blib/lib/MooseX/Params/Util.pm line 306.
when is experimental at /home/sand/.cpan/privbuild/k93msid/MooseX-Params-0.010-12/blib/lib/MooseX/Params/Util.pm line 307.
given is experimental at /home/sand/.cpan/privbuild/k93msid/MooseX-Params-0.010-12/blib/lib/MooseX/Params/Util.pm line 316.
when is experimental at /home/sand/.cpan/privbuild/k93msid/MooseX-Params-0.010-12/blib/lib/MooseX/Params/Util.pm line 318.
Undefined subroutine &List::MoreUtils::all called at (eval 307) line 3.
Eval::Closure::Sandbox_264::__ANON__(ARRAY(0x5589848975a8)) called at /home/sand/src/perl/repoperls/installed-perls/host/k93msid/v5.37.0/4da5/lib/site_perl/5.37.0/x86_64-linux-multi/Moose/Meta/TypeConstraint.pm line 161
Moose::Meta::TypeConstraint::check(Moose::Meta::TypeConstraint::Parameterized=HASH(0x558984a76340), ARRAY(0x5589848975a8)) called at /home/sand/src/perl/repoperls/installed-perls/host/k93msid/v5.37.0/4da5/lib/site_perl/5.37.0/x86_64-linux-multi/Moose/Meta/TypeConstraint.pm line 211
Moose::Meta::TypeConstraint::assert_valid(Moose::Meta::TypeConstraint::Parameterized=HASH(0x558984a76340), ARRAY(0x5589848975a8)) called at /home/sand/.cpan/privbuild/k93msid/MooseX-Params-0.010-12/blib/lib/MooseX/Params/Util.pm line 299
MooseX::Params::Util::process_return_values(MooseX::Params::Meta::Method=HASH(0x55898493b110), 1, "foo", "bar", "baz") called at /home/sand/.cpan/privbuild/k93msid/MooseX-Params-0.010-12/blib/lib/MooseX/Params/Util.pm line 96
main::stuff() called at t/10-returns.t line 21
# Tests were run but no plan was declared and done_testing() was not seen.
# Looks like your test exited with 255 just after 2.
t/10-returns.t ..........
Dubious, test returned 255 (wstat 65280, 0xff00)
All 2 subtests passed
Smartmatch is experimental at /home/sand/.cpan/privbuild/k93msid/MooseX-Params-0.010-12/blib/lib/MooseX/Params/Magic/Wizard.pm line 30.
Smartmatch is experimental at /home/sand/.cpan/privbuild/k93msid/MooseX-Params-0.010-12/blib/lib/MooseX/Params/Magic/Wizard.pm line 64.
given is experimental at /home/sand/.cpan/privbuild/k93msid/MooseX-Params-0.010-12/blib/lib/MooseX/Params/Util.pm line 302.
when is experimental at /home/sand/.cpan/privbuild/k93msid/MooseX-Params-0.010-12/blib/lib/MooseX/Params/Util.pm line 304.
when is experimental at /home/sand/.cpan/privbuild/k93msid/MooseX-Params-0.010-12/blib/lib/MooseX/Params/Util.pm line 305.
when is experimental at /home/sand/.cpan/privbuild/k93msid/MooseX-Params-0.010-12/blib/lib/MooseX/Params/Util.pm line 306.
when is experimental at /home/sand/.cpan/privbuild/k93msid/MooseX-Params-0.010-12/blib/lib/MooseX/Params/Util.pm line 307.
given is experimental at /home/sand/.cpan/privbuild/k93msid/MooseX-Params-0.010-12/blib/lib/MooseX/Params/Util.pm line 316.
when is experimental at /home/sand/.cpan/privbuild/k93msid/MooseX-Params-0.010-12/blib/lib/MooseX/Params/Util.pm line 318.
t/11-returns_scalar.t ... ok
Undefined subroutine &List::MoreUtils::all called at (eval 175) line 3.
# Tests were run but no plan was declared and done_testing() was not seen.
# Looks like your test exited with 255 just after 6.
t/12-listables.t ........
Dubious, test returned 255 (wstat 65280, 0xff00)
All 6 subtests passed
Smartmatch is experimental at /home/sand/.cpan/privbuild/k93msid/MooseX-Params-0.010-12/blib/lib/MooseX/Params/Magic/Wizard.pm line 30.
Smartmatch is experimental at /home/sand/.cpan/privbuild/k93msid/MooseX-Params-0.010-12/blib/lib/MooseX/Params/Magic/Wizard.pm line 64.
given is experimental at /home/sand/.cpan/privbuild/k93msid/MooseX-Params-0.010-12/blib/lib/MooseX/Params/Util.pm line 302.
when is experimental at /home/sand/.cpan/privbuild/k93msid/MooseX-Params-0.010-12/blib/lib/MooseX/Params/Util.pm line 304.
when is experimental at /home/sand/.cpan/privbuild/k93msid/MooseX-Params-0.010-12/blib/lib/MooseX/Params/Util.pm line 305.
when is experimental at /home/sand/.cpan/privbuild/k93msid/MooseX-Params-0.010-12/blib/lib/MooseX/Params/Util.pm line 306.
when is experimental at /home/sand/.cpan/privbuild/k93msid/MooseX-Params-0.010-12/blib/lib/MooseX/Params/Util.pm line 307.
given is experimental at /home/sand/.cpan/privbuild/k93msid/MooseX-Params-0.010-12/blib/lib/MooseX/Params/Util.pm line 316.
when is experimental at /home/sand/.cpan/privbuild/k93msid/MooseX-Params-0.010-12/blib/lib/MooseX/Params/Util.pm line 318.
t/13-readonly.t ......... ok
Smartmatch is experimental at /home/sand/.cpan/privbuild/k93msid/MooseX-Params-0.010-12/blib/lib/MooseX/Params/Magic/Wizard.pm line 30.
Smartmatch is experimental at /home/sand/.cpan/privbuild/k93msid/MooseX-Params-0.010-12/blib/lib/MooseX/Params/Magic/Wizard.pm line 64.
given is experimental at /home/sand/.cpan/privbuild/k93msid/MooseX-Params-0.010-12/blib/lib/MooseX/Params/Util.pm line 302.
when is experimental at /home/sand/.cpan/privbuild/k93msid/MooseX-Params-0.010-12/blib/lib/MooseX/Params/Util.pm line 304.
when is experimental at /home/sand/.cpan/privbuild/k93msid/MooseX-Params-0.010-12/blib/lib/MooseX/Params/Util.pm line 305.
when is experimental at /home/sand/.cpan/privbuild/k93msid/MooseX-Params-0.010-12/blib/lib/MooseX/Params/Util.pm line 306.
when is experimental at /home/sand/.cpan/privbuild/k93msid/MooseX-Params-0.010-12/blib/lib/MooseX/Params/Util.pm line 307.
given is experimental at /home/sand/.cpan/privbuild/k93msid/MooseX-Params-0.010-12/blib/lib/MooseX/Params/Util.pm line 316.
when is experimental at /home/sand/.cpan/privbuild/k93msid/MooseX-Params-0.010-12/blib/lib/MooseX/Params/Util.pm line 318.
t/99-bugs.t ............. ok
t/release-eol.t ......... skipped: these tests are for release candidate testing
t/release-no-tabs.t ..... skipped: these tests are for release candidate testing
t/release-pod-syntax.t .. skipped: these tests are for release candidate testing
Test Summary Report
-------------------
t/10-returns.t (Wstat: 65280 (exited 255) Tests: 2 Failed: 0)
Non-zero exit status: 255
Parse errors: No plan found in TAP output
t/12-listables.t (Wstat: 65280 (exited 255) Tests: 6 Failed: 0)
Non-zero exit status: 255
Parse errors: No plan found in TAP output
Files=18, Tests=88, 12 wallclock secs ( 0.08 usr 0.21 sys + 9.61 cusr 1.48 csys = 11.38 CPU)
Result: FAIL
Failed 2/18 test programs. 0/88 subtests failed.
make: *** [Makefile:929: test_dynamic] Error 255
------------------------------
PREREQUISITES
------------------------------
Prerequisite modules loaded:
requires:
Module Need Have
-------------------------------------------- ---- --------
Attribute::Lexical 0 0.005
B::Hooks::EndOfScope 0 0.26
Carp 0 1.52
Class::MOP::Class 0 2.2201
List::Util 0 1.62
Moose 1.24 2.2201
Moose::Meta::Method 0 2.2201
Moose::Meta::TypeConstraint::Parameterizable 0 2.2201
Moose::Util::TypeConstraints 0 2.2201
Package::Stash 0.18 0.40
parent 0 0.238
Perl6::Caller 0 0.100
Scalar::Readonly 0 0.03
Scalar::Util 0 1.62
strict 0 1.12
Sub::Identify 0 0.14
Sub::Mutate 0 0.007
Text::CSV_XS 0 1.48
Try::Tiny 0 0.31
Variable::Magic 0 0.62
warnings 0 1.58
build_requires:
Module Need Have
-------------------------------------------- ---- --------
base 0 2.27
Carp::Always 0 0.16
File::Find 0 1.40
File::Temp 0 0.2311
IO::String 0 1.08
Test::More 0 1.302190
Test::Most 0 0.37
configure_requires:
Module Need Have
-------------------------------------------- ---- --------
ExtUtils::MakeMaker 6.30 7.65_01
------------------------------
ENVIRONMENT AND OTHER CONTEXT
------------------------------
Environment variables:
AUTOMATED_TESTING = 1
LANG = en_US.UTF-8
LANGUAGE = en_US:en
PATH = /home/sand/bin:/usr/local/bin:/usr/bin:/bin:/usr/games:/usr/local/perl/bin:/usr/X11/bin:/sbin:/usr/sbin
PERL5LIB =
PERL5OPT =
PERL5_CPANPLUS_IS_RUNNING = 2385617
PERL5_CPAN_IS_RUNNING = 2385617
PERL_CANARY_STABILITY_NOPROMPT = 1
PERL_MM_USE_DEFAULT = 1
PERL_USE_UNSAFE_INC = 1
SHELL = /usr/bin/zsh
TERM = screen
Perl special variables (and OS-specific diagnostics, for MSWin32):
$^X = /tmp/basesmoker-reloperl-73qT/bin/perl
$UID/$EUID = 1005 / 1005
$GID = 1005 1005
$EGID = 1005 1005
Perl module toolchain versions installed:
Module Have
------------------- --------
CPAN 2.34
CPAN::Meta 2.150010
Cwd 3.84
ExtUtils::CBuilder 0.280236
ExtUtils::Command 7.65_01
ExtUtils::Install 2.20
ExtUtils::MakeMaker 7.65_01
ExtUtils::Manifest 1.73
ExtUtils::ParseXS 3.45
File::Spec 3.84
JSON 4.06
JSON::PP 4.09
Module::Build 0.4231
Module::Signature 0.88
Parse::CPAN::Meta 2.150010
Test::Harness 3.44
Test::More 1.302190
YAML 1.30
YAML::Syck 1.34
version 0.9929
--
Summary of my perl5 (revision 5 version 37 subversion 0) configuration:
Commit id: 2c8fc00e10c85d241338e71377aff04f4f7a7b6f
Platform:
osname=linux
osvers=5.10.0-14-amd64
archname=x86_64-linux-multi
uname='linux k93msid 5.10.0-14-amd64 #1 smp debian 5.10.113-1 (2022-04-29) x86_64 gnulinux '
config_args='-Dprefix=/home/sand/src/perl/repoperls/installed-perls/host/k93msid/v5.37.0/4da5 -Dmyhostname=k93msid -Dinstallusrbinperl=n -Uversiononly -Dusedevel -des -Ui_db -Dlibswanted=cl pthread socket inet nsl gdbm dbm malloc dl ld sun m crypt sec util c cposix posix ucb BSD gdbm_compat -Uuseithreads -Uuselongdouble -DEBUGGING=both -Dusemultiplicity'
hint=recommended
useposix=true
d_sigaction=define
useithreads=undef
usemultiplicity=define
use64bitint=define
use64bitall=define
uselongdouble=undef
usemymalloc=n
default_inc_excludes_dot=define
Compiler:
cc='cc'
ccflags ='-fwrapv -DDEBUGGING -fno-strict-aliasing -pipe -fstack-protector-strong -I/usr/local/include -D_LARGEFILE_SOURCE -D_FILE_OFFSET_BITS=64 -D_FORTIFY_SOURCE=2'
optimize='-O2 -g'
cppflags='-fwrapv -DDEBUGGING -fno-strict-aliasing -pipe -fstack-protector-strong -I/usr/local/include'
ccversion=''
gccversion='11.3.0'
gccosandvers=''
intsize=4
longsize=8
ptrsize=8
doublesize=8
byteorder=12345678
doublekind=3
d_longlong=define
longlongsize=8
d_longdbl=define
longdblsize=16
longdblkind=3
ivtype='long'
ivsize=8
nvtype='double'
nvsize=8
Off_t='off_t'
lseeksize=8
alignbytes=8
prototype=define
Linker and Libraries:
ld='cc'
ldflags =' -fstack-protector-strong -L/usr/local/lib'
libpth=/usr/local/lib /usr/lib/x86_64-linux-gnu /usr/lib /usr/lib64
libs=-lpthread -lnsl -ldl -lm -lcrypt -lutil -lc
perllibs=-lpthread -lnsl -ldl -lm -lcrypt -lutil -lc
libc=libc-2.33.so
so=so
useshrplib=false
libperl=libperl.a
gnulibc_version='2.33'
Dynamic Linking:
dlsrc=dl_dlopen.xs
dlext=so
d_dlsymun=undef
ccdlflags='-Wl,-E'
cccdlflags='-fPIC'
lddlflags='-shared -O2 -g -L/usr/local/lib -fstack-protector-strong'
Characteristics of this binary (from libperl):
Compile-time options:
DEBUGGING
HAS_TIMES
MULTIPLICITY
PERLIO_LAYERS
PERL_COPY_ON_WRITE
PERL_DONT_CREATE_GVSV
PERL_MALLOC_WRAP
PERL_OP_PARENT
PERL_PRESERVE_IVUV
PERL_TRACK_MEMPOOL
PERL_USE_DEVEL
USE_64_BIT_ALL
USE_64_BIT_INT
USE_LARGE_FILES
USE_LOCALE
USE_LOCALE_COLLATE
USE_LOCALE_CTYPE
USE_LOCALE_NUMERIC
USE_LOCALE_TIME
USE_PERLIO
USE_PERL_ATOF
Built under linux
Compiled at May 29 2022 20:32:51
%ENV:
PERL5LIB=""
PERL5OPT=""
PERL5_CPANPLUS_IS_RUNNING="2385617"
PERL5_CPAN_IS_RUNNING="2385617"
PERL_CANARY_STABILITY_NOPROMPT="1"
PERL_MM_USE_DEFAULT="1"
PERL_USE_UNSAFE_INC="1"
@INC:
/home/sand/src/perl/repoperls/installed-perls/host/k93msid/v5.37.0/4da5/lib/site_perl/5.37.0/x86_64-linux-multi
/home/sand/src/perl/repoperls/installed-perls/host/k93msid/v5.37.0/4da5/lib/site_perl/5.37.0
/home/sand/src/perl/repoperls/installed-perls/host/k93msid/v5.37.0/4da5/lib/5.37.0/x86_64-linux-multi
/home/sand/src/perl/repoperls/installed-perls/host/k93msid/v5.37.0/4da5/lib/5.37.0
.