Report for HTTP-Engine-0.03005

Back
From: metabase:user:320bfe00-2aae-11df-837a-5e0a49663a4f
Subject: FAIL HTTP-Engine-0.03005 v5.25.5 GNU/Linux
Date: 2016-08-26T06:24:45Z

This distribution has been tested as part of the CPAN Testers
project, supporting the Perl programming language.  See
http://wiki.cpantesters.org/ for more information or email
questions to cpan-testers-discuss@perl.org


--
Dear Kazuhiro Osawa,

This is a computer-generated report for HTTP-Engine-0.03005
on perl 5.25.5, created by CPAN-Reporter-1.2018.

Thank you for uploading your work to CPAN.  However, there was a problem
testing your distribution.

If you think this report is invalid, please consult the CPAN Testers Wiki
for suggestions on how to avoid getting FAIL reports for missing library
or binary dependencies, unsupported operating systems, and so on:

http://wiki.cpantesters.org/wiki/CPANAuthorNotes

Sections of this report:

    * Tester comments
    * Program output
    * Prerequisites
    * Environment and other context

------------------------------
TESTER COMMENTS
------------------------------

Additional comments from tester:

this report is from an automated smoke testing program
and was not reviewed by a human for accuracy

------------------------------
PROGRAM OUTPUT
------------------------------

Output from '/usr/bin/make test':

PERL_DL_NONLAZY=1 "/tmp/basesmoker-reloperl-9CqF/bin/perl" "-MExtUtils::Command::MM" "-MTest::Harness" "-e" "undef *Test::Harness::Switches; test_harness(0, 'inc', 'blib/lib', 'blib/arch')" t/*.t t/*/*.t t/moose/*/*.t
Possible precedence issue with control flow operator at /tmp/loop_over_bdir-4833-RsMgL5/HTTP-Engine-0.03005-0/inc/Test/Builder.pm line 917.
# Soft dependency versions:
#  Any::Moose 0.26
#  Mouse v2.4.5
#  MooseX::Types 0.46
t/00_compile.t .............................................. ok
Possible precedence issue with control flow operator at /tmp/loop_over_bdir-4833-RsMgL5/HTTP-Engine-0.03005-0/inc/Test/Builder.pm line 917.
t/010_core/builder_options-upload_tmp.t ..................... ok
Possible precedence issue with control flow operator at /tmp/loop_over_bdir-4833-RsMgL5/HTTP-Engine-0.03005-0/inc/Test/Builder.pm line 917.
t/010_core/interface-require.t .............................. ok
Possible precedence issue with control flow operator at /tmp/loop_over_bdir-4833-RsMgL5/HTTP-Engine-0.03005-0/inc/Test/Builder.pm line 917.
t/010_core/interface.t ...................................... ok
Possible precedence issue with control flow operator at /tmp/loop_over_bdir-4833-RsMgL5/HTTP-Engine-0.03005-0/inc/Test/Builder.pm line 917.
t/010_core/load_requestbuilder_cgi.t ........................ ok
Possible precedence issue with control flow operator at /tmp/loop_over_bdir-4833-RsMgL5/HTTP-Engine-0.03005-0/inc/Test/Builder.pm line 917.
Redundant argument in sprintf at /tmp/loop_over_bdir-4833-RsMgL5/HTTP-Engine-0.03005-0/inc/Spiffy.pm line 225.
Redundant argument in sprintf at /tmp/loop_over_bdir-4833-RsMgL5/HTTP-Engine-0.03005-0/inc/Spiffy.pm line 225.
Redundant argument in sprintf at /tmp/loop_over_bdir-4833-RsMgL5/HTTP-Engine-0.03005-0/inc/Spiffy.pm line 225.
Redundant argument in sprintf at /tmp/loop_over_bdir-4833-RsMgL5/HTTP-Engine-0.03005-0/inc/Spiffy.pm line 225.
t/010_core/request-absolute_uri.t ........................... ok
Possible precedence issue with control flow operator at /tmp/loop_over_bdir-4833-RsMgL5/HTTP-Engine-0.03005-0/inc/Test/Builder.pm line 917.
t/010_core/request-as_http_request.t ........................ ok
Possible precedence issue with control flow operator at /tmp/loop_over_bdir-4833-RsMgL5/HTTP-Engine-0.03005-0/inc/Test/Builder.pm line 917.
t/010_core/request-as_string.t .............................. ok
Possible precedence issue with control flow operator at /tmp/loop_over_bdir-4833-RsMgL5/HTTP-Engine-0.03005-0/inc/Test/Builder.pm line 917.
t/010_core/request-body.t ................................... ok
Possible precedence issue with control flow operator at /tmp/loop_over_bdir-4833-RsMgL5/HTTP-Engine-0.03005-0/inc/Test/Builder.pm line 917.
t/010_core/request-content.t ................................ ok
Possible precedence issue with control flow operator at /tmp/loop_over_bdir-4833-RsMgL5/HTTP-Engine-0.03005-0/inc/Test/Builder.pm line 917.
t/010_core/request-cookie.t ................................. ok
Possible precedence issue with control flow operator at /tmp/loop_over_bdir-4833-RsMgL5/HTTP-Engine-0.03005-0/inc/Test/Builder.pm line 917.
t/010_core/request-hostname.t ............................... ok
Possible precedence issue with control flow operator at /tmp/loop_over_bdir-4833-RsMgL5/HTTP-Engine-0.03005-0/inc/Test/Builder.pm line 917.
t/010_core/request-many_upload.t ............................ ok
Possible precedence issue with control flow operator at /tmp/loop_over_bdir-4833-RsMgL5/HTTP-Engine-0.03005-0/inc/Test/Builder.pm line 917.
t/010_core/request-parameters.t ............................. ok
Possible precedence issue with control flow operator at /tmp/loop_over_bdir-4833-RsMgL5/HTTP-Engine-0.03005-0/inc/Test/Builder.pm line 917.
Redundant argument in sprintf at /tmp/loop_over_bdir-4833-RsMgL5/HTTP-Engine-0.03005-0/inc/Spiffy.pm line 225.
Redundant argument in sprintf at /tmp/loop_over_bdir-4833-RsMgL5/HTTP-Engine-0.03005-0/inc/Spiffy.pm line 225.
Redundant argument in sprintf at /tmp/loop_over_bdir-4833-RsMgL5/HTTP-Engine-0.03005-0/inc/Spiffy.pm line 225.
Redundant argument in sprintf at /tmp/loop_over_bdir-4833-RsMgL5/HTTP-Engine-0.03005-0/inc/Spiffy.pm line 225.
t/010_core/request-params.t ................................. ok
Possible precedence issue with control flow operator at /tmp/loop_over_bdir-4833-RsMgL5/HTTP-Engine-0.03005-0/inc/Test/Builder.pm line 917.
t/010_core/request-parse.t .................................. ok
Possible precedence issue with control flow operator at /tmp/loop_over_bdir-4833-RsMgL5/HTTP-Engine-0.03005-0/inc/Test/Builder.pm line 917.
Redundant argument in sprintf at /tmp/loop_over_bdir-4833-RsMgL5/HTTP-Engine-0.03005-0/inc/Spiffy.pm line 225.
Redundant argument in sprintf at /tmp/loop_over_bdir-4833-RsMgL5/HTTP-Engine-0.03005-0/inc/Spiffy.pm line 225.
Redundant argument in sprintf at /tmp/loop_over_bdir-4833-RsMgL5/HTTP-Engine-0.03005-0/inc/Spiffy.pm line 225.
Redundant argument in sprintf at /tmp/loop_over_bdir-4833-RsMgL5/HTTP-Engine-0.03005-0/inc/Spiffy.pm line 225.
t/010_core/request-proxy_request.t .......................... ok
Possible precedence issue with control flow operator at /tmp/loop_over_bdir-4833-RsMgL5/HTTP-Engine-0.03005-0/inc/Test/Builder.pm line 917.
t/010_core/request-raw_body.t ............................... ok
Possible precedence issue with control flow operator at /tmp/loop_over_bdir-4833-RsMgL5/HTTP-Engine-0.03005-0/inc/Test/Builder.pm line 917.
t/010_core/request-readbody.t ............................... ok
Possible precedence issue with control flow operator at /tmp/loop_over_bdir-4833-RsMgL5/HTTP-Engine-0.03005-0/inc/Test/Builder.pm line 917.
Redundant argument in sprintf at /tmp/loop_over_bdir-4833-RsMgL5/HTTP-Engine-0.03005-0/inc/Spiffy.pm line 225.
Redundant argument in sprintf at /tmp/loop_over_bdir-4833-RsMgL5/HTTP-Engine-0.03005-0/inc/Spiffy.pm line 225.
Redundant argument in sprintf at /tmp/loop_over_bdir-4833-RsMgL5/HTTP-Engine-0.03005-0/inc/Spiffy.pm line 225.
Redundant argument in sprintf at /tmp/loop_over_bdir-4833-RsMgL5/HTTP-Engine-0.03005-0/inc/Spiffy.pm line 225.
t/010_core/request-secure.t ................................. ok
Possible precedence issue with control flow operator at /tmp/loop_over_bdir-4833-RsMgL5/HTTP-Engine-0.03005-0/inc/Test/Builder.pm line 917.
t/010_core/request-upload.t ................................. ok
Possible precedence issue with control flow operator at /tmp/loop_over_bdir-4833-RsMgL5/HTTP-Engine-0.03005-0/inc/Test/Builder.pm line 917.
Redundant argument in sprintf at /tmp/loop_over_bdir-4833-RsMgL5/HTTP-Engine-0.03005-0/inc/Spiffy.pm line 225.
Redundant argument in sprintf at /tmp/loop_over_bdir-4833-RsMgL5/HTTP-Engine-0.03005-0/inc/Spiffy.pm line 225.
Redundant argument in sprintf at /tmp/loop_over_bdir-4833-RsMgL5/HTTP-Engine-0.03005-0/inc/Spiffy.pm line 225.
Redundant argument in sprintf at /tmp/loop_over_bdir-4833-RsMgL5/HTTP-Engine-0.03005-0/inc/Spiffy.pm line 225.
t/010_core/request-uri.t .................................... ok
Possible precedence issue with control flow operator at /tmp/loop_over_bdir-4833-RsMgL5/HTTP-Engine-0.03005-0/inc/Test/Builder.pm line 917.
t/010_core/request.t ........................................ ok
Possible precedence issue with control flow operator at /tmp/loop_over_bdir-4833-RsMgL5/HTTP-Engine-0.03005-0/inc/Test/Builder.pm line 917.
t/010_core/request_builder-noenv.t .......................... ok
Possible precedence issue with control flow operator at /tmp/loop_over_bdir-4833-RsMgL5/HTTP-Engine-0.03005-0/inc/Test/Builder.pm line 917.
t/010_core/request_processor-catch_error.t .................. ok
Possible precedence issue with control flow operator at /tmp/loop_over_bdir-4833-RsMgL5/HTTP-Engine-0.03005-0/inc/Test/Builder.pm line 917.
t/010_core/request_processor-make_request.t ................. ok
Possible precedence issue with control flow operator at /tmp/loop_over_bdir-4833-RsMgL5/HTTP-Engine-0.03005-0/inc/Test/Builder.pm line 917.
t/010_core/request_processor-response_error.t ............... ok
Possible precedence issue with control flow operator at /tmp/loop_over_bdir-4833-RsMgL5/HTTP-Engine-0.03005-0/inc/Test/Builder.pm line 917.
t/010_core/request_upload-basename.t ........................ ok
Possible precedence issue with control flow operator at /tmp/loop_over_bdir-4833-RsMgL5/HTTP-Engine-0.03005-0/inc/Test/Builder.pm line 917.
t/010_core/response-code.t .................................. ok
Possible precedence issue with control flow operator at /tmp/loop_over_bdir-4833-RsMgL5/HTTP-Engine-0.03005-0/inc/Test/Builder.pm line 917.
t/010_core/response-coerce_headers.t ........................ ok
Possible precedence issue with control flow operator at /tmp/loop_over_bdir-4833-RsMgL5/HTTP-Engine-0.03005-0/inc/Test/Builder.pm line 917.
t/010_core/response-content_length.t ........................ ok
Possible precedence issue with control flow operator at /tmp/loop_over_bdir-4833-RsMgL5/HTTP-Engine-0.03005-0/inc/Test/Builder.pm line 917.
t/010_core/response-cookie.t ................................ ok
Possible precedence issue with control flow operator at /tmp/loop_over_bdir-4833-RsMgL5/HTTP-Engine-0.03005-0/inc/Test/Builder.pm line 917.
t/010_core/response-new.t ................................... ok
Possible precedence issue with control flow operator at /tmp/loop_over_bdir-4833-RsMgL5/HTTP-Engine-0.03005-0/inc/Test/Builder.pm line 917.
t/010_core/response-set_http_response.t ..................... ok
Possible precedence issue with control flow operator at /tmp/loop_over_bdir-4833-RsMgL5/HTTP-Engine-0.03005-0/inc/Test/Builder.pm line 917.
Redundant argument in sprintf at /tmp/loop_over_bdir-4833-RsMgL5/HTTP-Engine-0.03005-0/inc/Spiffy.pm line 225.
Redundant argument in sprintf at /tmp/loop_over_bdir-4833-RsMgL5/HTTP-Engine-0.03005-0/inc/Spiffy.pm line 225.
Redundant argument in sprintf at /tmp/loop_over_bdir-4833-RsMgL5/HTTP-Engine-0.03005-0/inc/Spiffy.pm line 225.
Redundant argument in sprintf at /tmp/loop_over_bdir-4833-RsMgL5/HTTP-Engine-0.03005-0/inc/Spiffy.pm line 225.
t/010_core/response-status.t ................................ ok
Possible precedence issue with control flow operator at /tmp/loop_over_bdir-4833-RsMgL5/HTTP-Engine-0.03005-0/inc/Test/Builder.pm line 917.
t/010_core/response.t ....................................... ok
Possible precedence issue with control flow operator at /tmp/loop_over_bdir-4833-RsMgL5/HTTP-Engine-0.03005-0/inc/Test/Builder.pm line 917.
Redundant argument in sprintf at /tmp/loop_over_bdir-4833-RsMgL5/HTTP-Engine-0.03005-0/inc/Spiffy.pm line 225.
Redundant argument in sprintf at /tmp/loop_over_bdir-4833-RsMgL5/HTTP-Engine-0.03005-0/inc/Spiffy.pm line 225.
Redundant argument in sprintf at /tmp/loop_over_bdir-4833-RsMgL5/HTTP-Engine-0.03005-0/inc/Spiffy.pm line 225.
Redundant argument in sprintf at /tmp/loop_over_bdir-4833-RsMgL5/HTTP-Engine-0.03005-0/inc/Spiffy.pm line 225.
t/010_core/response_finalizer.t ............................. ok
Possible precedence issue with control flow operator at /tmp/loop_over_bdir-4833-RsMgL5/HTTP-Engine-0.03005-0/inc/Test/Builder.pm line 917.
t/010_core/response_writer.t ................................ ok
Possible precedence issue with control flow operator at /tmp/loop_over_bdir-4833-RsMgL5/HTTP-Engine-0.03005-0/inc/Test/Builder.pm line 917.
t/010_core/responsewriter-broken_io.t ....................... ok
Possible precedence issue with control flow operator at /tmp/loop_over_bdir-4833-RsMgL5/HTTP-Engine-0.03005-0/inc/Test/Builder.pm line 917.
Redundant argument in sprintf at /tmp/loop_over_bdir-4833-RsMgL5/HTTP-Engine-0.03005-0/inc/Spiffy.pm line 225.
Redundant argument in sprintf at /tmp/loop_over_bdir-4833-RsMgL5/HTTP-Engine-0.03005-0/inc/Spiffy.pm line 225.
Redundant argument in sprintf at /tmp/loop_over_bdir-4833-RsMgL5/HTTP-Engine-0.03005-0/inc/Spiffy.pm line 225.
Redundant argument in sprintf at /tmp/loop_over_bdir-4833-RsMgL5/HTTP-Engine-0.03005-0/inc/Spiffy.pm line 225.
t/010_core/responsewriter-with_io.t ......................... ok
Possible precedence issue with control flow operator at /tmp/loop_over_bdir-4833-RsMgL5/HTTP-Engine-0.03005-0/inc/Test/Builder.pm line 917.
Redundant argument in sprintf at /tmp/loop_over_bdir-4833-RsMgL5/HTTP-Engine-0.03005-0/inc/Spiffy.pm line 225.
Redundant argument in sprintf at /tmp/loop_over_bdir-4833-RsMgL5/HTTP-Engine-0.03005-0/inc/Spiffy.pm line 225.
Redundant argument in sprintf at /tmp/loop_over_bdir-4833-RsMgL5/HTTP-Engine-0.03005-0/inc/Spiffy.pm line 225.
Redundant argument in sprintf at /tmp/loop_over_bdir-4833-RsMgL5/HTTP-Engine-0.03005-0/inc/Spiffy.pm line 225.
t/020_interface/cgi.t ....................................... ok
Possible precedence issue with control flow operator at /tmp/loop_over_bdir-4833-RsMgL5/HTTP-Engine-0.03005-0/inc/Test/Builder.pm line 917.
t/020_interface/lighty-fcgi.t ............................... skipped: set TEST_LIGHTTPD to enable this test
Possible precedence issue with control flow operator at /tmp/loop_over_bdir-4833-RsMgL5/HTTP-Engine-0.03005-0/inc/Test/Builder.pm line 917.
t/020_interface/modperl_wildcard_hostname.t ................. skipped: this test requires mod_perl 2
Possible precedence issue with control flow operator at /tmp/loop_over_bdir-4833-RsMgL5/HTTP-Engine-0.03005-0/inc/Test/Builder.pm line 917.
t/020_interface/poe-proxy.t ................................. skipped: this test requires POE::Component::Client::HTTP
Possible precedence issue with control flow operator at /tmp/loop_over_bdir-4833-RsMgL5/HTTP-Engine-0.03005-0/inc/Test/Builder.pm line 917.
t/020_interface/poe-uri.t ................................... skipped: this test requires POE::Component::Client::HTTP
Possible precedence issue with control flow operator at /tmp/loop_over_bdir-4833-RsMgL5/HTTP-Engine-0.03005-0/inc/Test/Builder.pm line 917.
t/020_interface/poe.t ....................................... skipped: this test requires POE::Component::Client::HTTP
Possible precedence issue with control flow operator at /tmp/loop_over_bdir-4833-RsMgL5/HTTP-Engine-0.03005-0/inc/Test/Builder.pm line 917.
t/020_interface/psgi-with_plack.t ........................... ok
Possible precedence issue with control flow operator at /tmp/loop_over_bdir-4833-RsMgL5/HTTP-Engine-0.03005-0/inc/Test/Builder.pm line 917.
t/020_interface/psgi.t ...................................... ok
Possible precedence issue with control flow operator at /tmp/loop_over_bdir-4833-RsMgL5/HTTP-Engine-0.03005-0/inc/Test/Builder.pm line 917.
t/020_interface/server_simple-net_server_configure.t ........ skipped: this test requires Net::Server::Single
Possible precedence issue with control flow operator at /tmp/loop_over_bdir-4833-RsMgL5/HTTP-Engine-0.03005-0/inc/Test/Builder.pm line 917.
t/020_interface/server_simple-not-send-header-bug.t ......... ok
Possible precedence issue with control flow operator at /tmp/loop_over_bdir-4833-RsMgL5/HTTP-Engine-0.03005-0/inc/Test/Builder.pm line 917.
t/020_interface/server_simple-print_banner.t ................ ok
Possible precedence issue with control flow operator at /tmp/loop_over_bdir-4833-RsMgL5/HTTP-Engine-0.03005-0/inc/Test/Builder.pm line 917.
t/020_interface/server_simple.t ............................. ok
Possible precedence issue with control flow operator at /tmp/loop_over_bdir-4833-RsMgL5/HTTP-Engine-0.03005-0/inc/Test/Builder.pm line 917.
t/020_interface/standalone-keep_alive.t ..................... skipped: Interface::Standalone will be removed
Possible precedence issue with control flow operator at /tmp/loop_over_bdir-4833-RsMgL5/HTTP-Engine-0.03005-0/inc/Test/Builder.pm line 917.
t/020_interface/standalone-restart.t ........................ skipped: Interface::Standalone will be removed
Possible precedence issue with control flow operator at /tmp/loop_over_bdir-4833-RsMgL5/HTTP-Engine-0.03005-0/inc/Test/Builder.pm line 917.
t/020_interface/streaming_response.t ........................ ok
Possible precedence issue with control flow operator at /tmp/loop_over_bdir-4833-RsMgL5/HTTP-Engine-0.03005-0/inc/Test/Builder.pm line 917.
t/020_interface/test-validation.t ........................... ok
Possible precedence issue with control flow operator at /tmp/loop_over_bdir-4833-RsMgL5/HTTP-Engine-0.03005-0/inc/Test/Builder.pm line 917.
t/020_interface/test-warn_at_utf8.t ......................... ok
Possible precedence issue with control flow operator at /tmp/loop_over_bdir-4833-RsMgL5/HTTP-Engine-0.03005-0/inc/Test/Builder.pm line 917.
Redundant argument in sprintf at /tmp/loop_over_bdir-4833-RsMgL5/HTTP-Engine-0.03005-0/inc/Spiffy.pm line 225.
Redundant argument in sprintf at /tmp/loop_over_bdir-4833-RsMgL5/HTTP-Engine-0.03005-0/inc/Spiffy.pm line 225.
Redundant argument in sprintf at /tmp/loop_over_bdir-4833-RsMgL5/HTTP-Engine-0.03005-0/inc/Spiffy.pm line 225.
Redundant argument in sprintf at /tmp/loop_over_bdir-4833-RsMgL5/HTTP-Engine-0.03005-0/inc/Spiffy.pm line 225.
t/020_interface/test.t ...................................... ok
Possible precedence issue with control flow operator at /tmp/loop_over_bdir-4833-RsMgL5/HTTP-Engine-0.03005-0/inc/Test/Builder.pm line 917.
t/020_interface/test_response-with_io.t ..................... ok
Possible precedence issue with control flow operator at /tmp/loop_over_bdir-4833-RsMgL5/HTTP-Engine-0.03005-0/inc/Test/Builder.pm line 917.
Redundant argument in sprintf at /tmp/loop_over_bdir-4833-RsMgL5/HTTP-Engine-0.03005-0/inc/Spiffy.pm line 225.
Redundant argument in sprintf at /tmp/loop_over_bdir-4833-RsMgL5/HTTP-Engine-0.03005-0/inc/Spiffy.pm line 225.
Redundant argument in sprintf at /tmp/loop_over_bdir-4833-RsMgL5/HTTP-Engine-0.03005-0/inc/Spiffy.pm line 225.
Redundant argument in sprintf at /tmp/loop_over_bdir-4833-RsMgL5/HTTP-Engine-0.03005-0/inc/Spiffy.pm line 225.
t/020_interface/test_upload.t ............................... ok
Possible precedence issue with control flow operator at /tmp/loop_over_bdir-4833-RsMgL5/HTTP-Engine-0.03005-0/inc/Test/Builder.pm line 917.
t/030_daemonize/connection_info.t ........................... ok
Possible precedence issue with control flow operator at /tmp/loop_over_bdir-4833-RsMgL5/HTTP-Engine-0.03005-0/inc/Test/Builder.pm line 917.
t/030_daemonize/headers.t ................................... ok
Possible precedence issue with control flow operator at /tmp/loop_over_bdir-4833-RsMgL5/HTTP-Engine-0.03005-0/inc/Test/Builder.pm line 917.

#   Failed test at /tmp/loop_over_bdir-4833-RsMgL5/HTTP-Engine-0.03005-0/inc/Test/More.pm line 376.
#          got: '/foo|'
#     expected: '/|http://example.com/foo?http=1'

#   Failed test at /tmp/loop_over_bdir-4833-RsMgL5/HTTP-Engine-0.03005-0/inc/Test/More.pm line 376.
#          got: '/foo|'
#     expected: '/|http://example.com:8080/foo?http=1'

#   Failed test at /tmp/loop_over_bdir-4833-RsMgL5/HTTP-Engine-0.03005-0/inc/Test/More.pm line 376.
#          got: '/foo|'
#     expected: '/|http://example.com/foo?http=1'

#   Failed test at /tmp/loop_over_bdir-4833-RsMgL5/HTTP-Engine-0.03005-0/inc/Test/More.pm line 376.
#          got: '/foo|'
#     expected: '/|http://example.com:8080/foo?http=1'
# Looks like you failed 4 tests of 16.
t/030_daemonize/proxy_path.t ................................ 
Dubious, test returned 4 (wstat 1024, 0x400)
Failed 4/16 subtests 
Possible precedence issue with control flow operator at /tmp/loop_over_bdir-4833-RsMgL5/HTTP-Engine-0.03005-0/inc/Test/Builder.pm line 917.
t/030_daemonize/raw_body.t .................................. ok
Possible precedence issue with control flow operator at /tmp/loop_over_bdir-4833-RsMgL5/HTTP-Engine-0.03005-0/inc/Test/Builder.pm line 917.
t/030_daemonize/request_independence.t ...................... ok
Possible precedence issue with control flow operator at /tmp/loop_over_bdir-4833-RsMgL5/HTTP-Engine-0.03005-0/inc/Test/Builder.pm line 917.
t/030_daemonize/responsewriter_io.t ......................... ok
Possible precedence issue with control flow operator at /tmp/loop_over_bdir-4833-RsMgL5/HTTP-Engine-0.03005-0/inc/Test/Builder.pm line 917.
t/030_daemonize/upload-methods.t ............................ ok
Possible precedence issue with control flow operator at /tmp/loop_over_bdir-4833-RsMgL5/HTTP-Engine-0.03005-0/inc/Test/Builder.pm line 917.
t/030_daemonize/upload.t .................................... ok
Possible precedence issue with control flow operator at /tmp/loop_over_bdir-4833-RsMgL5/HTTP-Engine-0.03005-0/inc/Test/Builder.pm line 917.
t/030_daemonize/uri.t ....................................... ok
Possible precedence issue with control flow operator at /tmp/loop_over_bdir-4833-RsMgL5/HTTP-Engine-0.03005-0/inc/Test/Builder.pm line 917.
t/030_daemonize/utf8flagged-uri.t ........................... ok
Possible precedence issue with control flow operator at /tmp/loop_over_bdir-4833-RsMgL5/HTTP-Engine-0.03005-0/inc/Test/Builder.pm line 917.
Redundant argument in sprintf at /tmp/loop_over_bdir-4833-RsMgL5/HTTP-Engine-0.03005-0/inc/Spiffy.pm line 225.
Redundant argument in sprintf at /tmp/loop_over_bdir-4833-RsMgL5/HTTP-Engine-0.03005-0/inc/Spiffy.pm line 225.
Redundant argument in sprintf at /tmp/loop_over_bdir-4833-RsMgL5/HTTP-Engine-0.03005-0/inc/Spiffy.pm line 225.
Redundant argument in sprintf at /tmp/loop_over_bdir-4833-RsMgL5/HTTP-Engine-0.03005-0/inc/Spiffy.pm line 225.
t/040_minimal/001_simple.t .................................. ok
Possible precedence issue with control flow operator at /tmp/loop_over_bdir-4833-RsMgL5/HTTP-Engine-0.03005-0/inc/Test/Builder.pm line 917.
t/050_tests/request.t ....................................... ok
Possible precedence issue with control flow operator at /tmp/loop_over_bdir-4833-RsMgL5/HTTP-Engine-0.03005-0/inc/Test/Builder.pm line 917.
# Soft dependency versions:
#  Any::Moose 0.26
#  Mouse v2.4.5
#  MooseX::Types 0.46
t/moose/00_compile.t ........................................ ok
Possible precedence issue with control flow operator at /tmp/loop_over_bdir-4833-RsMgL5/HTTP-Engine-0.03005-0/inc/Test/Builder.pm line 917.
t/moose/010_core/builder_options-upload_tmp.t ............... ok
Possible precedence issue with control flow operator at /tmp/loop_over_bdir-4833-RsMgL5/HTTP-Engine-0.03005-0/inc/Test/Builder.pm line 917.
t/moose/010_core/interface-require.t ........................ ok
Possible precedence issue with control flow operator at /tmp/loop_over_bdir-4833-RsMgL5/HTTP-Engine-0.03005-0/inc/Test/Builder.pm line 917.
t/moose/010_core/interface.t ................................ ok
Possible precedence issue with control flow operator at /tmp/loop_over_bdir-4833-RsMgL5/HTTP-Engine-0.03005-0/inc/Test/Builder.pm line 917.
t/moose/010_core/load_requestbuilder_cgi.t .................. ok
Possible precedence issue with control flow operator at /tmp/loop_over_bdir-4833-RsMgL5/HTTP-Engine-0.03005-0/inc/Test/Builder.pm line 917.
Redundant argument in sprintf at /tmp/loop_over_bdir-4833-RsMgL5/HTTP-Engine-0.03005-0/inc/Spiffy.pm line 225.
Redundant argument in sprintf at /tmp/loop_over_bdir-4833-RsMgL5/HTTP-Engine-0.03005-0/inc/Spiffy.pm line 225.
Redundant argument in sprintf at /tmp/loop_over_bdir-4833-RsMgL5/HTTP-Engine-0.03005-0/inc/Spiffy.pm line 225.
Redundant argument in sprintf at /tmp/loop_over_bdir-4833-RsMgL5/HTTP-Engine-0.03005-0/inc/Spiffy.pm line 225.
t/moose/010_core/request-absolute_uri.t ..................... ok
Possible precedence issue with control flow operator at /tmp/loop_over_bdir-4833-RsMgL5/HTTP-Engine-0.03005-0/inc/Test/Builder.pm line 917.
t/moose/010_core/request-as_http_request.t .................. ok
Possible precedence issue with control flow operator at /tmp/loop_over_bdir-4833-RsMgL5/HTTP-Engine-0.03005-0/inc/Test/Builder.pm line 917.
t/moose/010_core/request-as_string.t ........................ ok
Possible precedence issue with control flow operator at /tmp/loop_over_bdir-4833-RsMgL5/HTTP-Engine-0.03005-0/inc/Test/Builder.pm line 917.
Class::MOP::load_class is deprecated at /home/sand/src/perl/repoperls/installed-perls/host/k93x64sid/v5.25.4-15-gfdc080f/3bd2/lib/site_perl/5.25.5/x86_64-linux-ld/Class/MOP.pm line 69.
	Class::MOP::load_class("HTTP::Engine::Interface::Test") called at /tmp/loop_over_bdir-4833-RsMgL5/HTTP-Engine-0.03005-0/blib/lib/HTTP/Engine/Types/Core.pm line 26
	HTTP::Engine::Types::Core::__ANON__(HASH(0x21af258)) called at /home/sand/src/perl/repoperls/installed-perls/host/k93x64sid/v5.25.4-15-gfdc080f/3bd2/lib/site_perl/5.25.5/x86_64-linux-ld/Moose/Meta/TypeCoercion.pm line 65
	Moose::Meta::TypeCoercion::__ANON__(HASH(0x21af258)) called at constructor HTTP::Engine::new (defined at /tmp/loop_over_bdir-4833-RsMgL5/HTTP-Engine-0.03005-0/blib/lib/HTTP/Engine.pm line 17) line 32
	HTTP::Engine::new("HTTP::Engine", "interface", HASH(0x21af258)) called at t/Utils.pm line 141
	t::Utils::run_engine(CODE(0x3c63468), HTTP::Request=HASH(0x3182e08)) called at t/moose/010_core/request-body.t line 27
t/moose/010_core/request-body.t ............................. ok
Possible precedence issue with control flow operator at /tmp/loop_over_bdir-4833-RsMgL5/HTTP-Engine-0.03005-0/inc/Test/Builder.pm line 917.
t/moose/010_core/request-content.t .......................... ok
Possible precedence issue with control flow operator at /tmp/loop_over_bdir-4833-RsMgL5/HTTP-Engine-0.03005-0/inc/Test/Builder.pm line 917.
Class::MOP::load_class is deprecated at /home/sand/src/perl/repoperls/installed-perls/host/k93x64sid/v5.25.4-15-gfdc080f/3bd2/lib/site_perl/5.25.5/x86_64-linux-ld/Class/MOP.pm line 69.
	Class::MOP::load_class("HTTP::Engine::Interface::Test") called at /tmp/loop_over_bdir-4833-RsMgL5/HTTP-Engine-0.03005-0/blib/lib/HTTP/Engine/Types/Core.pm line 26
	HTTP::Engine::Types::Core::__ANON__(HASH(0x8e3480)) called at /home/sand/src/perl/repoperls/installed-perls/host/k93x64sid/v5.25.4-15-gfdc080f/3bd2/lib/site_perl/5.25.5/x86_64-linux-ld/Moose/Meta/TypeCoercion.pm line 65
	Moose::Meta::TypeCoercion::__ANON__(HASH(0x8e3480)) called at constructor HTTP::Engine::new (defined at /tmp/loop_over_bdir-4833-RsMgL5/HTTP-Engine-0.03005-0/blib/lib/HTTP/Engine.pm line 17) line 32
	HTTP::Engine::new("HTTP::Engine", "interface", HASH(0x8e3480)) called at t/Utils.pm line 141
	t::Utils::run_engine(CODE(0x2384148), HTTP::Request=HASH(0x18a4178)) called at t/moose/010_core/request-cookie.t line 32
t/moose/010_core/request-cookie.t ........................... ok
Possible precedence issue with control flow operator at /tmp/loop_over_bdir-4833-RsMgL5/HTTP-Engine-0.03005-0/inc/Test/Builder.pm line 917.
t/moose/010_core/request-hostname.t ......................... ok
Possible precedence issue with control flow operator at /tmp/loop_over_bdir-4833-RsMgL5/HTTP-Engine-0.03005-0/inc/Test/Builder.pm line 917.
Class::MOP::load_class is deprecated at /home/sand/src/perl/repoperls/installed-perls/host/k93x64sid/v5.25.4-15-gfdc080f/3bd2/lib/site_perl/5.25.5/x86_64-linux-ld/Class/MOP.pm line 69.
	Class::MOP::load_class("HTTP::Engine::Interface::Test") called at /tmp/loop_over_bdir-4833-RsMgL5/HTTP-Engine-0.03005-0/blib/lib/HTTP/Engine/Types/Core.pm line 26
	HTTP::Engine::Types::Core::__ANON__(HASH(0x984480)) called at /home/sand/src/perl/repoperls/installed-perls/host/k93x64sid/v5.25.4-15-gfdc080f/3bd2/lib/site_perl/5.25.5/x86_64-linux-ld/Moose/Meta/TypeCoercion.pm line 65
	Moose::Meta::TypeCoercion::__ANON__(HASH(0x984480)) called at constructor HTTP::Engine::new (defined at /tmp/loop_over_bdir-4833-RsMgL5/HTTP-Engine-0.03005-0/blib/lib/HTTP/Engine.pm line 17) line 32
	HTTP::Engine::new("HTTP::Engine", "interface", HASH(0x984480)) called at t/Utils.pm line 141
	t::Utils::run_engine(CODE(0x2446918), HTTP::Request=HASH(0x17d0fb0)) called at t/moose/010_core/request-many_upload.t line 91
t/moose/010_core/request-many_upload.t ...................... ok
Possible precedence issue with control flow operator at /tmp/loop_over_bdir-4833-RsMgL5/HTTP-Engine-0.03005-0/inc/Test/Builder.pm line 917.
t/moose/010_core/request-parameters.t ....................... ok
Possible precedence issue with control flow operator at /tmp/loop_over_bdir-4833-RsMgL5/HTTP-Engine-0.03005-0/inc/Test/Builder.pm line 917.
Redundant argument in sprintf at /tmp/loop_over_bdir-4833-RsMgL5/HTTP-Engine-0.03005-0/inc/Spiffy.pm line 225.
Redundant argument in sprintf at /tmp/loop_over_bdir-4833-RsMgL5/HTTP-Engine-0.03005-0/inc/Spiffy.pm line 225.
Redundant argument in sprintf at /tmp/loop_over_bdir-4833-RsMgL5/HTTP-Engine-0.03005-0/inc/Spiffy.pm line 225.
Redundant argument in sprintf at /tmp/loop_over_bdir-4833-RsMgL5/HTTP-Engine-0.03005-0/inc/Spiffy.pm line 225.
t/moose/010_core/request-params.t ........................... ok
Possible precedence issue with control flow operator at /tmp/loop_over_bdir-4833-RsMgL5/HTTP-Engine-0.03005-0/inc/Test/Builder.pm line 917.
t/moose/010_core/request-parse.t ............................ ok
Possible precedence issue with control flow operator at /tmp/loop_over_bdir-4833-RsMgL5/HTTP-Engine-0.03005-0/inc/Test/Builder.pm line 917.
Redundant argument in sprintf at /tmp/loop_over_bdir-4833-RsMgL5/HTTP-Engine-0.03005-0/inc/Spiffy.pm line 225.
Redundant argument in sprintf at /tmp/loop_over_bdir-4833-RsMgL5/HTTP-Engine-0.03005-0/inc/Spiffy.pm line 225.
Redundant argument in sprintf at /tmp/loop_over_bdir-4833-RsMgL5/HTTP-Engine-0.03005-0/inc/Spiffy.pm line 225.
Redundant argument in sprintf at /tmp/loop_over_bdir-4833-RsMgL5/HTTP-Engine-0.03005-0/inc/Spiffy.pm line 225.
t/moose/010_core/request-proxy_request.t .................... ok
Possible precedence issue with control flow operator at /tmp/loop_over_bdir-4833-RsMgL5/HTTP-Engine-0.03005-0/inc/Test/Builder.pm line 917.
t/moose/010_core/request-raw_body.t ......................... ok
Possible precedence issue with control flow operator at /tmp/loop_over_bdir-4833-RsMgL5/HTTP-Engine-0.03005-0/inc/Test/Builder.pm line 917.
t/moose/010_core/request-readbody.t ......................... ok
Possible precedence issue with control flow operator at /tmp/loop_over_bdir-4833-RsMgL5/HTTP-Engine-0.03005-0/inc/Test/Builder.pm line 917.
Redundant argument in sprintf at /tmp/loop_over_bdir-4833-RsMgL5/HTTP-Engine-0.03005-0/inc/Spiffy.pm line 225.
Redundant argument in sprintf at /tmp/loop_over_bdir-4833-RsMgL5/HTTP-Engine-0.03005-0/inc/Spiffy.pm line 225.
Redundant argument in sprintf at /tmp/loop_over_bdir-4833-RsMgL5/HTTP-Engine-0.03005-0/inc/Spiffy.pm line 225.
Redundant argument in sprintf at /tmp/loop_over_bdir-4833-RsMgL5/HTTP-Engine-0.03005-0/inc/Spiffy.pm line 225.
t/moose/010_core/request-secure.t ........................... ok
Possible precedence issue with control flow operator at /tmp/loop_over_bdir-4833-RsMgL5/HTTP-Engine-0.03005-0/inc/Test/Builder.pm line 917.
t/moose/010_core/request-upload.t ........................... ok
Possible precedence issue with control flow operator at /tmp/loop_over_bdir-4833-RsMgL5/HTTP-Engine-0.03005-0/inc/Test/Builder.pm line 917.
Redundant argument in sprintf at /tmp/loop_over_bdir-4833-RsMgL5/HTTP-Engine-0.03005-0/inc/Spiffy.pm line 225.
Redundant argument in sprintf at /tmp/loop_over_bdir-4833-RsMgL5/HTTP-Engine-0.03005-0/inc/Spiffy.pm line 225.
Redundant argument in sprintf at /tmp/loop_over_bdir-4833-RsMgL5/HTTP-Engine-0.03005-0/inc/Spiffy.pm line 225.
Redundant argument in sprintf at /tmp/loop_over_bdir-4833-RsMgL5/HTTP-Engine-0.03005-0/inc/Spiffy.pm line 225.
t/moose/010_core/request-uri.t .............................. ok
Possible precedence issue with control flow operator at /tmp/loop_over_bdir-4833-RsMgL5/HTTP-Engine-0.03005-0/inc/Test/Builder.pm line 917.
t/moose/010_core/request.t .................................. ok
Possible precedence issue with control flow operator at /tmp/loop_over_bdir-4833-RsMgL5/HTTP-Engine-0.03005-0/inc/Test/Builder.pm line 917.
t/moose/010_core/request_builder-noenv.t .................... ok
Possible precedence issue with control flow operator at /tmp/loop_over_bdir-4833-RsMgL5/HTTP-Engine-0.03005-0/inc/Test/Builder.pm line 917.

#   Failed test at /tmp/loop_over_bdir-4833-RsMgL5/HTTP-Engine-0.03005-0/inc/Test/More.pm line 420.
#                   'Class::MOP::load_class is deprecated at /home/sand/src/perl/repoperls/installed-perls/host/k93x64sid/v5.25.4-15-gfdc080f/3bd2/lib/site_perl/5.25.5/x86_64-linux-ld/Class/MOP.pm line 69.
# 	Class::MOP::load_class("HTTP::Engine::Interface::Test") called at /tmp/loop_over_bdir-4833-RsMgL5/HTTP-Engine-0.03005-0/blib/lib/HTTP/Engine/Types/Core.pm line 26
# 	HTTP::Engine::Types::Core::__ANON__(HASH(0x2d42ea8)) called at /home/sand/src/perl/repoperls/installed-perls/host/k93x64sid/v5.25.4-15-gfdc080f/3bd2/lib/site_perl/5.25.5/x86_64-linux-ld/Moose/Meta/TypeCoercion.pm line 65
# 	Moose::Meta::TypeCoercion::__ANON__(HASH(0x2d42ea8)) called at constructor HTTP::Engine::new (defined at /tmp/loop_over_bdir-4833-RsMgL5/HTTP-Engine-0.03005-0/blib/lib/HTTP/Engine.pm line 17) line 32
# 	HTTP::Engine::new("HTTP::Engine", "interface", HASH(0x2d42ea8)) called at t/Utils.pm line 141
# 	t::Utils::run_engine(CODE(0x155a2f8), HTTP::Request=HASH(0x2efaf88)) called at t/moose/010_core/request_processor-catch_error.t line 15
# 	eval {...} called at t/moose/010_core/request_processor-catch_error.t line 12
# orz at t/moose/010_core/request_processor-catch_error.t line 14.
# '
#     doesn't match '(?^:^orz)'
# Looks like you failed 1 test of 3.
t/moose/010_core/request_processor-catch_error.t ............ 
Dubious, test returned 1 (wstat 256, 0x100)
Failed 1/3 subtests 
Possible precedence issue with control flow operator at /tmp/loop_over_bdir-4833-RsMgL5/HTTP-Engine-0.03005-0/inc/Test/Builder.pm line 917.
Class::MOP::load_class is deprecated at /home/sand/src/perl/repoperls/installed-perls/host/k93x64sid/v5.25.4-15-gfdc080f/3bd2/lib/site_perl/5.25.5/x86_64-linux-ld/Class/MOP.pm line 69.
	Class::MOP::load_class("HTTP::Engine::Interface::Test") called at /tmp/loop_over_bdir-4833-RsMgL5/HTTP-Engine-0.03005-0/blib/lib/HTTP/Engine/Types/Core.pm line 26
	HTTP::Engine::Types::Core::__ANON__(HASH(0x3747768)) called at /home/sand/src/perl/repoperls/installed-perls/host/k93x64sid/v5.25.4-15-gfdc080f/3bd2/lib/site_perl/5.25.5/x86_64-linux-ld/Moose/Meta/TypeCoercion.pm line 65
	Moose::Meta::TypeCoercion::__ANON__(HASH(0x3747768)) called at constructor HTTP::Engine::new (defined at /tmp/loop_over_bdir-4833-RsMgL5/HTTP-Engine-0.03005-0/blib/lib/HTTP/Engine.pm line 17) line 32
	HTTP::Engine::new("HTTP::Engine", "interface", HASH(0x3747768)) called at t/Utils.pm line 141
	t::Utils::run_engine(CODE(0x1c81e88), HTTP::Request=HASH(0x1c814b0), "method", "GET", "raw_body", "test") called at t/moose/010_core/request_processor-make_request.t line 15
t/moose/010_core/request_processor-make_request.t ........... ok
Possible precedence issue with control flow operator at /tmp/loop_over_bdir-4833-RsMgL5/HTTP-Engine-0.03005-0/inc/Test/Builder.pm line 917.
t/moose/010_core/request_processor-response_error.t ......... ok
Possible precedence issue with control flow operator at /tmp/loop_over_bdir-4833-RsMgL5/HTTP-Engine-0.03005-0/inc/Test/Builder.pm line 917.
t/moose/010_core/request_upload-basename.t .................. ok
Possible precedence issue with control flow operator at /tmp/loop_over_bdir-4833-RsMgL5/HTTP-Engine-0.03005-0/inc/Test/Builder.pm line 917.
t/moose/010_core/response-code.t ............................ ok
Possible precedence issue with control flow operator at /tmp/loop_over_bdir-4833-RsMgL5/HTTP-Engine-0.03005-0/inc/Test/Builder.pm line 917.
t/moose/010_core/response-coerce_headers.t .................. ok
Possible precedence issue with control flow operator at /tmp/loop_over_bdir-4833-RsMgL5/HTTP-Engine-0.03005-0/inc/Test/Builder.pm line 917.
t/moose/010_core/response-content_length.t .................. ok
Possible precedence issue with control flow operator at /tmp/loop_over_bdir-4833-RsMgL5/HTTP-Engine-0.03005-0/inc/Test/Builder.pm line 917.
Class::MOP::load_class is deprecated at /home/sand/src/perl/repoperls/installed-perls/host/k93x64sid/v5.25.4-15-gfdc080f/3bd2/lib/site_perl/5.25.5/x86_64-linux-ld/Class/MOP.pm line 69.
	Class::MOP::load_class("HTTP::Engine::Interface::Test") called at /tmp/loop_over_bdir-4833-RsMgL5/HTTP-Engine-0.03005-0/blib/lib/HTTP/Engine/Types/Core.pm line 26
	HTTP::Engine::Types::Core::__ANON__(HASH(0x204f6d8)) called at /home/sand/src/perl/repoperls/installed-perls/host/k93x64sid/v5.25.4-15-gfdc080f/3bd2/lib/site_perl/5.25.5/x86_64-linux-ld/Moose/Meta/TypeCoercion.pm line 65
	Moose::Meta::TypeCoercion::__ANON__(HASH(0x204f6d8)) called at constructor HTTP::Engine::new (defined at /tmp/loop_over_bdir-4833-RsMgL5/HTTP-Engine-0.03005-0/blib/lib/HTTP/Engine.pm line 17) line 32
	HTTP::Engine::new("HTTP::Engine", "interface", HASH(0x204f6d8)) called at t/Utils.pm line 141
	t::Utils::run_engine(CODE(0x205d6d0), HTTP::Request=HASH(0x204f450)) called at t/moose/010_core/response-cookie.t line 45
t/moose/010_core/response-cookie.t .......................... ok
Possible precedence issue with control flow operator at /tmp/loop_over_bdir-4833-RsMgL5/HTTP-Engine-0.03005-0/inc/Test/Builder.pm line 917.
t/moose/010_core/response-new.t ............................. ok
Possible precedence issue with control flow operator at /tmp/loop_over_bdir-4833-RsMgL5/HTTP-Engine-0.03005-0/inc/Test/Builder.pm line 917.
t/moose/010_core/response-set_http_response.t ............... ok
Possible precedence issue with control flow operator at /tmp/loop_over_bdir-4833-RsMgL5/HTTP-Engine-0.03005-0/inc/Test/Builder.pm line 917.
Redundant argument in sprintf at /tmp/loop_over_bdir-4833-RsMgL5/HTTP-Engine-0.03005-0/inc/Spiffy.pm line 225.
Redundant argument in sprintf at /tmp/loop_over_bdir-4833-RsMgL5/HTTP-Engine-0.03005-0/inc/Spiffy.pm line 225.
Redundant argument in sprintf at /tmp/loop_over_bdir-4833-RsMgL5/HTTP-Engine-0.03005-0/inc/Spiffy.pm line 225.
Redundant argument in sprintf at /tmp/loop_over_bdir-4833-RsMgL5/HTTP-Engine-0.03005-0/inc/Spiffy.pm line 225.
t/moose/010_core/response-status.t .......................... ok
Possible precedence issue with control flow operator at /tmp/loop_over_bdir-4833-RsMgL5/HTTP-Engine-0.03005-0/inc/Test/Builder.pm line 917.
t/moose/010_core/response.t ................................. ok
Possible precedence issue with control flow operator at /tmp/loop_over_bdir-4833-RsMgL5/HTTP-Engine-0.03005-0/inc/Test/Builder.pm line 917.
Redundant argument in sprintf at /tmp/loop_over_bdir-4833-RsMgL5/HTTP-Engine-0.03005-0/inc/Spiffy.pm line 225.
Redundant argument in sprintf at /tmp/loop_over_bdir-4833-RsMgL5/HTTP-Engine-0.03005-0/inc/Spiffy.pm line 225.
Redundant argument in sprintf at /tmp/loop_over_bdir-4833-RsMgL5/HTTP-Engine-0.03005-0/inc/Spiffy.pm line 225.
Redundant argument in sprintf at /tmp/loop_over_bdir-4833-RsMgL5/HTTP-Engine-0.03005-0/inc/Spiffy.pm line 225.
t/moose/010_core/response_finalizer.t ....................... ok
Possible precedence issue with control flow operator at /tmp/loop_over_bdir-4833-RsMgL5/HTTP-Engine-0.03005-0/inc/Test/Builder.pm line 917.
Class::MOP::load_class is deprecated at /home/sand/src/perl/repoperls/installed-perls/host/k93x64sid/v5.25.4-15-gfdc080f/3bd2/lib/site_perl/5.25.5/x86_64-linux-ld/Class/MOP.pm line 69.
	Class::MOP::load_class("HTTP::Engine::RequestBuilder::CGI") called at /tmp/loop_over_bdir-4833-RsMgL5/HTTP-Engine-0.03005-0/blib/lib/HTTP/Engine/Interface.pm line 65
	HTTP::Engine::Interface::_setup_builder("HTTP::Engine::Interface::CGI", "CGI") called at /tmp/loop_over_bdir-4833-RsMgL5/HTTP-Engine-0.03005-0/blib/lib/HTTP/Engine/Interface.pm line 51
	HTTP::Engine::Interface::__INTERFACE__("HTTP::Engine::Interface::CGI") called at /tmp/loop_over_bdir-4833-RsMgL5/HTTP-Engine-0.03005-0/blib/lib/HTTP/Engine/Interface.pm line 31
	HTTP::Engine::Interface::__ANON__() called at /tmp/loop_over_bdir-4833-RsMgL5/HTTP-Engine-0.03005-0/blib/lib/HTTP/Engine/Interface/CGI.pm line 18
	require HTTP/Engine/Interface/CGI.pm called at t/moose/010_core/response_writer.t line 9
	main::BEGIN() called at /tmp/loop_over_bdir-4833-RsMgL5/HTTP-Engine-0.03005-0/blib/lib/HTTP/Engine/Interface/CGI.pm line 0
	eval {...} called at /tmp/loop_over_bdir-4833-RsMgL5/HTTP-Engine-0.03005-0/blib/lib/HTTP/Engine/Interface/CGI.pm line 0
t/moose/010_core/response_writer.t .......................... ok
Possible precedence issue with control flow operator at /tmp/loop_over_bdir-4833-RsMgL5/HTTP-Engine-0.03005-0/inc/Test/Builder.pm line 917.
t/moose/010_core/responsewriter-broken_io.t ................. ok
Possible precedence issue with control flow operator at /tmp/loop_over_bdir-4833-RsMgL5/HTTP-Engine-0.03005-0/inc/Test/Builder.pm line 917.
Redundant argument in sprintf at /tmp/loop_over_bdir-4833-RsMgL5/HTTP-Engine-0.03005-0/inc/Spiffy.pm line 225.
Redundant argument in sprintf at /tmp/loop_over_bdir-4833-RsMgL5/HTTP-Engine-0.03005-0/inc/Spiffy.pm line 225.
Redundant argument in sprintf at /tmp/loop_over_bdir-4833-RsMgL5/HTTP-Engine-0.03005-0/inc/Spiffy.pm line 225.
Redundant argument in sprintf at /tmp/loop_over_bdir-4833-RsMgL5/HTTP-Engine-0.03005-0/inc/Spiffy.pm line 225.
t/moose/010_core/responsewriter-with_io.t ................... ok
Class::MOP::load_class is deprecated at /home/sand/src/perl/repoperls/installed-perls/host/k93x64sid/v5.25.4-15-gfdc080f/3bd2/lib/site_perl/5.25.5/x86_64-linux-ld/Class/MOP.pm line 69.
	Class::MOP::load_class("HTTP::Engine::RequestBuilder::CGI") called at /tmp/loop_over_bdir-4833-RsMgL5/HTTP-Engine-0.03005-0/blib/lib/HTTP/Engine/Interface.pm line 65
	HTTP::Engine::Interface::_setup_builder("HTTP::Engine::Interface::CGI", "CGI") called at /tmp/loop_over_bdir-4833-RsMgL5/HTTP-Engine-0.03005-0/blib/lib/HTTP/Engine/Interface.pm line 51
	HTTP::Engine::Interface::__INTERFACE__("HTTP::Engine::Interface::CGI") called at /tmp/loop_over_bdir-4833-RsMgL5/HTTP-Engine-0.03005-0/blib/lib/HTTP/Engine/Interface.pm line 31
	HTTP::Engine::Interface::__ANON__() called at /tmp/loop_over_bdir-4833-RsMgL5/HTTP-Engine-0.03005-0/blib/lib/HTTP/Engine/Interface/CGI.pm line 18
	require HTTP/Engine/Interface/CGI.pm called at t/moose/020_interface/cgi.t line 5
	main::BEGIN() called at /tmp/loop_over_bdir-4833-RsMgL5/HTTP-Engine-0.03005-0/blib/lib/HTTP/Engine/Interface/CGI.pm line 0
	eval {...} called at /tmp/loop_over_bdir-4833-RsMgL5/HTTP-Engine-0.03005-0/blib/lib/HTTP/Engine/Interface/CGI.pm line 0
Possible precedence issue with control flow operator at /tmp/loop_over_bdir-4833-RsMgL5/HTTP-Engine-0.03005-0/inc/Test/Builder.pm line 917.
Redundant argument in sprintf at /tmp/loop_over_bdir-4833-RsMgL5/HTTP-Engine-0.03005-0/inc/Spiffy.pm line 225.
Redundant argument in sprintf at /tmp/loop_over_bdir-4833-RsMgL5/HTTP-Engine-0.03005-0/inc/Spiffy.pm line 225.
Redundant argument in sprintf at /tmp/loop_over_bdir-4833-RsMgL5/HTTP-Engine-0.03005-0/inc/Spiffy.pm line 225.
Redundant argument in sprintf at /tmp/loop_over_bdir-4833-RsMgL5/HTTP-Engine-0.03005-0/inc/Spiffy.pm line 225.
Class::MOP::load_class is deprecated at /home/sand/src/perl/repoperls/installed-perls/host/k93x64sid/v5.25.4-15-gfdc080f/3bd2/lib/site_perl/5.25.5/x86_64-linux-ld/Class/MOP.pm line 69, <DATA> line 1.
	Class::MOP::load_class("HTTP::Engine::Interface::CGI") called at /tmp/loop_over_bdir-4833-RsMgL5/HTTP-Engine-0.03005-0/blib/lib/HTTP/Engine/Types/Core.pm line 26
	HTTP::Engine::Types::Core::__ANON__(HASH(0x389ab00)) called at /home/sand/src/perl/repoperls/installed-perls/host/k93x64sid/v5.25.4-15-gfdc080f/3bd2/lib/site_perl/5.25.5/x86_64-linux-ld/Moose/Meta/TypeCoercion.pm line 65
	Moose::Meta::TypeCoercion::__ANON__(HASH(0x389ab00)) called at constructor HTTP::Engine::new (defined at /tmp/loop_over_bdir-4833-RsMgL5/HTTP-Engine-0.03005-0/blib/lib/HTTP/Engine.pm line 17) line 32
	HTTP::Engine::new("HTTP::Engine", "interface", HASH(0x389ab00)) called at t/moose/020_interface/cgi.t line 36
	main::__ANON__(Test::Base::Block=HASH(0x3885ce0)) called at /tmp/loop_over_bdir-4833-RsMgL5/HTTP-Engine-0.03005-0/inc/Test/Base.pm line 269
	Test::Base::run(undef) called at t/moose/020_interface/cgi.t line 39
t/moose/020_interface/cgi.t ................................. ok
Possible precedence issue with control flow operator at /tmp/loop_over_bdir-4833-RsMgL5/HTTP-Engine-0.03005-0/inc/Test/Builder.pm line 917.
t/moose/020_interface/lighty-fcgi.t ......................... skipped: set TEST_LIGHTTPD to enable this test
Possible precedence issue with control flow operator at /tmp/loop_over_bdir-4833-RsMgL5/HTTP-Engine-0.03005-0/inc/Test/Builder.pm line 917.
t/moose/020_interface/modperl_wildcard_hostname.t ........... skipped: this test requires mod_perl 2
Possible precedence issue with control flow operator at /tmp/loop_over_bdir-4833-RsMgL5/HTTP-Engine-0.03005-0/inc/Test/Builder.pm line 917.
t/moose/020_interface/poe-proxy.t ........................... skipped: this test requires POE::Component::Client::HTTP
Possible precedence issue with control flow operator at /tmp/loop_over_bdir-4833-RsMgL5/HTTP-Engine-0.03005-0/inc/Test/Builder.pm line 917.
t/moose/020_interface/poe-uri.t ............................. skipped: this test requires POE::Component::Client::HTTP
Possible precedence issue with control flow operator at /tmp/loop_over_bdir-4833-RsMgL5/HTTP-Engine-0.03005-0/inc/Test/Builder.pm line 917.
t/moose/020_interface/poe.t ................................. skipped: this test requires POE::Component::Client::HTTP
Possible precedence issue with control flow operator at /tmp/loop_over_bdir-4833-RsMgL5/HTTP-Engine-0.03005-0/inc/Test/Builder.pm line 917.
Class::MOP::load_class is deprecated at /home/sand/src/perl/repoperls/installed-perls/host/k93x64sid/v5.25.4-15-gfdc080f/3bd2/lib/site_perl/5.25.5/x86_64-linux-ld/Class/MOP.pm line 69.
	Class::MOP::load_class("HTTP::Engine::Interface::PSGI") called at /tmp/loop_over_bdir-4833-RsMgL5/HTTP-Engine-0.03005-0/blib/lib/HTTP/Engine/Types/Core.pm line 26
	HTTP::Engine::Types::Core::__ANON__(HASH(0x1af8560)) called at /home/sand/src/perl/repoperls/installed-perls/host/k93x64sid/v5.25.4-15-gfdc080f/3bd2/lib/site_perl/5.25.5/x86_64-linux-ld/Moose/Meta/TypeCoercion.pm line 65
	Moose::Meta::TypeCoercion::__ANON__(HASH(0x1af8560)) called at constructor HTTP::Engine::new (defined at /tmp/loop_over_bdir-4833-RsMgL5/HTTP-Engine-0.03005-0/blib/lib/HTTP/Engine.pm line 17) line 32
	HTTP::Engine::new("HTTP::Engine", "interface", HASH(0x1af8560)) called at t/moose/020_interface/psgi-with_plack.t line 33
	main::__ANON__(50632) called at /tmp/loop_over_bdir-4833-RsMgL5/HTTP-Engine-0.03005-0/inc/Test/TCP.pm line 118
	Test::TCP::start(Test::TCP=HASH(0x3294ed8)) called at /tmp/loop_over_bdir-4833-RsMgL5/HTTP-Engine-0.03005-0/inc/Test/TCP.pm line 102
	Test::TCP::new("Test::TCP", "code", CODE(0x36a4560), "port", 50632) called at /tmp/loop_over_bdir-4833-RsMgL5/HTTP-Engine-0.03005-0/inc/Test/TCP.pm line 54
	Test::TCP::test_tcp("client", CODE(0x3582c38), "server", CODE(0x36a4560)) called at t/moose/020_interface/psgi-with_plack.t line 37
t/moose/020_interface/psgi-with_plack.t ..................... ok
Possible precedence issue with control flow operator at /tmp/loop_over_bdir-4833-RsMgL5/HTTP-Engine-0.03005-0/inc/Test/Builder.pm line 917.
Class::MOP::load_class is deprecated at /home/sand/src/perl/repoperls/installed-perls/host/k93x64sid/v5.25.4-15-gfdc080f/3bd2/lib/site_perl/5.25.5/x86_64-linux-ld/Class/MOP.pm line 69.
	Class::MOP::load_class("HTTP::Engine::Interface::PSGI") called at /tmp/loop_over_bdir-4833-RsMgL5/HTTP-Engine-0.03005-0/blib/lib/HTTP/Engine/Types/Core.pm line 26
	HTTP::Engine::Types::Core::__ANON__(HASH(0x1c51120)) called at /home/sand/src/perl/repoperls/installed-perls/host/k93x64sid/v5.25.4-15-gfdc080f/3bd2/lib/site_perl/5.25.5/x86_64-linux-ld/Moose/Meta/TypeCoercion.pm line 65
	Moose::Meta::TypeCoercion::__ANON__(HASH(0x1c51120)) called at constructor HTTP::Engine::new (defined at /tmp/loop_over_bdir-4833-RsMgL5/HTTP-Engine-0.03005-0/blib/lib/HTTP/Engine.pm line 17) line 32
	HTTP::Engine::new("HTTP::Engine", "interface", HASH(0x1c51120)) called at t/moose/020_interface/psgi.t line 24
t/moose/020_interface/psgi.t ................................ ok
Possible precedence issue with control flow operator at /tmp/loop_over_bdir-4833-RsMgL5/HTTP-Engine-0.03005-0/inc/Test/Builder.pm line 917.
t/moose/020_interface/server_simple-net_server_configure.t .. skipped: this test requires Net::Server::Single
Possible precedence issue with control flow operator at /tmp/loop_over_bdir-4833-RsMgL5/HTTP-Engine-0.03005-0/inc/Test/Builder.pm line 917.
Class::MOP::load_class is deprecated at /home/sand/src/perl/repoperls/installed-perls/host/k93x64sid/v5.25.4-15-gfdc080f/3bd2/lib/site_perl/5.25.5/x86_64-linux-ld/Class/MOP.pm line 69, <DATA> line 11.
	Class::MOP::load_class("HTTP::Engine::Interface::ServerSimple") called at /tmp/loop_over_bdir-4833-RsMgL5/HTTP-Engine-0.03005-0/blib/lib/HTTP/Engine/Types/Core.pm line 26
	HTTP::Engine::Types::Core::__ANON__(HASH(0x3197070)) called at /home/sand/src/perl/repoperls/installed-perls/host/k93x64sid/v5.25.4-15-gfdc080f/3bd2/lib/site_perl/5.25.5/x86_64-linux-ld/Moose/Meta/TypeCoercion.pm line 65
	Moose::Meta::TypeCoercion::__ANON__(HASH(0x3197070)) called at constructor HTTP::Engine::new (defined at /tmp/loop_over_bdir-4833-RsMgL5/HTTP-Engine-0.03005-0/blib/lib/HTTP/Engine.pm line 17) line 32
	HTTP::Engine::new("HTTP::Engine", "interface", HASH(0x3197070)) called at t/moose/020_interface/server_simple-not-send-header-bug.t line 39
	main::__ANON__(50065) called at /tmp/loop_over_bdir-4833-RsMgL5/HTTP-Engine-0.03005-0/inc/Test/TCP.pm line 118
	Test::TCP::start(Test::TCP=HASH(0x19da500)) called at /tmp/loop_over_bdir-4833-RsMgL5/HTTP-Engine-0.03005-0/inc/Test/TCP.pm line 102
	Test::TCP::new("Test::TCP", "code", CODE(0x2a78db0), "port", 50065) called at /tmp/loop_over_bdir-4833-RsMgL5/HTTP-Engine-0.03005-0/inc/Test/TCP.pm line 54
	Test::TCP::test_tcp("client", CODE(0x1b97d08), "server", CODE(0x2a78db0)) called at t/moose/020_interface/server_simple-not-send-header-bug.t line 41
Class::MOP::load_class is deprecated at /home/sand/src/perl/repoperls/installed-perls/host/k93x64sid/v5.25.4-15-gfdc080f/3bd2/lib/site_perl/5.25.5/x86_64-linux-ld/Class/MOP.pm line 69, <DATA> line 16.
	Class::MOP::load_class("HTTP::Engine::RequestBuilder::NoEnv") called at /tmp/loop_over_bdir-4833-RsMgL5/HTTP-Engine-0.03005-0/blib/lib/HTTP/Engine/Interface.pm line 65
	HTTP::Engine::Interface::_setup_builder("HTTP::Engine::Interface::ServerSimple", "NoEnv") called at /tmp/loop_over_bdir-4833-RsMgL5/HTTP-Engine-0.03005-0/blib/lib/HTTP/Engine/Interface.pm line 51
	HTTP::Engine::Interface::__INTERFACE__("HTTP::Engine::Interface::ServerSimple") called at /tmp/loop_over_bdir-4833-RsMgL5/HTTP-Engine-0.03005-0/blib/lib/HTTP/Engine/Interface.pm line 31
	HTTP::Engine::Interface::__ANON__() called at /tmp/loop_over_bdir-4833-RsMgL5/HTTP-Engine-0.03005-0/blib/lib/HTTP/Engine/Interface/ServerSimple.pm line 111
	require HTTP/Engine/Interface/ServerSimple.pm called at /home/sand/src/perl/repoperls/installed-perls/host/k93x64sid/v5.25.4-15-gfdc080f/3bd2/lib/site_perl/5.25.5/Module/Runtime.pm line 317
	Module::Runtime::require_module("HTTP::Engine::Interface::ServerSimple") called at /home/sand/src/perl/repoperls/installed-perls/host/k93x64sid/v5.25.4-15-gfdc080f/3bd2/lib/site_perl/5.25.5/Class/Load.pm line 174
	Class::Load::try {...} () called at /home/sand/src/perl/repoperls/installed-perls/host/k93x64sid/v5.25.4-15-gfdc080f/3bd2/lib/site_perl/5.25.5/Try/Tiny.pm line 99
	eval {...} called at /home/sand/src/perl/repoperls/installed-perls/host/k93x64sid/v5.25.4-15-gfdc080f/3bd2/lib/site_perl/5.25.5/Try/Tiny.pm line 94
	Try::Tiny::try(CODE(0x31b8860), Try::Tiny::Catch=REF(0x2c84010)) called at /home/sand/src/perl/repoperls/installed-perls/host/k93x64sid/v5.25.4-15-gfdc080f/3bd2/lib/site_perl/5.25.5/Class/Load.pm line 180
	Class::Load::try_load_class("HTTP::Engine::Interface::ServerSimple", undef) called at /home/sand/src/perl/repoperls/installed-perls/host/k93x64sid/v5.25.4-15-gfdc080f/3bd2/lib/site_perl/5.25.5/Class/Load.pm line 35
	Class::Load::load_class("HTTP::Engine::Interface::ServerSimple") called at /tmp/loop_over_bdir-4833-RsMgL5/HTTP-Engine-0.03005-0/blib/lib/HTTP/Engine/Types/Core.pm line 26
	HTTP::Engine::Types::Core::__ANON__(HASH(0x3197070)) called at /home/sand/src/perl/repoperls/installed-perls/host/k93x64sid/v5.25.4-15-gfdc080f/3bd2/lib/site_perl/5.25.5/x86_64-linux-ld/Moose/Meta/TypeCoercion.pm line 65
	Moose::Meta::TypeCoercion::__ANON__(HASH(0x3197070)) called at constructor HTTP::Engine::new (defined at /tmp/loop_over_bdir-4833-RsMgL5/HTTP-Engine-0.03005-0/blib/lib/HTTP/Engine.pm line 17) line 32
	HTTP::Engine::new("HTTP::Engine", "interface", HASH(0x3197070)) called at t/moose/020_interface/server_simple-not-send-header-bug.t line 39
	main::__ANON__(50065) called at /tmp/loop_over_bdir-4833-RsMgL5/HTTP-Engine-0.03005-0/inc/Test/TCP.pm line 118
	Test::TCP::start(Test::TCP=HASH(0x19da500)) called at /tmp/loop_over_bdir-4833-RsMgL5/HTTP-Engine-0.03005-0/inc/Test/TCP.pm line 102
	Test::TCP::new("Test::TCP", "code", CODE(0x2a78db0), "port", 50065) called at /tmp/loop_over_bdir-4833-RsMgL5/HTTP-Engine-0.03005-0/inc/Test/TCP.pm line 54
	Test::TCP::test_tcp("client", CODE(0x1b97d08), "server", CODE(0x2a78db0)) called at t/moose/020_interface/server_simple-not-send-header-bug.t line 41
t/moose/020_interface/server_simple-not-send-header-bug.t ... ok
Possible precedence issue with control flow operator at /tmp/loop_over_bdir-4833-RsMgL5/HTTP-Engine-0.03005-0/inc/Test/Builder.pm line 917.
Class::MOP::load_class is deprecated at /home/sand/src/perl/repoperls/installed-perls/host/k93x64sid/v5.25.4-15-gfdc080f/3bd2/lib/site_perl/5.25.5/x86_64-linux-ld/Class/MOP.pm line 69, <DATA> line 11.
	Class::MOP::load_class("HTTP::Engine::Interface::ServerSimple") called at /tmp/loop_over_bdir-4833-RsMgL5/HTTP-Engine-0.03005-0/blib/lib/HTTP/Engine/Types/Core.pm line 26
	HTTP::Engine::Types::Core::__ANON__(HASH(0x32aedb8)) called at /home/sand/src/perl/repoperls/installed-perls/host/k93x64sid/v5.25.4-15-gfdc080f/3bd2/lib/site_perl/5.25.5/x86_64-linux-ld/Moose/Meta/TypeCoercion.pm line 65
	Moose::Meta::TypeCoercion::__ANON__(HASH(0x32aedb8)) called at constructor HTTP::Engine::new (defined at /tmp/loop_over_bdir-4833-RsMgL5/HTTP-Engine-0.03005-0/blib/lib/HTTP/Engine.pm line 17) line 32
	HTTP::Engine::new("HTTP::Engine", "interface", HASH(0x32aedb8)) called at t/moose/020_interface/server_simple-print_banner.t line 32
	main::__ANON__(50109) called at /tmp/loop_over_bdir-4833-RsMgL5/HTTP-Engine-0.03005-0/inc/Test/TCP.pm line 118
	Test::TCP::start(Test::TCP=HASH(0x327beb8)) called at /tmp/loop_over_bdir-4833-RsMgL5/HTTP-Engine-0.03005-0/inc/Test/TCP.pm line 102
	Test::TCP::new("Test::TCP", "code", CODE(0x178a120), "port", 50109) called at /tmp/loop_over_bdir-4833-RsMgL5/HTTP-Engine-0.03005-0/inc/Test/TCP.pm line 54
	Test::TCP::test_tcp("client", CODE(0x321e210), "server", CODE(0x178a120)) called at t/moose/020_interface/server_simple-print_banner.t line 34
t/moose/020_interface/server_simple-print_banner.t .......... ok
Possible precedence issue with control flow operator at /tmp/loop_over_bdir-4833-RsMgL5/HTTP-Engine-0.03005-0/inc/Test/Builder.pm line 917.
Class::MOP::load_class is deprecated at /home/sand/src/perl/repoperls/installed-perls/host/k93x64sid/v5.25.4-15-gfdc080f/3bd2/lib/site_perl/5.25.5/x86_64-linux-ld/Class/MOP.pm line 69, <DATA> line 11.
	Class::MOP::load_class("HTTP::Engine::Interface::ServerSimple") called at /tmp/loop_over_bdir-4833-RsMgL5/HTTP-Engine-0.03005-0/blib/lib/HTTP/Engine/Types/Core.pm line 26
	HTTP::Engine::Types::Core::__ANON__(HASH(0x2a8c960)) called at /home/sand/src/perl/repoperls/installed-perls/host/k93x64sid/v5.25.4-15-gfdc080f/3bd2/lib/site_perl/5.25.5/x86_64-linux-ld/Moose/Meta/TypeCoercion.pm line 65
	Moose::Meta::TypeCoercion::__ANON__(HASH(0x2a8c960)) called at constructor HTTP::Engine::new (defined at /tmp/loop_over_bdir-4833-RsMgL5/HTTP-Engine-0.03005-0/blib/lib/HTTP/Engine.pm line 17) line 32
	HTTP::Engine::new("HTTP::Engine", "interface", HASH(0x2a8c960)) called at t/moose/020_interface/server_simple.t line 36
	main::__ANON__(50642) called at /tmp/loop_over_bdir-4833-RsMgL5/HTTP-Engine-0.03005-0/inc/Test/TCP.pm line 118
	Test::TCP::start(Test::TCP=HASH(0x2a7a030)) called at /tmp/loop_over_bdir-4833-RsMgL5/HTTP-Engine-0.03005-0/inc/Test/TCP.pm line 102
	Test::TCP::new("Test::TCP", "code", CODE(0x2a7a060), "port", 50642) called at /tmp/loop_over_bdir-4833-RsMgL5/HTTP-Engine-0.03005-0/inc/Test/TCP.pm line 54
	Test::TCP::test_tcp("client", CODE(0x29eba50), "server", CODE(0x2a7a060)) called at t/moose/020_interface/server_simple.t line 38
t/moose/020_interface/server_simple.t ....................... ok
Possible precedence issue with control flow operator at /tmp/loop_over_bdir-4833-RsMgL5/HTTP-Engine-0.03005-0/inc/Test/Builder.pm line 917.
t/moose/020_interface/standalone-keep_alive.t ............... skipped: Interface::Standalone will be removed
Possible precedence issue with control flow operator at /tmp/loop_over_bdir-4833-RsMgL5/HTTP-Engine-0.03005-0/inc/Test/Builder.pm line 917.
t/moose/020_interface/standalone-restart.t .................. skipped: Interface::Standalone will be removed
Possible precedence issue with control flow operator at /tmp/loop_over_bdir-4833-RsMgL5/HTTP-Engine-0.03005-0/inc/Test/Builder.pm line 917.
Class::MOP::load_class is deprecated at /home/sand/src/perl/repoperls/installed-perls/host/k93x64sid/v5.25.4-15-gfdc080f/3bd2/lib/site_perl/5.25.5/x86_64-linux-ld/Class/MOP.pm line 69.
	Class::MOP::load_class("HTTP::Engine::Interface::Test") called at /tmp/loop_over_bdir-4833-RsMgL5/HTTP-Engine-0.03005-0/blib/lib/HTTP/Engine/Types/Core.pm line 26
	HTTP::Engine::Types::Core::__ANON__(HASH(0x4299438)) called at /home/sand/src/perl/repoperls/installed-perls/host/k93x64sid/v5.25.4-15-gfdc080f/3bd2/lib/site_perl/5.25.5/x86_64-linux-ld/Moose/Meta/TypeCoercion.pm line 65
	Moose::Meta::TypeCoercion::__ANON__(HASH(0x4299438)) called at constructor HTTP::Engine::new (defined at /tmp/loop_over_bdir-4833-RsMgL5/HTTP-Engine-0.03005-0/blib/lib/HTTP/Engine.pm line 17) line 32
	HTTP::Engine::new("HTTP::Engine", "interface", HASH(0x4299438)) called at t/moose/020_interface/streaming_response.t line 30
	eval {...} called at t/moose/020_interface/streaming_response.t line 19
t/moose/020_interface/streaming_response.t .................. ok
Possible precedence issue with control flow operator at /tmp/loop_over_bdir-4833-RsMgL5/HTTP-Engine-0.03005-0/inc/Test/Builder.pm line 917.

#   Failed test at t/moose/020_interface/test-validation.t line 23.
#          got: '1'
#     expected: '0'
# Looks like you failed 1 test of 10.
t/moose/020_interface/test-validation.t ..................... 
Dubious, test returned 1 (wstat 256, 0x100)
Failed 1/10 subtests 
Possible precedence issue with control flow operator at /tmp/loop_over_bdir-4833-RsMgL5/HTTP-Engine-0.03005-0/inc/Test/Builder.pm line 917.
t/moose/020_interface/test-warn_at_utf8.t ................... ok
Possible precedence issue with control flow operator at /tmp/loop_over_bdir-4833-RsMgL5/HTTP-Engine-0.03005-0/inc/Test/Builder.pm line 917.
Redundant argument in sprintf at /tmp/loop_over_bdir-4833-RsMgL5/HTTP-Engine-0.03005-0/inc/Spiffy.pm line 225.
Redundant argument in sprintf at /tmp/loop_over_bdir-4833-RsMgL5/HTTP-Engine-0.03005-0/inc/Spiffy.pm line 225.
Redundant argument in sprintf at /tmp/loop_over_bdir-4833-RsMgL5/HTTP-Engine-0.03005-0/inc/Spiffy.pm line 225.
Redundant argument in sprintf at /tmp/loop_over_bdir-4833-RsMgL5/HTTP-Engine-0.03005-0/inc/Spiffy.pm line 225.
Class::MOP::load_class is deprecated at /home/sand/src/perl/repoperls/installed-perls/host/k93x64sid/v5.25.4-15-gfdc080f/3bd2/lib/site_perl/5.25.5/x86_64-linux-ld/Class/MOP.pm line 69, <DATA> line 1.
	Class::MOP::load_class("HTTP::Engine::Interface::Test") called at /tmp/loop_over_bdir-4833-RsMgL5/HTTP-Engine-0.03005-0/blib/lib/HTTP/Engine/Types/Core.pm line 26
	HTTP::Engine::Types::Core::__ANON__(HASH(0x1f2d1e0)) called at /home/sand/src/perl/repoperls/installed-perls/host/k93x64sid/v5.25.4-15-gfdc080f/3bd2/lib/site_perl/5.25.5/x86_64-linux-ld/Moose/Meta/TypeCoercion.pm line 65
	Moose::Meta::TypeCoercion::__ANON__(HASH(0x1f2d1e0)) called at constructor HTTP::Engine::new (defined at /tmp/loop_over_bdir-4833-RsMgL5/HTTP-Engine-0.03005-0/blib/lib/HTTP/Engine.pm line 17) line 32
	HTTP::Engine::new("HTTP::Engine", "interface", HASH(0x1f2d1e0)) called at t/moose/020_interface/test.t line 38
	main::__ANON__(Test::Base::Block=HASH(0x1dd92c8)) called at /tmp/loop_over_bdir-4833-RsMgL5/HTTP-Engine-0.03005-0/inc/Test/Base.pm line 269
	Test::Base::run(undef) called at t/moose/020_interface/test.t line 43
t/moose/020_interface/test.t ................................ ok
Possible precedence issue with control flow operator at /tmp/loop_over_bdir-4833-RsMgL5/HTTP-Engine-0.03005-0/inc/Test/Builder.pm line 917.
Class::MOP::load_class is deprecated at /home/sand/src/perl/repoperls/installed-perls/host/k93x64sid/v5.25.4-15-gfdc080f/3bd2/lib/site_perl/5.25.5/x86_64-linux-ld/Class/MOP.pm line 69.
	Class::MOP::load_class("HTTP::Engine::Interface::Test") called at /tmp/loop_over_bdir-4833-RsMgL5/HTTP-Engine-0.03005-0/blib/lib/HTTP/Engine/Types/Core.pm line 26
	HTTP::Engine::Types::Core::__ANON__(HASH(0x25eb070)) called at /home/sand/src/perl/repoperls/installed-perls/host/k93x64sid/v5.25.4-15-gfdc080f/3bd2/lib/site_perl/5.25.5/x86_64-linux-ld/Moose/Meta/TypeCoercion.pm line 65
	Moose::Meta::TypeCoercion::__ANON__(HASH(0x25eb070)) called at constructor HTTP::Engine::new (defined at /tmp/loop_over_bdir-4833-RsMgL5/HTTP-Engine-0.03005-0/blib/lib/HTTP/Engine.pm line 17) line 32
	HTTP::Engine::new("HTTP::Engine", "interface", HASH(0x25eb070)) called at t/moose/020_interface/test_response-with_io.t line 26
t/moose/020_interface/test_response-with_io.t ............... ok
Possible precedence issue with control flow operator at /tmp/loop_over_bdir-4833-RsMgL5/HTTP-Engine-0.03005-0/inc/Test/Builder.pm line 917.
Redundant argument in sprintf at /tmp/loop_over_bdir-4833-RsMgL5/HTTP-Engine-0.03005-0/inc/Spiffy.pm line 225.
Redundant argument in sprintf at /tmp/loop_over_bdir-4833-RsMgL5/HTTP-Engine-0.03005-0/inc/Spiffy.pm line 225.
Redundant argument in sprintf at /tmp/loop_over_bdir-4833-RsMgL5/HTTP-Engine-0.03005-0/inc/Spiffy.pm line 225.
Redundant argument in sprintf at /tmp/loop_over_bdir-4833-RsMgL5/HTTP-Engine-0.03005-0/inc/Spiffy.pm line 225.
Class::MOP::load_class is deprecated at /home/sand/src/perl/repoperls/installed-perls/host/k93x64sid/v5.25.4-15-gfdc080f/3bd2/lib/site_perl/5.25.5/x86_64-linux-ld/Class/MOP.pm line 69, <DATA> line 1.
	Class::MOP::load_class("HTTP::Engine::Interface::Test") called at /tmp/loop_over_bdir-4833-RsMgL5/HTTP-Engine-0.03005-0/blib/lib/HTTP/Engine/Types/Core.pm line 26
	HTTP::Engine::Types::Core::__ANON__(HASH(0x40df328)) called at /home/sand/src/perl/repoperls/installed-perls/host/k93x64sid/v5.25.4-15-gfdc080f/3bd2/lib/site_perl/5.25.5/x86_64-linux-ld/Moose/Meta/TypeCoercion.pm line 65
	Moose::Meta::TypeCoercion::__ANON__(HASH(0x40df328)) called at constructor HTTP::Engine::new (defined at /tmp/loop_over_bdir-4833-RsMgL5/HTTP-Engine-0.03005-0/blib/lib/HTTP/Engine.pm line 17) line 32
	HTTP::Engine::new("HTTP::Engine", "interface", HASH(0x40df328)) called at t/moose/020_interface/test_upload.t line 55
	main::__ANON__(Test::Base::Block=HASH(0x1df9720)) called at /tmp/loop_over_bdir-4833-RsMgL5/HTTP-Engine-0.03005-0/inc/Test/Base.pm line 269
	Test::Base::run(undef) called at t/moose/020_interface/test_upload.t line 91
t/moose/020_interface/test_upload.t ......................... ok
Possible precedence issue with control flow operator at /tmp/loop_over_bdir-4833-RsMgL5/HTTP-Engine-0.03005-0/inc/Test/Builder.pm line 917.
Class::MOP::load_class is deprecated at /home/sand/src/perl/repoperls/installed-perls/host/k93x64sid/v5.25.4-15-gfdc080f/3bd2/lib/site_perl/5.25.5/x86_64-linux-ld/Class/MOP.pm line 69.
	Class::MOP::load_class("HTTP::Engine::Interface::Standalone") called at /tmp/loop_over_bdir-4833-RsMgL5/HTTP-Engine-0.03005-0/blib/lib/HTTP/Engine/Types/Core.pm line 26
	HTTP::Engine::Types::Core::__ANON__(HASH(0x4298570)) called at /home/sand/src/perl/repoperls/installed-perls/host/k93x64sid/v5.25.4-15-gfdc080f/3bd2/lib/site_perl/5.25.5/x86_64-linux-ld/Moose/Meta/TypeCoercion.pm line 65
	Moose::Meta::TypeCoercion::__ANON__(HASH(0x4298570)) called at constructor HTTP::Engine::new (defined at /tmp/loop_over_bdir-4833-RsMgL5/HTTP-Engine-0.03005-0/blib/lib/HTTP/Engine.pm line 17) line 32
	HTTP::Engine::new("HTTP::Engine", "interface", HASH(0x4298570)) called at t/Utils.pm line 129
	t::Utils::__ANON__(50680) called at /tmp/loop_over_bdir-4833-RsMgL5/HTTP-Engine-0.03005-0/inc/Test/TCP.pm line 118
	Test::TCP::start(Test::TCP=HASH(0x45e5d70)) called at /tmp/loop_over_bdir-4833-RsMgL5/HTTP-Engine-0.03005-0/inc/Test/TCP.pm line 102
	Test::TCP::new("Test::TCP", "code", CODE(0x4596710), "port", 50680) called at /tmp/loop_over_bdir-4833-RsMgL5/HTTP-Engine-0.03005-0/inc/Test/TCP.pm line 54
	Test::TCP::test_tcp("client", CODE(0x45965d8), "server", CODE(0x4596710), "port", 50680) called at t/Utils.pm line 132
	t::Utils::daemonize_all(CODE(0x40d7f98), "    sub {\x{a}        my \$port = shift;\x{a}        return (\x{a}        "...) called at t/moose/030_daemonize/connection_info.t line 47
Class::MOP::load_class is deprecated at /home/sand/src/perl/repoperls/installed-perls/host/k93x64sid/v5.25.4-15-gfdc080f/3bd2/lib/site_perl/5.25.5/x86_64-linux-ld/Class/MOP.pm line 69.
	Class::MOP::load_class("HTTP::Engine::Interface::ServerSimple") called at /tmp/loop_over_bdir-4833-RsMgL5/HTTP-Engine-0.03005-0/blib/lib/HTTP/Engine/Types/Core.pm line 26
	HTTP::Engine::Types::Core::__ANON__(HASH(0x4298570)) called at /home/sand/src/perl/repoperls/installed-perls/host/k93x64sid/v5.25.4-15-gfdc080f/3bd2/lib/site_perl/5.25.5/x86_64-linux-ld/Moose/Meta/TypeCoercion.pm line 65
	Moose::Meta::TypeCoercion::__ANON__(HASH(0x4298570)) called at constructor HTTP::Engine::new (defined at /tmp/loop_over_bdir-4833-RsMgL5/HTTP-Engine-0.03005-0/blib/lib/HTTP/Engine.pm line 17) line 32
	HTTP::Engine::new("HTTP::Engine", "interface", HASH(0x4298570)) called at t/Utils.pm line 129
	t::Utils::__ANON__(50680) called at /tmp/loop_over_bdir-4833-RsMgL5/HTTP-Engine-0.03005-0/inc/Test/TCP.pm line 118
	Test::TCP::start(Test::TCP=HASH(0x4621948)) called at /tmp/loop_over_bdir-4833-RsMgL5/HTTP-Engine-0.03005-0/inc/Test/TCP.pm line 102
	Test::TCP::new("Test::TCP", "code", CODE(0x4596710), "port", 50680) called at /tmp/loop_over_bdir-4833-RsMgL5/HTTP-Engine-0.03005-0/inc/Test/TCP.pm line 54
	Test::TCP::test_tcp("client", CODE(0x45965d8), "server", CODE(0x4596710), "port", 50680) called at t/Utils.pm line 132
	t::Utils::daemonize_all(CODE(0x40d7f98), "    sub {\x{a}        my \$port = shift;\x{a}        return (\x{a}        "...) called at t/moose/030_daemonize/connection_info.t line 47
Class::MOP::load_class is deprecated at /home/sand/src/perl/repoperls/installed-perls/host/k93x64sid/v5.25.4-15-gfdc080f/3bd2/lib/site_perl/5.25.5/x86_64-linux-ld/Class/MOP.pm line 69.
	Class::MOP::load_class("HTTP::Engine::Interface::POE") called at /tmp/loop_over_bdir-4833-RsMgL5/HTTP-Engine-0.03005-0/blib/lib/HTTP/Engine/Types/Core.pm line 26
	HTTP::Engine::Types::Core::__ANON__(HASH(0x4298570)) called at /home/sand/src/perl/repoperls/installed-perls/host/k93x64sid/v5.25.4-15-gfdc080f/3bd2/lib/site_perl/5.25.5/x86_64-linux-ld/Moose/Meta/TypeCoercion.pm line 65
	Moose::Meta::TypeCoercion::__ANON__(HASH(0x4298570)) called at constructor HTTP::Engine::new (defined at /tmp/loop_over_bdir-4833-RsMgL5/HTTP-Engine-0.03005-0/blib/lib/HTTP/Engine.pm line 17) line 32
	HTTP::Engine::new("HTTP::Engine", "interface", HASH(0x4298570)) called at t/Utils.pm line 129
	t::Utils::__ANON__(50680) called at /tmp/loop_over_bdir-4833-RsMgL5/HTTP-Engine-0.03005-0/inc/Test/TCP.pm line 118
	Test::TCP::start(Test::TCP=HASH(0x45abda8)) called at /tmp/loop_over_bdir-4833-RsMgL5/HTTP-Engine-0.03005-0/inc/Test/TCP.pm line 102
	Test::TCP::new("Test::TCP", "code", CODE(0x4596710), "port", 50680) called at /tmp/loop_over_bdir-4833-RsMgL5/HTTP-Engine-0.03005-0/inc/Test/TCP.pm line 54
	Test::TCP::test_tcp("client", CODE(0x45965d8), "server", CODE(0x4596710), "port", 50680) called at t/Utils.pm line 132
	t::Utils::daemonize_all(CODE(0x40d7f98), "    sub {\x{a}        my \$port = shift;\x{a}        return (\x{a}        "...) called at t/moose/030_daemonize/connection_info.t line 47
t/moose/030_daemonize/connection_info.t ..................... ok
Possible precedence issue with control flow operator at /tmp/loop_over_bdir-4833-RsMgL5/HTTP-Engine-0.03005-0/inc/Test/Builder.pm line 917.
Class::MOP::load_class is deprecated at /home/sand/src/perl/repoperls/installed-perls/host/k93x64sid/v5.25.4-15-gfdc080f/3bd2/lib/site_perl/5.25.5/x86_64-linux-ld/Class/MOP.pm line 69.
	Class::MOP::load_class("HTTP::Engine::Interface::Standalone") called at /tmp/loop_over_bdir-4833-RsMgL5/HTTP-Engine-0.03005-0/blib/lib/HTTP/Engine/Types/Core.pm line 26
	HTTP::Engine::Types::Core::__ANON__(HASH(0x3db0f08)) called at /home/sand/src/perl/repoperls/installed-perls/host/k93x64sid/v5.25.4-15-gfdc080f/3bd2/lib/site_perl/5.25.5/x86_64-linux-ld/Moose/Meta/TypeCoercion.pm line 65
	Moose::Meta::TypeCoercion::__ANON__(HASH(0x3db0f08)) called at constructor HTTP::Engine::new (defined at /tmp/loop_over_bdir-4833-RsMgL5/HTTP-Engine-0.03005-0/blib/lib/HTTP/Engine.pm line 17) line 32
	HTTP::Engine::new("HTTP::Engine", "interface", HASH(0x3db0f08)) called at t/Utils.pm line 129
	t::Utils::__ANON__(50939) called at /tmp/loop_over_bdir-4833-RsMgL5/HTTP-Engine-0.03005-0/inc/Test/TCP.pm line 118
	Test::TCP::start(Test::TCP=HASH(0x430b8f8)) called at /tmp/loop_over_bdir-4833-RsMgL5/HTTP-Engine-0.03005-0/inc/Test/TCP.pm line 102
	Test::TCP::new("Test::TCP", "code", CODE(0x428af30), "port", 50939) called at /tmp/loop_over_bdir-4833-RsMgL5/HTTP-Engine-0.03005-0/inc/Test/TCP.pm line 54
	Test::TCP::test_tcp("client", CODE(0x428adf8), "server", CODE(0x428af30), "port", 50939) called at t/Utils.pm line 132
	t::Utils::daemonize_all(CODE(0x3dca108), "    sub {\x{a}        my \$port = shift;\x{a}        return (\x{a}        "...) called at t/moose/030_daemonize/headers.t line 40
Class::MOP::load_class is deprecated at /home/sand/src/perl/repoperls/installed-perls/host/k93x64sid/v5.25.4-15-gfdc080f/3bd2/lib/site_perl/5.25.5/x86_64-linux-ld/Class/MOP.pm line 69.
	Class::MOP::load_class("HTTP::Engine::Interface::ServerSimple") called at /tmp/loop_over_bdir-4833-RsMgL5/HTTP-Engine-0.03005-0/blib/lib/HTTP/Engine/Types/Core.pm line 26
	HTTP::Engine::Types::Core::__ANON__(HASH(0x3db0f08)) called at /home/sand/src/perl/repoperls/installed-perls/host/k93x64sid/v5.25.4-15-gfdc080f/3bd2/lib/site_perl/5.25.5/x86_64-linux-ld/Moose/Meta/TypeCoercion.pm line 65
	Moose::Meta::TypeCoercion::__ANON__(HASH(0x3db0f08)) called at constructor HTTP::Engine::new (defined at /tmp/loop_over_bdir-4833-RsMgL5/HTTP-Engine-0.03005-0/blib/lib/HTTP/Engine.pm line 17) line 32
	HTTP::Engine::new("HTTP::Engine", "interface", HASH(0x3db0f08)) called at t/Utils.pm line 129
	t::Utils::__ANON__(50939) called at /tmp/loop_over_bdir-4833-RsMgL5/HTTP-Engine-0.03005-0/inc/Test/TCP.pm line 118
	Test::TCP::start(Test::TCP=HASH(0x4708258)) called at /tmp/loop_over_bdir-4833-RsMgL5/HTTP-Engine-0.03005-0/inc/Test/TCP.pm line 102
	Test::TCP::new("Test::TCP", "code", CODE(0x428af30), "port", 50939) called at /tmp/loop_over_bdir-4833-RsMgL5/HTTP-Engine-0.03005-0/inc/Test/TCP.pm line 54
	Test::TCP::test_tcp("client", CODE(0x428adf8), "server", CODE(0x428af30), "port", 50939) called at t/Utils.pm line 132
	t::Utils::daemonize_all(CODE(0x3dca108), "    sub {\x{a}        my \$port = shift;\x{a}        return (\x{a}        "...) called at t/moose/030_daemonize/headers.t line 40
Class::MOP::load_class is deprecated at /home/sand/src/perl/repoperls/installed-perls/host/k93x64sid/v5.25.4-15-gfdc080f/3bd2/lib/site_perl/5.25.5/x86_64-linux-ld/Class/MOP.pm line 69.
	Class::MOP::load_class("HTTP::Engine::Interface::POE") called at /tmp/loop_over_bdir-4833-RsMgL5/HTTP-Engine-0.03005-0/blib/lib/HTTP/Engine/Types/Core.pm line 26
	HTTP::Engine::Types::Core::__ANON__(HASH(0x3db0f08)) called at /home/sand/src/perl/repoperls/installed-perls/host/k93x64sid/v5.25.4-15-gfdc080f/3bd2/lib/site_perl/5.25.5/x86_64-linux-ld/Moose/Meta/TypeCoercion.pm line 65
	Moose::Meta::TypeCoercion::__ANON__(HASH(0x3db0f08)) called at constructor HTTP::Engine::new (defined at /tmp/loop_over_bdir-4833-RsMgL5/HTTP-Engine-0.03005-0/blib/lib/HTTP/Engine.pm line 17) line 32
	HTTP::Engine::new("HTTP::Engine", "interface", HASH(0x3db0f08)) called at t/Utils.pm line 129
	t::Utils::__ANON__(50939) called at /tmp/loop_over_bdir-4833-RsMgL5/HTTP-Engine-0.03005-0/inc/Test/TCP.pm line 118
	Test::TCP::start(Test::TCP=HASH(0x44d92c0)) called at /tmp/loop_over_bdir-4833-RsMgL5/HTTP-Engine-0.03005-0/inc/Test/TCP.pm line 102
	Test::TCP::new("Test::TCP", "code", CODE(0x428af30), "port", 50939) called at /tmp/loop_over_bdir-4833-RsMgL5/HTTP-Engine-0.03005-0/inc/Test/TCP.pm line 54
	Test::TCP::test_tcp("client", CODE(0x428adf8), "server", CODE(0x428af30), "port", 50939) called at t/Utils.pm line 132
	t::Utils::daemonize_all(CODE(0x3dca108), "    sub {\x{a}        my \$port = shift;\x{a}        return (\x{a}        "...) called at t/moose/030_daemonize/headers.t line 40
t/moose/030_daemonize/headers.t ............................. ok
Possible precedence issue with control flow operator at /tmp/loop_over_bdir-4833-RsMgL5/HTTP-Engine-0.03005-0/inc/Test/Builder.pm line 917.

#   Failed test at /tmp/loop_over_bdir-4833-RsMgL5/HTTP-Engine-0.03005-0/inc/Test/More.pm line 376.
#          got: '/foo|'
#     expected: '/|http://example.com/foo?http=1'

#   Failed test at /tmp/loop_over_bdir-4833-RsMgL5/HTTP-Engine-0.03005-0/inc/Test/More.pm line 376.
#          got: '/foo|'
#     expected: '/|http://example.com:8080/foo?http=1'
Class::MOP::load_class is deprecated at /home/sand/src/perl/repoperls/installed-perls/host/k93x64sid/v5.25.4-15-gfdc080f/3bd2/lib/site_perl/5.25.5/x86_64-linux-ld/Class/MOP.pm line 69.
	Class::MOP::load_class("HTTP::Engine::Interface::Standalone") called at /tmp/loop_over_bdir-4833-RsMgL5/HTTP-Engine-0.03005-0/blib/lib/HTTP/Engine/Types/Core.pm line 26
	HTTP::Engine::Types::Core::__ANON__(HASH(0x45440b8)) called at /home/sand/src/perl/repoperls/installed-perls/host/k93x64sid/v5.25.4-15-gfdc080f/3bd2/lib/site_perl/5.25.5/x86_64-linux-ld/Moose/Meta/TypeCoercion.pm line 65
	Moose::Meta::TypeCoercion::__ANON__(HASH(0x45440b8)) called at constructor HTTP::Engine::new (defined at /tmp/loop_over_bdir-4833-RsMgL5/HTTP-Engine-0.03005-0/blib/lib/HTTP/Engine.pm line 17) line 32
	HTTP::Engine::new("HTTP::Engine", "interface", HASH(0x45440b8)) called at t/Utils.pm line 129
	t::Utils::__ANON__(50018) called at /tmp/loop_over_bdir-4833-RsMgL5/HTTP-Engine-0.03005-0/inc/Test/TCP.pm line 118
	Test::TCP::start(Test::TCP=HASH(0x4674760)) called at /tmp/loop_over_bdir-4833-RsMgL5/HTTP-Engine-0.03005-0/inc/Test/TCP.pm line 102
	Test::TCP::new("Test::TCP", "code", CODE(0x42d0440), "port", 50018) called at /tmp/loop_over_bdir-4833-RsMgL5/HTTP-Engine-0.03005-0/inc/Test/TCP.pm line 54
	Test::TCP::test_tcp("client", CODE(0x42d0308), "server", CODE(0x42d0440), "port", 50018) called at t/Utils.pm line 132
	t::Utils::daemonize_all(CODE(0x4159338), "    sub {\x{a}        my \$port = shift;\x{a}        return (\x{a}        "...) called at t/moose/030_daemonize/proxy_path.t line 25
Class::MOP::load_class is deprecated at /home/sand/src/perl/repoperls/installed-perls/host/k93x64sid/v5.25.4-15-gfdc080f/3bd2/lib/site_perl/5.25.5/x86_64-linux-ld/Class/MOP.pm line 69.
	Class::MOP::load_class("HTTP::Engine::Interface::ServerSimple") called at /tmp/loop_over_bdir-4833-RsMgL5/HTTP-Engine-0.03005-0/blib/lib/HTTP/Engine/Types/Core.pm line 26
	HTTP::Engine::Types::Core::__ANON__(HASH(0x45440b8)) called at /home/sand/src/perl/repoperls/installed-perls/host/k93x64sid/v5.25.4-15-gfdc080f/3bd2/lib/site_perl/5.25.5/x86_64-linux-ld/Moose/Meta/TypeCoercion.pm line 65
	Moose::Meta::TypeCoercion::__ANON__(HASH(0x45440b8)) called at constructor HTTP::Engine::new (defined at /tmp/loop_over_bdir-4833-RsMgL5/HTTP-Engine-0.03005-0/blib/lib/HTTP/Engine.pm line 17) line 32
	HTTP::Engine::new("HTTP::Engine", "interface", HASH(0x45440b8)) called at t/Utils.pm line 129
	t::Utils::__ANON__(50018) called at /tmp/loop_over_bdir-4833-RsMgL5/HTTP-Engine-0.03005-0/inc/Test/TCP.pm line 118
	Test::TCP::start(Test::TCP=HASH(0x4651460)) called at /tmp/loop_over_bdir-4833-RsMgL5/HTTP-Engine-0.03005-0/inc/Test/TCP.pm line 102
	Test::TCP::new("Test::TCP", "code", CODE(0x42d0440), "port", 50018) called at /tmp/loop_over_bdir-4833-RsMgL5/HTTP-Engine-0.03005-0/inc/Test/TCP.pm line 54
	Test::TCP::test_tcp("client", CODE(0x42d0308), "server", CODE(0x42d0440), "port", 50018) called at t/Utils.pm line 132
	t::Utils::daemonize_all(CODE(0x4159338), "    sub {\x{a}        my \$port = shift;\x{a}        return (\x{a}        "...) called at t/moose/030_daemonize/proxy_path.t line 25

#   Failed test at /tmp/loop_over_bdir-4833-RsMgL5/HTTP-Engine-0.03005-0/inc/Test/More.pm line 376.
#          got: '/foo|'
#     expected: '/|http://example.com/foo?http=1'

#   Failed test at /tmp/loop_over_bdir-4833-RsMgL5/HTTP-Engine-0.03005-0/inc/Test/More.pm line 376.
#          got: '/foo|'
#     expected: '/|http://example.com:8080/foo?http=1'
Class::MOP::load_class is deprecated at /home/sand/src/perl/repoperls/installed-perls/host/k93x64sid/v5.25.4-15-gfdc080f/3bd2/lib/site_perl/5.25.5/x86_64-linux-ld/Class/MOP.pm line 69.
	Class::MOP::load_class("HTTP::Engine::Interface::POE") called at /tmp/loop_over_bdir-4833-RsMgL5/HTTP-Engine-0.03005-0/blib/lib/HTTP/Engine/Types/Core.pm line 26
	HTTP::Engine::Types::Core::__ANON__(HASH(0x45440b8)) called at /home/sand/src/perl/repoperls/installed-perls/host/k93x64sid/v5.25.4-15-gfdc080f/3bd2/lib/site_perl/5.25.5/x86_64-linux-ld/Moose/Meta/TypeCoercion.pm line 65
	Moose::Meta::TypeCoercion::__ANON__(HASH(0x45440b8)) called at constructor HTTP::Engine::new (defined at /tmp/loop_over_bdir-4833-RsMgL5/HTTP-Engine-0.03005-0/blib/lib/HTTP/Engine.pm line 17) line 32
	HTTP::Engine::new("HTTP::Engine", "interface", HASH(0x45440b8)) called at t/Utils.pm line 129
	t::Utils::__ANON__(50018) called at /tmp/loop_over_bdir-4833-RsMgL5/HTTP-Engine-0.03005-0/inc/Test/TCP.pm line 118
	Test::TCP::start(Test::TCP=HASH(0x284fef8)) called at /tmp/loop_over_bdir-4833-RsMgL5/HTTP-Engine-0.03005-0/inc/Test/TCP.pm line 102
	Test::TCP::new("Test::TCP", "code", CODE(0x42d0440), "port", 50018) called at /tmp/loop_over_bdir-4833-RsMgL5/HTTP-Engine-0.03005-0/inc/Test/TCP.pm line 54
	Test::TCP::test_tcp("client", CODE(0x42d0308), "server", CODE(0x42d0440), "port", 50018) called at t/Utils.pm line 132
	t::Utils::daemonize_all(CODE(0x4159338), "    sub {\x{a}        my \$port = shift;\x{a}        return (\x{a}        "...) called at t/moose/030_daemonize/proxy_path.t line 25
# Looks like you failed 4 tests of 16.
t/moose/030_daemonize/proxy_path.t .......................... 
Dubious, test returned 4 (wstat 1024, 0x400)
Failed 4/16 subtests 
Possible precedence issue with control flow operator at /tmp/loop_over_bdir-4833-RsMgL5/HTTP-Engine-0.03005-0/inc/Test/Builder.pm line 917.
Class::MOP::load_class is deprecated at /home/sand/src/perl/repoperls/installed-perls/host/k93x64sid/v5.25.4-15-gfdc080f/3bd2/lib/site_perl/5.25.5/x86_64-linux-ld/Class/MOP.pm line 69.
	Class::MOP::load_class("HTTP::Engine::Interface::Standalone") called at /tmp/loop_over_bdir-4833-RsMgL5/HTTP-Engine-0.03005-0/blib/lib/HTTP/Engine/Types/Core.pm line 26
	HTTP::Engine::Types::Core::__ANON__(HASH(0x30b0b28)) called at /home/sand/src/perl/repoperls/installed-perls/host/k93x64sid/v5.25.4-15-gfdc080f/3bd2/lib/site_perl/5.25.5/x86_64-linux-ld/Moose/Meta/TypeCoercion.pm line 65
	Moose::Meta::TypeCoercion::__ANON__(HASH(0x30b0b28)) called at constructor HTTP::Engine::new (defined at /tmp/loop_over_bdir-4833-RsMgL5/HTTP-Engine-0.03005-0/blib/lib/HTTP/Engine.pm line 17) line 32
	HTTP::Engine::new("HTTP::Engine", "interface", HASH(0x30b0b28)) called at t/Utils.pm line 129
	t::Utils::__ANON__(50642) called at /tmp/loop_over_bdir-4833-RsMgL5/HTTP-Engine-0.03005-0/inc/Test/TCP.pm line 118
	Test::TCP::start(Test::TCP=HASH(0x32104b0)) called at /tmp/loop_over_bdir-4833-RsMgL5/HTTP-Engine-0.03005-0/inc/Test/TCP.pm line 102
	Test::TCP::new("Test::TCP", "code", CODE(0x318eca8), "port", 50642) called at /tmp/loop_over_bdir-4833-RsMgL5/HTTP-Engine-0.03005-0/inc/Test/TCP.pm line 54
	Test::TCP::test_tcp("client", CODE(0x318eb70), "server", CODE(0x318eca8), "port", 50642) called at t/Utils.pm line 132
	t::Utils::daemonize_all(CODE(0x2ccf438), "    sub {\x{a}        my \$port = shift;\x{a}        return (\x{a}        "...) called at t/moose/030_daemonize/raw_body.t line 41
Class::MOP::load_class is deprecated at /home/sand/src/perl/repoperls/installed-perls/host/k93x64sid/v5.25.4-15-gfdc080f/3bd2/lib/site_perl/5.25.5/x86_64-linux-ld/Class/MOP.pm line 69.
	Class::MOP::load_class("HTTP::Engine::Interface::ServerSimple") called at /tmp/loop_over_bdir-4833-RsMgL5/HTTP-Engine-0.03005-0/blib/lib/HTTP/Engine/Types/Core.pm line 26
	HTTP::Engine::Types::Core::__ANON__(HASH(0x30b0b28)) called at /home/sand/src/perl/repoperls/installed-perls/host/k93x64sid/v5.25.4-15-gfdc080f/3bd2/lib/site_perl/5.25.5/x86_64-linux-ld/Moose/Meta/TypeCoercion.pm line 65
	Moose::Meta::TypeCoercion::__ANON__(HASH(0x30b0b28)) called at constructor HTTP::Engine::new (defined at /tmp/loop_over_bdir-4833-RsMgL5/HTTP-Engine-0.03005-0/blib/lib/HTTP/Engine.pm line 17) line 32
	HTTP::Engine::new("HTTP::Engine", "interface", HASH(0x30b0b28)) called at t/Utils.pm line 129
	t::Utils::__ANON__(50642) called at /tmp/loop_over_bdir-4833-RsMgL5/HTTP-Engine-0.03005-0/inc/Test/TCP.pm line 118
	Test::TCP::start(Test::TCP=HASH(0x13c6268)) called at /tmp/loop_over_bdir-4833-RsMgL5/HTTP-Engine-0.03005-0/inc/Test/TCP.pm line 102
	Test::TCP::new("Test::TCP", "code", CODE(0x318eca8), "port", 50642) called at /tmp/loop_over_bdir-4833-RsMgL5/HTTP-Engine-0.03005-0/inc/Test/TCP.pm line 54
	Test::TCP::test_tcp("client", CODE(0x318eb70), "server", CODE(0x318eca8), "port", 50642) called at t/Utils.pm line 132
	t::Utils::daemonize_all(CODE(0x2ccf438), "    sub {\x{a}        my \$port = shift;\x{a}        return (\x{a}        "...) called at t/moose/030_daemonize/raw_body.t line 41
Class::MOP::load_class is deprecated at /home/sand/src/perl/repoperls/installed-perls/host/k93x64sid/v5.25.4-15-gfdc080f/3bd2/lib/site_perl/5.25.5/x86_64-linux-ld/Class/MOP.pm line 69.
	Class::MOP::load_class("HTTP::Engine::Interface::POE") called at /tmp/loop_over_bdir-4833-RsMgL5/HTTP-Engine-0.03005-0/blib/lib/HTTP/Engine/Types/Core.pm line 26
	HTTP::Engine::Types::Core::__ANON__(HASH(0x30b0b28)) called at /home/sand/src/perl/repoperls/installed-perls/host/k93x64sid/v5.25.4-15-gfdc080f/3bd2/lib/site_perl/5.25.5/x86_64-linux-ld/Moose/Meta/TypeCoercion.pm line 65
	Moose::Meta::TypeCoercion::__ANON__(HASH(0x30b0b28)) called at constructor HTTP::Engine::new (defined at /tmp/loop_over_bdir-4833-RsMgL5/HTTP-Engine-0.03005-0/blib/lib/HTTP/Engine.pm line 17) line 32
	HTTP::Engine::new("HTTP::Engine", "interface", HASH(0x30b0b28)) called at t/Utils.pm line 129
	t::Utils::__ANON__(50642) called at /tmp/loop_over_bdir-4833-RsMgL5/HTTP-Engine-0.03005-0/inc/Test/TCP.pm line 118
	Test::TCP::start(Test::TCP=HASH(0x31d8a70)) called at /tmp/loop_over_bdir-4833-RsMgL5/HTTP-Engine-0.03005-0/inc/Test/TCP.pm line 102
	Test::TCP::new("Test::TCP", "code", CODE(0x318eca8), "port", 50642) called at /tmp/loop_over_bdir-4833-RsMgL5/HTTP-Engine-0.03005-0/inc/Test/TCP.pm line 54
	Test::TCP::test_tcp("client", CODE(0x318eb70), "server", CODE(0x318eca8), "port", 50642) called at t/Utils.pm line 132
	t::Utils::daemonize_all(CODE(0x2ccf438), "    sub {\x{a}        my \$port = shift;\x{a}        return (\x{a}        "...) called at t/moose/030_daemonize/raw_body.t line 41
t/moose/030_daemonize/raw_body.t ............................ ok
Possible precedence issue with control flow operator at /tmp/loop_over_bdir-4833-RsMgL5/HTTP-Engine-0.03005-0/inc/Test/Builder.pm line 917.
Class::MOP::load_class is deprecated at /home/sand/src/perl/repoperls/installed-perls/host/k93x64sid/v5.25.4-15-gfdc080f/3bd2/lib/site_perl/5.25.5/x86_64-linux-ld/Class/MOP.pm line 69.
	Class::MOP::load_class("HTTP::Engine::Interface::Standalone") called at /tmp/loop_over_bdir-4833-RsMgL5/HTTP-Engine-0.03005-0/blib/lib/HTTP/Engine/Types/Core.pm line 26
	HTTP::Engine::Types::Core::__ANON__(HASH(0x3dcd230)) called at /home/sand/src/perl/repoperls/installed-perls/host/k93x64sid/v5.25.4-15-gfdc080f/3bd2/lib/site_perl/5.25.5/x86_64-linux-ld/Moose/Meta/TypeCoercion.pm line 65
	Moose::Meta::TypeCoercion::__ANON__(HASH(0x3dcd230)) called at constructor HTTP::Engine::new (defined at /tmp/loop_over_bdir-4833-RsMgL5/HTTP-Engine-0.03005-0/blib/lib/HTTP/Engine.pm line 17) line 32
	HTTP::Engine::new("HTTP::Engine", "interface", HASH(0x3dcd230)) called at t/Utils.pm line 129
	t::Utils::__ANON__(50216) called at /tmp/loop_over_bdir-4833-RsMgL5/HTTP-Engine-0.03005-0/inc/Test/TCP.pm line 118
	Test::TCP::start(Test::TCP=HASH(0x4141358)) called at /tmp/loop_over_bdir-4833-RsMgL5/HTTP-Engine-0.03005-0/inc/Test/TCP.pm line 102
	Test::TCP::new("Test::TCP", "code", CODE(0x40f6c88), "port", 50216) called at /tmp/loop_over_bdir-4833-RsMgL5/HTTP-Engine-0.03005-0/inc/Test/TCP.pm line 54
	Test::TCP::test_tcp("client", CODE(0x40f6b50), "server", CODE(0x40f6c88), "port", 50216) called at t/Utils.pm line 132
	t::Utils::daemonize_all(CODE(0x3c36318), "    sub {\x{a}        my \$port = shift;\x{a}        return (\x{a}        "...) called at t/moose/030_daemonize/request_independence.t line 51
Class::MOP::load_class is deprecated at /home/sand/src/perl/repoperls/installed-perls/host/k93x64sid/v5.25.4-15-gfdc080f/3bd2/lib/site_perl/5.25.5/x86_64-linux-ld/Class/MOP.pm line 69.
	Class::MOP::load_class("HTTP::Engine::Interface::ServerSimple") called at /tmp/loop_over_bdir-4833-RsMgL5/HTTP-Engine-0.03005-0/blib/lib/HTTP/Engine/Types/Core.pm line 26
	HTTP::Engine::Types::Core::__ANON__(HASH(0x3dcd230)) called at /home/sand/src/perl/repoperls/installed-perls/host/k93x64sid/v5.25.4-15-gfdc080f/3bd2/lib/site_perl/5.25.5/x86_64-linux-ld/Moose/Meta/TypeCoercion.pm line 65
	Moose::Meta::TypeCoercion::__ANON__(HASH(0x3dcd230)) called at constructor HTTP::Engine::new (defined at /tmp/loop_over_bdir-4833-RsMgL5/HTTP-Engine-0.03005-0/blib/lib/HTTP/Engine.pm line 17) line 32
	HTTP::Engine::new("HTTP::Engine", "interface", HASH(0x3dcd230)) called at t/Utils.pm line 129
	t::Utils::__ANON__(50216) called at /tmp/loop_over_bdir-4833-RsMgL5/HTTP-Engine-0.03005-0/inc/Test/TCP.pm line 118
	Test::TCP::start(Test::TCP=HASH(0x232d3c8)) called at /tmp/loop_over_bdir-4833-RsMgL5/HTTP-Engine-0.03005-0/inc/Test/TCP.pm line 102
	Test::TCP::new("Test::TCP", "code", CODE(0x40f6c88), "port", 50216) called at /tmp/loop_over_bdir-4833-RsMgL5/HTTP-Engine-0.03005-0/inc/Test/TCP.pm line 54
	Test::TCP::test_tcp("client", CODE(0x40f6b50), "server", CODE(0x40f6c88), "port", 50216) called at t/Utils.pm line 132
	t::Utils::daemonize_all(CODE(0x3c36318), "    sub {\x{a}        my \$port = shift;\x{a}        return (\x{a}        "...) called at t/moose/030_daemonize/request_independence.t line 51
Class::MOP::load_class is deprecated at /home/sand/src/perl/repoperls/installed-perls/host/k93x64sid/v5.25.4-15-gfdc080f/3bd2/lib/site_perl/5.25.5/x86_64-linux-ld/Class/MOP.pm line 69.
	Class::MOP::load_class("HTTP::Engine::Interface::POE") called at /tmp/loop_over_bdir-4833-RsMgL5/HTTP-Engine-0.03005-0/blib/lib/HTTP/Engine/Types/Core.pm line 26
	HTTP::Engine::Types::Core::__ANON__(HASH(0x3dcd230)) called at /home/sand/src/perl/repoperls/installed-perls/host/k93x64sid/v5.25.4-15-gfdc080f/3bd2/lib/site_perl/5.25.5/x86_64-linux-ld/Moose/Meta/TypeCoercion.pm line 65
	Moose::Meta::TypeCoercion::__ANON__(HASH(0x3dcd230)) called at constructor HTTP::Engine::new (defined at /tmp/loop_over_bdir-4833-RsMgL5/HTTP-Engine-0.03005-0/blib/lib/HTTP/Engine.pm line 17) line 32
	HTTP::Engine::new("HTTP::Engine", "interface", HASH(0x3dcd230)) called at t/Utils.pm line 129
	t::Utils::__ANON__(50216) called at /tmp/loop_over_bdir-4833-RsMgL5/HTTP-Engine-0.03005-0/inc/Test/TCP.pm line 118
	Test::TCP::start(Test::TCP=HASH(0x45ce420)) called at /tmp/loop_over_bdir-4833-RsMgL5/HTTP-Engine-0.03005-0/inc/Test/TCP.pm line 102
	Test::TCP::new("Test::TCP", "code", CODE(0x40f6c88), "port", 50216) called at /tmp/loop_over_bdir-4833-RsMgL5/HTTP-Engine-0.03005-0/inc/Test/TCP.pm line 54
	Test::TCP::test_tcp("client", CODE(0x40f6b50), "server", CODE(0x40f6c88), "port", 50216) called at t/Utils.pm line 132
	t::Utils::daemonize_all(CODE(0x3c36318), "    sub {\x{a}        my \$port = shift;\x{a}        return (\x{a}        "...) called at t/moose/030_daemonize/request_independence.t line 51
t/moose/030_daemonize/request_independence.t ................ ok
Possible precedence issue with control flow operator at /tmp/loop_over_bdir-4833-RsMgL5/HTTP-Engine-0.03005-0/inc/Test/Builder.pm line 917.
Class::MOP::load_class is deprecated at /home/sand/src/perl/repoperls/installed-perls/host/k93x64sid/v5.25.4-15-gfdc080f/3bd2/lib/site_perl/5.25.5/x86_64-linux-ld/Class/MOP.pm line 69.
	Class::MOP::load_class("HTTP::Engine::Interface::Standalone") called at /tmp/loop_over_bdir-4833-RsMgL5/HTTP-Engine-0.03005-0/blib/lib/HTTP/Engine/Types/Core.pm line 26
	HTTP::Engine::Types::Core::__ANON__(HASH(0x23d6088)) called at /home/sand/src/perl/repoperls/installed-perls/host/k93x64sid/v5.25.4-15-gfdc080f/3bd2/lib/site_perl/5.25.5/x86_64-linux-ld/Moose/Meta/TypeCoercion.pm line 65
	Moose::Meta::TypeCoercion::__ANON__(HASH(0x23d6088)) called at constructor HTTP::Engine::new (defined at /tmp/loop_over_bdir-4833-RsMgL5/HTTP-Engine-0.03005-0/blib/lib/HTTP/Engine.pm line 17) line 32
	HTTP::Engine::new("HTTP::Engine", "interface", HASH(0x23d6088)) called at t/Utils.pm line 129
	t::Utils::__ANON__(50642) called at /tmp/loop_over_bdir-4833-RsMgL5/HTTP-Engine-0.03005-0/inc/Test/TCP.pm line 118
	Test::TCP::start(Test::TCP=HASH(0x27c5518)) called at /tmp/loop_over_bdir-4833-RsMgL5/HTTP-Engine-0.03005-0/inc/Test/TCP.pm line 102
	Test::TCP::new("Test::TCP", "code", CODE(0x273c2a0), "port", 50642) called at /tmp/loop_over_bdir-4833-RsMgL5/HTTP-Engine-0.03005-0/inc/Test/TCP.pm line 54
	Test::TCP::test_tcp("client", CODE(0x273c168), "server", CODE(0x273c2a0), "port", 50642) called at t/Utils.pm line 132
	t::Utils::daemonize_all(CODE(0x273bce8), "    sub {\x{a}        require File::Temp;\x{a}        my \$port = shif"...) called at t/moose/030_daemonize/responsewriter_io.t line 50
Class::MOP::load_class is deprecated at /home/sand/src/perl/repoperls/installed-perls/host/k93x64sid/v5.25.4-15-gfdc080f/3bd2/lib/site_perl/5.25.5/x86_64-linux-ld/Class/MOP.pm line 69.
	Class::MOP::load_class("HTTP::Engine::Interface::ServerSimple") called at /tmp/loop_over_bdir-4833-RsMgL5/HTTP-Engine-0.03005-0/blib/lib/HTTP/Engine/Types/Core.pm line 26
	HTTP::Engine::Types::Core::__ANON__(HASH(0x23d6088)) called at /home/sand/src/perl/repoperls/installed-perls/host/k93x64sid/v5.25.4-15-gfdc080f/3bd2/lib/site_perl/5.25.5/x86_64-linux-ld/Moose/Meta/TypeCoercion.pm line 65
	Moose::Meta::TypeCoercion::__ANON__(HASH(0x23d6088)) called at constructor HTTP::Engine::new (defined at /tmp/loop_over_bdir-4833-RsMgL5/HTTP-Engine-0.03005-0/blib/lib/HTTP/Engine.pm line 17) line 32
	HTTP::Engine::new("HTTP::Engine", "interface", HASH(0x23d6088)) called at t/Utils.pm line 129
	t::Utils::__ANON__(50642) called at /tmp/loop_over_bdir-4833-RsMgL5/HTTP-Engine-0.03005-0/inc/Test/TCP.pm line 118
	Test::TCP::start(Test::TCP=HASH(0x27fbe78)) called at /tmp/loop_over_bdir-4833-RsMgL5/HTTP-Engine-0.03005-0/inc/Test/TCP.pm line 102
	Test::TCP::new("Test::TCP", "code", CODE(0x273c2a0), "port", 50642) called at /tmp/loop_over_bdir-4833-RsMgL5/HTTP-Engine-0.03005-0/inc/Test/TCP.pm line 54
	Test::TCP::test_tcp("client", CODE(0x273c168), "server", CODE(0x273c2a0), "port", 50642) called at t/Utils.pm line 132
	t::Utils::daemonize_all(CODE(0x273bce8), "    sub {\x{a}        require File::Temp;\x{a}        my \$port = shif"...) called at t/moose/030_daemonize/responsewriter_io.t line 50
Class::MOP::load_class is deprecated at /home/sand/src/perl/repoperls/installed-perls/host/k93x64sid/v5.25.4-15-gfdc080f/3bd2/lib/site_perl/5.25.5/x86_64-linux-ld/Class/MOP.pm line 69.
	Class::MOP::load_class("HTTP::Engine::Interface::POE") called at /tmp/loop_over_bdir-4833-RsMgL5/HTTP-Engine-0.03005-0/blib/lib/HTTP/Engine/Types/Core.pm line 26
	HTTP::Engine::Types::Core::__ANON__(HASH(0x23d6088)) called at /home/sand/src/perl/repoperls/installed-perls/host/k93x64sid/v5.25.4-15-gfdc080f/3bd2/lib/site_perl/5.25.5/x86_64-linux-ld/Moose/Meta/TypeCoercion.pm line 65
	Moose::Meta::TypeCoercion::__ANON__(HASH(0x23d6088)) called at constructor HTTP::Engine::new (defined at /tmp/loop_over_bdir-4833-RsMgL5/HTTP-Engine-0.03005-0/blib/lib/HTTP/Engine.pm line 17) line 32
	HTTP::Engine::new("HTTP::Engine", "interface", HASH(0x23d6088)) called at t/Utils.pm line 129
	t::Utils::__ANON__(50642) called at /tmp/loop_over_bdir-4833-RsMgL5/HTTP-Engine-0.03005-0/inc/Test/TCP.pm line 118
	Test::TCP::start(Test::TCP=HASH(0x2c16400)) called at /tmp/loop_over_bdir-4833-RsMgL5/HTTP-Engine-0.03005-0/inc/Test/TCP.pm line 102
	Test::TCP::new("Test::TCP", "code", CODE(0x273c2a0), "port", 50642) called at /tmp/loop_over_bdir-4833-RsMgL5/HTTP-Engine-0.03005-0/inc/Test/TCP.pm line 54
	Test::TCP::test_tcp("client", CODE(0x273c168), "server", CODE(0x273c2a0), "port", 50642) called at t/Utils.pm line 132
	t::Utils::daemonize_all(CODE(0x273bce8), "    sub {\x{a}        require File::Temp;\x{a}        my \$port = shif"...) called at t/moose/030_daemonize/responsewriter_io.t line 50
t/moose/030_daemonize/responsewriter_io.t ................... ok
Possible precedence issue with control flow operator at /tmp/loop_over_bdir-4833-RsMgL5/HTTP-Engine-0.03005-0/inc/Test/Builder.pm line 917.
Class::MOP::load_class is deprecated at /home/sand/src/perl/repoperls/installed-perls/host/k93x64sid/v5.25.4-15-gfdc080f/3bd2/lib/site_perl/5.25.5/x86_64-linux-ld/Class/MOP.pm line 69.
	Class::MOP::load_class("HTTP::Engine::Interface::Standalone") called at /tmp/loop_over_bdir-4833-RsMgL5/HTTP-Engine-0.03005-0/blib/lib/HTTP/Engine/Types/Core.pm line 26
	HTTP::Engine::Types::Core::__ANON__(HASH(0x3fa6cf8)) called at /home/sand/src/perl/repoperls/installed-perls/host/k93x64sid/v5.25.4-15-gfdc080f/3bd2/lib/site_perl/5.25.5/x86_64-linux-ld/Moose/Meta/TypeCoercion.pm line 65
	Moose::Meta::TypeCoercion::__ANON__(HASH(0x3fa6cf8)) called at constructor HTTP::Engine::new (defined at /tmp/loop_over_bdir-4833-RsMgL5/HTTP-Engine-0.03005-0/blib/lib/HTTP/Engine.pm line 17) line 32
	HTTP::Engine::new("HTTP::Engine", "interface", HASH(0x3fa6cf8)) called at t/Utils.pm line 129
	t::Utils::__ANON__(50380) called at /tmp/loop_over_bdir-4833-RsMgL5/HTTP-Engine-0.03005-0/inc/Test/TCP.pm line 118
	Test::TCP::start(Test::TCP=HASH(0x3fef830)) called at /tmp/loop_over_bdir-4833-RsMgL5/HTTP-Engine-0.03005-0/inc/Test/TCP.pm line 102
	Test::TCP::new("Test::TCP", "code", CODE(0x3fa7130), "port", 50380) called at /tmp/loop_over_bdir-4833-RsMgL5/HTTP-Engine-0.03005-0/inc/Test/TCP.pm line 54
	Test::TCP::test_tcp("client", CODE(0x3fa6ff8), "server", CODE(0x3fa7130), "port", 50380) called at t/Utils.pm line 132
	t::Utils::daemonize_all(CODE(0x2036048), "    sub {\x{a}        my \$port = shift;\x{a}        return (\x{a}        "...) called at t/moose/030_daemonize/upload-methods.t line 42
Class::MOP::load_class is deprecated at /home/sand/src/perl/repoperls/installed-perls/host/k93x64sid/v5.25.4-15-gfdc080f/3bd2/lib/site_perl/5.25.5/x86_64-linux-ld/Class/MOP.pm line 69.
	Class::MOP::load_class("HTTP::Engine::Interface::ServerSimple") called at /tmp/loop_over_bdir-4833-RsMgL5/HTTP-Engine-0.03005-0/blib/lib/HTTP/Engine/Types/Core.pm line 26
	HTTP::Engine::Types::Core::__ANON__(HASH(0x3fa6cf8)) called at /home/sand/src/perl/repoperls/installed-perls/host/k93x64sid/v5.25.4-15-gfdc080f/3bd2/lib/site_perl/5.25.5/x86_64-linux-ld/Moose/Meta/TypeCoercion.pm line 65
	Moose::Meta::TypeCoercion::__ANON__(HASH(0x3fa6cf8)) called at constructor HTTP::Engine::new (defined at /tmp/loop_over_bdir-4833-RsMgL5/HTTP-Engine-0.03005-0/blib/lib/HTTP/Engine.pm line 17) line 32
	HTTP::Engine::new("HTTP::Engine", "interface", HASH(0x3fa6cf8)) called at t/Utils.pm line 129
	t::Utils::__ANON__(50380) called at /tmp/loop_over_bdir-4833-RsMgL5/HTTP-Engine-0.03005-0/inc/Test/TCP.pm line 118
	Test::TCP::start(Test::TCP=HASH(0x4256628)) called at /tmp/loop_over_bdir-4833-RsMgL5/HTTP-Engine-0.03005-0/inc/Test/TCP.pm line 102
	Test::TCP::new("Test::TCP", "code", CODE(0x3fa7130), "port", 50380) called at /tmp/loop_over_bdir-4833-RsMgL5/HTTP-Engine-0.03005-0/inc/Test/TCP.pm line 54
	Test::TCP::test_tcp("client", CODE(0x3fa6ff8), "server", CODE(0x3fa7130), "port", 50380) called at t/Utils.pm line 132
	t::Utils::daemonize_all(CODE(0x2036048), "    sub {\x{a}        my \$port = shift;\x{a}        return (\x{a}        "...) called at t/moose/030_daemonize/upload-methods.t line 42
Class::MOP::load_class is deprecated at /home/sand/src/perl/repoperls/installed-perls/host/k93x64sid/v5.25.4-15-gfdc080f/3bd2/lib/site_perl/5.25.5/x86_64-linux-ld/Class/MOP.pm line 69.
	Class::MOP::load_class("HTTP::Engine::Interface::POE") called at /tmp/loop_over_bdir-4833-RsMgL5/HTTP-Engine-0.03005-0/blib/lib/HTTP/Engine/Types/Core.pm line 26
	HTTP::Engine::Types::Core::__ANON__(HASH(0x3fa6cf8)) called at /home/sand/src/perl/repoperls/installed-perls/host/k93x64sid/v5.25.4-15-gfdc080f/3bd2/lib/site_perl/5.25.5/x86_64-linux-ld/Moose/Meta/TypeCoercion.pm line 65
	Moose::Meta::TypeCoercion::__ANON__(HASH(0x3fa6cf8)) called at constructor HTTP::Engine::new (defined at /tmp/loop_over_bdir-4833-RsMgL5/HTTP-Engine-0.03005-0/blib/lib/HTTP/Engine.pm line 17) line 32
	HTTP::Engine::new("HTTP::Engine", "interface", HASH(0x3fa6cf8)) called at t/Utils.pm line 129
	t::Utils::__ANON__(50380) called at /tmp/loop_over_bdir-4833-RsMgL5/HTTP-Engine-0.03005-0/inc/Test/TCP.pm line 118
	Test::TCP::start(Test::TCP=HASH(0x44e29e0)) called at /tmp/loop_over_bdir-4833-RsMgL5/HTTP-Engine-0.03005-0/inc/Test/TCP.pm line 102
	Test::TCP::new("Test::TCP", "code", CODE(0x3fa7130), "port", 50380) called at /tmp/loop_over_bdir-4833-RsMgL5/HTTP-Engine-0.03005-0/inc/Test/TCP.pm line 54
	Test::TCP::test_tcp("client", CODE(0x3fa6ff8), "server", CODE(0x3fa7130), "port", 50380) called at t/Utils.pm line 132
	t::Utils::daemonize_all(CODE(0x2036048), "    sub {\x{a}        my \$port = shift;\x{a}        return (\x{a}        "...) called at t/moose/030_daemonize/upload-methods.t line 42
t/moose/030_daemonize/upload-methods.t ...................... ok
Possible precedence issue with control flow operator at /tmp/loop_over_bdir-4833-RsMgL5/HTTP-Engine-0.03005-0/inc/Test/Builder.pm line 917.
Class::MOP::load_class is deprecated at /home/sand/src/perl/repoperls/installed-perls/host/k93x64sid/v5.25.4-15-gfdc080f/3bd2/lib/site_perl/5.25.5/x86_64-linux-ld/Class/MOP.pm line 69.
	Class::MOP::load_class("HTTP::Engine::Interface::Standalone") called at /tmp/loop_over_bdir-4833-RsMgL5/HTTP-Engine-0.03005-0/blib/lib/HTTP/Engine/Types/Core.pm line 26
	HTTP::Engine::Types::Core::__ANON__(HASH(0x4122950)) called at /home/sand/src/perl/repoperls/installed-perls/host/k93x64sid/v5.25.4-15-gfdc080f/3bd2/lib/site_perl/5.25.5/x86_64-linux-ld/Moose/Meta/TypeCoercion.pm line 65
	Moose::Meta::TypeCoercion::__ANON__(HASH(0x4122950)) called at constructor HTTP::Engine::new (defined at /tmp/loop_over_bdir-4833-RsMgL5/HTTP-Engine-0.03005-0/blib/lib/HTTP/Engine.pm line 17) line 32
	HTTP::Engine::new("HTTP::Engine", "interface", HASH(0x4122950)) called at t/Utils.pm line 129
	t::Utils::__ANON__(50838) called at /tmp/loop_over_bdir-4833-RsMgL5/HTTP-Engine-0.03005-0/inc/Test/TCP.pm line 118
	Test::TCP::start(Test::TCP=HASH(0x416b120)) called at /tmp/loop_over_bdir-4833-RsMgL5/HTTP-Engine-0.03005-0/inc/Test/TCP.pm line 102
	Test::TCP::new("Test::TCP", "code", CODE(0x4122e90), "port", 50838) called at /tmp/loop_over_bdir-4833-RsMgL5/HTTP-Engine-0.03005-0/inc/Test/TCP.pm line 54
	Test::TCP::test_tcp("client", CODE(0x4122d58), "server", CODE(0x4122e90), "port", 50838) called at t/Utils.pm line 132
	t::Utils::daemonize_all(CODE(0x21b2048), "    sub {\x{a}        my \$port = shift;\x{a}        return (\x{a}        "...) called at t/moose/030_daemonize/upload.t line 42
Class::MOP::load_class is deprecated at /home/sand/src/perl/repoperls/installed-perls/host/k93x64sid/v5.25.4-15-gfdc080f/3bd2/lib/site_perl/5.25.5/x86_64-linux-ld/Class/MOP.pm line 69.
	Class::MOP::load_class("HTTP::Engine::Interface::ServerSimple") called at /tmp/loop_over_bdir-4833-RsMgL5/HTTP-Engine-0.03005-0/blib/lib/HTTP/Engine/Types/Core.pm line 26
	HTTP::Engine::Types::Core::__ANON__(HASH(0x4122950)) called at /home/sand/src/perl/repoperls/installed-perls/host/k93x64sid/v5.25.4-15-gfdc080f/3bd2/lib/site_perl/5.25.5/x86_64-linux-ld/Moose/Meta/TypeCoercion.pm line 65
	Moose::Meta::TypeCoercion::__ANON__(HASH(0x4122950)) called at constructor HTTP::Engine::new (defined at /tmp/loop_over_bdir-4833-RsMgL5/HTTP-Engine-0.03005-0/blib/lib/HTTP/Engine.pm line 17) line 32
	HTTP::Engine::new("HTTP::Engine", "interface", HASH(0x4122950)) called at t/Utils.pm line 129
	t::Utils::__ANON__(50838) called at /tmp/loop_over_bdir-4833-RsMgL5/HTTP-Engine-0.03005-0/inc/Test/TCP.pm line 118
	Test::TCP::start(Test::TCP=HASH(0x41a6cb0)) called at /tmp/loop_over_bdir-4833-RsMgL5/HTTP-Engine-0.03005-0/inc/Test/TCP.pm line 102
	Test::TCP::new("Test::TCP", "code", CODE(0x4122e90), "port", 50838) called at /tmp/loop_over_bdir-4833-RsMgL5/HTTP-Engine-0.03005-0/inc/Test/TCP.pm line 54
	Test::TCP::test_tcp("client", CODE(0x4122d58), "server", CODE(0x4122e90), "port", 50838) called at t/Utils.pm line 132
	t::Utils::daemonize_all(CODE(0x21b2048), "    sub {\x{a}        my \$port = shift;\x{a}        return (\x{a}        "...) called at t/moose/030_daemonize/upload.t line 42
Class::MOP::load_class is deprecated at /home/sand/src/perl/repoperls/installed-perls/host/k93x64sid/v5.25.4-15-gfdc080f/3bd2/lib/site_perl/5.25.5/x86_64-linux-ld/Class/MOP.pm line 69.
	Class::MOP::load_class("HTTP::Engine::Interface::POE") called at /tmp/loop_over_bdir-4833-RsMgL5/HTTP-Engine-0.03005-0/blib/lib/HTTP/Engine/Types/Core.pm line 26
	HTTP::Engine::Types::Core::__ANON__(HASH(0x4122950)) called at /home/sand/src/perl/repoperls/installed-perls/host/k93x64sid/v5.25.4-15-gfdc080f/3bd2/lib/site_perl/5.25.5/x86_64-linux-ld/Moose/Meta/TypeCoercion.pm line 65
	Moose::Meta::TypeCoercion::__ANON__(HASH(0x4122950)) called at constructor HTTP::Engine::new (defined at /tmp/loop_over_bdir-4833-RsMgL5/HTTP-Engine-0.03005-0/blib/lib/HTTP/Engine.pm line 17) line 32
	HTTP::Engine::new("HTTP::Engine", "interface", HASH(0x4122950)) called at t/Utils.pm line 129
	t::Utils::__ANON__(50838) called at /tmp/loop_over_bdir-4833-RsMgL5/HTTP-Engine-0.03005-0/inc/Test/TCP.pm line 118
	Test::TCP::start(Test::TCP=HASH(0x4150210)) called at /tmp/loop_over_bdir-4833-RsMgL5/HTTP-Engine-0.03005-0/inc/Test/TCP.pm line 102
	Test::TCP::new("Test::TCP", "code", CODE(0x4122e90), "port", 50838) called at /tmp/loop_over_bdir-4833-RsMgL5/HTTP-Engine-0.03005-0/inc/Test/TCP.pm line 54
	Test::TCP::test_tcp("client", CODE(0x4122d58), "server", CODE(0x4122e90), "port", 50838) called at t/Utils.pm line 132
	t::Utils::daemonize_all(CODE(0x21b2048), "    sub {\x{a}        my \$port = shift;\x{a}        return (\x{a}        "...) called at t/moose/030_daemonize/upload.t line 42
t/moose/030_daemonize/upload.t .............................. ok
Possible precedence issue with control flow operator at /tmp/loop_over_bdir-4833-RsMgL5/HTTP-Engine-0.03005-0/inc/Test/Builder.pm line 917.
Class::MOP::load_class is deprecated at /home/sand/src/perl/repoperls/installed-perls/host/k93x64sid/v5.25.4-15-gfdc080f/3bd2/lib/site_perl/5.25.5/x86_64-linux-ld/Class/MOP.pm line 69.
	Class::MOP::load_class("HTTP::Engine::Interface::Standalone") called at /tmp/loop_over_bdir-4833-RsMgL5/HTTP-Engine-0.03005-0/blib/lib/HTTP/Engine/Types/Core.pm line 26
	HTTP::Engine::Types::Core::__ANON__(HASH(0x3300358)) called at /home/sand/src/perl/repoperls/installed-perls/host/k93x64sid/v5.25.4-15-gfdc080f/3bd2/lib/site_perl/5.25.5/x86_64-linux-ld/Moose/Meta/TypeCoercion.pm line 65
	Moose::Meta::TypeCoercion::__ANON__(HASH(0x3300358)) called at constructor HTTP::Engine::new (defined at /tmp/loop_over_bdir-4833-RsMgL5/HTTP-Engine-0.03005-0/blib/lib/HTTP/Engine.pm line 17) line 32
	HTTP::Engine::new("HTTP::Engine", "interface", HASH(0x3300358)) called at t/Utils.pm line 129
	t::Utils::__ANON__(50399) called at /tmp/loop_over_bdir-4833-RsMgL5/HTTP-Engine-0.03005-0/inc/Test/TCP.pm line 118
	Test::TCP::start(Test::TCP=HASH(0x3654600)) called at /tmp/loop_over_bdir-4833-RsMgL5/HTTP-Engine-0.03005-0/inc/Test/TCP.pm line 102
	Test::TCP::new("Test::TCP", "code", CODE(0x360b510), "port", 50399) called at /tmp/loop_over_bdir-4833-RsMgL5/HTTP-Engine-0.03005-0/inc/Test/TCP.pm line 54
	Test::TCP::test_tcp("client", CODE(0x360b3d8), "server", CODE(0x360b510), "port", 50399) called at t/Utils.pm line 132
	t::Utils::daemonize_all(CODE(0x3149a38), "    sub {\x{a}        my \$port = shift;\x{a}        return (\x{a}        "...) called at t/moose/030_daemonize/uri.t line 20
Class::MOP::load_class is deprecated at /home/sand/src/perl/repoperls/installed-perls/host/k93x64sid/v5.25.4-15-gfdc080f/3bd2/lib/site_perl/5.25.5/x86_64-linux-ld/Class/MOP.pm line 69.
	Class::MOP::load_class("HTTP::Engine::Interface::ServerSimple") called at /tmp/loop_over_bdir-4833-RsMgL5/HTTP-Engine-0.03005-0/blib/lib/HTTP/Engine/Types/Core.pm line 26
	HTTP::Engine::Types::Core::__ANON__(HASH(0x3300358)) called at /home/sand/src/perl/repoperls/installed-perls/host/k93x64sid/v5.25.4-15-gfdc080f/3bd2/lib/site_perl/5.25.5/x86_64-linux-ld/Moose/Meta/TypeCoercion.pm line 65
	Moose::Meta::TypeCoercion::__ANON__(HASH(0x3300358)) called at constructor HTTP::Engine::new (defined at /tmp/loop_over_bdir-4833-RsMgL5/HTTP-Engine-0.03005-0/blib/lib/HTTP/Engine.pm line 17) line 32
	HTTP::Engine::new("HTTP::Engine", "interface", HASH(0x3300358)) called at t/Utils.pm line 129
	t::Utils::__ANON__(50399) called at /tmp/loop_over_bdir-4833-RsMgL5/HTTP-Engine-0.03005-0/inc/Test/TCP.pm line 118
	Test::TCP::start(Test::TCP=HASH(0x1841278)) called at /tmp/loop_over_bdir-4833-RsMgL5/HTTP-Engine-0.03005-0/inc/Test/TCP.pm line 102
	Test::TCP::new("Test::TCP", "code", CODE(0x360b510), "port", 50399) called at /tmp/loop_over_bdir-4833-RsMgL5/HTTP-Engine-0.03005-0/inc/Test/TCP.pm line 54
	Test::TCP::test_tcp("client", CODE(0x360b3d8), "server", CODE(0x360b510), "port", 50399) called at t/Utils.pm line 132
	t::Utils::daemonize_all(CODE(0x3149a38), "    sub {\x{a}        my \$port = shift;\x{a}        return (\x{a}        "...) called at t/moose/030_daemonize/uri.t line 20
Class::MOP::load_class is deprecated at /home/sand/src/perl/repoperls/installed-perls/host/k93x64sid/v5.25.4-15-gfdc080f/3bd2/lib/site_perl/5.25.5/x86_64-linux-ld/Class/MOP.pm line 69.
	Class::MOP::load_class("HTTP::Engine::Interface::POE") called at /tmp/loop_over_bdir-4833-RsMgL5/HTTP-Engine-0.03005-0/blib/lib/HTTP/Engine/Types/Core.pm line 26
	HTTP::Engine::Types::Core::__ANON__(HASH(0x3300358)) called at /home/sand/src/perl/repoperls/installed-perls/host/k93x64sid/v5.25.4-15-gfdc080f/3bd2/lib/site_perl/5.25.5/x86_64-linux-ld/Moose/Meta/TypeCoercion.pm line 65
	Moose::Meta::TypeCoercion::__ANON__(HASH(0x3300358)) called at constructor HTTP::Engine::new (defined at /tmp/loop_over_bdir-4833-RsMgL5/HTTP-Engine-0.03005-0/blib/lib/HTTP/Engine.pm line 17) line 32
	HTTP::Engine::new("HTTP::Engine", "interface", HASH(0x3300358)) called at t/Utils.pm line 129
	t::Utils::__ANON__(50399) called at /tmp/loop_over_bdir-4833-RsMgL5/HTTP-Engine-0.03005-0/inc/Test/TCP.pm line 118
	Test::TCP::start(Test::TCP=HASH(0x3ae1550)) called at /tmp/loop_over_bdir-4833-RsMgL5/HTTP-Engine-0.03005-0/inc/Test/TCP.pm line 102
	Test::TCP::new("Test::TCP", "code", CODE(0x360b510), "port", 50399) called at /tmp/loop_over_bdir-4833-RsMgL5/HTTP-Engine-0.03005-0/inc/Test/TCP.pm line 54
	Test::TCP::test_tcp("client", CODE(0x360b3d8), "server", CODE(0x360b510), "port", 50399) called at t/Utils.pm line 132
	t::Utils::daemonize_all(CODE(0x3149a38), "    sub {\x{a}        my \$port = shift;\x{a}        return (\x{a}        "...) called at t/moose/030_daemonize/uri.t line 20
t/moose/030_daemonize/uri.t ................................. ok
Possible precedence issue with control flow operator at /tmp/loop_over_bdir-4833-RsMgL5/HTTP-Engine-0.03005-0/inc/Test/Builder.pm line 917.
Class::MOP::load_class is deprecated at /home/sand/src/perl/repoperls/installed-perls/host/k93x64sid/v5.25.4-15-gfdc080f/3bd2/lib/site_perl/5.25.5/x86_64-linux-ld/Class/MOP.pm line 69.
	Class::MOP::load_class("HTTP::Engine::Interface::Standalone") called at /tmp/loop_over_bdir-4833-RsMgL5/HTTP-Engine-0.03005-0/blib/lib/HTTP/Engine/Types/Core.pm line 26
	HTTP::Engine::Types::Core::__ANON__(HASH(0x35c6850)) called at /home/sand/src/perl/repoperls/installed-perls/host/k93x64sid/v5.25.4-15-gfdc080f/3bd2/lib/site_perl/5.25.5/x86_64-linux-ld/Moose/Meta/TypeCoercion.pm line 65
	Moose::Meta::TypeCoercion::__ANON__(HASH(0x35c6850)) called at constructor HTTP::Engine::new (defined at /tmp/loop_over_bdir-4833-RsMgL5/HTTP-Engine-0.03005-0/blib/lib/HTTP/Engine.pm line 17) line 32
	HTTP::Engine::new("HTTP::Engine", "interface", HASH(0x35c6850)) called at t/Utils.pm line 129
	t::Utils::__ANON__(50704) called at /tmp/loop_over_bdir-4833-RsMgL5/HTTP-Engine-0.03005-0/inc/Test/TCP.pm line 118
	Test::TCP::start(Test::TCP=HASH(0x3648410)) called at /tmp/loop_over_bdir-4833-RsMgL5/HTTP-Engine-0.03005-0/inc/Test/TCP.pm line 102
	Test::TCP::new("Test::TCP", "code", CODE(0x35c6aa8), "port", 50704) called at /tmp/loop_over_bdir-4833-RsMgL5/HTTP-Engine-0.03005-0/inc/Test/TCP.pm line 54
	Test::TCP::test_tcp("client", CODE(0x35c6970), "server", CODE(0x35c6aa8), "port", 50704) called at t/Utils.pm line 132
	t::Utils::daemonize_all(CODE(0x2578270), "    sub {\x{a}        my \$port = Encode::decode_utf8(shift);\x{a}    "...) called at t/moose/030_daemonize/utf8flagged-uri.t line 23
Class::MOP::load_class is deprecated at /home/sand/src/perl/repoperls/installed-perls/host/k93x64sid/v5.25.4-15-gfdc080f/3bd2/lib/site_perl/5.25.5/x86_64-linux-ld/Class/MOP.pm line 69.
	Class::MOP::load_class("HTTP::Engine::Interface::ServerSimple") called at /tmp/loop_over_bdir-4833-RsMgL5/HTTP-Engine-0.03005-0/blib/lib/HTTP/Engine/Types/Core.pm line 26
	HTTP::Engine::Types::Core::__ANON__(HASH(0x35c6850)) called at /home/sand/src/perl/repoperls/installed-perls/host/k93x64sid/v5.25.4-15-gfdc080f/3bd2/lib/site_perl/5.25.5/x86_64-linux-ld/Moose/Meta/TypeCoercion.pm line 65
	Moose::Meta::TypeCoercion::__ANON__(HASH(0x35c6850)) called at constructor HTTP::Engine::new (defined at /tmp/loop_over_bdir-4833-RsMgL5/HTTP-Engine-0.03005-0/blib/lib/HTTP/Engine.pm line 17) line 32
	HTTP::Engine::new("HTTP::Engine", "interface", HASH(0x35c6850)) called at t/Utils.pm line 129
	t::Utils::__ANON__(50704) called at /tmp/loop_over_bdir-4833-RsMgL5/HTTP-Engine-0.03005-0/inc/Test/TCP.pm line 118
	Test::TCP::start(Test::TCP=HASH(0x3637340)) called at /tmp/loop_over_bdir-4833-RsMgL5/HTTP-Engine-0.03005-0/inc/Test/TCP.pm line 102
	Test::TCP::new("Test::TCP", "code", CODE(0x35c6aa8), "port", 50704) called at /tmp/loop_over_bdir-4833-RsMgL5/HTTP-Engine-0.03005-0/inc/Test/TCP.pm line 54
	Test::TCP::test_tcp("client", CODE(0x35c6970), "server", CODE(0x35c6aa8), "port", 50704) called at t/Utils.pm line 132
	t::Utils::daemonize_all(CODE(0x2578270), "    sub {\x{a}        my \$port = Encode::decode_utf8(shift);\x{a}    "...) called at t/moose/030_daemonize/utf8flagged-uri.t line 23
Class::MOP::load_class is deprecated at /home/sand/src/perl/repoperls/installed-perls/host/k93x64sid/v5.25.4-15-gfdc080f/3bd2/lib/site_perl/5.25.5/x86_64-linux-ld/Class/MOP.pm line 69.
	Class::MOP::load_class("HTTP::Engine::Interface::POE") called at /tmp/loop_over_bdir-4833-RsMgL5/HTTP-Engine-0.03005-0/blib/lib/HTTP/Engine/Types/Core.pm line 26
	HTTP::Engine::Types::Core::__ANON__(HASH(0x35c6850)) called at /home/sand/src/perl/repoperls/installed-perls/host/k93x64sid/v5.25.4-15-gfdc080f/3bd2/lib/site_perl/5.25.5/x86_64-linux-ld/Moose/Meta/TypeCoercion.pm line 65
	Moose::Meta::TypeCoercion::__ANON__(HASH(0x35c6850)) called at constructor HTTP::Engine::new (defined at /tmp/loop_over_bdir-4833-RsMgL5/HTTP-Engine-0.03005-0/blib/lib/HTTP/Engine.pm line 17) line 32
	HTTP::Engine::new("HTTP::Engine", "interface", HASH(0x35c6850)) called at t/Utils.pm line 129
	t::Utils::__ANON__(50704) called at /tmp/loop_over_bdir-4833-RsMgL5/HTTP-Engine-0.03005-0/inc/Test/TCP.pm line 118
	Test::TCP::start(Test::TCP=HASH(0x3614b98)) called at /tmp/loop_over_bdir-4833-RsMgL5/HTTP-Engine-0.03005-0/inc/Test/TCP.pm line 102
	Test::TCP::new("Test::TCP", "code", CODE(0x35c6aa8), "port", 50704) called at /tmp/loop_over_bdir-4833-RsMgL5/HTTP-Engine-0.03005-0/inc/Test/TCP.pm line 54
	Test::TCP::test_tcp("client", CODE(0x35c6970), "server", CODE(0x35c6aa8), "port", 50704) called at t/Utils.pm line 132
	t::Utils::daemonize_all(CODE(0x2578270), "    sub {\x{a}        my \$port = Encode::decode_utf8(shift);\x{a}    "...) called at t/moose/030_daemonize/utf8flagged-uri.t line 23
t/moose/030_daemonize/utf8flagged-uri.t ..................... ok
Possible precedence issue with control flow operator at /tmp/loop_over_bdir-4833-RsMgL5/HTTP-Engine-0.03005-0/inc/Test/Builder.pm line 917.
Redundant argument in sprintf at /tmp/loop_over_bdir-4833-RsMgL5/HTTP-Engine-0.03005-0/inc/Spiffy.pm line 225.
Redundant argument in sprintf at /tmp/loop_over_bdir-4833-RsMgL5/HTTP-Engine-0.03005-0/inc/Spiffy.pm line 225.
Redundant argument in sprintf at /tmp/loop_over_bdir-4833-RsMgL5/HTTP-Engine-0.03005-0/inc/Spiffy.pm line 225.
Redundant argument in sprintf at /tmp/loop_over_bdir-4833-RsMgL5/HTTP-Engine-0.03005-0/inc/Spiffy.pm line 225.
t/moose/040_minimal/001_simple.t ............................ ok
Possible precedence issue with control flow operator at /tmp/loop_over_bdir-4833-RsMgL5/HTTP-Engine-0.03005-0/inc/Test/Builder.pm line 917.
t/moose/050_tests/request.t ................................. ok

Test Summary Report
-------------------
t/030_daemonize/proxy_path.t                              (Wstat: 1024 Tests: 16 Failed: 4)
  Failed tests:  2, 4, 10, 12
  Non-zero exit status: 4
t/moose/010_core/request_processor-catch_error.t          (Wstat: 256 Tests: 3 Failed: 1)
  Failed test:  3
  Non-zero exit status: 1
t/moose/020_interface/test-validation.t                   (Wstat: 256 Tests: 10 Failed: 1)
  Failed test:  2
  Non-zero exit status: 1
t/moose/030_daemonize/proxy_path.t                        (Wstat: 1024 Tests: 16 Failed: 4)
  Failed tests:  2, 4, 10, 12
  Non-zero exit status: 4
Files=144, Tests=1360, 41 wallclock secs ( 0.22 usr  0.62 sys + 27.87 cusr  4.88 csys = 33.59 CPU)
Result: FAIL
Failed 4/144 test programs. 10/1360 subtests failed.
Makefile:862: recipe for target 'test_dynamic' failed
make: *** [test_dynamic] Error 255

------------------------------
PREREQUISITES
------------------------------

Prerequisite modules loaded:

requires:

    Module               Need   Have    
    -------------------- ------ --------
    Any::Moose           0.13   0.26    
    CGI::Simple::Cookie  1.103  1.114   
    File::Copy           0      2.32    
    File::Spec::Unix     3.2701 3.65    
    Filter::Util::Call   0      1.55    
    HTTP::Body           1.05   1.22    
    HTTP::Headers::Fast  0.11   0.20    
    HTTP::Server::Simple 0.35   0.51    
    Mouse                0.62   v2.4.5  
    MouseX::Types        0.05   0.06    
    perl                 5.008  5.025005
    Scalar::Util         1.19   1.45_01 
    URI                  1.36   1.71    

build_requires:

    Module               Need   Have    
    -------------------- ------ --------
    ExtUtils::MakeMaker  6.42   7.24    
    File::Temp           0.20   0.2304  
    HTTP::Request::AsCGI 0      1.2     
    IO::File             1.14   1.16    
    IO::Scalar           0      2.111   
    IO::Socket           1.3    1.38    
    IO::Socket::INET     0      1.35    
    Test::More           0      1.302052
    Test::SharedFork     0.11   0.35    
    Test::TCP            0.16   2.17    
    YAML                 0      1.18    

configure_requires:

    Module               Need   Have    
    -------------------- ------ --------
    ExtUtils::MakeMaker  6.42   7.24    


------------------------------
ENVIRONMENT AND OTHER CONTEXT
------------------------------

Environment variables:

    AUTOMATED_TESTING = 1
    LANG = C
    PATH = /home/sand/bin:/usr/local/bin:/usr/bin:/bin:/usr/games:/usr/local/perl/bin:/usr/X11/bin:/sbin:/usr/sbin
    PERL5LIB = 
    PERL5OPT = 
    PERL5_CPANPLUS_IS_RUNNING = 28339
    PERL5_CPAN_IS_RUNNING = 28339
    PERL_CANARY_STABILITY_NOPROMPT = 1
    PERL_MM_USE_DEFAULT = 1
    SHELL = /usr/bin/zsh
    TERM = screen

Perl special variables (and OS-specific diagnostics, for MSWin32):

    $^X = /tmp/basesmoker-reloperl-9CqF/bin/perl
    $UID/$EUID = 1005 / 1005
    $GID = 1005 1005
    $EGID = 1005 1005

Perl module toolchain versions installed:

    Module              Have      
    ------------------- ----------
    CPAN                2.15      
    CPAN::Meta          2.150010  
    Cwd                 3.65      
    ExtUtils::CBuilder  0.280225  
    ExtUtils::Command   7.24      
    ExtUtils::Install   2.04      
    ExtUtils::MakeMaker 7.24      
    ExtUtils::Manifest  1.70      
    ExtUtils::ParseXS   3.33      
    File::Spec          3.65      
    JSON                2.90      
    JSON::PP            2.27400_01
    Module::Build       0.4220    
    Module::Signature   0.80      
    Parse::CPAN::Meta   2.150010  
    Test::Harness       3.36_01   
    Test::More          1.302052  
    YAML                1.18      
    YAML::Syck          1.29      
    version             0.9917    


--

Summary of my perl5 (revision 5 version 25 subversion 5) configuration:
  Commit id: fdc080f3f22884c216544189aa3e6d2881d62aca
  Platform:
    osname=linux
    osvers=4.6.0-1-amd64
    archname=x86_64-linux-ld
    uname='linux k93x64sid 4.6.0-1-amd64 #1 smp debian 4.6.2-2 (2016-06-25) x86_64 gnulinux '
    config_args='-Dprefix=/home/sand/src/perl/repoperls/installed-perls/host/k93x64sid/v5.25.4-15-gfdc080f/3bd2 -Dmyhostname=k93x64sid -Dinstallusrbinperl=n -Uversiononly -Dusedevel -des -Ui_db -Dlibswanted=cl pthread socket inet nsl gdbm dbm malloc dl ld sun m crypt sec util c cposix posix ucb BSD gdbm_compat -Uuseithreads -Duselongdouble -DDEBUGGING=-g'
    hint=recommended
    useposix=true
    d_sigaction=define
    useithreads=undef
    usemultiplicity=undef
    use64bitint=define
    use64bitall=define
    uselongdouble=define
    usemymalloc=n
    bincompat5005=undef
  Compiler:
    cc='cc'
    ccflags ='-fwrapv -fno-strict-aliasing -pipe -fstack-protector-strong -I/usr/local/include -D_LARGEFILE_SOURCE -D_FILE_OFFSET_BITS=64'
    optimize='-O2 -g'
    cppflags='-fwrapv -fno-strict-aliasing -pipe -fstack-protector-strong -I/usr/local/include'
    ccversion=''
    gccversion='6.2.0 20160822'
    gccosandvers=''
    intsize=4
    longsize=8
    ptrsize=8
    doublesize=8
    byteorder=12345678
    doublekind=3
    d_longlong=define
    longlongsize=8
    d_longdbl=define
    longdblsize=16
    longdblkind=3
    ivtype='long'
    ivsize=8
    nvtype='long double'
    nvsize=16
    Off_t='off_t'
    lseeksize=8
    alignbytes=16
    prototype=define
  Linker and Libraries:
    ld='cc'
    ldflags =' -fstack-protector-strong -L/usr/local/lib'
    libpth=/usr/local/lib /usr/lib/gcc/x86_64-linux-gnu/6/include-fixed /usr/include/x86_64-linux-gnu /usr/lib /lib/x86_64-linux-gnu /lib/../lib /usr/lib/x86_64-linux-gnu /usr/lib/../lib /lib
    libs=-lpthread -lnsl -ldl -lm -lcrypt -lutil -lc
    perllibs=-lpthread -lnsl -ldl -lm -lcrypt -lutil -lc
    libc=libc-2.23.so
    so=so
    useshrplib=false
    libperl=libperl.a
    gnulibc_version='2.23'
  Dynamic Linking:
    dlsrc=dl_dlopen.xs
    dlext=so
    d_dlsymun=undef
    ccdlflags='-Wl,-E'
    cccdlflags='-fPIC'
    lddlflags='-shared -O2 -g -L/usr/local/lib -fstack-protector-strong'


Characteristics of this binary (from libperl): 
  Compile-time options:
    HAS_TIMES
    PERLIO_LAYERS
    PERL_COPY_ON_WRITE
    PERL_DONT_CREATE_GVSV
    PERL_HASH_FUNC_ONE_AT_A_TIME_HARD
    PERL_MALLOC_WRAP
    PERL_OP_PARENT
    PERL_PRESERVE_IVUV
    PERL_USE_DEVEL
    USE_64_BIT_ALL
    USE_64_BIT_INT
    USE_LARGE_FILES
    USE_LOCALE
    USE_LOCALE_COLLATE
    USE_LOCALE_CTYPE
    USE_LOCALE_NUMERIC
    USE_LOCALE_TIME
    USE_LONG_DOUBLE
    USE_PERLIO
    USE_PERL_ATOF
  Built under linux
  Compiled at Aug 25 2016 20:10:32
  %ENV:
    PERL5LIB=""
    PERL5OPT=""
    PERL5_CPANPLUS_IS_RUNNING="28339"
    PERL5_CPAN_IS_RUNNING="28339"
    PERL_CANARY_STABILITY_NOPROMPT="1"
    PERL_MM_USE_DEFAULT="1"
  @INC:
    /home/sand/src/perl/repoperls/installed-perls/host/k93x64sid/v5.25.4-15-gfdc080f/3bd2/lib/site_perl/5.25.5/x86_64-linux-ld
    /home/sand/src/perl/repoperls/installed-perls/host/k93x64sid/v5.25.4-15-gfdc080f/3bd2/lib/site_perl/5.25.5
    /home/sand/src/perl/repoperls/installed-perls/host/k93x64sid/v5.25.4-15-gfdc080f/3bd2/lib/5.25.5/x86_64-linux-ld
    /home/sand/src/perl/repoperls/installed-perls/host/k93x64sid/v5.25.4-15-gfdc080f/3bd2/lib/5.25.5
    .