Report for Class-InsideOut-1.10

Back
From: metabase:user:30f4dfbe-2aae-11df-837a-5e0a49663a4f
Subject: FAIL Class-InsideOut-1.10 v5.11.3 GNU/Linux
Date: 2012-12-06T19:33:15Z

This distribution has been tested as part of the CPAN Testers
project, supporting the Perl programming language.  See
http://wiki.cpantesters.org/ for more information or email
questions to cpan-testers-discuss@perl.org


--
Dear David Golden,

This is a computer-generated report for Class-InsideOut-1.10
on perl 5.11.3, created by CPAN-Reporter-1.2006.

Thank you for uploading your work to CPAN.  However, there was a problem
testing your distribution.

If you think this report is invalid, please consult the CPAN Testers Wiki
for suggestions on how to avoid getting FAIL reports for missing library
or binary dependencies, unsupported operating systems, and so on:

http://wiki.cpantesters.org/wiki/CPANAuthorNotes

Sections of this report:

    * Tester comments
    * Program output
    * Prerequisites
    * Environment and other context

------------------------------
TESTER COMMENTS
------------------------------

Additional comments from tester:

this report is from an automated smoke testing program
and was not reviewed by a human for accuracy

------------------------------
PROGRAM OUTPUT
------------------------------

Output from './Build test':

t/01_load.t ........................ ok
t/02_register.t .................... ok
t/03_properties.t .................. ok
t/04_threaded.t .................... ok
t/05_forking.t ..................... ok
t/06_export_ok.t ................... ok
t/07_synopsis_obj.t ................ ok
t/08_DEMOLISH.t .................... ok
t/09_foreign.t ..................... ok
t/10_storable_values.t ............. ok
t/11_storable_refs.t ............... ok
t/12_storable_hooks.t .............. ok
t/13_options.t ..................... ok
t/14_accessor_hooks.t .............. ok

#   Failed test 'require t::Object::Trivial succeeded without XS'
#   at t/15_no_weaken_fallback.t line 52.
#          got: 'Died at t/15_no_weaken_fallback.t line 30.
# Compilation failed in require at /home/njh/perl5/perlbrew/perls/perl-5.11.3/lib/5.11.3/x86_64-linux-thread-multi/Scalar/Util.pm line 11.
# Compilation failed in require at /home/njh/.cpan/build/Class-InsideOut-1.10-s4pj5y/blib/lib/Class/InsideOut.pm line 20.
# BEGIN failed--compilation aborted at /home/njh/.cpan/build/Class-InsideOut-1.10-s4pj5y/blib/lib/Class/InsideOut.pm line 20.
# Compilation failed in require at t/Object/Trivial.pm line 4.
# BEGIN failed--compilation aborted at t/Object/Trivial.pm line 4.
# Compilation failed in require at (eval 4) line 2.
# '
#     expected: ''

#   Failed test 'caught a warning'
#   at t/15_no_weaken_fallback.t line 55.
Use of uninitialized value $this in pattern match (m//) at t/15_no_weaken_fallback.t line 56.

#   Failed test 'Saw warning for Scalar::Util::weaken unavailable'
#   at t/15_no_weaken_fallback.t line 56.
#                   undef
#     doesn't match '/Scalar::Util::weaken/'
# Looks like you failed 3 tests of 3.
t/15_no_weaken_fallback.t .......... 
Dubious, test returned 3 (wstat 768, 0x300)
Failed 3/3 subtests 
t/16_property_argument_checking.t .. ok
t/17_option_argument_checking.t .... ok
t/18_register_argument_checking.t .. ok
t/19_storable_singleton.t .......... ok
t/20_storable_singleton_error.t .... ok
t/21_optional_new.t ................ ok
t/22_readonly.t .................... ok

Test Summary Report
-------------------
t/15_no_weaken_fallback.t        (Wstat: 768 Tests: 3 Failed: 3)
  Failed tests:  1-3
  Non-zero exit status: 3
Files=22, Tests=383,  1 wallclock secs ( 0.06 usr  0.02 sys +  0.43 cusr  0.06 csys =  0.57 CPU)
Result: FAIL
Failed 1/22 test programs. 3/383 subtests failed.

------------------------------
PREREQUISITES
------------------------------

Prerequisite modules loaded:

requires:

    Module        Need  Have    
    ------------- ----- --------
    base          0     2.18    
    Class::ISA    0     0.36    
    Config        0     0       
    Exporter      0     5.67    
    perl          5.005 5.011003
    Scalar::Util  1.09  1.25    
    Test::More    0.45  0.98    

configure_requires:

    Module        Need  Have    
    ------------- ----- --------
    Module::Build 0.34  0.4003  


------------------------------
ENVIRONMENT AND OTHER CONTEXT
------------------------------

Environment variables:

    AUTOMATED_TESTING = 1
    LANG = en_GB.UTF-8
    LANGUAGE = en_GB:en
    LD_LIBRARY_PATH = :/usr/local/lib:/usr/lib/qt-3.3/lib:/usr/X11R6/lib
    MANPATH_WITHOUT_PERLBREW = /usr/local/man:/usr/local/share/man:/usr/share/man:/usr/local/man:/home/njh/man:/usr/share/inn/man:/usr/share/perl5/man:/usr/share/tcl-8.0/man:/usr/share/tclX-8.0.4/man:/usr/share/tix-4.1/man:/usr/share/tk-8.0/man:/usr/server/doc:/usr/share/man:/opt/intel/cc/9.1.038/man
    PATH = /home/njh/perl5/perlbrew/bin:/home/njh/perl5/perlbrew/perls/perl-5.11.3/bin:/home/njh/perl5/perlbrew/bin:/usr/local/bin:/usr/bin:/bin:/usr/local/games:/usr/games:/home/njh/bin
    PATH_WITHOUT_PERLBREW = /usr/local/bin:/usr/bin:/bin:/usr/local/games:/usr/games:/home/njh/bin
    PERL5LIB = /home/njh/.cpan/build/Class-ISA-0.36-Goh252/blib/arch:/home/njh/.cpan/build/Class-ISA-0.36-Goh252/blib/lib:/home/njh/.cpan/build/XML-Simple-2.20-9iALge/blib/arch:/home/njh/.cpan/build/XML-Simple-2.20-9iALge/blib/lib:/home/njh/.cpan/build/XML-SAX-Expat-0.40-buN93K/blib/arch:/home/njh/.cpan/build/XML-SAX-Expat-0.40-buN93K/blib/lib
    PERL5OPT = 
    PERL5_CPANPLUS_IS_RUNNING = 29387
    PERL5_CPAN_IS_RUNNING = 29387
    PERL5_MINISMOKEBOX = 0.54
    PERLBREW_BASHRC_VERSION = 0.49
    PERLBREW_HOME = /home/njh/.perlbrew
    PERLBREW_LIB = 
    PERLBREW_MANPATH = /home/njh/perl5/perlbrew/perls/perl-5.11.3/man
    PERLBREW_PATH = /home/njh/perl5/perlbrew/bin:/home/njh/perl5/perlbrew/perls/perl-5.11.3/bin
    PERLBREW_PERL = perl-5.11.3
    PERLBREW_ROOT = /home/njh/perl5/perlbrew
    PERLBREW_VERSION = 0.49
    PERL_EXTUTILS_AUTOINSTALL = --defaultdeps
    PERL_LOCAL_LIB_ROOT = 
    PERL_MB_OPT = 
    PERL_MM_OPT = 
    PERL_MM_USE_DEFAULT = 1
    SHELL = /bin/bash
    TERM = linux

Perl special variables (and OS-specific diagnostics, for MSWin32):

    $^X = /home/njh/perl5/perlbrew/perls/perl-5.11.3/bin/perl5.11.3
    $UID/$EUID = 1000 / 1000
    $GID = 1000 24 25 29 30 44 46 108 112 1000
    $EGID = 1000 24 25 29 30 44 46 108 112 1000

Perl module toolchain versions installed:

    Module              Have    
    ------------------- --------
    CPAN                1.9800  
    CPAN::Meta          2.120921
    Cwd                 3.33    
    ExtUtils::CBuilder  0.280205
    ExtUtils::Command   1.17    
    ExtUtils::Install   1.55    
    ExtUtils::MakeMaker 6.62    
    ExtUtils::Manifest  1.61    
    ExtUtils::ParseXS   3.15    
    File::Spec          3.33    
    JSON                2.53    
    JSON::PP            2.27200 
    Module::Build       0.4003  
    Module::Signature   0.68    
    Parse::CPAN::Meta   1.4404  
    Test::Harness       3.25    
    Test::More          0.98    
    YAML                0.84    
    YAML::Syck          1.22    
    version             0.9901  


--

Summary of my perl5 (revision 5 version 11 subversion 3) configuration:
   
  Platform:
    osname=linux, osvers=3.2.0-3-amd64, archname=x86_64-linux-thread-multi
    uname='linux nigelhorne.force9.co.uk 3.2.0-3-amd64 #1 smp thu jun 28 09:07:26 utc 2012 x86_64 gnulinux '
    config_args='-de -Dprefix=/home/njh/perl5/perlbrew/perls/perl-5.11.3 -Duseithreads -Dusemultiplicity -Dusedevel -Accflags=-O2 -W -Wformat=2 -Wswitch -Wshadow -Wwrite-strings -Wuninitialized -Wall -pipe -mtune=native -march=native -fomit-frame-pointer -mfpmath=sse -pedantic -D_FORTIFY_SOURCE=2 -Wpointer-arith -Wstrict-prototypes -fstack-protector -Wstack-protector -Wextra -Wbad-function-cast -Wcast-align -Wcast-qual -Wdisabled-optimization -Wendif-labels -Wfloat-equal -Wformat-nonliteral -Winline -Wmissing-declarations -Wmissing-prototypes -Wnested-externs -Wpointer-arith -Wundef -Wformat-security -Aeval:scriptdir=/home/njh/perl5/perlbrew/perls/perl-5.11.3/bin'
    hint=recommended, useposix=true, d_sigaction=define
    useithreads=define, usemultiplicity=define
    useperlio=define, d_sfio=undef, uselargefiles=define, usesocks=undef
    use64bitint=define, use64bitall=define, uselongdouble=undef
    usemymalloc=n, bincompat5005=undef
  Compiler:
    cc='cc', ccflags ='-D_REENTRANT -D_GNU_SOURCE -O2 -W -Wformat=2 -Wswitch -Wshadow -Wwrite-strings -Wuninitialized -Wall -pipe -mtune=native -march=native -fomit-frame-pointer -mfpmath=sse -pedantic -D_FORTIFY_SOURCE=2 -Wpointer-arith -Wstrict-prototypes -fstack-protector -Wstack-protector -Wextra -Wbad-function-cast -Wcast-align -Wcast-qual -Wdisabled-optimization -Wendif-labels -Wfloat-equal -Wformat-nonliteral -Winline -Wmissing-declarations -Wmissing-prototypes -Wnested-externs -Wpointer-arith -Wundef -Wformat-security -fno-strict-aliasing -I/usr/local/include -D_LARGEFILE_SOURCE -D_FILE_OFFSET_BITS=64',
    optimize='-O2',
    cppflags='-D_REENTRANT -D_GNU_SOURCE -O2 -W -Wformat=2 -Wswitch -Wshadow -Wwrite-strings -Wuninitialized -Wall -pipe -mtune=native -march=native -fomit-frame-pointer -mfpmath=sse -pedantic -D_FORTIFY_SOURCE=2 -Wpointer-arith -Wstrict-prototypes -fstack-protector -Wstack-protector -Wextra -Wbad-function-cast -Wcast-align -Wcast-qual -Wdisabled-optimization -Wendif-labels -Wfloat-equal -Wformat-nonliteral -Winline -Wmissing-declarations -Wmissing-prototypes -Wnested-externs -Wpointer-arith -Wundef -Wformat-security -fno-strict-aliasing -I/usr/local/include'
    ccversion='', gccversion='4.7.1', gccosandvers=''
    intsize=4, longsize=8, ptrsize=8, doublesize=8, byteorder=12345678
    d_longlong=define, longlongsize=8, d_longdbl=define, longdblsize=16
    ivtype='long', ivsize=8, nvtype='double', nvsize=8, Off_t='off_t', lseeksize=8
    alignbytes=8, prototype=define
  Linker and Libraries:
    ld='cc', ldflags =' -fstack-protector -L/usr/local/lib'
    libpth=/usr/local/lib /lib/x86_64-linux-gnu /lib/../lib /usr/lib/x86_64-linux-gnu /usr/lib/../lib /lib /usr/lib
    libs=-lnsl -lgdbm -ldb -ldl -lm -lcrypt -lutil -lpthread -lc -lgdbm_compat
    perllibs=-lnsl -ldl -lm -lcrypt -lutil -lpthread -lc
    libc=, so=so, useshrplib=false, libperl=libperl.a
    gnulibc_version='2.13'
  Dynamic Linking:
    dlsrc=dl_dlopen.xs, dlext=so, d_dlsymun=undef, ccdlflags='-Wl,-E'
    cccdlflags='-fPIC', lddlflags='-shared -O2 -L/usr/local/lib -fstack-protector'


Characteristics of this binary (from libperl): 
  Compile-time options: MULTIPLICITY PERL_DONT_CREATE_GVSV
                        PERL_IMPLICIT_CONTEXT PERL_MALLOC_WRAP PERL_USE_DEVEL
                        USE_64_BIT_ALL USE_64_BIT_INT USE_ITHREADS
                        USE_LARGE_FILES USE_PERLIO USE_REENTRANT_API
  Built under linux
  Compiled at Jul 18 2012 14:03:14
  %ENV:
    PERL5LIB="/home/njh/.cpan/build/Class-ISA-0.36-Goh252/blib/arch:/home/njh/.cpan/build/Class-ISA-0.36-Goh252/blib/lib:/home/njh/.cpan/build/XML-Simple-2.20-9iALge/blib/arch:/home/njh/.cpan/build/XML-Simple-2.20-9iALge/blib/lib:/home/njh/.cpan/build/XML-SAX-Expat-0.40-buN93K/blib/arch:/home/njh/.cpan/build/XML-SAX-Expat-0.40-buN93K/blib/lib"
    PERL5OPT=""
    PERL5_CPANPLUS_IS_RUNNING="29387"
    PERL5_CPAN_IS_RUNNING="29387"
    PERL5_MINISMOKEBOX="0.54"
    PERLBREW_BASHRC_VERSION="0.49"
    PERLBREW_HOME="/home/njh/.perlbrew"
    PERLBREW_LIB=""
    PERLBREW_MANPATH="/home/njh/perl5/perlbrew/perls/perl-5.11.3/man"
    PERLBREW_PATH="/home/njh/perl5/perlbrew/bin:/home/njh/perl5/perlbrew/perls/perl-5.11.3/bin"
    PERLBREW_PERL="perl-5.11.3"
    PERLBREW_ROOT="/home/njh/perl5/perlbrew"
    PERLBREW_VERSION="0.49"
    PERL_EXTUTILS_AUTOINSTALL="--defaultdeps"
    PERL_LOCAL_LIB_ROOT=""
    PERL_MB_OPT=""
    PERL_MM_OPT=""
    PERL_MM_USE_DEFAULT="1"
  @INC:
    /home/njh/.cpan/build/Class-ISA-0.36-Goh252/blib/arch
    /home/njh/.cpan/build/Class-ISA-0.36-Goh252/blib/lib
    /home/njh/.cpan/build/XML-Simple-2.20-9iALge/blib/arch
    /home/njh/.cpan/build/XML-Simple-2.20-9iALge/blib/lib
    /home/njh/.cpan/build/XML-SAX-Expat-0.40-buN93K/blib/arch
    /home/njh/.cpan/build/XML-SAX-Expat-0.40-buN93K/blib/lib
    /home/njh/perl5/perlbrew/perls/perl-5.11.3/lib/site_perl/5.11.3/x86_64-linux-thread-multi
    /home/njh/perl5/perlbrew/perls/perl-5.11.3/lib/site_perl/5.11.3
    /home/njh/perl5/perlbrew/perls/perl-5.11.3/lib/5.11.3/x86_64-linux-thread-multi
    /home/njh/perl5/perlbrew/perls/perl-5.11.3/lib/5.11.3
    .