Crypt-SSLeay v0.72 Perl 5 v5.24.4 x86_64-linux-thread-multi-ld
- Status
- Fail
- From
- Nigel Horne
- Dist
-
Crypt-SSLeay v0.72
- Platform
- Perl 5 v5.24.4 x86_64-linux-thread-multi-ld
- Date
- 2019-10-28 19:18:53
- ID
- c7acf2f6-f9b7-11e9-8ac2-2d9e35fe04c8
This distribution has been tested as part of the CPAN Testers
project, supporting the Perl programming language. See
http://wiki.cpantesters.org/ for more information or email
questions to cpan-testers-discuss@perl.org
--
Dear A. Sinan Unur,
This is a computer-generated report for Crypt-SSLeay-0.72
on perl 5.24.4, created by CPAN-Reporter-1.2018.
Thank you for uploading your work to CPAN. However, there was a problem
testing your distribution.
If you think this report is invalid, please consult the CPAN Testers Wiki
for suggestions on how to avoid getting FAIL reports for missing library
or binary dependencies, unsupported operating systems, and so on:
http://wiki.cpantesters.org/wiki/CPANAuthorNotes
Sections of this report:
* Tester comments
* Program output
* Prerequisites
* Environment and other context
------------------------------
TESTER COMMENTS
------------------------------
Additional comments from tester:
none provided
------------------------------
PROGRAM OUTPUT
------------------------------
Output from '/usr/bin/make test':
"/home/njh/perl5/perlbrew/perls/perl-5.24.4-thread-multi-ld/bin/perl5.24.4" -MExtUtils::Command::MM -e 'cp_nonempty' -- SSLeay.bs blib/arch/auto/Crypt/SSLeay/SSLeay.bs 644
PERL_DL_NONLAZY=1 "/home/njh/perl5/perlbrew/perls/perl-5.24.4-thread-multi-ld/bin/perl5.24.4" "-MExtUtils::Command::MM" "-MTest::Harness" "-e" "undef *Test::Harness::Switches; test_harness(0, 'blib/lib', 'blib/arch')" t/*.t
# Failed test 'use Crypt::SSLeay;'
# at t/00-basic.t line 6.
# Tried to use 'Crypt::SSLeay'.
# Error: Can't load '/home/njh/.cpan/build/Crypt-SSLeay-0.72-eGBCxQ/blib/arch/auto/Crypt/SSLeay/SSLeay.so' for module Crypt::SSLeay: /home/njh/.cpan/build/Crypt-SSLeay-0.72-eGBCxQ/blib/arch/auto/Crypt/SSLeay/SSLeay.so: undefined symbol: SSLv2_client_method at /home/njh/perl5/perlbrew/perls/perl-5.24.4-thread-multi-ld/lib/5.24.4/x86_64-linux-thread-multi-ld/DynaLoader.pm line 193.
# at t/00-basic.t line 6.
# Compilation failed in require at t/00-basic.t line 6.
# BEGIN failed--compilation aborted at t/00-basic.t line 6.
# Failed test 'use Crypt::SSLeay::CTX;'
# at t/00-basic.t line 7.
# Tried to use 'Crypt::SSLeay::CTX'.
# Error: Attempt to reload Crypt/SSLeay.pm aborted.
# Compilation failed in require at /home/njh/.cpan/build/Crypt-SSLeay-0.72-eGBCxQ/blib/lib/Crypt/SSLeay/CTX.pm line 2.
# Compilation failed in require at t/00-basic.t line 7.
# BEGIN failed--compilation aborted at t/00-basic.t line 7.
# Failed test 'use Crypt::SSLeay::Conn;'
# at t/00-basic.t line 8.
# Tried to use 'Crypt::SSLeay::Conn'.
# Error: Attempt to reload Crypt/SSLeay.pm aborted.
# Compilation failed in require at /home/njh/.cpan/build/Crypt-SSLeay-0.72-eGBCxQ/blib/lib/Crypt/SSLeay/Conn.pm line 2.
# Compilation failed in require at t/00-basic.t line 8.
# BEGIN failed--compilation aborted at t/00-basic.t line 8.
# Failed test 'use Crypt::SSLeay::Err;'
# at t/00-basic.t line 9.
# Tried to use 'Crypt::SSLeay::Err'.
# Error: Attempt to reload Crypt/SSLeay.pm aborted.
# Compilation failed in require at /home/njh/.cpan/build/Crypt-SSLeay-0.72-eGBCxQ/blib/lib/Crypt/SSLeay/Err.pm line 2.
# Compilation failed in require at t/00-basic.t line 9.
# BEGIN failed--compilation aborted at t/00-basic.t line 9.
# Failed test 'use Crypt::SSLeay::MainContext;'
# at t/00-basic.t line 10.
# Tried to use 'Crypt::SSLeay::MainContext'.
# Error: Attempt to reload Crypt/SSLeay/CTX.pm aborted.
# Compilation failed in require at /home/njh/.cpan/build/Crypt-SSLeay-0.72-eGBCxQ/blib/lib/Crypt/SSLeay/MainContext.pm line 8.
# Compilation failed in require at t/00-basic.t line 10.
# BEGIN failed--compilation aborted at t/00-basic.t line 10.
# Failed test 'use Crypt::SSLeay::Version;'
# at t/00-basic.t line 12.
# Tried to use 'Crypt::SSLeay::Version'.
# Error: Attempt to reload Crypt/SSLeay.pm aborted.
# Compilation failed in require at /home/njh/.cpan/build/Crypt-SSLeay-0.72-eGBCxQ/blib/lib/Crypt/SSLeay/Version.pm line 2.
# Compilation failed in require at t/00-basic.t line 12.
# BEGIN failed--compilation aborted at t/00-basic.t line 12.
# Failed test 'use Net::SSL;'
# at t/00-basic.t line 23.
# Tried to use 'Net::SSL'.
# Error: Attempt to reload Crypt/SSLeay.pm aborted.
# Compilation failed in require at /home/njh/.cpan/build/Crypt-SSLeay-0.72-eGBCxQ/blib/lib/Net/SSL.pm line 20.
# Compilation failed in require at t/00-basic.t line 23.
# BEGIN failed--compilation aborted at t/00-basic.t line 23.
Can't load '/home/njh/.cpan/build/Crypt-SSLeay-0.72-eGBCxQ/blib/arch/auto/Crypt/SSLeay/SSLeay.so' for module Crypt::SSLeay: /home/njh/.cpan/build/Crypt-SSLeay-0.72-eGBCxQ/blib/arch/auto/Crypt/SSLeay/SSLeay.so: undefined symbol: SSLv2_client_method at /home/njh/perl5/perlbrew/perls/perl-5.24.4-thread-multi-ld/lib/5.24.4/x86_64-linux-thread-multi-ld/DynaLoader.pm line 193.
at /home/njh/.cpan/build/Crypt-SSLeay-0.72-eGBCxQ/blib/lib/Net/SSL.pm line 20.
Compilation failed in require at /home/njh/.cpan/build/Crypt-SSLeay-0.72-eGBCxQ/blib/lib/Net/SSL.pm line 20.
Compilation failed in require at t/01-connect.t line 6.
BEGIN failed--compilation aborted at t/01-connect.t line 6.
# Looks like your test exited with 2 before it could output anything.
t/01-connect.t ...
Dubious, test returned 2 (wstat 512, 0x200)
Failed 8/8 subtests
Undefined subroutine &main::main_ctx called at t/00-basic.t line 49.
# Tests were run but no plan was declared and done_testing() was not seen.
# Looks like your test exited with 2 just after 13.
t/00-basic.t .....
Dubious, test returned 2 (wstat 512, 0x200)
Failed 7/13 subtests
(less 3 skipped subtests: 3 okay)
# Reading configuration from 'test.config' on linux
# network_tests : 0
t/02-live.t ...... skipped: Network tests disabled
Can't load '/home/njh/.cpan/build/Crypt-SSLeay-0.72-eGBCxQ/blib/arch/auto/Crypt/SSLeay/SSLeay.so' for module Crypt::SSLeay: /home/njh/.cpan/build/Crypt-SSLeay-0.72-eGBCxQ/blib/arch/auto/Crypt/SSLeay/SSLeay.so: undefined symbol: SSLv2_client_method at /home/njh/perl5/perlbrew/perls/perl-5.24.4-thread-multi-ld/lib/5.24.4/x86_64-linux-thread-multi-ld/DynaLoader.pm line 193.
at /home/njh/.cpan/build/Crypt-SSLeay-0.72-eGBCxQ/blib/lib/Crypt/SSLeay/Version.pm line 2.
Compilation failed in require at /home/njh/.cpan/build/Crypt-SSLeay-0.72-eGBCxQ/blib/lib/Crypt/SSLeay/Version.pm line 2.
Compilation failed in require at t/03-version.t line 14.
BEGIN failed--compilation aborted at t/03-version.t line 14.
t/03-version.t ...
Dubious, test returned 2 (wstat 512, 0x200)
No subtests run
t/manifest.t ..... skipped: Author tests not required for installation
t/boilerplate.t .. ok
Test Summary Report
-------------------
t/01-connect.t (Wstat: 512 Tests: 0 Failed: 0)
Non-zero exit status: 2
Parse errors: Bad plan. You planned 8 tests but ran 0.
t/00-basic.t (Wstat: 512 Tests: 13 Failed: 7)
Failed tests: 1-5, 7-8
Non-zero exit status: 2
Parse errors: No plan found in TAP output
t/03-version.t (Wstat: 512 Tests: 0 Failed: 0)
Non-zero exit status: 2
Parse errors: No plan found in TAP output
Files=6, Tests=22, 1 wallclock secs ( 0.13 usr 0.08 sys + 0.85 cusr 0.17 csys = 1.23 CPU)
Result: FAIL
Failed 3/6 test programs. 7/22 subtests failed.
Makefile:1094: recipe for target 'test_dynamic' failed
make: *** [test_dynamic] Error 255
------------------------------
PREREQUISITES
------------------------------
Prerequisite modules loaded:
requires:
Module Need Have
-------------------- -------- --------
LWP::Protocol::https 6.02 6.07
MIME::Base64 0 3.15
perl 5.006 5.024004
build_requires:
Module Need Have
-------------------- -------- --------
ExtUtils::MakeMaker 0 7.38
Test::More 0.19 1.001014
Try::Tiny 0.19 0.30
configure_requires:
Module Need Have
-------------------- -------- --------
ExtUtils::CBuilder 0.280205 0.280225
Getopt::Long 0 2.48
Path::Class 0.26 0.37
Try::Tiny 0.19 0.30
------------------------------
ENVIRONMENT AND OTHER CONTEXT
------------------------------
Environment variables:
HARNESS_OPTIONS = j2:c
LANG = C.UTF-8
NONINTERACTIVE_TESTING = 1
PATH = /home/njh/perl5/perlbrew/bin:/home/njh/perl5/perlbrew/perls/perl-5.24.4-thread-multi-ld/bin:/home/njh/perl5/perlbrew/bin:/home/njh/bin:/usr/local/sbin:/usr/local/bin:/usr/sbin:/usr/bin:/sbin:/bin:/usr/games:/usr/local/games:/snap/bin
PERL5LIB =
PERL5OPT =
PERL5_CPANPLUS_IS_RUNNING = 3653
PERL5_CPAN_IS_RUNNING = 3653
PERLBREW_HOME = /home/njh/.perlbrew
PERLBREW_LIB =
PERLBREW_MANPATH = /home/njh/perl5/perlbrew/perls/perl-5.24.4-thread-multi-ld/man
PERLBREW_PATH = /home/njh/perl5/perlbrew/bin:/home/njh/perl5/perlbrew/perls/perl-5.24.4-thread-multi-ld/bin
PERLBREW_PERL = perl-5.24.4-thread-multi-ld
PERLBREW_ROOT = /home/njh/perl5/perlbrew
PERLBREW_SHELLRC_VERSION = 0.86
PERLBREW_VERSION = 0.86
PERL_LOCAL_LIB_ROOT =
PERL_MM_USE_DEFAULT = 1
SHELL = /bin/bash
TEMP = /tmp/user/1002
TERM = xterm-256color
TMPDIR = /tmp/user/1002
Perl special variables (and OS-specific diagnostics, for MSWin32):
$^X = /home/njh/perl5/perlbrew/perls/perl-5.24.4-thread-multi-ld/bin/perl5.24.4
$UID/$EUID = 1002 / 1002
$GID = 1002 1002
$EGID = 1002 1002
Perl module toolchain versions installed:
Module Have
------------------- ----------
CPAN 2.11_01
CPAN::Meta 2.150005
Cwd 3.63_01
ExtUtils::CBuilder 0.280225
ExtUtils::Command 7.38
ExtUtils::Install 2.06
ExtUtils::MakeMaker 7.38
ExtUtils::Manifest 1.70
ExtUtils::ParseXS 3.31
File::Spec 3.63_01
JSON n/a
JSON::PP 2.27300_01
Module::Build 0.4229
Module::Signature n/a
Parse::CPAN::Meta 1.4417_001
Test::Harness 3.36_01
Test::More 1.001014
YAML 1.29
YAML::Syck n/a
version 0.9916
--
Summary of my perl5 (revision 5 version 24 subversion 4) configuration:
Platform:
osname=linux, osvers=4.15.0-1025-oracle, archname=x86_64-linux-thread-multi-ld
uname='linux oracle1 4.15.0-1025-oracle #28-ubuntu smp mon sep 16 12:54:27 utc 2019 x86_64 x86_64 x86_64 gnulinux '
config_args='-de -Dprefix=/home/njh/perl5/perlbrew/perls/perl-5.24.4-thread-multi-ld -Dusedevel -Duselongdouble -Dusethreads -Dusemultiplicity -Accflags=-O2 -W -Wformat=2 -Wswitch -Wshadow -Wwrite-strings -Wuninitialized -Wall -pipe -fomit-frame-pointer -pedantic -D_FORTIFY_SOURCE=2 -Wpointer-arith -Wstrict-prototypes -fstack-protector -Wstack-protector -Wextra -Wbad-function-cast -Wcast-align -Wcast-qual -Wdisabled-optimization -Wendif-labels -Wfloat-equal -Wformat-nonliteral -Winline -Wmissing-declarations -Wmissing-prototypes -Wnested-externs -Wpointer-arith -Wundef -Wformat-security -ftree-vectorize -msse -mfpmath=sse -msse2 -mssse3 -msse4.1 -msse4.2 -maes -fdiagnostics-color=auto -mtune=native -march=native -Aeval:scriptdir=/home/njh/perl5/perlbrew/perls/perl-5.24.4-thread-multi-ld/bin'
hint=recommended, useposix=true, d_sigaction=define
useithreads=define, usemultiplicity=define
use64bitint=define, use64bitall=define, uselongdouble=define
usemymalloc=n, bincompat5005=undef
Compiler:
cc='cc', ccflags ='-D_REENTRANT -D_GNU_SOURCE -O2 -W -Wformat=2 -Wswitch -Wshadow -Wwrite-strings -Wuninitialized -Wall -pipe -fomit-frame-pointer -pedantic -D_FORTIFY_SOURCE=2 -Wpointer-arith -Wstrict-prototypes -fstack-protector -Wstack-protector -Wextra -Wbad-function-cast -Wcast-align -Wcast-qual -Wdisabled-optimization -Wendif-labels -Wfloat-equal -Wformat-nonliteral -Winline -Wmissing-declarations -Wmissing-prototypes -Wnested-externs -Wpointer-arith -Wundef -Wformat-security -ftree-vectorize -msse -mfpmath=sse -msse2 -mssse3 -msse4.1 -msse4.2 -maes -fdiagnostics-color=auto -mtune=native -march=native -fwrapv -fno-strict-aliasing -fstack-protector-strong -I/usr/local/include -D_LARGEFILE_SOURCE -D_FILE_OFFSET_BITS=64',
optimize='-O2',
cppflags='-D_REENTRANT -D_GNU_SOURCE -O2 -W -Wformat=2 -Wswitch -Wshadow -Wwrite-strings -Wuninitialized -Wall -pipe -fomit-frame-pointer -pedantic -D_FORTIFY_SOURCE=2 -Wpointer-arith -Wstrict-prototypes -fstack-protector -Wstack-protector -Wextra -Wbad-function-cast -Wcast-align -Wcast-qual -Wdisabled-optimization -Wendif-labels -Wfloat-equal -Wformat-nonliteral -Winline -Wmissing-declarations -Wmissing-prototypes -Wnested-externs -Wpointer-arith -Wundef -Wformat-security -ftree-vectorize -msse -mfpmath=sse -msse2 -mssse3 -msse4.1 -msse4.2 -maes -fdiagnostics-color=auto -mtune=native -march=native -fwrapv -fno-strict-aliasing -fstack-protector-strong -I/usr/local/include'
ccversion='', gccversion='7.4.0', gccosandvers=''
intsize=4, longsize=8, ptrsize=8, doublesize=8, byteorder=12345678, doublekind=3
d_longlong=define, longlongsize=8, d_longdbl=define, longdblsize=16, longdblkind=3
ivtype='long', ivsize=8, nvtype='long double', nvsize=16, Off_t='off_t', lseeksize=8
alignbytes=16, prototype=define
Linker and Libraries:
ld='cc', ldflags =' -fstack-protector-strong -L/usr/local/lib'
libpth=/usr/local/lib /usr/lib/gcc/x86_64-linux-gnu/7/include-fixed /usr/include/x86_64-linux-gnu /usr/lib /lib/x86_64-linux-gnu /lib/../lib /usr/lib/x86_64-linux-gnu /usr/lib/../lib /lib
libs=-lpthread -lnsl -lgdbm -ldb -ldl -lm -lcrypt -lutil -lc
perllibs=-lpthread -lnsl -ldl -lm -lcrypt -lutil -lc
libc=libc-2.27.so, so=so, useshrplib=false, libperl=libperl.a
gnulibc_version='2.27'
Dynamic Linking:
dlsrc=dl_dlopen.xs, dlext=so, d_dlsymun=undef, ccdlflags='-Wl,-E'
cccdlflags='-fPIC', lddlflags='-shared -O2 -L/usr/local/lib -fstack-protector-strong'
Characteristics of this binary (from libperl):
Compile-time options: HAS_TIMES MULTIPLICITY PERLIO_LAYERS
PERL_COPY_ON_WRITE PERL_DONT_CREATE_GVSV
PERL_HASH_FUNC_ONE_AT_A_TIME_HARD
PERL_IMPLICIT_CONTEXT PERL_MALLOC_WRAP
PERL_PRESERVE_IVUV PERL_USE_DEVEL USE_64_BIT_ALL
USE_64_BIT_INT USE_ITHREADS USE_LARGE_FILES
USE_LOCALE USE_LOCALE_COLLATE USE_LOCALE_CTYPE
USE_LOCALE_NUMERIC USE_LOCALE_TIME USE_LONG_DOUBLE
USE_PERLIO USE_PERL_ATOF USE_REENTRANT_API
Locally applied patches:
Devel::PatchPerl 1.64
Built under linux
Compiled at Sep 21 2019 19:47:46
%ENV:
PERL5LIB=""
PERL5OPT=""
PERL5_CPANPLUS_IS_RUNNING="3653"
PERL5_CPAN_IS_RUNNING="3653"
PERLBREW_HOME="/home/njh/.perlbrew"
PERLBREW_LIB=""
PERLBREW_MANPATH="/home/njh/perl5/perlbrew/perls/perl-5.24.4-thread-multi-ld/man"
PERLBREW_PATH="/home/njh/perl5/perlbrew/bin:/home/njh/perl5/perlbrew/perls/perl-5.24.4-thread-multi-ld/bin"
PERLBREW_PERL="perl-5.24.4-thread-multi-ld"
PERLBREW_ROOT="/home/njh/perl5/perlbrew"
PERLBREW_SHELLRC_VERSION="0.86"
PERLBREW_VERSION="0.86"
PERL_LOCAL_LIB_ROOT=""
PERL_MM_USE_DEFAULT="1"
@INC:
/home/njh/perl5/perlbrew/perls/perl-5.24.4-thread-multi-ld/lib/site_perl/5.24.4/x86_64-linux-thread-multi-ld
/home/njh/perl5/perlbrew/perls/perl-5.24.4-thread-multi-ld/lib/site_perl/5.24.4
/home/njh/perl5/perlbrew/perls/perl-5.24.4-thread-multi-ld/lib/5.24.4/x86_64-linux-thread-multi-ld
/home/njh/perl5/perlbrew/perls/perl-5.24.4-thread-multi-ld/lib/5.24.4
.