Report for App-DisplayResolutionUtils-0.003

Back
From: metabase:user:320bfe00-2aae-11df-837a-5e0a49663a4f
Subject: NA App-DisplayResolutionUtils-0.003 v5.8.6 GNU/Linux
Date: 2016-10-12T07:09:13Z

This distribution has been tested as part of the CPAN Testers
project, supporting the Perl programming language.  See
http://wiki.cpantesters.org/ for more information or email
questions to cpan-testers-discuss@perl.org


--
Dear perlancar,

This is a computer-generated report for App-DisplayResolutionUtils-0.003
on perl 5.8.6, created by CPAN-Reporter-1.2018.

Thank you for uploading your work to CPAN.  While attempting to build or test
this distribution, the distribution signaled that support is not available
either for this operating system or this version of Perl.  Nevertheless, any
diagnostic output produced is provided below for reference.  If this is not
what you expect, you may wish to consult the CPAN Testers Wiki:

http://wiki.cpantesters.org/wiki/CPANAuthorNotes

Sections of this report:

    * Tester comments
    * Program output
    * Prerequisites
    * Environment and other context

------------------------------
TESTER COMMENTS
------------------------------

Additional comments from tester:

this report is from an automated smoke testing program
and was not reviewed by a human for accuracy

------------------------------
PROGRAM OUTPUT
------------------------------

Output from '/usr/bin/make test':

PERL_DL_NONLAZY=1 "/home/sand/src/perl/repoperls/installed-perls/perl/perl-5.8.6/8942/bin/perl" "-MExtUtils::Command::MM" "-MTest::Harness" "-e" "undef *Test::Harness::Switches; test_harness(0, 'blib/lib', 'blib/arch')" t/*.t

#   Failed test 'App/DisplayResolutionUtils.pm loaded ok'
#   at t/00-compile.t line 41.
#          got: '2304'
#     expected: '0'
Perl v5.10.1 required--this is only v5.8.6, stopped at /tmp/loop_over_bdir-1003-ARvmak/App-DisplayResolutionUtils-0.003-0/blib/lib/App/DisplayResolutionUtils.pm line 6.
BEGIN failed--compilation aborted at /tmp/loop_over_bdir-1003-ARvmak/App-DisplayResolutionUtils-0.003-0/blib/lib/App/DisplayResolutionUtils.pm line 6.
Compilation failed in require at -e line 1.

#   Failed test 'bin/get-display-resolution-name compiled ok'
#   at t/00-compile.t line 67.
#          got: '2304'
#     expected: '0'
Perl v5.10.1 required--this is only v5.8.6, stopped at bin/get-display-resolution-name line 10.BEGIN failed--compilation aborted at bin/get-display-resolution-name line 10. at t/00-compile.t line 76, <GEN4> line 2.

#   Failed test 'bin/get-display-resolution-size compiled ok'
#   at t/00-compile.t line 67.
#          got: '2304'
#     expected: '0'
Perl v5.10.1 required--this is only v5.8.6, stopped at bin/get-display-resolution-size line 10.BEGIN failed--compilation aborted at bin/get-display-resolution-size line 10. at t/00-compile.t line 76, <GEN8> line 2.

#   Failed test 'bin/list-display-resolution-names compiled ok'
#   at t/00-compile.t line 67.
#          got: '2304'
#     expected: '0'
Perl v5.10.1 required--this is only v5.8.6, stopped at bin/list-display-resolution-names line 10.BEGIN failed--compilation aborted at bin/list-display-resolution-names line 10. at t/00-compile.t line 76, <GEN12> line 2.
# Looks like you failed 4 tests of 4.
t/00-compile.t ........... 
Dubious, test returned 4 (wstat 1024, 0x400)
Failed 4/4 subtests 
t/author-pod-coverage.t .. skipped: these tests are for testing by the author
t/author-pod-syntax.t .... skipped: these tests are for testing by the author
t/release-rinci.t ........ skipped: these tests are for release candidate testing

Test Summary Report
-------------------
t/00-compile.t         (Wstat: 1024 Tests: 4 Failed: 4)
  Failed tests:  1-4
  Non-zero exit status: 4
Files=4, Tests=4,  0 wallclock secs ( 0.01 usr  0.02 sys +  0.08 cusr  0.01 csys =  0.12 CPU)
Result: FAIL
Failed 1/4 test programs. 4/4 subtests failed.
Makefile:908: recipe for target 'test_dynamic' failed
make: *** [test_dynamic] Error 255

------------------------------
PREREQUISITES
------------------------------

Prerequisite modules loaded:

requires:

    Module                              Need Have    
    ----------------------------------- ---- --------
  ! Data::Sah::Compiler::perl::TH::bool 0    n/a     
  ! Data::Sah::Compiler::perl::TH::int  0    n/a     
  ! Data::Sah::Compiler::perl::TH::str  0    n/a     
  ! Display::Resolution                 0    n/a     
  ! Perinci::CmdLine::Any               0    n/a     
    Sah::Schema::posint                 0    0.06    
    strict                              0    1.03    
    warnings                            0    1.03    

build_requires:

    Module                              Need Have    
    ----------------------------------- ---- --------
    ExtUtils::MakeMaker                 0    7.24    
    File::Spec                          0    3.62    
    IO::Handle                          0    1.28    
    IPC::Open3                          0    1.0106  
    Test::More                          0    1.302061

configure_requires:

    Module                              Need Have    
    ----------------------------------- ---- --------
    ExtUtils::MakeMaker                 0    7.24    


------------------------------
ENVIRONMENT AND OTHER CONTEXT
------------------------------

Environment variables:

    AUTOMATED_TESTING = 1
    LANG = en_US.UTF-8
    LANGUAGE = en_US:en
    PATH = /home/sand/bin:/usr/local/bin:/usr/bin:/bin:/usr/games:/usr/local/perl/bin:/usr/X11/bin:/sbin:/usr/sbin
    PERL5LIB = 
    PERL5OPT = 
    PERL5_CPANPLUS_IS_RUNNING = 1004
    PERL5_CPAN_IS_RUNNING = 1004
    PERL_CANARY_STABILITY_NOPROMPT = 1
    PERL_MM_USE_DEFAULT = 1
    SHELL = /usr/bin/zsh
    TERM = screen

Perl special variables (and OS-specific diagnostics, for MSWin32):

    $^X = /home/sand/src/perl/repoperls/installed-perls/perl/perl-5.8.6/8942/bin/perl
    $UID/$EUID = 1005 / 1005
    $GID = 1005 1005
    $EGID = 1005 1005

Perl module toolchain versions installed:

    Module              Have    
    ------------------- --------
    CPAN                2.15    
    CPAN::Meta          2.150010
    Cwd                 3.62    
    ExtUtils::CBuilder  0.280224
    ExtUtils::Command   7.24    
    ExtUtils::Install   1.54    
    ExtUtils::MakeMaker 7.24    
    ExtUtils::Manifest  1.70    
    ExtUtils::ParseXS   3.30    
    File::Spec          3.62    
    JSON                2.90    
    JSON::PP            2.27400 
    Module::Build       0.4220  
    Module::Signature   0.81    
    Parse::CPAN::Meta   2.150010
    Test::Harness       3.36    
    Test::More          1.302061
    YAML                n/a     
    YAML::Syck          1.29    
    version             0.9917  


--

Summary of my perl5 (revision 5 version 8 subversion 6) configuration:
  Platform:
    osname=linux, osvers=4.7.0-1-amd64, archname=x86_64-linux-ld
    uname='linux k83 4.7.0-1-amd64 #1 smp debian 4.7.2-1 (2016-08-28) x86_64 gnulinux '
    config_args='-Dprefix=/home/sand/src/perl/repoperls/installed-perls/perl/perl-5.8.6/8942 -Dmyhostname=k83 -Dinstallusrbinperl=n -Uversiononly -Dusedevel -des -Ui_db -Dlibswanted=cl pthread socket inet nsl gdbm dbm malloc dl ld sun m crypt sec util c cposix posix ucb BSD gdbm_compat -Uuseithreads -Duselongdouble -DDEBUGGING=-g'
    hint=recommended, useposix=true, d_sigaction=define
    usethreads=undef use5005threads=undef useithreads=undef usemultiplicity=undef
    useperlio=define d_sfio=undef uselargefiles=define usesocks=undef
    use64bitint=define use64bitall=define uselongdouble=define
    usemymalloc=n, bincompat5005=undef
  Compiler:
    cc='cc', ccflags ='-fno-strict-aliasing -pipe -I/usr/local/include -D_LARGEFILE_SOURCE -D_FILE_OFFSET_BITS=64',
    optimize='-O2',
    cppflags='-fno-strict-aliasing -pipe -I/usr/local/include'
    ccversion='', gccversion='6.2.0 20160830', gccosandvers=''
    intsize=4, longsize=8, ptrsize=8, doublesize=8, byteorder=12345678
    d_longlong=define, longlongsize=8, d_longdbl=define, longdblsize=16
    ivtype='long', ivsize=8, nvtype='long double', nvsize=16, Off_t='off_t', lseeksize=8
    alignbytes=16, prototype=define
  Linker and Libraries:
    ld='cc', ldflags =' -L/usr/local/lib'
    libpth=/usr/local/lib /lib/x86_64-linux-gnu /lib/../lib /usr/lib/x86_64-linux-gnu /usr/lib/../lib /lib /usr/lib
    libs=-lpthread -lnsl -lgdbm -ldl -lm -lcrypt -lutil -lc -lgdbm_compat
    perllibs=-lpthread -lnsl -ldl -lm -lcrypt -lutil -lc -lgdbm_compat
    libc=libc-2.24.so, so=so, useshrplib=false, libperl=libperl.a
    gnulibc_version='2.24'
  Dynamic Linking:
    dlsrc=dl_dlopen.xs, dlext=so, d_dlsymun=undef, ccdlflags='-Wl,-E'
    cccdlflags='-fpic', lddlflags='-shared -L/usr/local/lib'


Characteristics of this binary (from libperl): 
  Compile-time options: USE_64_BIT_INT USE_64_BIT_ALL USE_LONG_DOUBLE USE_LARGE_FILES
  Locally applied patches:
	MAINT23539
  Built under linux
  Compiled at Sep  5 2016 21:16:03
  %ENV:
    PERL5LIB=""
    PERL5OPT=""
    PERL5_CPANPLUS_IS_RUNNING="1004"
    PERL5_CPAN_IS_RUNNING="1004"
    PERL_CANARY_STABILITY_NOPROMPT="1"
    PERL_MM_USE_DEFAULT="1"
  @INC:
    /home/sand/src/perl/repoperls/installed-perls/perl/perl-5.8.6/8942/lib/5.8.6/x86_64-linux-ld
    /home/sand/src/perl/repoperls/installed-perls/perl/perl-5.8.6/8942/lib/5.8.6
    /home/sand/src/perl/repoperls/installed-perls/perl/perl-5.8.6/8942/lib/site_perl/5.8.6/x86_64-linux-ld
    /home/sand/src/perl/repoperls/installed-perls/perl/perl-5.8.6/8942/lib/site_perl/5.8.6
    /home/sand/src/perl/repoperls/installed-perls/perl/perl-5.8.6/8942/lib/site_perl
    .