Report for Apache2-AuthAny-0.201

Back
From: metabase:user:322078bc-2aae-11df-837a-5e0a49663a4f
Subject: FAIL Apache2-AuthAny-0.201 v5.13.2 GNU/Linux
Date: 2011-05-18T23:01:34Z

This distribution has been tested as part of the CPAN Testers
project, supporting the Perl programming language.  See
http://wiki.cpantesters.org/ for more information or email
questions to cpan-testers-discuss@perl.org


--

Dear KGOLDOV,

This is a computer-generated error report created automatically by
CPANPLUS, version 0.9105. Testers personal comments may appear
at the end of this report.


Thank you for uploading your work to CPAN.  However, it appears that
there were some problems testing your distribution.

TEST RESULTS:

Below is the error stack from stage 'make test':

[MSG] [Thu May 19 00:00:38 2011] cp lib/Apache2/AuthAny/DB.pm blib/lib/Apache2/AuthAny/DB.pm
cp post-install.pl blib/lib/Apache2/post-install.pl
cp startup.pl blib/lib/Apache2/startup.pl
cp lib/Apache2/AuthAny/FixupHandler.pm blib/lib/Apache2/AuthAny/FixupHandler.pm
cp lib/Apache2/AuthAny/MapToStorageHandler.pm blib/lib/Apache2/AuthAny/MapToStorageHandler.pm
cp lib/Apache2/AuthAny/AuthenHandler.pm blib/lib/Apache2/AuthAny/AuthenHandler.pm
cp lib/Apache2/AuthAny/Cookie.pm blib/lib/Apache2/AuthAny/Cookie.pm
cp lib/Apache2/AuthAny/AuthUtil.pm blib/lib/Apache2/AuthAny/AuthUtil.pm
cp lib/Apache2/AuthAny/AuthzHandler.pm blib/lib/Apache2/AuthAny/AuthzHandler.pm
cp lib/Apache2/AuthAny/RequestConfig.pm blib/lib/Apache2/AuthAny/RequestConfig.pm
cp lib/Apache2/AuthAny.pm blib/lib/Apache2/AuthAny.pm
Manifying blib/man3/Apache2::AuthAny.3

[ERROR] [Thu May 19 00:00:38 2011] MAKE TEST failed: PERL_DL_NONLAZY=1 /home/cpan/pit/thr/perl-5.13.2/bin/perl5.13.2 "-MExtUtils::Command::MM" "-e" "test_harness(0, 'blib/lib', 'blib/arch')" t/*.t

#   Failed test 'use Apache2::AuthAny;'
#   at t/00-load.t line 6.
#     Tried to use 'Apache2::AuthAny'.
#     Error:  Can't locate Apache2/Module.pm in @INC (@INC contains: /home/cpan/pit/thr/conf/perl-5.13.2/.cpanplus/5.13.2/build/Apache2-AuthAny-0.201/blib/lib /home/cpan/pit/thr/conf/perl-5.13.2/.cpanplus/5.13.2/build/Apache2-AuthAny-0.201/blib/arch /home/cpan/pit/thr/perl-5.13.2/lib/site_perl/5.13.2/x86_64-linux-thread-multi /home/cpan/pit/thr/perl-5.13.2/lib/site_perl/5.13.2 /home/cpan/pit/thr/perl-5.13.2/lib/5.13.2/x86_64-linux-thread-multi /home/cpan/pit/thr/perl-5.13.2/lib/5.13.2) at /home/cpan/pit/thr/conf/perl-5.13.2/.cpanplus/5.13.2/build/Apache2-AuthAny-0.201/blib/lib/Apache2/AuthAny.pm line 5.
# BEGIN failed--compilation aborted at /home/cpan/pit/thr/conf/perl-5.13.2/.cpanplus/5.13.2/build/Apache2-AuthAny-0.201/blib/lib/Apache2/AuthAny.pm line 5.
# Compilation failed in require at (eval 4) line 2.
# BEGIN failed--compilation aborted at (eval 4) line 2.

#   Failed test 'use Apache2::AuthAny::AuthenHandler;'
#   at t/00-load.t line 7.
#     Tried to use 'Apache2::AuthAny::AuthenHandler'.
#     Error:  Can't locate Apache2/Const.pm in @INC (@INC contains: /home/cpan/pit/thr/conf/perl-5.13.2/.cpanplus/5.13.2/build/Apache2-AuthAny-0.201/blib/lib /home/cpan/pit/thr/conf/perl-5.13.2/.cpanplus/5.13.2/build/Apache2-AuthAny-0.201/blib/arch /home/cpan/pit/thr/perl-5.13.2/lib/site_perl/5.13.2/x86_64-linux-thread-multi /home/cpan/pit/thr/perl-5.13.2/lib/site_perl/5.13.2 /home/cpan/pit/thr/perl-5.13.2/lib/5.13.2/x86_64-linux-thread-multi /home/cpan/pit/thr/perl-5.13.2/lib/5.13.2) at /home/cpan/pit/thr/conf/perl-5.13.2/.cpanplus/5.13.2/build/Apache2-AuthAny-0.201/blib/lib/Apache2/AuthAny/AuthenHandler.pm line 7.
# BEGIN failed--compilation aborted at /home/cpan/pit/thr/conf/perl-5.13.2/.cpanplus/5.13.2/build/Apache2-AuthAny-0.201/blib/lib/Apache2/AuthAny/AuthenHandler.pm line 7.
# Compilation failed in require at (eval 5) line 2.
# BEGIN failed--compilation aborted at (eval 5) line 2.

#   Failed test 'use Apache2::AuthAny::AuthUtil;'
#   at t/00-load.t line 8.
#     Tried to use 'Apache2::AuthAny::AuthUtil'.
#     Error:  Can't locate URI/Escape.pm in @INC (@INC contains: /home/cpan/pit/thr/conf/perl-5.13.2/.cpanplus/5.13.2/build/Apache2-AuthAny-0.201/blib/lib /home/cpan/pit/thr/conf/perl-5.13.2/.cpanplus/5.13.2/build/Apache2-AuthAny-0.201/blib/arch /home/cpan/pit/thr/perl-5.13.2/lib/site_perl/5.13.2/x86_64-linux-thread-multi /home/cpan/pit/thr/perl-5.13.2/lib/site_perl/5.13.2 /home/cpan/pit/thr/perl-5.13.2/lib/5.13.2/x86_64-linux-thread-multi /home/cpan/pit/thr/perl-5.13.2/lib/5.13.2) at /home/cpan/pit/thr/conf/perl-5.13.2/.cpanplus/5.13.2/build/Apache2-AuthAny-0.201/blib/lib/Apache2/AuthAny/AuthUtil.pm line 4.
# BEGIN failed--compilation aborted at /home/cpan/pit/thr/conf/perl-5.13.2/.cpanplus/5.13.2/build/Apache2-AuthAny-0.201/blib/lib/Apache2/AuthAny/AuthUtil.pm line 4.
# Compilation failed in require at (eval 6) line 2.
# BEGIN failed--compilation aborted at (eval 6) line 2.

#   Failed test 'use Apache2::AuthAny::AuthzHandler;'
#   at t/00-load.t line 9.
#     Tried to use 'Apache2::AuthAny::AuthzHandler'.
#     Error:  Can't locate Apache2/Const.pm in @INC (@INC contains: /home/cpan/pit/thr/conf/perl-5.13.2/.cpanplus/5.13.2/build/Apache2-AuthAny-0.201/blib/lib /home/cpan/pit/thr/conf/perl-5.13.2/.cpanplus/5.13.2/build/Apache2-AuthAny-0.201/blib/arch /home/cpan/pit/thr/perl-5.13.2/lib/site_perl/5.13.2/x86_64-linux-thread-multi /home/cpan/pit/thr/perl-5.13.2/lib/site_perl/5.13.2 /home/cpan/pit/thr/perl-5.13.2/lib/5.13.2/x86_64-linux-thread-multi /home/cpan/pit/thr/perl-5.13.2/lib/5.13.2) at /home/cpan/pit/thr/conf/perl-5.13.2/.cpanplus/5.13.2/build/Apache2-AuthAny-0.201/blib/lib/Apache2/AuthAny/AuthzHandler.pm line 4.
# BEGIN failed--compilation aborted at /home/cpan/pit/thr/conf/perl-5.13.2/.cpanplus/5.13.2/build/Apache2-AuthAny-0.201/blib/lib/Apache2/AuthAny/AuthzHandler.pm line 4.
# Compilation failed in require at (eval 7) line 2.
# BEGIN failed--compilation aborted at (eval 7) line 2.

#   Failed test 'use Apache2::AuthAny::Cookie;'
#   at t/00-load.t line 10.
#     Tried to use 'Apache2::AuthAny::Cookie'.
#     Error:  Can't locate Apache2/Cookie.pm in @INC (@INC contains: /home/cpan/pit/thr/conf/perl-5.13.2/.cpanplus/5.13.2/build/Apache2-AuthAny-0.201/blib/lib /home/cpan/pit/thr/conf/perl-5.13.2/.cpanplus/5.13.2/build/Apache2-AuthAny-0.201/blib/arch /home/cpan/pit/thr/perl-5.13.2/lib/site_perl/5.13.2/x86_64-linux-thread-multi /home/cpan/pit/thr/perl-5.13.2/lib/site_perl/5.13.2 /home/cpan/pit/thr/perl-5.13.2/lib/5.13.2/x86_64-linux-thread-multi /home/cpan/pit/thr/perl-5.13.2/lib/5.13.2) at /home/cpan/pit/thr/conf/perl-5.13.2/.cpanplus/5.13.2/build/Apache2-AuthAny-0.201/blib/lib/Apache2/AuthAny/Cookie.pm line 6.
# BEGIN failed--compilation aborted at /home/cpan/pit/thr/conf/perl-5.13.2/.cpanplus/5.13.2/build/Apache2-AuthAny-0.201/blib/lib/Apache2/AuthAny/Cookie.pm line 6.
# Compilation failed in require at (eval 8) line 2.
# BEGIN failed--compilation aborted at (eval 8) line 2.

#   Failed test 'use Apache2::AuthAny::DB;'
#   at t/00-load.t line 11.
#     Tried to use 'Apache2::AuthAny::DB'.
#     Error:  Can't locate DBI.pm in @INC (@INC contains: /home/cpan/pit/thr/conf/perl-5.13.2/.cpanplus/5.13.2/build/Apache2-AuthAny-0.201/blib/lib /home/cpan/pit/thr/conf/perl-5.13.2/.cpanplus/5.13.2/build/Apache2-AuthAny-0.201/blib/arch /home/cpan/pit/thr/perl-5.13.2/lib/site_perl/5.13.2/x86_64-linux-thread-multi /home/cpan/pit/thr/perl-5.13.2/lib/site_perl/5.13.2 /home/cpan/pit/thr/perl-5.13.2/lib/5.13.2/x86_64-linux-thread-multi /home/cpan/pit/thr/perl-5.13.2/lib/5.13.2) at /home/cpan/pit/thr/conf/perl-5.13.2/.cpanplus/5.13.2/build/Apache2-AuthAny-0.201/blib/lib/Apache2/AuthAny/DB.pm line 5.
# BEGIN failed--compilation aborted at /home/cpan/pit/thr/conf/perl-5.13.2/.cpanplus/5.13.2/build/Apache2-AuthAny-0.201/blib/lib/Apache2/AuthAny/DB.pm line 5.
# Compilation failed in require at (eval 9) line 2.
# BEGIN failed--compilation aborted at (eval 9) line 2.

#   Failed test 'use Apache2::AuthAny::FixupHandler;'
#   at t/00-load.t line 12.
#     Tried to use 'Apache2::AuthAny::FixupHandler'.
#     Error:  Can't locate Apache2/Const.pm in @INC (@INC contains: /home/cpan/pit/thr/conf/perl-5.13.2/.cpanplus/5.13.2/build/Apache2-AuthAny-0.201/blib/lib /home/cpan/pit/thr/conf/perl-5.13.2/.cpanplus/5.13.2/build/Apache2-AuthAny-0.201/blib/arch /home/cpan/pit/thr/perl-5.13.2/lib/site_perl/5.13.2/x86_64-linux-thread-multi /home/cpan/pit/thr/perl-5.13.2/lib/site_perl/5.13.2 /home/cpan/pit/thr/perl-5.13.2/lib/5.13.2/x86_64-linux-thread-multi /home/cpan/pit/thr/perl-5.13.2/lib/5.13.2) at /home/cpan/pit/thr/conf/perl-5.13.2/.cpanplus/5.13.2/build/Apache2-AuthAny-0.201/blib/lib/Apache2/AuthAny/FixupHandler.pm line 4.
# BEGIN failed--compilation aborted at /home/cpan/pit/thr/conf/perl-5.13.2/.cpanplus/5.13.2/build/Apache2-AuthAny-0.201/blib/lib/Apache2/AuthAny/FixupHandler.pm line 4.
# Compilation failed in require at (eval 10) line 2.
# BEGIN failed--compilation aborted at (eval 10) line 2.

#   Failed test 'use Apache2::AuthAny::MapToStorageHandler;'
#   at t/00-load.t line 13.
#     Tried to use 'Apache2::AuthAny::MapToStorageHandler'.
#     Error:  Can't locate Apache2/Const.pm in @INC (@INC contains: /home/cpan/pit/thr/conf/perl-5.13.2/.cpanplus/5.13.2/build/Apache2-AuthAny-0.201/blib/lib /home/cpan/pit/thr/conf/perl-5.13.2/.cpanplus/5.13.2/build/Apache2-AuthAny-0.201/blib/arch /home/cpan/pit/thr/perl-5.13.2/lib/site_perl/5.13.2/x86_64-linux-thread-multi /home/cpan/pit/thr/perl-5.13.2/lib/site_perl/5.13.2 /home/cpan/pit/thr/perl-5.13.2/lib/5.13.2/x86_64-linux-thread-multi /home/cpan/pit/thr/perl-5.13.2/lib/5.13.2) at /home/cpan/pit/thr/conf/perl-5.13.2/.cpanplus/5.13.2/build/Apache2-AuthAny-0.201/blib/lib/Apache2/AuthAny/MapToStorageHandler.pm line 5.
# BEGIN failed--compilation aborted at /home/cpan/pit/thr/conf/perl-5.13.2/.cpanplus/5.13.2/build/Apache2-AuthAny-0.201/blib/lib/Apache2/AuthAny/MapToStorageHandler.pm line 5.
# Compilation failed in require at (eval 11) line 2.
# BEGIN failed--compilation aborted at (eval 11) line 2.

#   Failed test 'use Apache2::AuthAny::RequestConfig;'
#   at t/00-load.t line 14.
#     Tried to use 'Apache2::AuthAny::RequestConfig'.
#     Error:  Can't locate Apache2/Module.pm in @INC (@INC contains: /home/cpan/pit/thr/conf/perl-5.13.2/.cpanplus/5.13.2/build/Apache2-AuthAny-0.201/blib/lib /home/cpan/pit/thr/conf/perl-5.13.2/.cpanplus/5.13.2/build/Apache2-AuthAny-0.201/blib/arch /home/cpan/pit/thr/perl-5.13.2/lib/site_perl/5.13.2/x86_64-linux-thread-multi /home/cpan/pit/thr/perl-5.13.2/lib/site_perl/5.13.2 /home/cpan/pit/thr/perl-5.13.2/lib/5.13.2/x86_64-linux-thread-multi /home/cpan/pit/thr/perl-5.13.2/lib/5.13.2) at /home/cpan/pit/thr/conf/perl-5.13.2/.cpanplus/5.13.2/build/Apache2-AuthAny-0.201/blib/lib/Apache2/AuthAny/RequestConfig.pm line 4.
# BEGIN failed--compilation aborted at /home/cpan/pit/thr/conf/perl-5.13.2/.cpanplus/5.13.2/build/Apache2-AuthAny-0.201/blib/lib/Apache2/AuthAny/RequestConfig.pm line 4.
# Compilation failed in require at (eval 12) line 2.
# BEGIN failed--compilation aborted at (eval 12) line 2.
Use of uninitialized value $Apache2::AuthAny::VERSION in concatenation (.) or string at t/00-load.t line 17.
# Testing Apache2::AuthAny , Perl 5.013002, /home/cpan/pit/thr/perl-5.13.2/bin/perl5.13.2
# Looks like you failed 9 tests of 9.
t/00-load.t ....... 
Dubious, test returned 9 (wstat 2304, 0x900)
Failed 9/9 subtests 
Can't locate DBI.pm in @INC (@INC contains: /home/cpan/pit/thr/conf/perl-5.13.2/.cpanplus/5.13.2/build/Apache2-AuthAny-0.201/blib/lib /home/cpan/pit/thr/conf/perl-5.13.2/.cpanplus/5.13.2/build/Apache2-AuthAny-0.201/blib/arch /home/cpan/pit/thr/conf/perl-5.13.2/.cpanplus/5.13.2/build/Apache2-AuthAny-0.201/blib/lib /home/cpan/pit/thr/conf/perl-5.13.2/.cpanplus/5.13.2/build/Apache2-AuthAny-0.201/blib/arch /home/cpan/pit/thr/perl-5.13.2/lib/site_perl/5.13.2/x86_64-linux-thread-multi /home/cpan/pit/thr/perl-5.13.2/lib/site_perl/5.13.2 /home/cpan/pit/thr/perl-5.13.2/lib/5.13.2/x86_64-linux-thread-multi /home/cpan/pit/thr/perl-5.13.2/lib/5.13.2 .) at /home/cpan/pit/thr/conf/perl-5.13.2/.cpanplus/5.13.2/build/Apache2-AuthAny-0.201/blib/lib/Apache2/AuthAny/DB.pm line 5.
BEGIN failed--compilation aborted at /home/cpan/pit/thr/conf/perl-5.13.2/.cpanplus/5.13.2/build/Apache2-AuthAny-0.201/blib/lib/Apache2/AuthAny/DB.pm line 5.
Compilation failed in require at t/DB.t line 9.
BEGIN failed--compilation aborted at t/DB.t line 9.
# Looks like your test exited with 2 before it could output anything.
t/DB.t ............ 
Dubious, test returned 2 (wstat 512, 0x200)
Failed 8/8 subtests 
t/pod-coverage.t .. skipped: Test::Pod::Coverage 1.08 required for testing POD coverage
t/pod.t ........... skipped: Test::Pod 1.22 required for testing POD

Test Summary Report
-------------------
t/00-load.t     (Wstat: 2304 Tests: 9 Failed: 9)
  Failed tests:  1-9
  Non-zero exit status: 9
t/DB.t          (Wstat: 512 Tests: 0 Failed: 0)
  Non-zero exit status: 2
  Parse errors: Bad plan.  You planned 8 tests but ran 0.
Files=4, Tests=9,  0 wallclock secs ( 0.02 usr  0.01 sys +  0.08 cusr  0.01 csys =  0.12 CPU)
Result: FAIL
Failed 2/4 test programs. 9/9 subtests failed.
make: *** [test_dynamic] Error 255

[MSG] [Thu May 19 00:00:38 2011] DEFAULT 'proceed_on_test_failure' HANDLER RETURNING 'sub return value'


MISSING PREREQUISITES:

It was observed that the test suite seem to fail without these modules:

Apache2::Module
Apache2::Const
URI::Escape
Apache2::Cookie
DBI

As such, adding the prerequisite module(s) to 'PREREQ_PM' in your
Makefile.PL should solve this problem.  For example:

WriteMakefile(
    AUTHOR      => 'KGOLDOV (cpanplus-info@lists.sf.net)',
    ... # other information
    PREREQ_PM   => {
	'Apache2::Module'	=> '0', # or a minimum working version
	'Apache2::Const'	=> '0', # or a minimum working version
	'URI::Escape'	=> '0', # or a minimum working version
	'Apache2::Cookie'	=> '0', # or a minimum working version
	'DBI'	=> '0', # or a minimum working version
    }
);

Thanks! :-)

PREREQUISITES:

Here is a list of prerequisites you specified and versions we
managed to load:

	  Module Name                        Have     Want
	  Test::More                         0.98        0

Perl module toolchain versions installed:
	Module Name                        Have
	CPANPLUS                         0.9105
	CPANPLUS::Dist::Build              0.56
	Cwd                                3.33
	ExtUtils::CBuilder             0.280202
	ExtUtils::Command                  1.16
	ExtUtils::Install                  1.55
	ExtUtils::MakeMaker              6.5601
	ExtUtils::Manifest                 1.58
	ExtUtils::ParseXS                2.2206
	File::Spec                         3.33
	Module::Build                    0.3800
	Test::Harness                      3.23
	Test::More                         0.98
	version                            0.88

******************************** NOTE ********************************
The comments above are created mechanically, possibly without manual
checking by the sender.  As there are many people performing automatic
tests on each upload to CPAN, it is likely that you will receive
identical messages about the same problem.

If you believe that the message is mistaken, please reply to the first
one with correction and/or additional informations, and do not take
it personally.  We appreciate your patience. :)
**********************************************************************

Additional comments:


This report was machine-generated by CPANPLUS::Dist::YACSmoke 0.62.
Powered by minismokebox version 0.44

------------------------------
ENVIRONMENT AND OTHER CONTEXT
------------------------------

Environment variables:

    AUTOMATED_TESTING = 1
    LANG = en_US
    LC_COLLATE = C
    PATH = /usr/local/bin:/usr/bin:/bin:/usr/games:/usr/lib64/java/bin:/usr/lib64/qt/bin:/usr/share/texmf/bin:.
    PERL5LIB = :/home/cpan/pit/thr/conf/perl-5.13.2/.cpanplus/5.13.2/build/Apache2-AuthAny-0.201/blib/lib:/home/cpan/pit/thr/conf/perl-5.13.2/.cpanplus/5.13.2/build/Apache2-AuthAny-0.201/blib/arch
    PERL5_CPANPLUS_IS_RUNNING = 23827
    PERL5_CPANPLUS_IS_VERSION = 0.9105
    PERL5_MINISMOKEBOX = 0.44
    PERL5_YACSMOKE_BASE = /home/cpan/pit/thr/conf/perl-5.13.2
    PERL_EXTUTILS_AUTOINSTALL = --defaultdeps
    PERL_MM_USE_DEFAULT = 1
    SHELL = /bin/bash
    TERM = screen

Perl special variables (and OS-specific diagnostics, for MSWin32):

    Perl: $^X = /home/cpan/pit/thr/perl-5.13.2/bin/perl5.13.2
    UID:  $<  = 1001
    EUID: $>  = 1001
    GID:  $(  = 100 100
    EGID: $)  = 100 100


-------------------------------


--

Summary of my perl5 (revision 5 version 13 subversion 2) configuration:
   
  Platform:
    osname=linux, osvers=2.6.33.4, archname=x86_64-linux-thread-multi
    uname='linux slack64 2.6.33.4 #3 smp wed may 12 23:13:09 cdt 2010 x86_64 intel(r) xeon(r) cpu e5520 @ 2.27ghz genuineintel gnulinux '
    config_args='-des -Dprefix=/home/cpan/pit/thr/perl-5.13.2 -Dusethreads -Dusedevel'
    hint=recommended, useposix=true, d_sigaction=define
    useithreads=define, usemultiplicity=define
    useperlio=define, d_sfio=undef, uselargefiles=define, usesocks=undef
    use64bitint=define, use64bitall=define, uselongdouble=undef
    usemymalloc=n, bincompat5005=undef
  Compiler:
    cc='cc', ccflags ='-D_REENTRANT -D_GNU_SOURCE -fno-strict-aliasing -pipe -fstack-protector -I/usr/local/include -D_LARGEFILE_SOURCE -D_FILE_OFFSET_BITS=64',
    optimize='-O2',
    cppflags='-D_REENTRANT -D_GNU_SOURCE -fno-strict-aliasing -pipe -fstack-protector -I/usr/local/include'
    ccversion='', gccversion='4.4.4', gccosandvers=''
    intsize=4, longsize=8, ptrsize=8, doublesize=8, byteorder=12345678
    d_longlong=define, longlongsize=8, d_longdbl=define, longdblsize=16
    ivtype='long', ivsize=8, nvtype='double', nvsize=8, Off_t='off_t', lseeksize=8
    alignbytes=8, prototype=define
  Linker and Libraries:
    ld='cc', ldflags =' -fstack-protector -L/usr/local/lib'
    libpth=/usr/local/lib /lib /usr/lib /lib64 /usr/lib64 /usr/local/lib64
    libs=-lnsl -lgdbm -ldb -ldl -lm -lcrypt -lutil -lpthread -lc
    perllibs=-lnsl -ldl -lm -lcrypt -lutil -lpthread -lc
    libc=, so=so, useshrplib=false, libperl=libperl.a
    gnulibc_version='2.11.1'
  Dynamic Linking:
    dlsrc=dl_dlopen.xs, dlext=so, d_dlsymun=undef, ccdlflags='-Wl,-E'
    cccdlflags='-fPIC', lddlflags='-shared -O2 -L/usr/local/lib -fstack-protector'


Characteristics of this binary (from libperl): 
  Compile-time options: MULTIPLICITY PERL_DONT_CREATE_GVSV
                        PERL_IMPLICIT_CONTEXT PERL_MALLOC_WRAP PERL_USE_DEVEL
                        USE_64_BIT_ALL USE_64_BIT_INT USE_ITHREADS
                        USE_LARGE_FILES USE_PERLIO USE_PERL_ATOF
                        USE_REENTRANT_API
  Built under linux
  Compiled at Feb 18 2011 11:54:55
  %ENV:
    PERL5LIB=":/home/cpan/pit/thr/conf/perl-5.13.2/.cpanplus/5.13.2/build/Apache2-AuthAny-0.201/blib/lib:/home/cpan/pit/thr/conf/perl-5.13.2/.cpanplus/5.13.2/build/Apache2-AuthAny-0.201/blib/arch"
    PERL5_CPANPLUS_IS_RUNNING="23827"
    PERL5_CPANPLUS_IS_VERSION="0.9105"
    PERL5_MINISMOKEBOX="0.44"
    PERL5_YACSMOKE_BASE="/home/cpan/pit/thr/conf/perl-5.13.2"
    PERL_EXTUTILS_AUTOINSTALL="--defaultdeps"
    PERL_MM_USE_DEFAULT="1"
  @INC:
    /home/cpan/pit/thr/conf/perl-5.13.2/.cpanplus/5.13.2/build/Apache2-AuthAny-0.201/blib/lib
    /home/cpan/pit/thr/conf/perl-5.13.2/.cpanplus/5.13.2/build/Apache2-AuthAny-0.201/blib/arch
    /home/cpan/pit/thr/perl-5.13.2/lib/site_perl/5.13.2/x86_64-linux-thread-multi
    /home/cpan/pit/thr/perl-5.13.2/lib/site_perl/5.13.2
    /home/cpan/pit/thr/perl-5.13.2/lib/5.13.2/x86_64-linux-thread-multi
    /home/cpan/pit/thr/perl-5.13.2/lib/5.13.2
    .