Report for AnyEvent-Process-0.02

Back
From: metabase:user:322078bc-2aae-11df-837a-5e0a49663a4f
Subject: FAIL AnyEvent-Process-0.02 v5.8.9 FreeBSD
Date: 2016-01-16T14:45:24Z

This distribution has been tested as part of the CPAN Testers
project, supporting the Perl programming language.  See
http://wiki.cpantesters.org/ for more information or email
questions to cpan-testers-discuss@perl.org


--

Dear PETRIS,

This is a computer-generated error report created automatically by
CPANPLUS, version 0.9156. Testers personal comments may appear
at the end of this report.


Thank you for uploading your work to CPAN.  However, it appears that
there were some problems testing your distribution.

TEST RESULTS:

Below is the error stack from stage 'make test':

PERL_DL_NONLAZY=1 "/usr/home/cpan/pit/bare-clang/perl-5.8.9/bin/perl" "-MExtUtils::Command::MM" "-MTest::Harness" "-e" "undef *Test::Harness::Switches; test_harness(0, 'blib/lib', 'blib/arch')" t/*.t
Warning: Use of "shift" without parentheses is ambiguous at /usr/home/cpan/pit/bare-clang/conf/perl-5.8.9/.cpanplus/5.8.9/build/jwUqki5_VI/AnyEvent-Process-0.02/blib/lib/AnyEvent/Process.pm line 74.
Scalar found where operator expected at /usr/home/cpan/pit/bare-clang/conf/perl-5.8.9/.cpanplus/5.8.9/build/jwUqki5_VI/AnyEvent-Process-0.02/blib/lib/AnyEvent/Process.pm line 74, near "// $nop"
	(Missing operator before  $nop?)
Warning: Use of "shift" without parentheses is ambiguous at /usr/home/cpan/pit/bare-clang/conf/perl-5.8.9/.cpanplus/5.8.9/build/jwUqki5_VI/AnyEvent-Process-0.02/blib/lib/AnyEvent/Process.pm line 79.
Scalar found where operator expected at /usr/home/cpan/pit/bare-clang/conf/perl-5.8.9/.cpanplus/5.8.9/build/jwUqki5_VI/AnyEvent-Process-0.02/blib/lib/AnyEvent/Process.pm line 79, near "// $nop"
	(Missing operator before  $nop?)

#   Failed test 'use AnyEvent::Process;'
#   at t/AnyEvent-Process-Closing.t line 7.
#     Tried to use 'AnyEvent::Process'.
#     Error:  syntax error at /usr/home/cpan/pit/bare-clang/conf/perl-5.8.9/.cpanplus/5.8.9/build/jwUqki5_VI/AnyEvent-Process-0.02/blib/lib/AnyEvent/Process.pm line 74, near "// $nop"
# syntax error at /usr/home/cpan/pit/bare-clang/conf/perl-5.8.9/.cpanplus/5.8.9/build/jwUqki5_VI/AnyEvent-Process-0.02/blib/lib/AnyEvent/Process.pm line 79, near "// $nop"
# Global symbol "$callback_factory" requires explicit package name at /usr/home/cpan/pit/bare-clang/conf/perl-5.8.9/.cpanplus/5.8.9/build/jwUqki5_VI/AnyEvent-Process-0.02/blib/lib/AnyEvent/Process.pm line 135.
# Global symbol "$set_on_completion_args" requires explicit package name at /usr/home/cpan/pit/bare-clang/conf/perl-5.8.9/.cpanplus/5.8.9/build/jwUqki5_VI/AnyEvent-Process-0.02/blib/lib/AnyEvent/Process.pm line 135.
# Global symbol "$i" requires explicit package name at /usr/home/cpan/pit/bare-clang/conf/perl-5.8.9/.cpanplus/5.8.9/build/jwUqki5_VI/AnyEvent-Process-0.02/blib/lib/AnyEvent/Process.pm line 135.
# Global symbol "$i" requires explicit package name at /usr/home/cpan/pit/bare-clang/conf/perl-5.8.9/.cpanplus/5.8.9/build/jwUqki5_VI/AnyEvent-Process-0.02/blib/lib/AnyEvent/Process.pm line 135.
# Global symbol "$i" requires explicit package name at /usr/home/cpan/pit/bare-clang/conf/perl-5.8.9/.cpanplus/5.8.9/build/jwUqki5_VI/AnyEvent-Process-0.02/blib/lib/AnyEvent/Process.pm line 135.
# Global symbol "$handle" requires explicit package name at /usr/home/cpan/pit/bare-clang/conf/perl-5.8.9/.cpanplus/5.8.9/build/jwUqki5_VI/AnyEvent-Process-0.02/blib/lib/AnyEvent/Process.pm line 135.
# Global symbol "$args" requires explicit package name at /usr/home/cpan/pit/bare-clang/conf/perl-5.8.9/.cpanplus/5.8.9/build/jwUqki5_VI/AnyEvent-Process-0.02/blib/lib/AnyEvent/Process.pm line 135.
# Global symbol "$i" requires explicit package name at /usr/home/cpan/pit/bare-clang/conf/perl-5.8.9/.cpanplus/5.8.9/build/jwUqki5_VI/AnyEvent-Process-0.02/blib/lib/AnyEvent/Process.pm line 135.
# Global symbol "$i" requires explicit package name at /usr/home/cpan/pit/bare-clang/conf/perl-5.8.9/.cpanplus/5.8.9/build/jwUqki5_VI/AnyEvent-Process-0.02/blib/lib/AnyEvent/Process.pm line 135.
# Global symbol "$handle" requires explicit package name at /usr/home/cpan/pit/bare-clang/conf/perl-5.8.9/.cpanplus/5.8.9/build/jwUqki5_VI/AnyEvent-Process-0.02/blib/lib/AnyEvent/Process.pm line 135.
# Global symbol "$handle" requires explicit package name at /usr/home/cpan/pit/bare-clang/conf/perl-5.8.9/.cpanplus/5.8.9/build/jwUqki5_VI/AnyEvent-Process-0.02/blib/lib/AnyEvent/Process.pm line 135.
# syntax error at /usr/home/cpan/pit/bare-clang/conf/perl-5.8.9/.cpanplus/5.8.9/build/jwUqki5_VI/AnyEvent-Process-0.02/blib/lib/AnyEvent/Process.pm line 150, near "$/) "
#   (Might be a runaway multi-line // string starting on line 135)
# /usr/home/cpan/pit/bare-clang/conf/perl-5.8.9/.cpanplus/5.8.9/build/jwUqki5_VI/AnyEvent-Process-0.02/blib/lib/AnyEvent/Process.pm has too many errors.
# Compilation failed in require at t/AnyEvent-Process-Closing.t line 7.
# BEGIN failed--compilation aborted at t/AnyEvent-Process-Closing.t line 7.
Undefined subroutine &AnyEvent::Process::new called at t/AnyEvent-Process-Closing.t line 23.
# Looks like you planned 5 tests but ran 1.
# Looks like you failed 1 test of 1 run.
# Looks like your test exited with 2 just after 1.
t/AnyEvent-Process-Closing.t ...... 
Dubious, test returned 2 (wstat 512, 0x200)
Failed 5/5 subtests 
Warning: Use of "shift" without parentheses is ambiguous at /usr/home/cpan/pit/bare-clang/conf/perl-5.8.9/.cpanplus/5.8.9/build/jwUqki5_VI/AnyEvent-Process-0.02/blib/lib/AnyEvent/Process.pm line 74.
Scalar found where operator expected at /usr/home/cpan/pit/bare-clang/conf/perl-5.8.9/.cpanplus/5.8.9/build/jwUqki5_VI/AnyEvent-Process-0.02/blib/lib/AnyEvent/Process.pm line 74, near "// $nop"
	(Missing operator before  $nop?)
Warning: Use of "shift" without parentheses is ambiguous at /usr/home/cpan/pit/bare-clang/conf/perl-5.8.9/.cpanplus/5.8.9/build/jwUqki5_VI/AnyEvent-Process-0.02/blib/lib/AnyEvent/Process.pm line 79.
Scalar found where operator expected at /usr/home/cpan/pit/bare-clang/conf/perl-5.8.9/.cpanplus/5.8.9/build/jwUqki5_VI/AnyEvent-Process-0.02/blib/lib/AnyEvent/Process.pm line 79, near "// $nop"
	(Missing operator before  $nop?)

#   Failed test 'use AnyEvent::Process;'
#   at t/AnyEvent-Process-Decorator.t line 7.
#     Tried to use 'AnyEvent::Process'.
#     Error:  syntax error at /usr/home/cpan/pit/bare-clang/conf/perl-5.8.9/.cpanplus/5.8.9/build/jwUqki5_VI/AnyEvent-Process-0.02/blib/lib/AnyEvent/Process.pm line 74, near "// $nop"
# syntax error at /usr/home/cpan/pit/bare-clang/conf/perl-5.8.9/.cpanplus/5.8.9/build/jwUqki5_VI/AnyEvent-Process-0.02/blib/lib/AnyEvent/Process.pm line 79, near "// $nop"
# Global symbol "$callback_factory" requires explicit package name at /usr/home/cpan/pit/bare-clang/conf/perl-5.8.9/.cpanplus/5.8.9/build/jwUqki5_VI/AnyEvent-Process-0.02/blib/lib/AnyEvent/Process.pm line 135.
# Global symbol "$set_on_completion_args" requires explicit package name at /usr/home/cpan/pit/bare-clang/conf/perl-5.8.9/.cpanplus/5.8.9/build/jwUqki5_VI/AnyEvent-Process-0.02/blib/lib/AnyEvent/Process.pm line 135.
# Global symbol "$i" requires explicit package name at /usr/home/cpan/pit/bare-clang/conf/perl-5.8.9/.cpanplus/5.8.9/build/jwUqki5_VI/AnyEvent-Process-0.02/blib/lib/AnyEvent/Process.pm line 135.
# Global symbol "$i" requires explicit package name at /usr/home/cpan/pit/bare-clang/conf/perl-5.8.9/.cpanplus/5.8.9/build/jwUqki5_VI/AnyEvent-Process-0.02/blib/lib/AnyEvent/Process.pm line 135.
# Global symbol "$i" requires explicit package name at /usr/home/cpan/pit/bare-clang/conf/perl-5.8.9/.cpanplus/5.8.9/build/jwUqki5_VI/AnyEvent-Process-0.02/blib/lib/AnyEvent/Process.pm line 135.
# Global symbol "$handle" requires explicit package name at /usr/home/cpan/pit/bare-clang/conf/perl-5.8.9/.cpanplus/5.8.9/build/jwUqki5_VI/AnyEvent-Process-0.02/blib/lib/AnyEvent/Process.pm line 135.
# Global symbol "$args" requires explicit package name at /usr/home/cpan/pit/bare-clang/conf/perl-5.8.9/.cpanplus/5.8.9/build/jwUqki5_VI/AnyEvent-Process-0.02/blib/lib/AnyEvent/Process.pm line 135.
# Global symbol "$i" requires explicit package name at /usr/home/cpan/pit/bare-clang/conf/perl-5.8.9/.cpanplus/5.8.9/build/jwUqki5_VI/AnyEvent-Process-0.02/blib/lib/AnyEvent/Process.pm line 135.
# Global symbol "$i" requires explicit package name at /usr/home/cpan/pit/bare-clang/conf/perl-5.8.9/.cpanplus/5.8.9/build/jwUqki5_VI/AnyEvent-Process-0.02/blib/lib/AnyEvent/Process.pm line 135.
# Global symbol "$handle" requires explicit package name at /usr/home/cpan/pit/bare-clang/conf/perl-5.8.9/.cpanplus/5.8.9/build/jwUqki5_VI/AnyEvent-Process-0.02/blib/lib/AnyEvent/Process.pm line 135.
# Global symbol "$handle" requires explicit package name at /usr/home/cpan/pit/bare-clang/conf/perl-5.8.9/.cpanplus/5.8.9/build/jwUqki5_VI/AnyEvent-Process-0.02/blib/lib/AnyEvent/Process.pm line 135.
# syntax error at /usr/home/cpan/pit/bare-clang/conf/perl-5.8.9/.cpanplus/5.8.9/build/jwUqki5_VI/AnyEvent-Process-0.02/blib/lib/AnyEvent/Process.pm line 150, near "$/) "
#   (Might be a runaway multi-line // string starting on line 135)
# /usr/home/cpan/pit/bare-clang/conf/perl-5.8.9/.cpanplus/5.8.9/build/jwUqki5_VI/AnyEvent-Process-0.02/blib/lib/AnyEvent/Process.pm has too many errors.
# Compilation failed in require at t/AnyEvent-Process-Decorator.t line 7.
# BEGIN failed--compilation aborted at t/AnyEvent-Process-Decorator.t line 7.
Undefined subroutine &AnyEvent::Process::new called at t/AnyEvent-Process-Decorator.t line 25.
# Looks like you planned 7 tests but ran 1.
# Looks like you failed 1 test of 1 run.
# Looks like your test exited with 2 just after 1.
t/AnyEvent-Process-Decorator.t .... 
Dubious, test returned 2 (wstat 512, 0x200)
Failed 7/7 subtests 
Warning: Use of "shift" without parentheses is ambiguous at /usr/home/cpan/pit/bare-clang/conf/perl-5.8.9/.cpanplus/5.8.9/build/jwUqki5_VI/AnyEvent-Process-0.02/blib/lib/AnyEvent/Process.pm line 74.
Scalar found where operator expected at /usr/home/cpan/pit/bare-clang/conf/perl-5.8.9/.cpanplus/5.8.9/build/jwUqki5_VI/AnyEvent-Process-0.02/blib/lib/AnyEvent/Process.pm line 74, near "// $nop"
	(Missing operator before  $nop?)
Warning: Use of "shift" without parentheses is ambiguous at /usr/home/cpan/pit/bare-clang/conf/perl-5.8.9/.cpanplus/5.8.9/build/jwUqki5_VI/AnyEvent-Process-0.02/blib/lib/AnyEvent/Process.pm line 79.
Scalar found where operator expected at /usr/home/cpan/pit/bare-clang/conf/perl-5.8.9/.cpanplus/5.8.9/build/jwUqki5_VI/AnyEvent-Process-0.02/blib/lib/AnyEvent/Process.pm line 79, near "// $nop"
	(Missing operator before  $nop?)
syntax error at /usr/home/cpan/pit/bare-clang/conf/perl-5.8.9/.cpanplus/5.8.9/build/jwUqki5_VI/AnyEvent-Process-0.02/blib/lib/AnyEvent/Process.pm line 74, near "// $nop"
syntax error at /usr/home/cpan/pit/bare-clang/conf/perl-5.8.9/.cpanplus/5.8.9/build/jwUqki5_VI/AnyEvent-Process-0.02/blib/lib/AnyEvent/Process.pm line 79, near "// $nop"
Global symbol "$callback_factory" requires explicit package name at /usr/home/cpan/pit/bare-clang/conf/perl-5.8.9/.cpanplus/5.8.9/build/jwUqki5_VI/AnyEvent-Process-0.02/blib/lib/AnyEvent/Process.pm line 135.
Global symbol "$set_on_completion_args" requires explicit package name at /usr/home/cpan/pit/bare-clang/conf/perl-5.8.9/.cpanplus/5.8.9/build/jwUqki5_VI/AnyEvent-Process-0.02/blib/lib/AnyEvent/Process.pm line 135.
Global symbol "$i" requires explicit package name at /usr/home/cpan/pit/bare-clang/conf/perl-5.8.9/.cpanplus/5.8.9/build/jwUqki5_VI/AnyEvent-Process-0.02/blib/lib/AnyEvent/Process.pm line 135.
Global symbol "$i" requires explicit package name at /usr/home/cpan/pit/bare-clang/conf/perl-5.8.9/.cpanplus/5.8.9/build/jwUqki5_VI/AnyEvent-Process-0.02/blib/lib/AnyEvent/Process.pm line 135.
Global symbol "$i" requires explicit package name at /usr/home/cpan/pit/bare-clang/conf/perl-5.8.9/.cpanplus/5.8.9/build/jwUqki5_VI/AnyEvent-Process-0.02/blib/lib/AnyEvent/Process.pm line 135.
Global symbol "$handle" requires explicit package name at /usr/home/cpan/pit/bare-clang/conf/perl-5.8.9/.cpanplus/5.8.9/build/jwUqki5_VI/AnyEvent-Process-0.02/blib/lib/AnyEvent/Process.pm line 135.
Global symbol "$args" requires explicit package name at /usr/home/cpan/pit/bare-clang/conf/perl-5.8.9/.cpanplus/5.8.9/build/jwUqki5_VI/AnyEvent-Process-0.02/blib/lib/AnyEvent/Process.pm line 135.
Global symbol "$i" requires explicit package name at /usr/home/cpan/pit/bare-clang/conf/perl-5.8.9/.cpanplus/5.8.9/build/jwUqki5_VI/AnyEvent-Process-0.02/blib/lib/AnyEvent/Process.pm line 135.
Global symbol "$i" requires explicit package name at /usr/home/cpan/pit/bare-clang/conf/perl-5.8.9/.cpanplus/5.8.9/build/jwUqki5_VI/AnyEvent-Process-0.02/blib/lib/AnyEvent/Process.pm line 135.
Global symbol "$handle" requires explicit package name at /usr/home/cpan/pit/bare-clang/conf/perl-5.8.9/.cpanplus/5.8.9/build/jwUqki5_VI/AnyEvent-Process-0.02/blib/lib/AnyEvent/Process.pm line 135.
Global symbol "$handle" requires explicit package name at /usr/home/cpan/pit/bare-clang/conf/perl-5.8.9/.cpanplus/5.8.9/build/jwUqki5_VI/AnyEvent-Process-0.02/blib/lib/AnyEvent/Process.pm line 135.
syntax error at /usr/home/cpan/pit/bare-clang/conf/perl-5.8.9/.cpanplus/5.8.9/build/jwUqki5_VI/AnyEvent-Process-0.02/blib/lib/AnyEvent/Process.pm line 150, near "$/) "
  (Might be a runaway multi-line // string starting on line 135)
/usr/home/cpan/pit/bare-clang/conf/perl-5.8.9/.cpanplus/5.8.9/build/jwUqki5_VI/AnyEvent-Process-0.02/blib/lib/AnyEvent/Process.pm has too many errors.
Compilation failed in require at t/AnyEvent-Process-Memory-Leak.t line 7.
BEGIN failed--compilation aborted at t/AnyEvent-Process-Memory-Leak.t line 7.
# Looks like your test exited with 2 before it could output anything.
t/AnyEvent-Process-Memory-Leak.t .. 
Dubious, test returned 2 (wstat 512, 0x200)
Failed 1/1 subtests 
Warning: Use of "shift" without parentheses is ambiguous at /usr/home/cpan/pit/bare-clang/conf/perl-5.8.9/.cpanplus/5.8.9/build/jwUqki5_VI/AnyEvent-Process-0.02/blib/lib/AnyEvent/Process.pm line 74.
Scalar found where operator expected at /usr/home/cpan/pit/bare-clang/conf/perl-5.8.9/.cpanplus/5.8.9/build/jwUqki5_VI/AnyEvent-Process-0.02/blib/lib/AnyEvent/Process.pm line 74, near "// $nop"
	(Missing operator before  $nop?)
Warning: Use of "shift" without parentheses is ambiguous at /usr/home/cpan/pit/bare-clang/conf/perl-5.8.9/.cpanplus/5.8.9/build/jwUqki5_VI/AnyEvent-Process-0.02/blib/lib/AnyEvent/Process.pm line 79.
Scalar found where operator expected at /usr/home/cpan/pit/bare-clang/conf/perl-5.8.9/.cpanplus/5.8.9/build/jwUqki5_VI/AnyEvent-Process-0.02/blib/lib/AnyEvent/Process.pm line 79, near "// $nop"
	(Missing operator before  $nop?)

#   Failed test 'use AnyEvent::Process;'
#   at t/AnyEvent-Process-Pipe-Glob.t line 5.
#     Tried to use 'AnyEvent::Process'.
#     Error:  syntax error at /usr/home/cpan/pit/bare-clang/conf/perl-5.8.9/.cpanplus/5.8.9/build/jwUqki5_VI/AnyEvent-Process-0.02/blib/lib/AnyEvent/Process.pm line 74, near "// $nop"
# syntax error at /usr/home/cpan/pit/bare-clang/conf/perl-5.8.9/.cpanplus/5.8.9/build/jwUqki5_VI/AnyEvent-Process-0.02/blib/lib/AnyEvent/Process.pm line 79, near "// $nop"
# Global symbol "$callback_factory" requires explicit package name at /usr/home/cpan/pit/bare-clang/conf/perl-5.8.9/.cpanplus/5.8.9/build/jwUqki5_VI/AnyEvent-Process-0.02/blib/lib/AnyEvent/Process.pm line 135.
# Global symbol "$set_on_completion_args" requires explicit package name at /usr/home/cpan/pit/bare-clang/conf/perl-5.8.9/.cpanplus/5.8.9/build/jwUqki5_VI/AnyEvent-Process-0.02/blib/lib/AnyEvent/Process.pm line 135.
# Global symbol "$i" requires explicit package name at /usr/home/cpan/pit/bare-clang/conf/perl-5.8.9/.cpanplus/5.8.9/build/jwUqki5_VI/AnyEvent-Process-0.02/blib/lib/AnyEvent/Process.pm line 135.
# Global symbol "$i" requires explicit package name at /usr/home/cpan/pit/bare-clang/conf/perl-5.8.9/.cpanplus/5.8.9/build/jwUqki5_VI/AnyEvent-Process-0.02/blib/lib/AnyEvent/Process.pm line 135.
# Global symbol "$i" requires explicit package name at /usr/home/cpan/pit/bare-clang/conf/perl-5.8.9/.cpanplus/5.8.9/build/jwUqki5_VI/AnyEvent-Process-0.02/blib/lib/AnyEvent/Process.pm line 135.
# Global symbol "$handle" requires explicit package name at /usr/home/cpan/pit/bare-clang/conf/perl-5.8.9/.cpanplus/5.8.9/build/jwUqki5_VI/AnyEvent-Process-0.02/blib/lib/AnyEvent/Process.pm line 135.
# Global symbol "$args" requires explicit package name at /usr/home/cpan/pit/bare-clang/conf/perl-5.8.9/.cpanplus/5.8.9/build/jwUqki5_VI/AnyEvent-Process-0.02/blib/lib/AnyEvent/Process.pm line 135.
# Global symbol "$i" requires explicit package name at /usr/home/cpan/pit/bare-clang/conf/perl-5.8.9/.cpanplus/5.8.9/build/jwUqki5_VI/AnyEvent-Process-0.02/blib/lib/AnyEvent/Process.pm line 135.
# Global symbol "$i" requires explicit package name at /usr/home/cpan/pit/bare-clang/conf/perl-5.8.9/.cpanplus/5.8.9/build/jwUqki5_VI/AnyEvent-Process-0.02/blib/lib/AnyEvent/Process.pm line 135.
# Global symbol "$handle" requires explicit package name at /usr/home/cpan/pit/bare-clang/conf/perl-5.8.9/.cpanplus/5.8.9/build/jwUqki5_VI/AnyEvent-Process-0.02/blib/lib/AnyEvent/Process.pm line 135.
# Global symbol "$handle" requires explicit package name at /usr/home/cpan/pit/bare-clang/conf/perl-5.8.9/.cpanplus/5.8.9/build/jwUqki5_VI/AnyEvent-Process-0.02/blib/lib/AnyEvent/Process.pm line 135.
# syntax error at /usr/home/cpan/pit/bare-clang/conf/perl-5.8.9/.cpanplus/5.8.9/build/jwUqki5_VI/AnyEvent-Process-0.02/blib/lib/AnyEvent/Process.pm line 150, near "$/) "
#   (Might be a runaway multi-line // string starting on line 135)
# /usr/home/cpan/pit/bare-clang/conf/perl-5.8.9/.cpanplus/5.8.9/build/jwUqki5_VI/AnyEvent-Process-0.02/blib/lib/AnyEvent/Process.pm has too many errors.
# Compilation failed in require at t/AnyEvent-Process-Pipe-Glob.t line 5.
# BEGIN failed--compilation aborted at t/AnyEvent-Process-Pipe-Glob.t line 5.
Undefined subroutine &AnyEvent::Process::new called at t/AnyEvent-Process-Pipe-Glob.t line 16.
# Looks like you planned 5 tests but ran 1.
# Looks like you failed 1 test of 1 run.
# Looks like your test exited with 255 just after 1.
t/AnyEvent-Process-Pipe-Glob.t .... 
Dubious, test returned 255 (wstat 65280, 0xff00)
Failed 5/5 subtests 
Warning: Use of "shift" without parentheses is ambiguous at /usr/home/cpan/pit/bare-clang/conf/perl-5.8.9/.cpanplus/5.8.9/build/jwUqki5_VI/AnyEvent-Process-0.02/blib/lib/AnyEvent/Process.pm line 74.
Scalar found where operator expected at /usr/home/cpan/pit/bare-clang/conf/perl-5.8.9/.cpanplus/5.8.9/build/jwUqki5_VI/AnyEvent-Process-0.02/blib/lib/AnyEvent/Process.pm line 74, near "// $nop"
	(Missing operator before  $nop?)
Warning: Use of "shift" without parentheses is ambiguous at /usr/home/cpan/pit/bare-clang/conf/perl-5.8.9/.cpanplus/5.8.9/build/jwUqki5_VI/AnyEvent-Process-0.02/blib/lib/AnyEvent/Process.pm line 79.
Scalar found where operator expected at /usr/home/cpan/pit/bare-clang/conf/perl-5.8.9/.cpanplus/5.8.9/build/jwUqki5_VI/AnyEvent-Process-0.02/blib/lib/AnyEvent/Process.pm line 79, near "// $nop"
	(Missing operator before  $nop?)

#   Failed test 'use AnyEvent::Process;'
#   at t/AnyEvent-Process-Pipe-Handle.t line 6.
#     Tried to use 'AnyEvent::Process'.
#     Error:  syntax error at /usr/home/cpan/pit/bare-clang/conf/perl-5.8.9/.cpanplus/5.8.9/build/jwUqki5_VI/AnyEvent-Process-0.02/blib/lib/AnyEvent/Process.pm line 74, near "// $nop"
# syntax error at /usr/home/cpan/pit/bare-clang/conf/perl-5.8.9/.cpanplus/5.8.9/build/jwUqki5_VI/AnyEvent-Process-0.02/blib/lib/AnyEvent/Process.pm line 79, near "// $nop"
# Global symbol "$callback_factory" requires explicit package name at /usr/home/cpan/pit/bare-clang/conf/perl-5.8.9/.cpanplus/5.8.9/build/jwUqki5_VI/AnyEvent-Process-0.02/blib/lib/AnyEvent/Process.pm line 135.
# Global symbol "$set_on_completion_args" requires explicit package name at /usr/home/cpan/pit/bare-clang/conf/perl-5.8.9/.cpanplus/5.8.9/build/jwUqki5_VI/AnyEvent-Process-0.02/blib/lib/AnyEvent/Process.pm line 135.
# Global symbol "$i" requires explicit package name at /usr/home/cpan/pit/bare-clang/conf/perl-5.8.9/.cpanplus/5.8.9/build/jwUqki5_VI/AnyEvent-Process-0.02/blib/lib/AnyEvent/Process.pm line 135.
# Global symbol "$i" requires explicit package name at /usr/home/cpan/pit/bare-clang/conf/perl-5.8.9/.cpanplus/5.8.9/build/jwUqki5_VI/AnyEvent-Process-0.02/blib/lib/AnyEvent/Process.pm line 135.
# Global symbol "$i" requires explicit package name at /usr/home/cpan/pit/bare-clang/conf/perl-5.8.9/.cpanplus/5.8.9/build/jwUqki5_VI/AnyEvent-Process-0.02/blib/lib/AnyEvent/Process.pm line 135.
# Global symbol "$handle" requires explicit package name at /usr/home/cpan/pit/bare-clang/conf/perl-5.8.9/.cpanplus/5.8.9/build/jwUqki5_VI/AnyEvent-Process-0.02/blib/lib/AnyEvent/Process.pm line 135.
# Global symbol "$args" requires explicit package name at /usr/home/cpan/pit/bare-clang/conf/perl-5.8.9/.cpanplus/5.8.9/build/jwUqki5_VI/AnyEvent-Process-0.02/blib/lib/AnyEvent/Process.pm line 135.
# Global symbol "$i" requires explicit package name at /usr/home/cpan/pit/bare-clang/conf/perl-5.8.9/.cpanplus/5.8.9/build/jwUqki5_VI/AnyEvent-Process-0.02/blib/lib/AnyEvent/Process.pm line 135.
# Global symbol "$i" requires explicit package name at /usr/home/cpan/pit/bare-clang/conf/perl-5.8.9/.cpanplus/5.8.9/build/jwUqki5_VI/AnyEvent-Process-0.02/blib/lib/AnyEvent/Process.pm line 135.
# Global symbol "$handle" requires explicit package name at /usr/home/cpan/pit/bare-clang/conf/perl-5.8.9/.cpanplus/5.8.9/build/jwUqki5_VI/AnyEvent-Process-0.02/blib/lib/AnyEvent/Process.pm line 135.
# Global symbol "$handle" requires explicit package name at /usr/home/cpan/pit/bare-clang/conf/perl-5.8.9/.cpanplus/5.8.9/build/jwUqki5_VI/AnyEvent-Process-0.02/blib/lib/AnyEvent/Process.pm line 135.
# syntax error at /usr/home/cpan/pit/bare-clang/conf/perl-5.8.9/.cpanplus/5.8.9/build/jwUqki5_VI/AnyEvent-Process-0.02/blib/lib/AnyEvent/Process.pm line 150, near "$/) "
#   (Might be a runaway multi-line // string starting on line 135)
# /usr/home/cpan/pit/bare-clang/conf/perl-5.8.9/.cpanplus/5.8.9/build/jwUqki5_VI/AnyEvent-Process-0.02/blib/lib/AnyEvent/Process.pm has too many errors.
# Compilation failed in require at t/AnyEvent-Process-Pipe-Handle.t line 6.
# BEGIN failed--compilation aborted at t/AnyEvent-Process-Pipe-Handle.t line 6.
Undefined subroutine &AnyEvent::Process::new called at t/AnyEvent-Process-Pipe-Handle.t line 39.
# Looks like you planned 5 tests but ran 1.
# Looks like you failed 1 test of 1 run.
# Looks like your test exited with 255 just after 1.
t/AnyEvent-Process-Pipe-Handle.t .. 
Dubious, test returned 255 (wstat 65280, 0xff00)
Failed 5/5 subtests 
Warning: Use of "shift" without parentheses is ambiguous at /usr/home/cpan/pit/bare-clang/conf/perl-5.8.9/.cpanplus/5.8.9/build/jwUqki5_VI/AnyEvent-Process-0.02/blib/lib/AnyEvent/Process.pm line 74.
Scalar found where operator expected at /usr/home/cpan/pit/bare-clang/conf/perl-5.8.9/.cpanplus/5.8.9/build/jwUqki5_VI/AnyEvent-Process-0.02/blib/lib/AnyEvent/Process.pm line 74, near "// $nop"
	(Missing operator before  $nop?)
Warning: Use of "shift" without parentheses is ambiguous at /usr/home/cpan/pit/bare-clang/conf/perl-5.8.9/.cpanplus/5.8.9/build/jwUqki5_VI/AnyEvent-Process-0.02/blib/lib/AnyEvent/Process.pm line 79.
Scalar found where operator expected at /usr/home/cpan/pit/bare-clang/conf/perl-5.8.9/.cpanplus/5.8.9/build/jwUqki5_VI/AnyEvent-Process-0.02/blib/lib/AnyEvent/Process.pm line 79, near "// $nop"
	(Missing operator before  $nop?)

#   Failed test 'use AnyEvent::Process;'
#   at t/AnyEvent-Process-Watchdog.t line 6.
#     Tried to use 'AnyEvent::Process'.
#     Error:  syntax error at /usr/home/cpan/pit/bare-clang/conf/perl-5.8.9/.cpanplus/5.8.9/build/jwUqki5_VI/AnyEvent-Process-0.02/blib/lib/AnyEvent/Process.pm line 74, near "// $nop"
# syntax error at /usr/home/cpan/pit/bare-clang/conf/perl-5.8.9/.cpanplus/5.8.9/build/jwUqki5_VI/AnyEvent-Process-0.02/blib/lib/AnyEvent/Process.pm line 79, near "// $nop"
# Global symbol "$callback_factory" requires explicit package name at /usr/home/cpan/pit/bare-clang/conf/perl-5.8.9/.cpanplus/5.8.9/build/jwUqki5_VI/AnyEvent-Process-0.02/blib/lib/AnyEvent/Process.pm line 135.
# Global symbol "$set_on_completion_args" requires explicit package name at /usr/home/cpan/pit/bare-clang/conf/perl-5.8.9/.cpanplus/5.8.9/build/jwUqki5_VI/AnyEvent-Process-0.02/blib/lib/AnyEvent/Process.pm line 135.
# Global symbol "$i" requires explicit package name at /usr/home/cpan/pit/bare-clang/conf/perl-5.8.9/.cpanplus/5.8.9/build/jwUqki5_VI/AnyEvent-Process-0.02/blib/lib/AnyEvent/Process.pm line 135.
# Global symbol "$i" requires explicit package name at /usr/home/cpan/pit/bare-clang/conf/perl-5.8.9/.cpanplus/5.8.9/build/jwUqki5_VI/AnyEvent-Process-0.02/blib/lib/AnyEvent/Process.pm line 135.
# Global symbol "$i" requires explicit package name at /usr/home/cpan/pit/bare-clang/conf/perl-5.8.9/.cpanplus/5.8.9/build/jwUqki5_VI/AnyEvent-Process-0.02/blib/lib/AnyEvent/Process.pm line 135.
# Global symbol "$handle" requires explicit package name at /usr/home/cpan/pit/bare-clang/conf/perl-5.8.9/.cpanplus/5.8.9/build/jwUqki5_VI/AnyEvent-Process-0.02/blib/lib/AnyEvent/Process.pm line 135.
# Global symbol "$args" requires explicit package name at /usr/home/cpan/pit/bare-clang/conf/perl-5.8.9/.cpanplus/5.8.9/build/jwUqki5_VI/AnyEvent-Process-0.02/blib/lib/AnyEvent/Process.pm line 135.
# Global symbol "$i" requires explicit package name at /usr/home/cpan/pit/bare-clang/conf/perl-5.8.9/.cpanplus/5.8.9/build/jwUqki5_VI/AnyEvent-Process-0.02/blib/lib/AnyEvent/Process.pm line 135.
# Global symbol "$i" requires explicit package name at /usr/home/cpan/pit/bare-clang/conf/perl-5.8.9/.cpanplus/5.8.9/build/jwUqki5_VI/AnyEvent-Process-0.02/blib/lib/AnyEvent/Process.pm line 135.
# Global symbol "$handle" requires explicit package name at /usr/home/cpan/pit/bare-clang/conf/perl-5.8.9/.cpanplus/5.8.9/build/jwUqki5_VI/AnyEvent-Process-0.02/blib/lib/AnyEvent/Process.pm line 135.
# Global symbol "$handle" requires explicit package name at /usr/home/cpan/pit/bare-clang/conf/perl-5.8.9/.cpanplus/5.8.9/build/jwUqki5_VI/AnyEvent-Process-0.02/blib/lib/AnyEvent/Process.pm line 135.
# syntax error at /usr/home/cpan/pit/bare-clang/conf/perl-5.8.9/.cpanplus/5.8.9/build/jwUqki5_VI/AnyEvent-Process-0.02/blib/lib/AnyEvent/Process.pm line 150, near "$/) "
#   (Might be a runaway multi-line // string starting on line 135)
# /usr/home/cpan/pit/bare-clang/conf/perl-5.8.9/.cpanplus/5.8.9/build/jwUqki5_VI/AnyEvent-Process-0.02/blib/lib/AnyEvent/Process.pm has too many errors.
# Compilation failed in require at t/AnyEvent-Process-Watchdog.t line 6.
# BEGIN failed--compilation aborted at t/AnyEvent-Process-Watchdog.t line 6.
Undefined subroutine &AnyEvent::Process::new called at t/AnyEvent-Process-Watchdog.t line 31.
# Looks like you planned 16 tests but ran 1.
# Looks like you failed 1 test of 1 run.
# Looks like your test exited with 255 just after 1.
t/AnyEvent-Process-Watchdog.t ..... 
Dubious, test returned 255 (wstat 65280, 0xff00)
Failed 16/16 subtests 

Test Summary Report
-------------------
t/AnyEvent-Process-Closing.t    (Wstat: 512 Tests: 1 Failed: 1)
  Failed test:  1
  Non-zero exit status: 2
  Parse errors: Bad plan.  You planned 5 tests but ran 1.
t/AnyEvent-Process-Decorator.t  (Wstat: 512 Tests: 1 Failed: 1)
  Failed test:  1
  Non-zero exit status: 2
  Parse errors: Bad plan.  You planned 7 tests but ran 1.
t/AnyEvent-Process-Memory-Leak.t (Wstat: 512 Tests: 0 Failed: 0)
  Non-zero exit status: 2
  Parse errors: Bad plan.  You planned 1 tests but ran 0.
t/AnyEvent-Process-Pipe-Glob.t  (Wstat: 65280 Tests: 1 Failed: 1)
  Failed test:  1
  Non-zero exit status: 255
  Parse errors: Bad plan.  You planned 5 tests but ran 1.
t/AnyEvent-Process-Pipe-Handle.t (Wstat: 65280 Tests: 1 Failed: 1)
  Failed test:  1
  Non-zero exit status: 255
  Parse errors: Bad plan.  You planned 5 tests but ran 1.
t/AnyEvent-Process-Watchdog.t   (Wstat: 65280 Tests: 1 Failed: 1)
  Failed test:  1
  Non-zero exit status: 255
  Parse errors: Bad plan.  You planned 16 tests but ran 1.
Files=6, Tests=5,  1 wallclock secs ( 0.03 usr  0.02 sys +  0.21 cusr  0.05 csys =  0.32 CPU)
Result: FAIL
Failed 6/6 test programs. 5/5 subtests failed.
*** [test_dynamic] Error code 255

Stop in /usr/home/cpan/pit/bare-clang/conf/perl-5.8.9/.cpanplus/5.8.9/build/jwUqki5_VI/AnyEvent-Process-0.02.


PREREQUISITES:

Here is a list of prerequisites you specified and versions we
managed to load:

	  Module Name                        Have     Want
	  AnyEvent                           7.11     7.02
	  Test::More                     1.001014     0.98

Perl module toolchain versions installed:
	Module Name                        Have
	CPANPLUS                         0.9156
	CPANPLUS::Dist::Build              0.78
	Cwd                                3.59
	ExtUtils::CBuilder             0.280224
	ExtUtils::Command                  7.10
	ExtUtils::Install                  2.04
	ExtUtils::MakeMaker                7.10
	ExtUtils::Manifest                 1.70
	ExtUtils::ParseXS                  3.30
	File::Spec                         3.59
	Module::Build                    0.4214
	Pod::Parser                        1.35
	Pod::Simple                        3.28
	Test::Harness                      3.35
	Test::More                     1.001014
	version                          0.9912

******************************** NOTE ********************************
The comments above are created mechanically, possibly without manual
checking by the sender.  As there are many people performing automatic
tests on each upload to CPAN, it is likely that you will receive
identical messages about the same problem.

If you believe that the message is mistaken, please reply to the first
one with correction and/or additional informations, and do not take
it personally.  We appreciate your patience. :)
**********************************************************************

Additional comments:


This report was machine-generated by CPANPLUS::Dist::YACSmoke 0.94.
Powered by minismokebox version 0.58

------------------------------
ENVIRONMENT AND OTHER CONTEXT
------------------------------

Environment variables:

    AUTOMATED_TESTING = 1
    NONINTERACTIVE_TESTING = 1
    PATH = /sbin:/bin:/usr/sbin:/usr/bin:/usr/games:/usr/local/sbin:/usr/local/bin:/home/cpan/bin
    PERL5LIB = :/usr/home/cpan/pit/bare-clang/conf/perl-5.8.9/.cpanplus/5.8.9/build/x9goKFMa3u/AnyEvent-7.11/blib/lib:/usr/home/cpan/pit/bare-clang/conf/perl-5.8.9/.cpanplus/5.8.9/build/x9goKFMa3u/AnyEvent-7.11/blib/arch:/usr/home/cpan/pit/bare-clang/conf/perl-5.8.9/.cpanplus/5.8.9/build/jwUqki5_VI/AnyEvent-Process-0.02/blib/lib:/usr/home/cpan/pit/bare-clang/conf/perl-5.8.9/.cpanplus/5.8.9/build/jwUqki5_VI/AnyEvent-Process-0.02/blib/arch
    PERL5_CPANPLUS_IS_RUNNING = 21177
    PERL5_CPANPLUS_IS_VERSION = 0.9156
    PERL5_MINISMOKEBOX = 0.58
    PERL5_YACSMOKE_BASE = /usr/home/cpan/pit/bare-clang/conf/perl-5.8.9
    PERL_EXTUTILS_AUTOINSTALL = --defaultdeps
    PERL_MM_USE_DEFAULT = 1
    SHELL = /usr/local/bin/bash
    TERM = screen

Perl special variables (and OS-specific diagnostics, for MSWin32):

    Perl: $^X = /usr/home/cpan/pit/bare-clang/perl-5.8.9/bin/perl
    UID:  $<  = 1002
    EUID: $>  = 1002
    GID:  $(  = 1002 1002
    EGID: $)  = 1002 1002


-------------------------------


--

Summary of my perl5 (revision 5 version 8 subversion 9) configuration:
  Platform:
    osname=freebsd, osvers=9.3-release, archname=amd64-freebsd
    uname='freebsd fremen 9.3-release freebsd 9.3-release #0 r268512: thu jul 10 23:44:39 utc 2014 root@snap.freebsd.org:usrobjusrsrcsysgeneric amd64 '
    config_args='-des -Dprefix=/usr/home/cpan/pit/bare-clang/perl-5.8.9 -Dcc=clang'
    hint=recommended, useposix=true, d_sigaction=define
    usethreads=undef use5005threads=undef useithreads=undef usemultiplicity=undef
    useperlio=define d_sfio=undef uselargefiles=define usesocks=undef
    use64bitint=define use64bitall=define uselongdouble=undef
    usemymalloc=n, bincompat5005=undef
  Compiler:
    cc='clang', ccflags ='-DHAS_FPSETMASK -DHAS_FLOATINGPOINT_H -fno-strict-aliasing -pipe -I/usr/local/include',
    optimize='-O',
    cppflags='-DHAS_FPSETMASK -DHAS_FLOATINGPOINT_H -fno-strict-aliasing -pipe -I/usr/local/include'
    ccversion='', gccversion='4.2.1 Compatible FreeBSD Clang 3.4.1 (tags/RELEASE_34/dot1-final 208032)', gccosandvers=''
    intsize=4, longsize=8, ptrsize=8, doublesize=8, byteorder=12345678
    d_longlong=define, longlongsize=8, d_longdbl=define, longdblsize=16
    ivtype='long', ivsize=8, nvtype='double', nvsize=8, Off_t='off_t', lseeksize=8
    alignbytes=8, prototype=define
  Linker and Libraries:
    ld='clang', ldflags ='-Wl,-E  -L/usr/local/lib'
    libpth=/usr/lib /usr/local/lib
    libs=-lgdbm -lm -lcrypt -lutil -lc
    perllibs=-lm -lcrypt -lutil -lc
    libc=, so=so, useshrplib=false, libperl=libperl.a
    gnulibc_version=''
  Dynamic Linking:
    dlsrc=dl_dlopen.xs, dlext=so, d_dlsymun=undef, ccdlflags=' '
    cccdlflags='-DPIC -fPIC', lddlflags='-shared  -L/usr/local/lib'


Characteristics of this binary (from libperl): 
  Compile-time options: PERL_MALLOC_WRAP USE_64_BIT_ALL USE_64_BIT_INT
                        USE_FAST_STDIO USE_LARGE_FILES USE_PERLIO
  Built under freebsd
  Compiled at Jul 14 2014 13:48:30
  %ENV:
    PERL5LIB=":/usr/home/cpan/pit/bare-clang/conf/perl-5.8.9/.cpanplus/5.8.9/build/x9goKFMa3u/AnyEvent-7.11/blib/lib:/usr/home/cpan/pit/bare-clang/conf/perl-5.8.9/.cpanplus/5.8.9/build/x9goKFMa3u/AnyEvent-7.11/blib/arch:/usr/home/cpan/pit/bare-clang/conf/perl-5.8.9/.cpanplus/5.8.9/build/jwUqki5_VI/AnyEvent-Process-0.02/blib/lib:/usr/home/cpan/pit/bare-clang/conf/perl-5.8.9/.cpanplus/5.8.9/build/jwUqki5_VI/AnyEvent-Process-0.02/blib/arch"
    PERL5_CPANPLUS_IS_RUNNING="21177"
    PERL5_CPANPLUS_IS_VERSION="0.9156"
    PERL5_MINISMOKEBOX="0.58"
    PERL5_YACSMOKE_BASE="/usr/home/cpan/pit/bare-clang/conf/perl-5.8.9"
    PERL_EXTUTILS_AUTOINSTALL="--defaultdeps"
    PERL_MM_USE_DEFAULT="1"
  @INC:
    /usr/home/cpan/pit/bare-clang/conf/perl-5.8.9/.cpanplus/5.8.9/build/x9goKFMa3u/AnyEvent-7.11/blib/lib
    /usr/home/cpan/pit/bare-clang/conf/perl-5.8.9/.cpanplus/5.8.9/build/x9goKFMa3u/AnyEvent-7.11/blib/arch
    /usr/home/cpan/pit/bare-clang/conf/perl-5.8.9/.cpanplus/5.8.9/build/jwUqki5_VI/AnyEvent-Process-0.02/blib/lib
    /usr/home/cpan/pit/bare-clang/conf/perl-5.8.9/.cpanplus/5.8.9/build/jwUqki5_VI/AnyEvent-Process-0.02/blib/arch
    /usr/home/cpan/pit/bare-clang/perl-5.8.9/lib/5.8.9/amd64-freebsd
    /usr/home/cpan/pit/bare-clang/perl-5.8.9/lib/5.8.9
    /usr/home/cpan/pit/bare-clang/perl-5.8.9/lib/site_perl/5.8.9/amd64-freebsd
    /usr/home/cpan/pit/bare-clang/perl-5.8.9/lib/site_perl/5.8.9
    .