Back
From: metabase:user:314402c4-2aae-11df-837a-5e0a49663a4f
Subject: FAIL DBI-Test-0.001 v5.18.4 GNU/Linux
Date: 2015-03-20T18:06:05Z
This distribution has been tested as part of the CPAN Testers
project, supporting the Perl programming language. See
http://wiki.cpantesters.org/ for more information or email
questions to cpan-testers-discuss@perl.org
--
Dear Jens Rehsack,
This is a computer-generated report for DBI-Test-0.001
on perl 5.18.4, created by CPAN-Reporter-1.2011.
Thank you for uploading your work to CPAN. However, there was a problem
testing your distribution.
If you think this report is invalid, please consult the CPAN Testers Wiki
for suggestions on how to avoid getting FAIL reports for missing library
or binary dependencies, unsupported operating systems, and so on:
http://wiki.cpantesters.org/wiki/CPANAuthorNotes
Sections of this report:
* Tester comments
* Program output
* Prerequisites
* Environment and other context
------------------------------
TESTER COMMENTS
------------------------------
Additional comments from tester:
none provided
------------------------------
PROGRAM OUTPUT
------------------------------
Output from '/usr/bin/make test':
PERL_DL_NONLAZY=1 "/opt/perl-5.18.4/bin/perl" "-MExtUtils::Command::MM" "-MTest::Harness" "-e" "undef *Test::Harness::Switches; test_harness(0, 'blib/lib', 'blib/arch')" xt/*.t t/basic/*.t
t/basic/dvc_connect.t ......... ok
t/basic/dvc_disconnect.t ...... ok
t/basic/dvd_connect.t ......... ok
t/basic/dvd_disconnect.t ...... ok
t/basic/dve_connect.t ......... ok
t/basic/dve_disconnect.t ...... ok
t/basic/dvf_connect.t ......... ok
t/basic/dvf_disconnect.t ...... ok
No such database ()! at /opt/perl-5.18.4/lib/site_perl/5.18.4/DBD/LDAP.pm line 401, <DATA> line 751.
DBI connect('','',...) failed: No such database ()! at /home/cpansand/.cpan/build/DBI-Test-0.001-Iybs0j/blib/lib/DBI/Test.pm line 31.
# Failed test 'basic connect'
# at /home/cpansand/.cpan/build/DBI-Test-0.001-Iybs0j/blib/lib/DBI/Test/Case/basic/connect.pm line 16.
# Failed test 'dbh is active'
# at /home/cpansand/.cpan/build/DBI-Test-0.001-Iybs0j/blib/lib/DBI/Test/Case/basic/connect.pm line 20.
No such database ()! at /opt/perl-5.18.4/lib/site_perl/5.18.4/DBD/LDAP.pm line 401, <DATA> line 751.
DBI connect('','',...) failed: No such database ()! at /home/cpansand/.cpan/build/DBI-Test-0.001-Iybs0j/blib/lib/DBI/Test.pm line 31.
# Failed test 'basic connect'
# at /home/cpansand/.cpan/build/DBI-Test-0.001-Iybs0j/blib/lib/DBI/Test/Case/basic/connect.pm line 29.
No such database ()! at /opt/perl-5.18.4/lib/site_perl/5.18.4/DBD/LDAP.pm line 401, <DATA> line 751.
DBI connect('','',...) failed: No such database ()! at /home/cpansand/.cpan/build/DBI-Test-0.001-Iybs0j/blib/lib/DBI/Test.pm line 31.
# Failed test 'connect without attr'
# at /home/cpansand/.cpan/build/DBI-Test-0.001-Iybs0j/blib/lib/DBI/Test/Case/basic/connect.pm line 46.
Use of uninitialized value $got in numeric eq (==) at (eval in cmp_ok) /home/cpansand/.cpan/build/DBI-Test-0.001-Iybs0j/blib/lib/DBI/Test/Case/basic/connect.pm line 50, <DATA> line 751.
# Failed test 'AutoCommit == 1'
# at /home/cpansand/.cpan/build/DBI-Test-0.001-Iybs0j/blib/lib/DBI/Test/Case/basic/connect.pm line 50.
Use of uninitialized value $val in addition (+) at /opt/perl-5.18.4/lib/site_perl/5.18.4/Test/Builder.pm line 963, <DATA> line 751.
# got: undef
# expected: 1
Can't call method "FETCH" on unblessed reference at /home/cpansand/.cpan/build/DBI-Test-0.001-Iybs0j/blib/lib/DBI/Test/Case/basic/connect.pm line 51, <DATA> line 751.
# Tests were run but no plan was declared and done_testing() was not seen.
# Looks like your test exited with 255 just after 5.
t/basic/dvl_connect.t .........
Dubious, test returned 255 (wstat 65280, 0xff00)
Failed 5/5 subtests
No such database ()! at /opt/perl-5.18.4/lib/site_perl/5.18.4/DBD/LDAP.pm line 401, <DATA> line 751.
DBI connect('','',...) failed: No such database ()! at /home/cpansand/.cpan/build/DBI-Test-0.001-Iybs0j/blib/lib/DBI/Test.pm line 31.
# Failed test 'basic connect'
# at /home/cpansand/.cpan/build/DBI-Test-0.001-Iybs0j/blib/lib/DBI/Test/Case/basic/disconnect.pm line 20.
Can't call method "disconnect" on an undefined value at /home/cpansand/.cpan/build/DBI-Test-0.001-Iybs0j/blib/lib/DBI/Test/Case/basic/disconnect.pm line 22, <DATA> line 751.
# Tests were run but no plan was declared and done_testing() was not seen.
# Looks like your test exited with 255 just after 1.
t/basic/dvl_disconnect.t ......
Dubious, test returned 255 (wstat 65280, 0xff00)
Failed 1/1 subtests
install_driver(mysql) failed: Attempt to reload DBD/mysql.pm aborted.
Compilation failed in require at (eval 161) line 3.
at /home/cpansand/.cpan/build/DBI-Test-0.001-Iybs0j/blib/lib/DBI/Test.pm line 31.
t/basic/dvm_connect.t .........
Dubious, test returned 2 (wstat 512, 0x200)
No subtests run
install_driver(mysql) failed: Attempt to reload DBD/mysql.pm aborted.
Compilation failed in require at (eval 161) line 3.
at /home/cpansand/.cpan/build/DBI-Test-0.001-Iybs0j/blib/lib/DBI/Test.pm line 31.
t/basic/dvm_disconnect.t ......
Dubious, test returned 2 (wstat 512, 0x200)
No subtests run
t/basic/dvn_connect.t ......... ok
t/basic/dvn_disconnect.t ...... ok
install_driver(Pg) failed: Attempt to reload DBD/Pg.pm aborted.
Compilation failed in require at (eval 162) line 3.
at /home/cpansand/.cpan/build/DBI-Test-0.001-Iybs0j/blib/lib/DBI/Test.pm line 31.
t/basic/dvp_connect.t .........
Dubious, test returned 2 (wstat 512, 0x200)
No subtests run
install_driver(Pg) failed: Attempt to reload DBD/Pg.pm aborted.
Compilation failed in require at (eval 162) line 3.
at /home/cpansand/.cpan/build/DBI-Test-0.001-Iybs0j/blib/lib/DBI/Test.pm line 31.
t/basic/dvp_disconnect.t ......
Dubious, test returned 2 (wstat 512, 0x200)
No subtests run
install_driver(SQLite) failed: Attempt to reload DBD/SQLite.pm aborted.
Compilation failed in require at (eval 161) line 3.
at /home/cpansand/.cpan/build/DBI-Test-0.001-Iybs0j/blib/lib/DBI/Test.pm line 31.
t/basic/dvs_connect.t .........
Dubious, test returned 2 (wstat 512, 0x200)
No subtests run
No such database ()! at /opt/perl-5.18.4/lib/site_perl/5.18.4/DBD/Sprite.pm line 121.
DBI connect('','',...) failed: (no error string) at /home/cpansand/.cpan/build/DBI-Test-0.001-Iybs0j/blib/lib/DBI/Test.pm line 31.
# Failed test 'basic connect'
# at /home/cpansand/.cpan/build/DBI-Test-0.001-Iybs0j/blib/lib/DBI/Test/Case/basic/disconnect.pm line 20.
Can't call method "disconnect" on an undefined value at /home/cpansand/.cpan/build/DBI-Test-0.001-Iybs0j/blib/lib/DBI/Test/Case/basic/disconnect.pm line 22.
# Tests were run but no plan was declared and done_testing() was not seen.
# Looks like your test exited with 255 just after 1.
t/basic/dvs_disconnect.t ......
Dubious, test returned 255 (wstat 65280, 0xff00)
Failed 1/1 subtests
# Failed test 'dbh is active'
# at /home/cpansand/.cpan/build/DBI-Test-0.001-Iybs0j/blib/lib/DBI/Test/Case/basic/connect.pm line 20.
# Looks like you failed 1 test of 16.
t/basic/dvx_connect.t .........
Dubious, test returned 1 (wstat 256, 0x100)
Failed 1/16 subtests
(4 TODO tests unexpectedly succeeded)
t/basic/dvx_disconnect.t ...... ok
t/basic/mvb_dvn_connect.t ..... ok
t/basic/mvb_dvn_disconnect.t .. ok
Test Summary Report
-------------------
t/basic/dvc_disconnect.t (Wstat: 0 Tests: 19 Failed: 0)
TODO passed: 8-9, 14-15, 18
t/basic/dvd_disconnect.t (Wstat: 0 Tests: 19 Failed: 0)
TODO passed: 8-9, 14-15, 18
t/basic/dve_disconnect.t (Wstat: 0 Tests: 19 Failed: 0)
TODO passed: 8-9, 14-15, 18
t/basic/dvf_disconnect.t (Wstat: 0 Tests: 19 Failed: 0)
TODO passed: 8-9, 14-15, 18
t/basic/dvl_connect.t (Wstat: 65280 Tests: 5 Failed: 5)
Failed tests: 1-5
Non-zero exit status: 255
Parse errors: No plan found in TAP output
t/basic/dvl_disconnect.t (Wstat: 65280 Tests: 1 Failed: 1)
Failed test: 1
Non-zero exit status: 255
Parse errors: No plan found in TAP output
t/basic/dvm_connect.t (Wstat: 512 Tests: 0 Failed: 0)
Non-zero exit status: 2
Parse errors: No plan found in TAP output
t/basic/dvm_disconnect.t (Wstat: 512 Tests: 0 Failed: 0)
Non-zero exit status: 2
Parse errors: No plan found in TAP output
t/basic/dvn_disconnect.t (Wstat: 0 Tests: 19 Failed: 0)
TODO passed: 8-9, 14-15, 18
t/basic/dvp_connect.t (Wstat: 512 Tests: 0 Failed: 0)
Non-zero exit status: 2
Parse errors: No plan found in TAP output
t/basic/dvp_disconnect.t (Wstat: 512 Tests: 0 Failed: 0)
Non-zero exit status: 2
Parse errors: No plan found in TAP output
t/basic/dvs_connect.t (Wstat: 512 Tests: 0 Failed: 0)
Non-zero exit status: 2
Parse errors: No plan found in TAP output
t/basic/dvs_disconnect.t (Wstat: 65280 Tests: 1 Failed: 1)
Failed test: 1
Non-zero exit status: 255
Parse errors: No plan found in TAP output
t/basic/dvx_connect.t (Wstat: 256 Tests: 16 Failed: 1)
Failed test: 3
TODO passed: 13-16
Non-zero exit status: 1
t/basic/dvx_disconnect.t (Wstat: 0 Tests: 19 Failed: 0)
TODO passed: 8-9, 14-15, 18
t/basic/mvb_dvn_connect.t (Wstat: 0 Tests: 16 Failed: 0)
TODO passed: 12
t/basic/mvb_dvn_disconnect.t (Wstat: 0 Tests: 19 Failed: 0)
TODO passed: 8-9, 14-15, 18
Files=22, Tests=258, 20 wallclock secs ( 0.26 usr 0.12 sys + 16.31 cusr 1.48 csys = 18.17 CPU)
Result: FAIL
Failed 9/22 test programs. 8/258 subtests failed.
Makefile:929: recipe for target 'test_dynamic' failed
make: *** [test_dynamic] Error 255
------------------------------
PREREQUISITES
------------------------------
Prerequisite modules loaded:
requires:
Module Need Have
------------------- -------- --------
perl 5.008001 5.018004
build_requires:
Module Need Have
------------------- -------- --------
Test::Simple 0.90 1.001014
configure_requires:
Module Need Have
------------------- -------- --------
ExtUtils::MakeMaker 0 7.04
------------------------------
ENVIRONMENT AND OTHER CONTEXT
------------------------------
Environment variables:
DBIC_NO_WARN_BAD_PERL = 1
LANG = en_US.UTF-8
LANGUAGE = en_US:en
PATH = /usr/local/bin:/usr/bin:/bin:/usr/local/sbin:/usr/sbin:/sbin:/home/cpansand/bin/linux-gnu:/home/cpansand/bin/sh:/home/cpansand/bin:/usr/games:/home/cpansand/devel:/home/eserte/src/srezic-misc/scripts
PERL5LIB =
PERL5OPT =
PERL5_CPANPLUS_IS_RUNNING = 18068
PERL5_CPAN_IS_RUNNING = 18068
PERL5_CPAN_IS_RUNNING_IN_RECURSION = 17658,18068
PERLDOC = -MPod::Perldoc::ToTextOverstrike
PERL_BATCH = yes
PERL_CPAN_REPORTER_CONFIG = /run/user/1023/cpansmoker/J_NFFmPTY__config.ini
PERL_EXTUTILS_AUTOINSTALL = --defaultdeps
PERL_HTML_DISPLAY_CLASS = HTML::Display::Mozilla
SHELL = /bin/zsh
TERM = screen
TMPDIR = /run/user/1023/cpansmoker
Perl special variables (and OS-specific diagnostics, for MSWin32):
$^X = /opt/perl-5.18.4/bin/perl
$UID/$EUID = 1023 / 1023
$GID = 1023 1023
$EGID = 1023 1023
Perl module toolchain versions installed:
Module Have
------------------- --------
CPAN 2.10
CPAN::Meta 2.150001
Cwd 3.47
ExtUtils::CBuilder 0.280210
ExtUtils::Command 1.20
ExtUtils::Install 1.59
ExtUtils::MakeMaker 7.04
ExtUtils::Manifest 1.70
ExtUtils::ParseXS 3.24
File::Spec 3.47
JSON 2.90
JSON::PP 2.27203
Module::Build 0.4211
Module::Signature 0.73
Parse::CPAN::Meta 1.4414
Test::Harness 3.35
Test::More 1.001014
YAML 1.14
YAML::Syck 1.29
version 0.9912
--
Summary of my perl5 (revision 5 version 18 subversion 4) configuration:
Platform:
osname=linux, osvers=3.12-1-amd64, archname=x86_64-linux
uname='linux cvrsnica-jessie 3.12-1-amd64 #1 smp debian 3.12.9-1 (2014-02-01) x86_64 gnulinux '
config_args='-ds -e -Dprefix=/opt/perl-5.18.4'
hint=previous, useposix=true, d_sigaction=define
useithreads=undef, usemultiplicity=undef
useperlio=define, d_sfio=undef, uselargefiles=define, usesocks=undef
use64bitint=define, use64bitall=define, uselongdouble=undef
usemymalloc=n, bincompat5005=undef
Compiler:
cc='cc', ccflags ='-fno-strict-aliasing -pipe -fstack-protector -I/usr/local/include -D_LARGEFILE_SOURCE -D_FILE_OFFSET_BITS=64',
optimize='-O2',
cppflags='-fno-strict-aliasing -pipe -fstack-protector -I/usr/local/include -fno-strict-aliasing -pipe -fstack-protector -I/usr/local/include -D_LARGEFILE_SOURCE -D_FILE_OFFSET_BITS=64'
ccversion='', gccversion='4.9.1', gccosandvers=''
intsize=4, longsize=8, ptrsize=8, doublesize=8, byteorder=12345678
d_longlong=define, longlongsize=8, d_longdbl=define, longdblsize=16
ivtype='long', ivsize=8, nvtype='double', nvsize=8, Off_t='off_t', lseeksize=8
alignbytes=8, prototype=define
Linker and Libraries:
ld='cc', ldflags =' -fstack-protector -L/usr/local/lib'
libpth=/usr/local/lib /lib/x86_64-linux-gnu /lib/../lib /usr/lib/x86_64-linux-gnu /usr/lib/../lib /lib /usr/lib
libs=-lnsl -lgdbm -ldb -ldl -lm -lcrypt -lutil -lc -lgdbm_compat
perllibs=-lnsl -ldl -lm -lcrypt -lutil -lc
libc=, so=so, useshrplib=false, libperl=libperl.a
gnulibc_version='2.19'
Dynamic Linking:
dlsrc=dl_dlopen.xs, dlext=so, d_dlsymun=undef, ccdlflags='-Wl,-E'
cccdlflags='-fPIC', lddlflags='-shared -O2 -L/usr/local/lib -fstack-protector'
Characteristics of this binary (from libperl):
Compile-time options: HAS_TIMES PERLIO_LAYERS PERL_DONT_CREATE_GVSV
PERL_HASH_FUNC_ONE_AT_A_TIME_HARD PERL_MALLOC_WRAP
PERL_PRESERVE_IVUV PERL_SAWAMPERSAND USE_64_BIT_ALL
USE_64_BIT_INT USE_LARGE_FILES USE_LOCALE
USE_LOCALE_COLLATE USE_LOCALE_CTYPE
USE_LOCALE_NUMERIC USE_PERLIO USE_PERL_ATOF
Built under linux
Compiled at Nov 22 2014 12:09:10
%ENV:
PERL5LIB=""
PERL5OPT=""
PERL5_CPANPLUS_IS_RUNNING="18068"
PERL5_CPAN_IS_RUNNING="18068"
PERL5_CPAN_IS_RUNNING_IN_RECURSION="17658,18068"
PERLDOC="-MPod::Perldoc::ToTextOverstrike"
PERL_BATCH="yes"
PERL_CPAN_REPORTER_CONFIG="/run/user/1023/cpansmoker/J_NFFmPTY__config.ini"
PERL_EXTUTILS_AUTOINSTALL="--defaultdeps"
PERL_HTML_DISPLAY_CLASS="HTML::Display::Mozilla"
@INC:
/opt/perl-5.18.4/lib/site_perl/5.18.4/x86_64-linux
/opt/perl-5.18.4/lib/site_perl/5.18.4
/opt/perl-5.18.4/lib/5.18.4/x86_64-linux
/opt/perl-5.18.4/lib/5.18.4
.