Report for MooseX-Params-0.010

Back
From: metabase:user:320bfe00-2aae-11df-837a-5e0a49663a4f
Subject: FAIL MooseX-Params-0.010 v5.22.3 RC2 GNU/Linux
Date: 2016-07-26T19:18:46Z

This distribution has been tested as part of the CPAN Testers
project, supporting the Perl programming language.  See
http://wiki.cpantesters.org/ for more information or email
questions to cpan-testers-discuss@perl.org


--
Dear Peter Shangov,

This is a computer-generated report for MooseX-Params-0.010
on perl 5.22.3, created by CPAN-Reporter-1.2018.

Thank you for uploading your work to CPAN.  However, there was a problem
testing your distribution.

If you think this report is invalid, please consult the CPAN Testers Wiki
for suggestions on how to avoid getting FAIL reports for missing library
or binary dependencies, unsupported operating systems, and so on:

http://wiki.cpantesters.org/wiki/CPANAuthorNotes

Sections of this report:

    * Tester comments
    * Program output
    * Prerequisites
    * Environment and other context

------------------------------
TESTER COMMENTS
------------------------------

Additional comments from tester:

this report is from an automated smoke testing program
and was not reviewed by a human for accuracy

------------------------------
PROGRAM OUTPUT
------------------------------

Output from '/usr/bin/make test':

PERL_DL_NONLAZY=1 "/tmp/basesmoker-reloperl-Bl9S/bin/perl" "-MExtUtils::Command::MM" "-MTest::Harness" "-e" "undef *Test::Harness::Switches; test_harness(0, 'blib/lib', 'blib/arch')" t/*.t
Smartmatch is experimental at lib/MooseX/Params/Magic/Wizard.pm line 30.
Smartmatch is experimental at lib/MooseX/Params/Magic/Wizard.pm line 64.
given is experimental at lib/MooseX/Params/Util.pm line 302.
when is experimental at lib/MooseX/Params/Util.pm line 304.
when is experimental at lib/MooseX/Params/Util.pm line 305.
when is experimental at lib/MooseX/Params/Util.pm line 306.
when is experimental at lib/MooseX/Params/Util.pm line 307.
given is experimental at lib/MooseX/Params/Util.pm line 316.
when is experimental at lib/MooseX/Params/Util.pm line 318.
given is experimental at lib/MooseX/Params/Util.pm line 302.
when is experimental at lib/MooseX/Params/Util.pm line 304.
when is experimental at lib/MooseX/Params/Util.pm line 305.
when is experimental at lib/MooseX/Params/Util.pm line 306.
when is experimental at lib/MooseX/Params/Util.pm line 307.
given is experimental at lib/MooseX/Params/Util.pm line 316.
when is experimental at lib/MooseX/Params/Util.pm line 318.
Smartmatch is experimental at lib/MooseX/Params/Magic/Wizard.pm line 30.
Smartmatch is experimental at lib/MooseX/Params/Magic/Wizard.pm line 64.
Smartmatch is experimental at lib/MooseX/Params/Magic/Wizard.pm line 30.
Smartmatch is experimental at lib/MooseX/Params/Magic/Wizard.pm line 64.
given is experimental at lib/MooseX/Params/Util.pm line 302.
when is experimental at lib/MooseX/Params/Util.pm line 304.
when is experimental at lib/MooseX/Params/Util.pm line 305.
when is experimental at lib/MooseX/Params/Util.pm line 306.
when is experimental at lib/MooseX/Params/Util.pm line 307.
given is experimental at lib/MooseX/Params/Util.pm line 316.
when is experimental at lib/MooseX/Params/Util.pm line 318.
t/00-compile.t .......... ok
Smartmatch is experimental at /tmp/loop_over_bdir-2011-vGf05S/MooseX-Params-0.010-0/blib/lib/MooseX/Params/Magic/Wizard.pm line 30.
Smartmatch is experimental at /tmp/loop_over_bdir-2011-vGf05S/MooseX-Params-0.010-0/blib/lib/MooseX/Params/Magic/Wizard.pm line 64.
given is experimental at /tmp/loop_over_bdir-2011-vGf05S/MooseX-Params-0.010-0/blib/lib/MooseX/Params/Util.pm line 302.
when is experimental at /tmp/loop_over_bdir-2011-vGf05S/MooseX-Params-0.010-0/blib/lib/MooseX/Params/Util.pm line 304.
when is experimental at /tmp/loop_over_bdir-2011-vGf05S/MooseX-Params-0.010-0/blib/lib/MooseX/Params/Util.pm line 305.
when is experimental at /tmp/loop_over_bdir-2011-vGf05S/MooseX-Params-0.010-0/blib/lib/MooseX/Params/Util.pm line 306.
when is experimental at /tmp/loop_over_bdir-2011-vGf05S/MooseX-Params-0.010-0/blib/lib/MooseX/Params/Util.pm line 307.
given is experimental at /tmp/loop_over_bdir-2011-vGf05S/MooseX-Params-0.010-0/blib/lib/MooseX/Params/Util.pm line 316.
when is experimental at /tmp/loop_over_bdir-2011-vGf05S/MooseX-Params-0.010-0/blib/lib/MooseX/Params/Util.pm line 318.
t/01-parse.t ............ ok
Smartmatch is experimental at /tmp/loop_over_bdir-2011-vGf05S/MooseX-Params-0.010-0/blib/lib/MooseX/Params/Magic/Wizard.pm line 30.
Smartmatch is experimental at /tmp/loop_over_bdir-2011-vGf05S/MooseX-Params-0.010-0/blib/lib/MooseX/Params/Magic/Wizard.pm line 64.
given is experimental at /tmp/loop_over_bdir-2011-vGf05S/MooseX-Params-0.010-0/blib/lib/MooseX/Params/Util.pm line 302.
when is experimental at /tmp/loop_over_bdir-2011-vGf05S/MooseX-Params-0.010-0/blib/lib/MooseX/Params/Util.pm line 304.
when is experimental at /tmp/loop_over_bdir-2011-vGf05S/MooseX-Params-0.010-0/blib/lib/MooseX/Params/Util.pm line 305.
when is experimental at /tmp/loop_over_bdir-2011-vGf05S/MooseX-Params-0.010-0/blib/lib/MooseX/Params/Util.pm line 306.
when is experimental at /tmp/loop_over_bdir-2011-vGf05S/MooseX-Params-0.010-0/blib/lib/MooseX/Params/Util.pm line 307.
given is experimental at /tmp/loop_over_bdir-2011-vGf05S/MooseX-Params-0.010-0/blib/lib/MooseX/Params/Util.pm line 316.
when is experimental at /tmp/loop_over_bdir-2011-vGf05S/MooseX-Params-0.010-0/blib/lib/MooseX/Params/Util.pm line 318.
t/02-params.t ........... ok
Smartmatch is experimental at /tmp/loop_over_bdir-2011-vGf05S/MooseX-Params-0.010-0/blib/lib/MooseX/Params/Magic/Wizard.pm line 30.
Smartmatch is experimental at /tmp/loop_over_bdir-2011-vGf05S/MooseX-Params-0.010-0/blib/lib/MooseX/Params/Magic/Wizard.pm line 64.
given is experimental at /tmp/loop_over_bdir-2011-vGf05S/MooseX-Params-0.010-0/blib/lib/MooseX/Params/Util.pm line 302.
when is experimental at /tmp/loop_over_bdir-2011-vGf05S/MooseX-Params-0.010-0/blib/lib/MooseX/Params/Util.pm line 304.
when is experimental at /tmp/loop_over_bdir-2011-vGf05S/MooseX-Params-0.010-0/blib/lib/MooseX/Params/Util.pm line 305.
when is experimental at /tmp/loop_over_bdir-2011-vGf05S/MooseX-Params-0.010-0/blib/lib/MooseX/Params/Util.pm line 306.
when is experimental at /tmp/loop_over_bdir-2011-vGf05S/MooseX-Params-0.010-0/blib/lib/MooseX/Params/Util.pm line 307.
given is experimental at /tmp/loop_over_bdir-2011-vGf05S/MooseX-Params-0.010-0/blib/lib/MooseX/Params/Util.pm line 316.
when is experimental at /tmp/loop_over_bdir-2011-vGf05S/MooseX-Params-0.010-0/blib/lib/MooseX/Params/Util.pm line 318.
t/03-lazy.t ............. ok
Smartmatch is experimental at /tmp/loop_over_bdir-2011-vGf05S/MooseX-Params-0.010-0/blib/lib/MooseX/Params/Magic/Wizard.pm line 30.
Smartmatch is experimental at /tmp/loop_over_bdir-2011-vGf05S/MooseX-Params-0.010-0/blib/lib/MooseX/Params/Magic/Wizard.pm line 64.
given is experimental at /tmp/loop_over_bdir-2011-vGf05S/MooseX-Params-0.010-0/blib/lib/MooseX/Params/Util.pm line 302.
when is experimental at /tmp/loop_over_bdir-2011-vGf05S/MooseX-Params-0.010-0/blib/lib/MooseX/Params/Util.pm line 304.
when is experimental at /tmp/loop_over_bdir-2011-vGf05S/MooseX-Params-0.010-0/blib/lib/MooseX/Params/Util.pm line 305.
when is experimental at /tmp/loop_over_bdir-2011-vGf05S/MooseX-Params-0.010-0/blib/lib/MooseX/Params/Util.pm line 306.
when is experimental at /tmp/loop_over_bdir-2011-vGf05S/MooseX-Params-0.010-0/blib/lib/MooseX/Params/Util.pm line 307.
given is experimental at /tmp/loop_over_bdir-2011-vGf05S/MooseX-Params-0.010-0/blib/lib/MooseX/Params/Util.pm line 316.
when is experimental at /tmp/loop_over_bdir-2011-vGf05S/MooseX-Params-0.010-0/blib/lib/MooseX/Params/Util.pm line 318.
t/04-named.t ............ ok
Smartmatch is experimental at /tmp/loop_over_bdir-2011-vGf05S/MooseX-Params-0.010-0/blib/lib/MooseX/Params/Magic/Wizard.pm line 30.
Smartmatch is experimental at /tmp/loop_over_bdir-2011-vGf05S/MooseX-Params-0.010-0/blib/lib/MooseX/Params/Magic/Wizard.pm line 64.
given is experimental at /tmp/loop_over_bdir-2011-vGf05S/MooseX-Params-0.010-0/blib/lib/MooseX/Params/Util.pm line 302.
when is experimental at /tmp/loop_over_bdir-2011-vGf05S/MooseX-Params-0.010-0/blib/lib/MooseX/Params/Util.pm line 304.
when is experimental at /tmp/loop_over_bdir-2011-vGf05S/MooseX-Params-0.010-0/blib/lib/MooseX/Params/Util.pm line 305.
when is experimental at /tmp/loop_over_bdir-2011-vGf05S/MooseX-Params-0.010-0/blib/lib/MooseX/Params/Util.pm line 306.
when is experimental at /tmp/loop_over_bdir-2011-vGf05S/MooseX-Params-0.010-0/blib/lib/MooseX/Params/Util.pm line 307.
given is experimental at /tmp/loop_over_bdir-2011-vGf05S/MooseX-Params-0.010-0/blib/lib/MooseX/Params/Util.pm line 316.
when is experimental at /tmp/loop_over_bdir-2011-vGf05S/MooseX-Params-0.010-0/blib/lib/MooseX/Params/Util.pm line 318.
t/05-buildargs.t ........ ok
Smartmatch is experimental at /tmp/loop_over_bdir-2011-vGf05S/MooseX-Params-0.010-0/blib/lib/MooseX/Params/Magic/Wizard.pm line 30.
Smartmatch is experimental at /tmp/loop_over_bdir-2011-vGf05S/MooseX-Params-0.010-0/blib/lib/MooseX/Params/Magic/Wizard.pm line 64.
given is experimental at /tmp/loop_over_bdir-2011-vGf05S/MooseX-Params-0.010-0/blib/lib/MooseX/Params/Util.pm line 302.
when is experimental at /tmp/loop_over_bdir-2011-vGf05S/MooseX-Params-0.010-0/blib/lib/MooseX/Params/Util.pm line 304.
when is experimental at /tmp/loop_over_bdir-2011-vGf05S/MooseX-Params-0.010-0/blib/lib/MooseX/Params/Util.pm line 305.
when is experimental at /tmp/loop_over_bdir-2011-vGf05S/MooseX-Params-0.010-0/blib/lib/MooseX/Params/Util.pm line 306.
when is experimental at /tmp/loop_over_bdir-2011-vGf05S/MooseX-Params-0.010-0/blib/lib/MooseX/Params/Util.pm line 307.
given is experimental at /tmp/loop_over_bdir-2011-vGf05S/MooseX-Params-0.010-0/blib/lib/MooseX/Params/Util.pm line 316.
when is experimental at /tmp/loop_over_bdir-2011-vGf05S/MooseX-Params-0.010-0/blib/lib/MooseX/Params/Util.pm line 318.
t/06-inheritance.t ...... ok
Smartmatch is experimental at /tmp/loop_over_bdir-2011-vGf05S/MooseX-Params-0.010-0/blib/lib/MooseX/Params/Magic/Wizard.pm line 30.
Smartmatch is experimental at /tmp/loop_over_bdir-2011-vGf05S/MooseX-Params-0.010-0/blib/lib/MooseX/Params/Magic/Wizard.pm line 64.
given is experimental at /tmp/loop_over_bdir-2011-vGf05S/MooseX-Params-0.010-0/blib/lib/MooseX/Params/Util.pm line 302.
when is experimental at /tmp/loop_over_bdir-2011-vGf05S/MooseX-Params-0.010-0/blib/lib/MooseX/Params/Util.pm line 304.
when is experimental at /tmp/loop_over_bdir-2011-vGf05S/MooseX-Params-0.010-0/blib/lib/MooseX/Params/Util.pm line 305.
when is experimental at /tmp/loop_over_bdir-2011-vGf05S/MooseX-Params-0.010-0/blib/lib/MooseX/Params/Util.pm line 306.
when is experimental at /tmp/loop_over_bdir-2011-vGf05S/MooseX-Params-0.010-0/blib/lib/MooseX/Params/Util.pm line 307.
given is experimental at /tmp/loop_over_bdir-2011-vGf05S/MooseX-Params-0.010-0/blib/lib/MooseX/Params/Util.pm line 316.
when is experimental at /tmp/loop_over_bdir-2011-vGf05S/MooseX-Params-0.010-0/blib/lib/MooseX/Params/Util.pm line 318.
t/07-procedural.t ....... ok
Smartmatch is experimental at /tmp/loop_over_bdir-2011-vGf05S/MooseX-Params-0.010-0/blib/lib/MooseX/Params/Magic/Wizard.pm line 30.
Smartmatch is experimental at /tmp/loop_over_bdir-2011-vGf05S/MooseX-Params-0.010-0/blib/lib/MooseX/Params/Magic/Wizard.pm line 64.
given is experimental at /tmp/loop_over_bdir-2011-vGf05S/MooseX-Params-0.010-0/blib/lib/MooseX/Params/Util.pm line 302.
when is experimental at /tmp/loop_over_bdir-2011-vGf05S/MooseX-Params-0.010-0/blib/lib/MooseX/Params/Util.pm line 304.
when is experimental at /tmp/loop_over_bdir-2011-vGf05S/MooseX-Params-0.010-0/blib/lib/MooseX/Params/Util.pm line 305.
when is experimental at /tmp/loop_over_bdir-2011-vGf05S/MooseX-Params-0.010-0/blib/lib/MooseX/Params/Util.pm line 306.
when is experimental at /tmp/loop_over_bdir-2011-vGf05S/MooseX-Params-0.010-0/blib/lib/MooseX/Params/Util.pm line 307.
given is experimental at /tmp/loop_over_bdir-2011-vGf05S/MooseX-Params-0.010-0/blib/lib/MooseX/Params/Util.pm line 316.
when is experimental at /tmp/loop_over_bdir-2011-vGf05S/MooseX-Params-0.010-0/blib/lib/MooseX/Params/Util.pm line 318.
t/08-synopsis.t ......... ok
Smartmatch is experimental at /tmp/loop_over_bdir-2011-vGf05S/MooseX-Params-0.010-0/blib/lib/MooseX/Params/Magic/Wizard.pm line 30.
Smartmatch is experimental at /tmp/loop_over_bdir-2011-vGf05S/MooseX-Params-0.010-0/blib/lib/MooseX/Params/Magic/Wizard.pm line 64.
given is experimental at /tmp/loop_over_bdir-2011-vGf05S/MooseX-Params-0.010-0/blib/lib/MooseX/Params/Util.pm line 302.
when is experimental at /tmp/loop_over_bdir-2011-vGf05S/MooseX-Params-0.010-0/blib/lib/MooseX/Params/Util.pm line 304.
when is experimental at /tmp/loop_over_bdir-2011-vGf05S/MooseX-Params-0.010-0/blib/lib/MooseX/Params/Util.pm line 305.
when is experimental at /tmp/loop_over_bdir-2011-vGf05S/MooseX-Params-0.010-0/blib/lib/MooseX/Params/Util.pm line 306.
when is experimental at /tmp/loop_over_bdir-2011-vGf05S/MooseX-Params-0.010-0/blib/lib/MooseX/Params/Util.pm line 307.
given is experimental at /tmp/loop_over_bdir-2011-vGf05S/MooseX-Params-0.010-0/blib/lib/MooseX/Params/Util.pm line 316.
when is experimental at /tmp/loop_over_bdir-2011-vGf05S/MooseX-Params-0.010-0/blib/lib/MooseX/Params/Util.pm line 318.
t/09-anon.t ............. ok
Smartmatch is experimental at /tmp/loop_over_bdir-2011-vGf05S/MooseX-Params-0.010-0/blib/lib/MooseX/Params/Magic/Wizard.pm line 30.
Smartmatch is experimental at /tmp/loop_over_bdir-2011-vGf05S/MooseX-Params-0.010-0/blib/lib/MooseX/Params/Magic/Wizard.pm line 64.
given is experimental at /tmp/loop_over_bdir-2011-vGf05S/MooseX-Params-0.010-0/blib/lib/MooseX/Params/Util.pm line 302.
when is experimental at /tmp/loop_over_bdir-2011-vGf05S/MooseX-Params-0.010-0/blib/lib/MooseX/Params/Util.pm line 304.
when is experimental at /tmp/loop_over_bdir-2011-vGf05S/MooseX-Params-0.010-0/blib/lib/MooseX/Params/Util.pm line 305.
when is experimental at /tmp/loop_over_bdir-2011-vGf05S/MooseX-Params-0.010-0/blib/lib/MooseX/Params/Util.pm line 306.
when is experimental at /tmp/loop_over_bdir-2011-vGf05S/MooseX-Params-0.010-0/blib/lib/MooseX/Params/Util.pm line 307.
given is experimental at /tmp/loop_over_bdir-2011-vGf05S/MooseX-Params-0.010-0/blib/lib/MooseX/Params/Util.pm line 316.
when is experimental at /tmp/loop_over_bdir-2011-vGf05S/MooseX-Params-0.010-0/blib/lib/MooseX/Params/Util.pm line 318.
Undefined subroutine &List::MoreUtils::all called at (eval 314) line 3.
	Eval::Closure::Sandbox_258::__ANON__(ARRAY(0x3375460)) called at /home/sand/src/perl/repoperls/installed-perls/host/k93x64sid/v5.22.3-RC2/f878/lib/site_perl/5.22.3/x86_64-linux/Moose/Meta/TypeConstraint.pm line 161
	Moose::Meta::TypeConstraint::check(Moose::Meta::TypeConstraint::Parameterized=HASH(0x3503aa0), ARRAY(0x3375460)) called at /home/sand/src/perl/repoperls/installed-perls/host/k93x64sid/v5.22.3-RC2/f878/lib/site_perl/5.22.3/x86_64-linux/Moose/Meta/TypeConstraint.pm line 211
	Moose::Meta::TypeConstraint::assert_valid(Moose::Meta::TypeConstraint::Parameterized=HASH(0x3503aa0), ARRAY(0x3375460)) called at /tmp/loop_over_bdir-2011-vGf05S/MooseX-Params-0.010-0/blib/lib/MooseX/Params/Util.pm line 299
	MooseX::Params::Util::process_return_values(MooseX::Params::Meta::Method=HASH(0x33fbf90), 1, "foo", "bar", "baz") called at /tmp/loop_over_bdir-2011-vGf05S/MooseX-Params-0.010-0/blib/lib/MooseX/Params/Util.pm line 96
	main::stuff() called at t/10-returns.t line 21
# Tests were run but no plan was declared and done_testing() was not seen.
# Looks like your test exited with 255 just after 2.
t/10-returns.t .......... 
Dubious, test returned 255 (wstat 65280, 0xff00)
All 2 subtests passed 
Smartmatch is experimental at /tmp/loop_over_bdir-2011-vGf05S/MooseX-Params-0.010-0/blib/lib/MooseX/Params/Magic/Wizard.pm line 30.
Smartmatch is experimental at /tmp/loop_over_bdir-2011-vGf05S/MooseX-Params-0.010-0/blib/lib/MooseX/Params/Magic/Wizard.pm line 64.
given is experimental at /tmp/loop_over_bdir-2011-vGf05S/MooseX-Params-0.010-0/blib/lib/MooseX/Params/Util.pm line 302.
when is experimental at /tmp/loop_over_bdir-2011-vGf05S/MooseX-Params-0.010-0/blib/lib/MooseX/Params/Util.pm line 304.
when is experimental at /tmp/loop_over_bdir-2011-vGf05S/MooseX-Params-0.010-0/blib/lib/MooseX/Params/Util.pm line 305.
when is experimental at /tmp/loop_over_bdir-2011-vGf05S/MooseX-Params-0.010-0/blib/lib/MooseX/Params/Util.pm line 306.
when is experimental at /tmp/loop_over_bdir-2011-vGf05S/MooseX-Params-0.010-0/blib/lib/MooseX/Params/Util.pm line 307.
given is experimental at /tmp/loop_over_bdir-2011-vGf05S/MooseX-Params-0.010-0/blib/lib/MooseX/Params/Util.pm line 316.
when is experimental at /tmp/loop_over_bdir-2011-vGf05S/MooseX-Params-0.010-0/blib/lib/MooseX/Params/Util.pm line 318.
t/11-returns_scalar.t ... ok
Undefined subroutine &List::MoreUtils::all called at (eval 186) line 3.
# Tests were run but no plan was declared and done_testing() was not seen.
# Looks like your test exited with 255 just after 6.
t/12-listables.t ........ 
Dubious, test returned 255 (wstat 65280, 0xff00)
All 6 subtests passed 
Smartmatch is experimental at /tmp/loop_over_bdir-2011-vGf05S/MooseX-Params-0.010-0/blib/lib/MooseX/Params/Magic/Wizard.pm line 30.
Smartmatch is experimental at /tmp/loop_over_bdir-2011-vGf05S/MooseX-Params-0.010-0/blib/lib/MooseX/Params/Magic/Wizard.pm line 64.
given is experimental at /tmp/loop_over_bdir-2011-vGf05S/MooseX-Params-0.010-0/blib/lib/MooseX/Params/Util.pm line 302.
when is experimental at /tmp/loop_over_bdir-2011-vGf05S/MooseX-Params-0.010-0/blib/lib/MooseX/Params/Util.pm line 304.
when is experimental at /tmp/loop_over_bdir-2011-vGf05S/MooseX-Params-0.010-0/blib/lib/MooseX/Params/Util.pm line 305.
when is experimental at /tmp/loop_over_bdir-2011-vGf05S/MooseX-Params-0.010-0/blib/lib/MooseX/Params/Util.pm line 306.
when is experimental at /tmp/loop_over_bdir-2011-vGf05S/MooseX-Params-0.010-0/blib/lib/MooseX/Params/Util.pm line 307.
given is experimental at /tmp/loop_over_bdir-2011-vGf05S/MooseX-Params-0.010-0/blib/lib/MooseX/Params/Util.pm line 316.
when is experimental at /tmp/loop_over_bdir-2011-vGf05S/MooseX-Params-0.010-0/blib/lib/MooseX/Params/Util.pm line 318.
t/13-readonly.t ......... ok
Smartmatch is experimental at /tmp/loop_over_bdir-2011-vGf05S/MooseX-Params-0.010-0/blib/lib/MooseX/Params/Magic/Wizard.pm line 30.
Smartmatch is experimental at /tmp/loop_over_bdir-2011-vGf05S/MooseX-Params-0.010-0/blib/lib/MooseX/Params/Magic/Wizard.pm line 64.
given is experimental at /tmp/loop_over_bdir-2011-vGf05S/MooseX-Params-0.010-0/blib/lib/MooseX/Params/Util.pm line 302.
when is experimental at /tmp/loop_over_bdir-2011-vGf05S/MooseX-Params-0.010-0/blib/lib/MooseX/Params/Util.pm line 304.
when is experimental at /tmp/loop_over_bdir-2011-vGf05S/MooseX-Params-0.010-0/blib/lib/MooseX/Params/Util.pm line 305.
when is experimental at /tmp/loop_over_bdir-2011-vGf05S/MooseX-Params-0.010-0/blib/lib/MooseX/Params/Util.pm line 306.
when is experimental at /tmp/loop_over_bdir-2011-vGf05S/MooseX-Params-0.010-0/blib/lib/MooseX/Params/Util.pm line 307.
given is experimental at /tmp/loop_over_bdir-2011-vGf05S/MooseX-Params-0.010-0/blib/lib/MooseX/Params/Util.pm line 316.
when is experimental at /tmp/loop_over_bdir-2011-vGf05S/MooseX-Params-0.010-0/blib/lib/MooseX/Params/Util.pm line 318.
t/99-bugs.t ............. ok
t/release-eol.t ......... skipped: these tests are for release candidate testing
t/release-no-tabs.t ..... skipped: these tests are for release candidate testing
t/release-pod-syntax.t .. skipped: these tests are for release candidate testing

Test Summary Report
-------------------
t/10-returns.t        (Wstat: 65280 Tests: 2 Failed: 0)
  Non-zero exit status: 255
  Parse errors: No plan found in TAP output
t/12-listables.t      (Wstat: 65280 Tests: 6 Failed: 0)
  Non-zero exit status: 255
  Parse errors: No plan found in TAP output
Files=18, Tests=88,  5 wallclock secs ( 0.05 usr  0.06 sys +  4.89 cusr  0.50 csys =  5.50 CPU)
Result: FAIL
Failed 2/18 test programs. 0/88 subtests failed.
Makefile:928: recipe for target 'test_dynamic' failed
make: *** [test_dynamic] Error 255

------------------------------
PREREQUISITES
------------------------------

Prerequisite modules loaded:

requires:

    Module                                       Need Have    
    -------------------------------------------- ---- --------
    Attribute::Lexical                           0    0.004   
    B::Hooks::EndOfScope                         0    0.21    
    Carp                                         0    1.38    
    Class::MOP::Class                            0    2.1804  
    List::Util                                   0    1.45    
    Moose                                        1.24 2.1804  
    Moose::Meta::Method                          0    2.1804  
    Moose::Meta::TypeConstraint::Parameterizable 0    2.1804  
    Moose::Util::TypeConstraints                 0    2.1804  
    Package::Stash                               0.18 0.37    
    parent                                       0    0.234   
    Perl6::Caller                                0    0.100   
    Scalar::Readonly                             0    0.03    
    Scalar::Util                                 0    1.45    
    strict                                       0    1.09    
    Sub::Identify                                0    0.12    
    Sub::Mutate                                  0    0.007   
    Text::CSV_XS                                 0    1.24    
    Try::Tiny                                    0    0.24    
    Variable::Magic                              0    0.59    
    warnings                                     0    1.34    

build_requires:

    Module                                       Need Have    
    -------------------------------------------- ---- --------
    base                                         0    2.23    
    Carp::Always                                 0    0.13    
    File::Find                                   0    1.29    
    File::Temp                                   0    0.2304  
    IO::String                                   0    1.08    
    Test::More                                   0    1.302047
    Test::Most                                   0    0.34    

configure_requires:

    Module                                       Need Have    
    -------------------------------------------- ---- --------
    ExtUtils::MakeMaker                          6.30 7.18    


------------------------------
ENVIRONMENT AND OTHER CONTEXT
------------------------------

Environment variables:

    AUTOMATED_TESTING = 1
    LANG = C
    PATH = /usr/lib/ccache:/home/sand/bin:/usr/local/bin:/usr/lib/ccache:/usr/bin:/bin:/usr/games:/usr/local/perl/bin:/usr/X11/bin:/sbin:/usr/sbin
    PERL5LIB = 
    PERL5OPT = 
    PERL5_CPANPLUS_IS_RUNNING = 14930
    PERL5_CPAN_IS_RUNNING = 14930
    PERL_CANARY_STABILITY_NOPROMPT = 1
    PERL_MM_USE_DEFAULT = 1
    SHELL = /usr/bin/zsh
    TERM = screen

Perl special variables (and OS-specific diagnostics, for MSWin32):

    $^X = /tmp/basesmoker-reloperl-Bl9S/bin/perl
    $UID/$EUID = 1005 / 1005
    $GID = 1005 1005
    $EGID = 1005 1005

Perl module toolchain versions installed:

    Module              Have      
    ------------------- ----------
    CPAN                2.15      
    CPAN::Meta          2.150005  
    Cwd                 3.62      
    ExtUtils::CBuilder  0.280224  
    ExtUtils::Command   7.18      
    ExtUtils::Install   2.04      
    ExtUtils::MakeMaker 7.18      
    ExtUtils::Manifest  1.70      
    ExtUtils::ParseXS   3.28      
    File::Spec          3.62      
    JSON                2.90      
    JSON::PP            2.27300_01
    Module::Build       0.4218    
    Module::Signature   0.80      
    Parse::CPAN::Meta   1.4422    
    Test::Harness       3.36      
    Test::More          1.302047  
    YAML                1.18      
    YAML::Syck          1.29      
    version             0.9917    


--

Summary of my perl5 (revision 5 version 22 subversion 3) configuration:
  Commit id: afe4e8012bc2950a810d822e442d32c328ed05c3
  Platform:
    osname=linux, osvers=4.6.0-1-amd64, archname=x86_64-linux
    uname='linux k93x64sid 4.6.0-1-amd64 #1 smp debian 4.6.2-2 (2016-06-25) x86_64 gnulinux '
    config_args='-Dprefix=/home/sand/src/perl/repoperls/installed-perls/host/k93x64sid/v5.22.3-RC2/f878 -Dmyhostname=k93x64sid -Dinstallusrbinperl=n -Uversiononly -Dusedevel -des -Ui_db -Dlibswanted=cl pthread socket inet nsl gdbm dbm malloc dl ld sun m crypt sec util c cposix posix ucb BSD gdbm_compat -Uuseithreads -Uuselongdouble'
    hint=recommended, useposix=true, d_sigaction=define
    useithreads=undef, usemultiplicity=undef
    use64bitint=define, use64bitall=define, uselongdouble=undef
    usemymalloc=n, bincompat5005=undef
  Compiler:
    cc='cc', ccflags ='-fwrapv -fno-strict-aliasing -pipe -fstack-protector-strong -I/usr/local/include -D_LARGEFILE_SOURCE -D_FILE_OFFSET_BITS=64 -D_FORTIFY_SOURCE=2',
    optimize='-O2',
    cppflags='-fwrapv -fno-strict-aliasing -pipe -fstack-protector-strong -I/usr/local/include'
    ccversion='', gccversion='5.4.0 20160609', gccosandvers=''
    intsize=4, longsize=8, ptrsize=8, doublesize=8, byteorder=12345678, doublekind=3
    d_longlong=define, longlongsize=8, d_longdbl=define, longdblsize=16, longdblkind=3
    ivtype='long', ivsize=8, nvtype='double', nvsize=8, Off_t='off_t', lseeksize=8
    alignbytes=8, prototype=define
  Linker and Libraries:
    ld='cc', ldflags =' -fstack-protector-strong -L/usr/local/lib'
    libpth=/usr/local/lib /usr/lib/gcc/x86_64-linux-gnu/5/include-fixed /usr/include/x86_64-linux-gnu /usr/lib /lib/x86_64-linux-gnu /lib/../lib /usr/lib/x86_64-linux-gnu /usr/lib/../lib /lib
    libs=-lpthread -lnsl -ldl -lm -lcrypt -lutil -lc
    perllibs=-lpthread -lnsl -ldl -lm -lcrypt -lutil -lc
    libc=libc-2.23.so, so=so, useshrplib=false, libperl=libperl.a
    gnulibc_version='2.23'
  Dynamic Linking:
    dlsrc=dl_dlopen.xs, dlext=so, d_dlsymun=undef, ccdlflags='-Wl,-E'
    cccdlflags='-fPIC', lddlflags='-shared -O2 -L/usr/local/lib -fstack-protector-strong'


Characteristics of this binary (from libperl): 
  Compile-time options: HAS_TIMES PERLIO_LAYERS PERL_DONT_CREATE_GVSV
                        PERL_HASH_FUNC_ONE_AT_A_TIME_HARD PERL_MALLOC_WRAP
                        PERL_NEW_COPY_ON_WRITE PERL_PRESERVE_IVUV
                        PERL_USE_DEVEL USE_64_BIT_ALL USE_64_BIT_INT
                        USE_LARGE_FILES USE_LOCALE USE_LOCALE_COLLATE
                        USE_LOCALE_CTYPE USE_LOCALE_NUMERIC USE_LOCALE_TIME
                        USE_PERLIO USE_PERL_ATOF
  Locally applied patches:
	RC2
  Built under linux
  Compiled at Jul 26 2016 08:20:17
  %ENV:
    PERL5LIB=""
    PERL5OPT=""
    PERL5_CPANPLUS_IS_RUNNING="14930"
    PERL5_CPAN_IS_RUNNING="14930"
    PERL_CANARY_STABILITY_NOPROMPT="1"
    PERL_MM_USE_DEFAULT="1"
  @INC:
    /home/sand/src/perl/repoperls/installed-perls/host/k93x64sid/v5.22.3-RC2/f878/lib/site_perl/5.22.3/x86_64-linux
    /home/sand/src/perl/repoperls/installed-perls/host/k93x64sid/v5.22.3-RC2/f878/lib/site_perl/5.22.3
    /home/sand/src/perl/repoperls/installed-perls/host/k93x64sid/v5.22.3-RC2/f878/lib/5.22.3/x86_64-linux
    /home/sand/src/perl/repoperls/installed-perls/host/k93x64sid/v5.22.3-RC2/f878/lib/5.22.3
    .