Tk-Zinc v3.305 Perl 5 v5.18.2 MSWin32-x86-multi-thread-64int
- Status
- Fail
- From
- Alexandr Ciornii (CHORNY)
- Dist
-
Tk-Zinc v3.305
- Platform
- Perl 5 v5.18.2 MSWin32-x86-multi-thread-64int
- Date
- 2021-04-10 16:42:27
- ID
- c669110f-6bf4-1014-9500-552d64cf9cc2
This distribution has been tested as part of the CPAN Testers
project, supporting the Perl programming language. See
http://wiki.cpantesters.org/ for more information or email
questions to cpan-testers-discuss@perl.org
--
Dear Alexander Becker,
This is a computer-generated report for Tk-Zinc-3.305
on perl 5.18.2, created by CPAN-Reporter-1.2018.
Thank you for uploading your work to CPAN. However, there was a problem
testing your distribution.
If you think this report is invalid, please consult the CPAN Testers Wiki
for suggestions on how to avoid getting FAIL reports for missing library
or binary dependencies, unsupported operating systems, and so on:
http://wiki.cpantesters.org/wiki/CPANAuthorNotes
Sections of this report:
* Tester comments
* Program output
* Prerequisites
* Environment and other context
------------------------------
TESTER COMMENTS
------------------------------
Additional comments from tester:
this report is from an automated smoke testing program
and was not reviewed by a human for accuracy
------------------------------
PROGRAM OUTPUT
------------------------------
Output from 'C:\strawberry182\c\bin\dmake.exe test':
C:\strawberry182\perl\bin\perl.exe "-MExtUtils::Command::MM" "-MTest::Harness" "-e" "undef *Test::Harness::Switches; test_harness(0, 'blib\lib', 'blib\arch')" t/*.t
t/AnimatedGradient.t .......... ok
# ############## end of text test
t/Bbox-curve-multi-contour.t .. ok
# ############## bbox test
t/Bbox.t ...................... ok
# ############## coords test
t/Coords.t .................... ok
# ############## Images test
t/find.t ...................... ok
# ############## Images test
t/Images.t .................... ok
# ############## all imports
t/Import.t .................... ok
t/Maps.t ...................... ok
# ############## all known bugs
t/PreviousKnownBugs.t ......... ok
# ############## Scale clipped group test
t/Scale_clipped_group.t ....... ok
# ############## text items test
t/Text.t ...................... ok
# ############## end of text test
t/Text2.t ..................... ok
# Failed test '(1.2, -2, 0.01, -1.2e+22, 1.02e+34)'
# at t/traceutils.t line 68.
# got: '(1.2, -2, 0.01, -1.2e+022, 1.02e+034)'
# expected: '(1.2, -2, 0.01, -1.2e+22, 1.02e+34)'
# Failed test '(1.2, -2, .01, -1.2e+022, 1.02e+034)'
# at t/traceutils.t line 72.
# got: '(1.2, -2, 0.01, -1.2e+022, 1.02e+034)'
# expected: '(1.2, -2, 0.01, -1.2e+22, 1.02e+34)'
# ############## Tk::Zinc::TraceUtils test
# Looks like you failed 2 tests of 15.
t/traceutils.t ................
Dubious, test returned 2 (wstat 512, 0x200)
Failed 2/15 subtests
# ############## transformations test
t/Transformations.t ........... ok
Test Summary Report
-------------------
t/traceutils.t (Wstat: 512 Tests: 15 Failed: 2)
Failed tests: 9-10
Non-zero exit status: 2
Files=14, Tests=214, 758 wallclock secs ( 0.13 usr + 0.04 sys = 0.17 CPU)
Result: FAIL
Failed 1/14 test programs. 2/214 subtests failed.
dmake.exe: Error code 255, while making 'test_dynamic'
------------------------------
PREREQUISITES
------------------------------
Prerequisite modules loaded:
requires:
Module Need Have
------------------- ------- --------
ExtUtils::MakeMaker 6.98 7.60
perl 5.006 5.018002
Tk 800.004 804.032
build_requires:
Module Need Have
------------------- ------- --------
ExtUtils::MakeMaker 0 7.60
Test::More 0.98 1.001002
configure_requires:
Module Need Have
------------------- ------- --------
ExtUtils::MakeMaker 0 7.60
Tk 0 804.032
------------------------------
ENVIRONMENT AND OTHER CONTEXT
------------------------------
Environment variables:
AUTOMATED_TESTING = 1
COMSPEC = C:\WINDOWS\system32\cmd.exe
NUMBER_OF_PROCESSORS = 1
PATH = C:\WINDOWS\system32;C:\WINDOWS;C:\WINDOWS\System32\Wbem;C:\strawberry182\c\bin;C:\strawberry182\perl\site\bin;C:\strawberry182\perl\bin
PERL5LIB = C:\strawberry182\cpan\build\ExtUtils-MakeMaker-7.60-0/blib/arch;C:\strawberry182\cpan\build\ExtUtils-MakeMaker-7.60-0/blib/lib
PERL5OPT =
PERL5_CPANPLUS_IS_RUNNING = 1900
PERL5_CPAN_IS_RUNNING = 1900
PERL5_CPAN_IS_RUNNING_IN_RECURSION = 1552,1900
PERL_CR_SMOKER_CURRENT = Tk-Zinc-3.305
PERL_CR_SMOKER_RUNONCE = 1
PERL_EXTUTILS_AUTOINSTALL = --defaultdeps
PERL_HASH_SEED = 0x11111111
PERL_MM_USE_DEFAULT = 1
PROCESSOR_IDENTIFIER = x86 Family 18 Model 1 Stepping 0, AuthenticAMD
TEMP = C:\DOCUME~1\c\LOCALS~1\Temp
TERM = dumb
Perl special variables (and OS-specific diagnostics, for MSWin32):
$^X = C:\strawberry182\perl\bin\perl.exe
$UID/$EUID = 0 / 0
$GID = 0
$EGID = 0
Win32::GetOSName = WinXP/.Net
Win32::GetOSVersion = Service Pack 3, 5, 1, 2600, 2, 3, 0, 256, 1
Win32::FsType = NTFS
Win32::IsAdminUser = 1
Perl module toolchain versions installed:
Module Have
------------------- --------
CPAN 2.16
CPAN::Meta 2.143240
Cwd 3.40
ExtUtils::CBuilder 0.280212
ExtUtils::Command 7.60
ExtUtils::Install 2.06
ExtUtils::MakeMaker 7.60
ExtUtils::Manifest 1.70
ExtUtils::ParseXS 3.22
File::Spec 3.40
JSON 2.90
JSON::PP 2.27203
Module::Build 0.4203
Module::Signature n/a
Parse::CPAN::Meta 1.4414
Test::Harness 3.30
Test::More 1.001002
YAML 0.90
YAML::Syck 1.27
version 0.9904
--
Summary of my perl5 (revision 5 version 18 subversion 2) configuration:
Platform:
osname=MSWin32, osvers=6.2, archname=MSWin32-x86-multi-thread-64int
uname='Win32 strawberry-perl 5.18.2.1 #1 Tue Jan 7 16:30:36 2014 i386'
config_args='undef'
hint=recommended, useposix=true, d_sigaction=undef
useithreads=define, usemultiplicity=define
useperlio=define, d_sfio=undef, uselargefiles=define, usesocks=undef
use64bitint=define, use64bitall=undef, uselongdouble=undef
usemymalloc=n, bincompat5005=undef
Compiler:
cc='gcc', ccflags =' -s -O2 -DWIN32 -DPERL_TEXTMODE_SCRIPTS -DPERL_IMPLICIT_CONTEXT -DPERL_IMPLICIT_SYS -DUSE_PERLIO -fno-strict-aliasing -mms-bitfields',
optimize='-s -O2',
cppflags='-DWIN32'
ccversion='', gccversion='4.7.3', gccosandvers=''
intsize=4, longsize=4, ptrsize=4, doublesize=8, byteorder=12345678
d_longlong=define, longlongsize=8, d_longdbl=define, longdblsize=12
ivtype='long long', ivsize=8, nvtype='double', nvsize=8, Off_t='long long', lseeksize=8
alignbytes=8, prototype=define
Linker and Libraries:
ld='g++', ldflags ='-s -L"C:\strawberry182\perl\lib\CORE" -L"C:\strawberry182\c\lib"'
libpth=C:\strawberry182\c\lib C:\strawberry182\c\i686-w64-mingw32\lib C:\strawberry182\c\lib\gcc\i686-w64-mingw32\4.7.3
libs=-lmoldname -lkernel32 -luser32 -lgdi32 -lwinspool -lcomdlg32 -ladvapi32 -lshell32 -lole32 -loleaut32 -lnetapi32 -luuid -lws2_32 -lmpr -lwinmm -lversion -lodbc32 -lodbccp32 -lcomctl32
perllibs=-lmoldname -lkernel32 -luser32 -lgdi32 -lwinspool -lcomdlg32 -ladvapi32 -lshell32 -lole32 -loleaut32 -lnetapi32 -luuid -lws2_32 -lmpr -lwinmm -lversion -lodbc32 -lodbccp32 -lcomctl32
libc=, so=dll, useshrplib=true, libperl=libperl518.a
gnulibc_version=''
Dynamic Linking:
dlsrc=dl_win32.xs, dlext=dll, d_dlsymun=undef, ccdlflags=' '
cccdlflags=' ', lddlflags='-mdll -s -L"C:\strawberry182\perl\lib\CORE" -L"C:\strawberry182\c\lib"'
Characteristics of this binary (from libperl):
Compile-time options: HAS_TIMES HAVE_INTERP_INTERN MULTIPLICITY
PERLIO_LAYERS PERL_DONT_CREATE_GVSV
PERL_HASH_FUNC_ONE_AT_A_TIME_HARD
PERL_IMPLICIT_CONTEXT PERL_IMPLICIT_SYS
PERL_MALLOC_WRAP PERL_PRESERVE_IVUV PERL_SAWAMPERSAND
USE_64_BIT_INT USE_ITHREADS USE_LARGE_FILES
USE_LOCALE USE_LOCALE_COLLATE USE_LOCALE_CTYPE
USE_LOCALE_NUMERIC USE_PERLIO USE_PERL_ATOF
Built under MSWin32
Compiled at Jan 7 2014 16:39:31
%ENV:
PERL5LIB="C:\strawberry182\cpan\build\ExtUtils-MakeMaker-7.60-0/blib/arch;C:\strawberry182\cpan\build\ExtUtils-MakeMaker-7.60-0/blib/lib"
PERL5_CPANPLUS_IS_RUNNING="1900"
PERL5_CPAN_IS_RUNNING="1900"
PERL5_CPAN_IS_RUNNING_IN_RECURSION="1552,1900"
PERL_CR_SMOKER_CURRENT="Tk-Zinc-3.305"
PERL_CR_SMOKER_RUNONCE="1"
PERL_EXTUTILS_AUTOINSTALL="--defaultdeps"
PERL_HASH_SEED="0x11111111"
PERL_MM_USE_DEFAULT="1"
@INC:
C:\strawberry182\cpan\build\ExtUtils-MakeMaker-7.60-0/blib/arch
C:\strawberry182\cpan\build\ExtUtils-MakeMaker-7.60-0/blib/lib
C:/strawberry182/perl/site/lib
C:/strawberry182/perl/vendor/lib
C:/strawberry182/perl/lib
.