Report for Form-Factory-0.014

Back
From: metabase:user:30f0bd62-2aae-11df-837a-5e0a49663a4f
Subject: FAIL Form-Factory-0.014 v5.12.2 OpenBSD
Date: 2010-11-21T02:55:18Z

This distribution has been tested as part of the CPAN Testers
project, supporting the Perl programming language.  See
http://wiki.cpantesters.org/ for more information or email
questions to cpan-testers-discuss@perl.org


--
Dear Andrew Sterling Hanenkamp,

This is a computer-generated report for Form-Factory-0.014
on perl 5.12.2, created by CPAN-Reporter-1.1805.

Thank you for uploading your work to CPAN.  However, there was a problem
testing your distribution.

If you think this report is invalid, please consult the CPAN Testers Wiki
for suggestions on how to avoid getting FAIL reports for missing library
or binary dependencies, unsupported operating systems, and so on:

http://wiki.cpantesters.org/wiki/CPANAuthorNotes

Sections of this report:

    * Tester comments
    * Program output
    * Prerequisites
    * Environment and other context

------------------------------
TESTER COMMENTS
------------------------------

Additional comments from tester:

this report is from an automated smoke testing program
and was not reviewed by a human for accuracy

------------------------------
PROGRAM OUTPUT
------------------------------

Output from '/usr/bin/make test':

PERL_DL_NONLAZY=1 /home/sts/cpansmoke/perl-5.12.2/bin/perl "-MExtUtils::Command::MM" "-e" "test_harness(0, 'blib/lib', 'blib/arch')" t/*.t
t/release-pod-coverage.t .. skipped: these tests are for release candidate testing
t/release-pod-syntax.t .... skipped: these tests are for release candidate testing
The old Moose::Util::MetaRole API (before version 0.94) has been deprecated at /home/sts/cpansmoke/perl-5.12.2/cpan/build/Moose-1.19-n6ufGf/blib/lib/Moose/Util/MetaRole.pm line 16
	Moose::Util::MetaRole::apply_metaclass_roles('for_class', 'Form::Factory::Test', 'metaclass_roles', 'ARRAY(0x838aea30)', 'method_metaclass_roles', 'ARRAY(0x7e07c950)') called at /home/sts/cpansmoke/perl-5.12.2/cpan/build/Test-Able-0.09-CMlD82/blib/lib/Test/Able.pm line 91
	Test::Able::init_meta('Test::Able', 'for_class', 'Form::Factory::Test', 'metaclass', undef, 'meta_name', 'meta') called at /home/sts/cpansmoke/perl-5.12.2/cpan/build/Moose-1.19-n6ufGf/blib/lib/Moose/Exporter.pm line 423
	Moose::Exporter::__ANON__('Test::Able') called at t/lib/Form/Factory/Test.pm line 3
	Form::Factory::Test::BEGIN() called at /home/sts/cpansmoke/perl-5.12.2/cpan/build/Test-Able-0.09-CMlD82/blib/lib/Test/Able.pm line 3
	eval {...} called at /home/sts/cpansmoke/perl-5.12.2/cpan/build/Test-Able-0.09-CMlD82/blib/lib/Test/Able.pm line 3
	require Form/Factory/Test.pm called at t/tests.t line 6
	main::BEGIN() called at /home/sts/cpansmoke/perl-5.12.2/cpan/build/Test-Able-0.09-CMlD82/blib/lib/Test/Able.pm line 3
	eval {...} called at /home/sts/cpansmoke/perl-5.12.2/cpan/build/Test-Able-0.09-CMlD82/blib/lib/Test/Able.pm line 3
The old Moose::Util::MetaRole API (before version 0.94) has been deprecated at /home/sts/cpansmoke/perl-5.12.2/cpan/build/Moose-1.19-n6ufGf/blib/lib/Moose/Util/MetaRole.pm line 16
	Moose::Util::MetaRole::apply_metaclass_roles('for_class', 'Form::Factory::Test::Action', 'method_metaclass_roles', 'ARRAY(0x83fb7ca0)') called at /home/sts/cpansmoke/perl-5.12.2/cpan/build/Test-Able-0.09-CMlD82/blib/lib/Test/Able/Role.pm line 49
	Test::Able::Role::init_meta('Test::Able::Role', 'for_class', 'Form::Factory::Test::Action', 'metaclass', undef, 'meta_name', 'meta') called at /home/sts/cpansmoke/perl-5.12.2/cpan/build/Moose-1.19-n6ufGf/blib/lib/Moose/Exporter.pm line 423
	Moose::Exporter::__ANON__('Test::Able::Role') called at t/lib/Form/Factory/Test/Action.pm line 3
	Form::Factory::Test::Action::BEGIN() called at /home/sts/cpansmoke/perl-5.12.2/cpan/build/Test-Able-0.09-CMlD82/blib/lib/Test/Able/Role.pm line 3
	eval {...} called at /home/sts/cpansmoke/perl-5.12.2/cpan/build/Test-Able-0.09-CMlD82/blib/lib/Test/Able/Role.pm line 3
	require Form/Factory/Test/Action.pm called at /home/sts/cpansmoke/perl-5.12.2/cpan/build/Class-MOP-1.11-DXadOj/blib/lib/Class/MOP.pm line 114
	Class::MOP::__ANON__() called at /home/sts/cpansmoke/perl-5.12.2/cpan/build/Try-Tiny-0.07-hLIQVp/blib/lib/Try/Tiny.pm line 71
	eval {...} called at /home/sts/cpansmoke/perl-5.12.2/cpan/build/Try-Tiny-0.07-hLIQVp/blib/lib/Try/Tiny.pm line 67
	Try::Tiny::try('CODE(0x83fb7790)', 'Try::Tiny::Catch=REF(0x8405eae0)') called at /home/sts/cpansmoke/perl-5.12.2/cpan/build/Class-MOP-1.11-DXadOj/blib/lib/Class/MOP.pm line 125
	Class::MOP::load_first_existing_class('Form::Factory::Test::Action') called at /home/sts/cpansmoke/perl-5.12.2/cpan/build/Class-MOP-1.11-DXadOj/blib/lib/Class/MOP.pm line 137
	Class::MOP::load_class('Form::Factory::Test::Action', undef) called at /home/sts/cpansmoke/perl-5.12.2/cpan/build/Moose-1.19-n6ufGf/blib/lib/Moose/Util.pm line 113
	Moose::Util::_apply_all_roles('Class::MOP::Class::__ANON__::SERIAL::1=HASH(0x83f40510)', undef, 'Form::Factory::Test::Action') called at /home/sts/cpansmoke/perl-5.12.2/cpan/build/Moose-1.19-n6ufGf/blib/lib/Moose/Util.pm line 91
	Moose::Util::apply_all_roles('Class::MOP::Class::__ANON__::SERIAL::1=HASH(0x83f40510)', 'Form::Factory::Test::Action') called at /home/sts/cpansmoke/perl-5.12.2/cpan/build/Moose-1.19-n6ufGf/blib/lib/Moose.pm line 58
	Moose::with('Class::MOP::Class::__ANON__::SERIAL::1=HASH(0x83f40510)', 'Form::Factory::Test::Action') called at /home/sts/cpansmoke/perl-5.12.2/cpan/build/Moose-1.19-n6ufGf/blib/lib/Moose/Exporter.pm line 359
	Moose::with('Form::Factory::Test::Action') called at t/lib/Form/Factory/Test/Action/Controls.pm line 7
	require Form/Factory/Test/Action/Controls.pm called at /home/sts/cpansmoke/perl-5.12.2/cpan/build/Class-MOP-1.11-DXadOj/blib/lib/Class/MOP.pm line 114
	Class::MOP::__ANON__() called at /home/sts/cpansmoke/perl-5.12.2/cpan/build/Try-Tiny-0.07-hLIQVp/blib/lib/Try/Tiny.pm line 71
	eval {...} called at /home/sts/cpansmoke/perl-5.12.2/cpan/build/Try-Tiny-0.07-hLIQVp/blib/lib/Try/Tiny.pm line 67
	Try::Tiny::try('CODE(0x81ea42b0)', 'Try::Tiny::Catch=REF(0x8405edb0)') called at /home/sts/cpansmoke/perl-5.12.2/cpan/build/Class-MOP-1.11-DXadOj/blib/lib/Class/MOP.pm line 125
	Class::MOP::load_first_existing_class('Form::Factory::Test::Action::Controls') called at /home/sts/cpansmoke/perl-5.12.2/cpan/build/Class-MOP-1.11-DXadOj/blib/lib/Class/MOP.pm line 137
	Class::MOP::load_class('Form::Factory::Test::Action::Controls') called at t/lib/Form/Factory/Test.pm line 36
	Form::Factory::Test::setup_tests('Form::Factory::Test=HASH(0x81ea4330)') called at t/lib/Form/Factory/Test.pm line 50
	Class::MOP::Class:::before('Form::Factory::Test=HASH(0x81ea4330)') called at /home/sts/cpansmoke/perl-5.12.2/cpan/build/Class-MOP-1.11-DXadOj/blib/lib/Class/MOP/Method/Wrapped.pm line 47
	Class::MOP::Method::Wrapped::__ANON__('Form::Factory::Test=HASH(0x81ea4330)') called at /home/sts/cpansmoke/perl-5.12.2/cpan/build/Class-MOP-1.11-DXadOj/blib/lib/Class/MOP/Method/Wrapped.pm line 89
	Form::Factory::Test::run_tests('Form::Factory::Test=HASH(0x81ea4330)') called at t/tests.t line 13
The old Moose::Util::MetaRole API (before version 0.94) has been deprecated at /home/sts/cpansmoke/perl-5.12.2/cpan/build/Moose-1.19-n6ufGf/blib/lib/Moose/Util/MetaRole.pm line 16
	Moose::Util::MetaRole::apply_metaclass_roles('for_class', 'TestApp::Action::Bottom', 'metaclass_roles', 'ARRAY(0x85c81310)') called at /home/sts/cpansmoke/perl-5.12.2/cpan/build/Form-Factory-0.014-HyeCk3/blib/lib/Form/Factory/Processor.pm line 99
	Form::Factory::Processor::init_meta('Form::Factory::Processor', 'for_class', 'TestApp::Action::Bottom', 'metaclass', undef, 'meta_name', 'meta') called at /home/sts/cpansmoke/perl-5.12.2/cpan/build/Moose-1.19-n6ufGf/blib/lib/Moose/Exporter.pm line 423
	Moose::Exporter::__ANON__('Form::Factory::Processor') called at t/lib/TestApp/Action/Bottom.pm line 3
	TestApp::Action::Bottom::BEGIN() called at /home/sts/cpansmoke/perl-5.12.2/cpan/build/Form-Factory-0.014-HyeCk3/blib/lib/Form/Factory/Processor.pm line 3
	eval {...} called at /home/sts/cpansmoke/perl-5.12.2/cpan/build/Form-Factory-0.014-HyeCk3/blib/lib/Form/Factory/Processor.pm line 3
	require TestApp/Action/Bottom.pm called at t/lib/Form/Factory/Test/Action/Inheritance.pm line 9
	Form::Factory::Test::Action::Inheritance::BEGIN() called at /home/sts/cpansmoke/perl-5.12.2/cpan/build/Form-Factory-0.014-HyeCk3/blib/lib/Form/Factory/Processor.pm line 3
	eval {...} called at /home/sts/cpansmoke/perl-5.12.2/cpan/build/Form-Factory-0.014-HyeCk3/blib/lib/Form/Factory/Processor.pm line 3
	require Form/Factory/Test/Action/Inheritance.pm called at /home/sts/cpansmoke/perl-5.12.2/cpan/build/Class-MOP-1.11-DXadOj/blib/lib/Class/MOP.pm line 114
	Class::MOP::__ANON__() called at /home/sts/cpansmoke/perl-5.12.2/cpan/build/Try-Tiny-0.07-hLIQVp/blib/lib/Try/Tiny.pm line 71
	eval {...} called at /home/sts/cpansmoke/perl-5.12.2/cpan/build/Try-Tiny-0.07-hLIQVp/blib/lib/Try/Tiny.pm line 67
	Try::Tiny::try('CODE(0x8541daf0)', 'Try::Tiny::Catch=REF(0x8737f9f0)') called at /home/sts/cpansmoke/perl-5.12.2/cpan/build/Class-MOP-1.11-DXadOj/blib/lib/Class/MOP.pm line 125
	Class::MOP::load_first_existing_class('Form::Factory::Test::Action::Inheritance') called at /home/sts/cpansmoke/perl-5.12.2/cpan/build/Class-MOP-1.11-DXadOj/blib/lib/Class/MOP.pm line 137
	Class::MOP::load_class('Form::Factory::Test::Action::Inheritance') called at t/lib/Form/Factory/Test.pm line 36
	Form::Factory::Test::setup_tests('Form::Factory::Test=HASH(0x81ea4330)') called at t/lib/Form/Factory/Test.pm line 50
	Class::MOP::Class:::before('Form::Factory::Test=HASH(0x81ea4330)') called at /home/sts/cpansmoke/perl-5.12.2/cpan/build/Class-MOP-1.11-DXadOj/blib/lib/Class/MOP/Method/Wrapped.pm line 47
	Class::MOP::Method::Wrapped::__ANON__('Form::Factory::Test=HASH(0x81ea4330)') called at /home/sts/cpansmoke/perl-5.12.2/cpan/build/Class-MOP-1.11-DXadOj/blib/lib/Class/MOP/Method/Wrapped.pm line 89
	Form::Factory::Test::run_tests('Form::Factory::Test=HASH(0x81ea4330)') called at t/tests.t line 13
Couldn't load class (Form::Factory::Test::Action::Inheritance) because: Couldn't load class (TestApp::Action::Middle) because: Couldn't load class (TestApp::Action::Top) because: The method 'legal_options_for_inheritance' was not found in the inheritance hierarchy for Class::MOP::Class::__ANON__::SERIAL::5 at /home/sts/cpansmoke/perl-5.12.2/cpan/build/Class-MOP-1.11-DXadOj/blib/lib/Class/MOP/Class.pm line 948
	Class::MOP::Class::__ANON__('Moose::Meta::Class=HASH(0x8028ee40)', 'legal_options_for_inheritance') called at /home/sts/cpansmoke/perl-5.12.2/cpan/build/Class-MOP-1.11-DXadOj/blib/lib/Class/MOP/Class.pm line 993
	Class::MOP::Class::add_around_method_modifier('Moose::Meta::Class=HASH(0x8028ee40)', 'legal_options_for_inheritance', 'CODE(0x887e11a0)') called at /home/sts/cpansmoke/perl-5.12.2/cpan/build/Moose-1.19-n6ufGf/blib/lib/Moose/Meta/Role/Application/ToClass.pm line 221
	Moose::Meta::Role::Application::ToClass::apply_method_modifiers('Moose::Meta::Role::Application::ToClass=HASH(0x83d57a60)', 'around', 'Moose::Meta::Role=HASH(0x84d3bb20)', 'Moose::Meta::Class=HASH(0x8028ee40)') called at /home/sts/cpansmoke/perl-5.12.2/cpan/build/Moose-1.19-n6ufGf/blib/lib/Moose/Meta/Role/Application.pm line 74
	Moose::Meta::Role::Application::apply_around_method_modifiers('Moose::Meta::Role::Application::ToClass=HASH(0x83d57a60)', 'Moose::Meta::Role=HASH(0x84d3bb20)', 'Moose::Meta::Class=HASH(0x8028ee40)') called at /home/sts/cpansmoke/perl-5.12.2/cpan/build/Moose-1.19-n6ufGf/blib/lib/Moose/Meta/Role/Application.pm line 60
	Moose::Meta::Role::Application::apply('Moose::Meta::Role::Application::ToClass=HASH(0x83d57a60)', 'Moose::Meta::Role=HASH(0x84d3bb20)', 'Moose::Meta::Class=HASH(0x8028ee40)') called at /home/sts/cpansmoke/perl-5.12.2/cpan/build/Moose-1.19-n6ufGf/blib/lib/Moose/Meta/Role/Application/ToClass.pm line 31
	Moose::Meta::Role::Application::ToClass::apply('Moose::Meta::Role::Application::ToClass=HASH(0x83d57a60)', 'Moose::Meta::Role=HASH(0x84d3bb20)', 'Moose::Meta::Class=HASH(0x8028ee40)', 'HASH(0x82ef9a70)') called at /home/sts/cpansmoke/perl-5.12.2/cpan/build/Moose-1.19-n6ufGf/blib/lib/Moose/Meta/Role.pm line 483
	Moose::Meta::Role::apply('Moose::Meta::Role=HASH(0x84d3bb20)', 'Moose::Meta::Class=HASH(0x8028ee40)') called at /home/sts/cpansmoke/perl-5.12.2/cpan/build/Moose-1.19-n6ufGf/blib/lib/Moose/Util.pm line 137
	Moose::Util::_apply_all_roles('Moose::Meta::Class=HASH(0x8028ee40)', undef, 'Form::Factory::Action::Meta::Attribute::Control') called at /home/sts/cpansmoke/perl-5.12.2/cpan/build/Moose-1.19-n6ufGf/blib/lib/Moose/Util.pm line 91
	Moose::Util::apply_all_roles('Moose::Meta::Class=HASH(0x8028ee40)', 'Form::Factory::Action::Meta::Attribute::Control') called at /home/sts/cpansmoke/perl-5.12.2/cpan/build/Moose-1.19-n6ufGf/blib/lib/Moose/Meta/Class.pm line 87
	Moose::Meta::Class::create('Moose::Meta::Class', 'Class::MOP::Class::__ANON__::SERIAL::5', 'roles', 'ARRAY(0x84772f30)', 'weaken', '', 'superclasses', 'ARRAY(0x89d022f0)') called at /home/sts/cpansmoke/perl-5.12.2/cpan/build/Class-MOP-1.11-DXadOj/blib/lib/Class/MOP/Class.pm line 453
	Class::MOP::Class::create_anon_class('Moose::Meta::Class', 'roles', 'ARRAY(0x84772f30)', 'weaken', '', 'superclasses', 'ARRAY(0x89d022f0)') called at /home/sts/cpansmoke/perl-5.12.2/cpan/build/Moose-1.19-n6ufGf/blib/lib/Moose/Meta/Class.pm line 111
	Moose::Meta::Class::create_anon_class('Moose::Meta::Class', 'superclasses', 'ARRAY(0x89d022f0)', 'roles', 'ARRAY(0x84772f30)', 'cache', 1) called at /home/sts/cpansmoke/perl-5.12.2/cpan/build/Moose-1.19-n6ufGf/blib/lib/Moose/Meta/Attribute.pm line 124
	Moose::Meta::Attribute::interpolate_class('Moose::Meta::Attribute', 'HASH(0x82233260)') called at /home/sts/cpansmoke/perl-5.12.2/cpan/build/Moose-1.19-n6ufGf/blib/lib/Moose/Meta/Attribute.pm line 81
	Moose::Meta::Attribute::interpolate_class_and_new('Moose::Meta::Attribute', 'foo', '__meta', 'Class::MOP::Class::__ANON__::SERIAL::4=HASH(0x8830fe30)', 'options', 'HASH(0x84772330)', 'features', 'HASH(0x88a88f70)', 'isa', ...) called at /home/sts/cpansmoke/perl-5.12.2/cpan/build/Moose-1.19-n6ufGf/blib/lib/Moose/Meta/Class.pm line 438
	Moose::Meta::Class::_process_new_attribute('Class::MOP::Class::__ANON__::SERIAL::4=HASH(0x8830fe30)', 'foo', '__meta', 'Class::MOP::Class::__ANON__::SERIAL::4=HASH(0x8830fe30)', 'options', 'HASH(0x84772330)', 'features', 'HASH(0x88a88f70)', 'isa', ...) called at /home/sts/cpansmoke/perl-5.12.2/cpan/build/Moose-1.19-n6ufGf/blib/lib/Moose/Meta/Class.pm line 431
	Moose::Meta::Class::_process_attribute('Class::MOP::Class::__ANON__::SERIAL::4=HASH(0x8830fe30)', 'foo', 'HASH(0x88a88e20)') called at /home/sts/cpansmoke/perl-5.12.2/cpan/build/Moose-1.19-n6ufGf/blib/lib/Moose/Meta/Class.pm line 300
	Moose::Meta::Class::add_attribute('Class::MOP::Class::__ANON__::SERIAL::4=HASH(0x8830fe30)', 'foo', 'HASH(0x88a88e20)') called at /home/sts/cpansmoke/perl-5.12.2/cpan/build/Form-Factory-0.014-HyeCk3/blib/lib/Form/Factory/Processor.pm line 208
	Form::Factory::Processor::has_control('Class::MOP::Class::__ANON__::SERIAL::4=HASH(0x8830fe30)', 'foo', 'control', 'text', 'features', 'HASH(0x88a88f70)') called at /home/sts/cpansmoke/perl-5.12.2/cpan/build/Moose-1.19-n6ufGf/blib/lib/Moose/Exporter.pm line 359
	Form::Factory::Processor::has_control('foo', 'control', 'text', 'features', 'HASH(0x88a88f70)') called at t/lib/TestApp/Action/Top.pm line 5
	require TestApp/Action/Top.pm called at /home/sts/cpansmoke/perl-5.12.2/cpan/build/Class-MOP-1.11-DXadOj/blib/lib/Class/MOP.pm line 114
	Class::MOP::__ANON__() called at /home/sts/cpansmoke/perl-5.12.2/cpan/build/Try-Tiny-0.07-hLIQVp/blib/lib/Try/Tiny.pm line 71
	eval {...} called at /home/sts/cpansmoke/perl-5.12.2/cpan/build/Try-Tiny-0.07-hLIQVp/blib/lib/Try/Tiny.pm line 67
	Try::Tiny::try('CODE(0x8a5540b0)', 'Try::Tiny::Catch=REF(0x883cd990)') called at /home/sts/cpansmoke/perl-5.12.2/cpan/build/Class-MOP-1.11-DXadOj/blib/lib/Class/MOP.pm line 125
	Class::MOP::load_first_existing_class('TestApp::Action::Top') called at /home/sts/cpansmoke/perl-5.12.2/cpan/build/Class-MOP-1.11-DXadOj/blib/lib/Class/MOP.pm line 137
	Class::MOP::load_class('TestApp::Action::Top', undef) called at /home/sts/cpansmoke/perl-5.12.2/cpan/build/Moose-1.19-n6ufGf/blib/lib/Moose/Meta/Class.pm line 288
	Moose::Meta::Class::superclasses(undef, 'TestApp::Action::Top') called at /home/sts/cpansmoke/perl-5.12.2/cpan/build/Moose-1.19-n6ufGf/blib/lib/Moose.pm line 54
	Moose::extends('Class::MOP::Class::__ANON__::SERIAL::4=HASH(0x80c3c520)', 'TestApp::Action::Top') called at /home/sts/cpansmoke/perl-5.12.2/cpan/build/Moose-1.19-n6ufGf/blib/lib/Moose/Exporter.pm line 359
	Moose::extends('TestApp::Action::Top') called at t/lib/TestApp/Action/Middle.pm line 5
	require TestApp/Action/Middle.pm called at /home/sts/cpansmoke/perl-5.12.2/cpan/build/Class-MOP-1.11-DXadOj/blib/lib/Class/MOP.pm line 114
	Class::MOP::__ANON__() called at /home/sts/cpansmoke/perl-5.12.2/cpan/build/Try-Tiny-0.07-hLIQVp/blib/lib/Try/Tiny.pm line 71
	eval {...} called at /home/sts/cpansmoke/perl-5.12.2/cpan/build/Try-Tiny-0.07-hLIQVp/blib/lib/Try/Tiny.pm line 67
	Try::Tiny::try('CODE(0x8503c940)', 'Try::Tiny::Catch=REF(0x881f9b10)') called at /home/sts/cpansmoke/perl-5.12.2/cpan/build/Class-MOP-1.11-DXadOj/blib/lib/Class/MOP.pm line 125
	Class::MOP::load_first_existing_class('TestApp::Action::Middle') called at /home/sts/cpansmoke/perl-5.12.2/cpan/build/Class-MOP-1.11-DXadOj/blib/lib/Class/MOP.pm line 137
	Class::MOP::load_class('TestApp::Action::Middle', undef) called at /home/sts/cpansmoke/perl-5.12.2/cpan/build/Moose-1.19-n6ufGf/blib/lib/Moose/Meta/Class.pm line 288
	Moose::Meta::Class::superclasses(undef, 'TestApp::Action::Middle') called at /home/sts/cpansmoke/perl-5.12.2/cpan/build/Moose-1.19-n6ufGf/blib/lib/Moose.pm line 54
	Moose::extends('Class::MOP::Class::__ANON__::SERIAL::4=HASH(0x84477610)', 'TestApp::Action::Middle') called at /home/sts/cpansmoke/perl-5.12.2/cpan/build/Moose-1.19-n6ufGf/blib/lib/Moose/Exporter.pm line 359
	Moose::extends('TestApp::Action::Middle') called at t/lib/TestApp/Action/Bottom.pm line 5
	require TestApp/Action/Bottom.pm called at t/lib/Form/Factory/Test/Action/Inheritance.pm line 9
	Form::Factory::Test::Action::Inheritance::BEGIN() called at t/lib/TestApp/Action/Top.pm line 0
	eval {...} called at t/lib/TestApp/Action/Top.pm line 0
	require Form/Factory/Test/Action/Inheritance.pm called at /home/sts/cpansmoke/perl-5.12.2/cpan/build/Class-MOP-1.11-DXadOj/blib/lib/Class/MOP.pm line 114
	Class::MOP::__ANON__() called at /home/sts/cpansmoke/perl-5.12.2/cpan/build/Try-Tiny-0.07-hLIQVp/blib/lib/Try/Tiny.pm line 71
	eval {...} called at /home/sts/cpansmoke/perl-5.12.2/cpan/build/Try-Tiny-0.07-hLIQVp/blib/lib/Try/Tiny.pm line 67
	Try::Tiny::try('CODE(0x8541daf0)', 'Try::Tiny::Catch=REF(0x8737f9f0)') called at /home/sts/cpansmoke/perl-5.12.2/cpan/build/Class-MOP-1.11-DXadOj/blib/lib/Class/MOP.pm line 125
	Class::MOP::load_first_existing_class('Form::Factory::Test::Action::Inheritance') called at /home/sts/cpansmoke/perl-5.12.2/cpan/build/Class-MOP-1.11-DXadOj/blib/lib/Class/MOP.pm line 137
	Class::MOP::load_class('Form::Factory::Test::Action::Inheritance') called at t/lib/Form/Factory/Test.pm line 36
	Form::Factory::Test::setup_tests('Form::Factory::Test=HASH(0x81ea4330)') called at t/lib/Form/Factory/Test.pm line 50
	Class::MOP::Class:::before('Form::Factory::Test=HASH(0x81ea4330)') called at /home/sts/cpansmoke/perl-5.12.2/cpan/build/Class-MOP-1.11-DXadOj/blib/lib/Class/MOP/Method/Wrapped.pm line 47
	Class::MOP::Method::Wrapped::__ANON__('Form::Factory::Test=HASH(0x81ea4330)') called at /home/sts/cpansmoke/perl-5.12.2/cpan/build/Class-MOP-1.11-DXadOj/blib/lib/Class/MOP/Method/Wrapped.pm line 89
	Form::Factory::Test::run_tests('Form::Factory::Test=HASH(0x81ea4330)') called at t/tests.t line 13
Compilation failed in require at /home/sts/cpansmoke/perl-5.12.2/cpan/build/Class-MOP-1.11-DXadOj/blib/lib/Class/MOP.pm line 114.
 at /home/sts/cpansmoke/perl-5.12.2/cpan/build/Class-MOP-1.11-DXadOj/blib/lib/Class/MOP.pm line 120
	Class::MOP::__ANON__('The method \'legal_options_for_inheritance\' was not found in...') called at /home/sts/cpansmoke/perl-5.12.2/cpan/build/Try-Tiny-0.07-hLIQVp/blib/lib/Try/Tiny.pm line 100
	Try::Tiny::try('CODE(0x8a5540b0)', 'Try::Tiny::Catch=REF(0x883cd990)') called at /home/sts/cpansmoke/perl-5.12.2/cpan/build/Class-MOP-1.11-DXadOj/blib/lib/Class/MOP.pm line 125
	Class::MOP::load_first_existing_class('TestApp::Action::Top') called at /home/sts/cpansmoke/perl-5.12.2/cpan/build/Class-MOP-1.11-DXadOj/blib/lib/Class/MOP.pm line 137
	Class::MOP::load_class('TestApp::Action::Top', undef) called at /home/sts/cpansmoke/perl-5.12.2/cpan/build/Moose-1.19-n6ufGf/blib/lib/Moose/Meta/Class.pm line 288
	Moose::Meta::Class::superclasses(undef, 'TestApp::Action::Top') called at /home/sts/cpansmoke/perl-5.12.2/cpan/build/Moose-1.19-n6ufGf/blib/lib/Moose.pm line 54
	Moose::extends('Class::MOP::Class::__ANON__::SERIAL::4=HASH(0x80c3c520)', 'TestApp::Action::Top') called at /home/sts/cpansmoke/perl-5.12.2/cpan/build/Moose-1.19-n6ufGf/blib/lib/Moose/Exporter.pm line 359
	Moose::extends('TestApp::Action::Top') called at t/lib/TestApp/Action/Middle.pm line 5
	require TestApp/Action/Middle.pm called at /home/sts/cpansmoke/perl-5.12.2/cpan/build/Class-MOP-1.11-DXadOj/blib/lib/Class/MOP.pm line 114
	Class::MOP::__ANON__() called at /home/sts/cpansmoke/perl-5.12.2/cpan/build/Try-Tiny-0.07-hLIQVp/blib/lib/Try/Tiny.pm line 71
	eval {...} called at /home/sts/cpansmoke/perl-5.12.2/cpan/build/Try-Tiny-0.07-hLIQVp/blib/lib/Try/Tiny.pm line 67
	Try::Tiny::try('CODE(0x8503c940)', 'Try::Tiny::Catch=REF(0x881f9b10)') called at /home/sts/cpansmoke/perl-5.12.2/cpan/build/Class-MOP-1.11-DXadOj/blib/lib/Class/MOP.pm line 125
	Class::MOP::load_first_existing_class('TestApp::Action::Middle') called at /home/sts/cpansmoke/perl-5.12.2/cpan/build/Class-MOP-1.11-DXadOj/blib/lib/Class/MOP.pm line 137
	Class::MOP::load_class('TestApp::Action::Middle', undef) called at /home/sts/cpansmoke/perl-5.12.2/cpan/build/Moose-1.19-n6ufGf/blib/lib/Moose/Meta/Class.pm line 288
	Moose::Meta::Class::superclasses(undef, 'TestApp::Action::Middle') called at /home/sts/cpansmoke/perl-5.12.2/cpan/build/Moose-1.19-n6ufGf/blib/lib/Moose.pm line 54
	Moose::extends('Class::MOP::Class::__ANON__::SERIAL::4=HASH(0x84477610)', 'TestApp::Action::Middle') called at /home/sts/cpansmoke/perl-5.12.2/cpan/build/Moose-1.19-n6ufGf/blib/lib/Moose/Exporter.pm line 359
	Moose::extends('TestApp::Action::Middle') called at t/lib/TestApp/Action/Bottom.pm line 5
	require TestApp/Action/Bottom.pm called at t/lib/Form/Factory/Test/Action/Inheritance.pm line 9
	Form::Factory::Test::Action::Inheritance::BEGIN() called at t/lib/TestApp/Action/Middle.pm line 0
	eval {...} called at t/lib/TestApp/Action/Middle.pm line 0
	require Form/Factory/Test/Action/Inheritance.pm called at /home/sts/cpansmoke/perl-5.12.2/cpan/build/Class-MOP-1.11-DXadOj/blib/lib/Class/MOP.pm line 114
	Class::MOP::__ANON__() called at /home/sts/cpansmoke/perl-5.12.2/cpan/build/Try-Tiny-0.07-hLIQVp/blib/lib/Try/Tiny.pm line 71
	eval {...} called at /home/sts/cpansmoke/perl-5.12.2/cpan/build/Try-Tiny-0.07-hLIQVp/blib/lib/Try/Tiny.pm line 67
	Try::Tiny::try('CODE(0x8541daf0)', 'Try::Tiny::Catch=REF(0x8737f9f0)') called at /home/sts/cpansmoke/perl-5.12.2/cpan/build/Class-MOP-1.11-DXadOj/blib/lib/Class/MOP.pm line 125
	Class::MOP::load_first_existing_class('Form::Factory::Test::Action::Inheritance') called at /home/sts/cpansmoke/perl-5.12.2/cpan/build/Class-MOP-1.11-DXadOj/blib/lib/Class/MOP.pm line 137
	Class::MOP::load_class('Form::Factory::Test::Action::Inheritance') called at t/lib/Form/Factory/Test.pm line 36
	Form::Factory::Test::setup_tests('Form::Factory::Test=HASH(0x81ea4330)') called at t/lib/Form/Factory/Test.pm line 50
	Class::MOP::Class:::before('Form::Factory::Test=HASH(0x81ea4330)') called at /home/sts/cpansmoke/perl-5.12.2/cpan/build/Class-MOP-1.11-DXadOj/blib/lib/Class/MOP/Method/Wrapped.pm line 47
	Class::MOP::Method::Wrapped::__ANON__('Form::Factory::Test=HASH(0x81ea4330)') called at /home/sts/cpansmoke/perl-5.12.2/cpan/build/Class-MOP-1.11-DXadOj/blib/lib/Class/MOP/Method/Wrapped.pm line 89
	Form::Factory::Test::run_tests('Form::Factory::Test=HASH(0x81ea4330)') called at t/tests.t line 13
Compilation failed in require at /home/sts/cpansmoke/perl-5.12.2/cpan/build/Class-MOP-1.11-DXadOj/blib/lib/Class/MOP.pm line 114.
 at /home/sts/cpansmoke/perl-5.12.2/cpan/build/Class-MOP-1.11-DXadOj/blib/lib/Class/MOP.pm line 120
	Class::MOP::__ANON__('Couldn\'t load class (TestApp::Action::Top) because: The meth...') called at /home/sts/cpansmoke/perl-5.12.2/cpan/build/Try-Tiny-0.07-hLIQVp/blib/lib/Try/Tiny.pm line 100
	Try::Tiny::try('CODE(0x8503c940)', 'Try::Tiny::Catch=REF(0x881f9b10)') called at /home/sts/cpansmoke/perl-5.12.2/cpan/build/Class-MOP-1.11-DXadOj/blib/lib/Class/MOP.pm line 125
	Class::MOP::load_first_existing_class('TestApp::Action::Middle') called at /home/sts/cpansmoke/perl-5.12.2/cpan/build/Class-MOP-1.11-DXadOj/blib/lib/Class/MOP.pm line 137
	Class::MOP::load_class('TestApp::Action::Middle', undef) called at /home/sts/cpansmoke/perl-5.12.2/cpan/build/Moose-1.19-n6ufGf/blib/lib/Moose/Meta/Class.pm line 288
	Moose::Meta::Class::superclasses(undef, 'TestApp::Action::Middle') called at /home/sts/cpansmoke/perl-5.12.2/cpan/build/Moose-1.19-n6ufGf/blib/lib/Moose.pm line 54
	Moose::extends('Class::MOP::Class::__ANON__::SERIAL::4=HASH(0x84477610)', 'TestApp::Action::Middle') called at /home/sts/cpansmoke/perl-5.12.2/cpan/build/Moose-1.19-n6ufGf/blib/lib/Moose/Exporter.pm line 359
	Moose::extends('TestApp::Action::Middle') called at t/lib/TestApp/Action/Bottom.pm line 5
	require TestApp/Action/Bottom.pm called at t/lib/Form/Factory/Test/Action/Inheritance.pm line 9
	Form::Factory::Test::Action::Inheritance::BEGIN() called at t/lib/TestApp/Action/Bottom.pm line 0
	eval {...} called at t/lib/TestApp/Action/Bottom.pm line 0
	require Form/Factory/Test/Action/Inheritance.pm called at /home/sts/cpansmoke/perl-5.12.2/cpan/build/Class-MOP-1.11-DXadOj/blib/lib/Class/MOP.pm line 114
	Class::MOP::__ANON__() called at /home/sts/cpansmoke/perl-5.12.2/cpan/build/Try-Tiny-0.07-hLIQVp/blib/lib/Try/Tiny.pm line 71
	eval {...} called at /home/sts/cpansmoke/perl-5.12.2/cpan/build/Try-Tiny-0.07-hLIQVp/blib/lib/Try/Tiny.pm line 67
	Try::Tiny::try('CODE(0x8541daf0)', 'Try::Tiny::Catch=REF(0x8737f9f0)') called at /home/sts/cpansmoke/perl-5.12.2/cpan/build/Class-MOP-1.11-DXadOj/blib/lib/Class/MOP.pm line 125
	Class::MOP::load_first_existing_class('Form::Factory::Test::Action::Inheritance') called at /home/sts/cpansmoke/perl-5.12.2/cpan/build/Class-MOP-1.11-DXadOj/blib/lib/Class/MOP.pm line 137
	Class::MOP::load_class('Form::Factory::Test::Action::Inheritance') called at t/lib/Form/Factory/Test.pm line 36
	Form::Factory::Test::setup_tests('Form::Factory::Test=HASH(0x81ea4330)') called at t/lib/Form/Factory/Test.pm line 50
	Class::MOP::Class:::before('Form::Factory::Test=HASH(0x81ea4330)') called at /home/sts/cpansmoke/perl-5.12.2/cpan/build/Class-MOP-1.11-DXadOj/blib/lib/Class/MOP/Method/Wrapped.pm line 47
	Class::MOP::Method::Wrapped::__ANON__('Form::Factory::Test=HASH(0x81ea4330)') called at /home/sts/cpansmoke/perl-5.12.2/cpan/build/Class-MOP-1.11-DXadOj/blib/lib/Class/MOP/Method/Wrapped.pm line 89
	Form::Factory::Test::run_tests('Form::Factory::Test=HASH(0x81ea4330)') called at t/tests.t line 13
Compilation failed in require at t/lib/Form/Factory/Test/Action/Inheritance.pm line 9.
BEGIN failed--compilation aborted at t/lib/Form/Factory/Test/Action/Inheritance.pm line 9.
Compilation failed in require at /home/sts/cpansmoke/perl-5.12.2/cpan/build/Class-MOP-1.11-DXadOj/blib/lib/Class/MOP.pm line 114.
 at /home/sts/cpansmoke/perl-5.12.2/cpan/build/Class-MOP-1.11-DXadOj/blib/lib/Class/MOP.pm line 120
	Class::MOP::__ANON__('Couldn\'t load class (TestApp::Action::Middle) because: Could...') called at /home/sts/cpansmoke/perl-5.12.2/cpan/build/Try-Tiny-0.07-hLIQVp/blib/lib/Try/Tiny.pm line 100
	Try::Tiny::try('CODE(0x8541daf0)', 'Try::Tiny::Catch=REF(0x8737f9f0)') called at /home/sts/cpansmoke/perl-5.12.2/cpan/build/Class-MOP-1.11-DXadOj/blib/lib/Class/MOP.pm line 125
	Class::MOP::load_first_existing_class('Form::Factory::Test::Action::Inheritance') called at /home/sts/cpansmoke/perl-5.12.2/cpan/build/Class-MOP-1.11-DXadOj/blib/lib/Class/MOP.pm line 137
	Class::MOP::load_class('Form::Factory::Test::Action::Inheritance') called at t/lib/Form/Factory/Test.pm line 36
	Form::Factory::Test::setup_tests('Form::Factory::Test=HASH(0x81ea4330)') called at t/lib/Form/Factory/Test.pm line 50
	Class::MOP::Class:::before('Form::Factory::Test=HASH(0x81ea4330)') called at /home/sts/cpansmoke/perl-5.12.2/cpan/build/Class-MOP-1.11-DXadOj/blib/lib/Class/MOP/Method/Wrapped.pm line 47
	Class::MOP::Method::Wrapped::__ANON__('Form::Factory::Test=HASH(0x81ea4330)') called at /home/sts/cpansmoke/perl-5.12.2/cpan/build/Class-MOP-1.11-DXadOj/blib/lib/Class/MOP/Method/Wrapped.pm line 89
	Form::Factory::Test::run_tests('Form::Factory::Test=HASH(0x81ea4330)') called at t/tests.t line 13
t/tests.t ................. 
Dubious, test returned 35 (wstat 8960, 0x2300)
No subtests run 

Test Summary Report
-------------------
t/tests.t               (Wstat: 8960 Tests: 0 Failed: 0)
  Non-zero exit status: 35
  Parse errors: No plan found in TAP output
Files=3, Tests=0,  3 wallclock secs ( 0.02 usr  0.02 sys +  0.96 cusr  0.04 csys =  1.04 CPU)
Result: FAIL
Failed 1/3 test programs. 0/0 subtests failed.
*** Error code 35

Stop in /home/sts/cpansmoke/perl-5.12.2/cpan/build/Form-Factory-0.014-HyeCk3 (line 1152 of Makefile).

------------------------------
PREREQUISITES
------------------------------

Prerequisite modules loaded:

requires:

    Module              Need Have
    ------------------- ---- ----
    ExtUtils::MakeMaker 6.11 6.56
    List::MoreUtils     0.22 0.22
    Moose               0.93 1.19
    Test::Able          0.09 0.09


------------------------------
ENVIRONMENT AND OTHER CONTEXT
------------------------------

Environment variables:

    AUTOMATED_TESTING = 1
    PATH = /home/sts/bin:/bin:/sbin:/usr/bin:/usr/sbin:/usr/X11R6/bin:/usr/local/bin:/usr/local/sbin:/usr/games:.
    PERL5LIB = /home/sts/cpansmoke/perl-5.12.2/cpan/build/Test-Able-0.09-CMlD82/blib/arch:/home/sts/cpansmoke/perl-5.12.2/cpan/build/Test-Able-0.09-CMlD82/blib/lib:/home/sts/cpansmoke/perl-5.12.2/cpan/build/Moose-1.19-n6ufGf/blib/arch:/home/sts/cpansmoke/perl-5.12.2/cpan/build/Moose-1.19-n6ufGf/blib/lib:/home/sts/cpansmoke/perl-5.12.2/cpan/build/Class-MOP-1.11-DXadOj/blib/arch:/home/sts/cpansmoke/perl-5.12.2/cpan/build/Class-MOP-1.11-DXadOj/blib/lib:/home/sts/cpansmoke/perl-5.12.2/cpan/build/Devel-GlobalDestruction-0.02-BoNxrB/blib/arch:/home/sts/cpansmoke/perl-5.12.2/cpan/build/Devel-GlobalDestruction-0.02-BoNxrB/blib/lib:/home/sts/cpansmoke/perl-5.12.2/cpan/build/Scope-Guard-0.20-SxSUd7/blib/arch:/home/sts/cpansmoke/perl-5.12.2/cpan/build/Scope-Guard-0.20-SxSUd7/blib/lib:/home/sts/cpansmoke/perl-5.12.2/cpan/build/Sub-Name-0.05-GrpfQU/blib/arch:/home/sts/cpansmoke/perl-5.12.2/cpan/build/Sub-Name-0.05-GrpfQU/blib/lib:/home/sts/cpansmoke/perl-5.12.2/cpan/build/Package-Stash-0.13-jqXWKR/blib/arch:/home/sts/cpansmoke/perl-5.12.2/cpan/build/Package-Stash-0.13-jqXWKR/blib/lib:/home/sts/cpansmoke/perl-5.12.2/cpan/build/Task-Weaken-1.03-8walV5/blib/arch:/home/sts/cpansmoke/perl-5.12.2/cpan/build/Task-Weaken-1.03-8walV5/blib/lib:/home/sts/cpansmoke/perl-5.12.2/cpan/build/MRO-Compat-0.11-6l0TEN/blib/arch:/home/sts/cpansmoke/perl-5.12.2/cpan/build/MRO-Compat-0.11-6l0TEN/blib/lib:/home/sts/cpansmoke/perl-5.12.2/cpan/build/Package-DeprecationManager-0.10-fn0IJa/blib/arch:/home/sts/cpansmoke/perl-5.12.2/cpan/build/Package-DeprecationManager-0.10-fn0IJa/blib/lib:/home/sts/cpansmoke/perl-5.12.2/cpan/build/List-MoreUtils-0.22-oM_dPK/blib/arch:/home/sts/cpansmoke/perl-5.12.2/cpan/build/List-MoreUtils-0.22-oM_dPK/blib/lib:/home/sts/cpansmoke/perl-5.12.2/cpan/build/Test-Fatal-0.003-NFWqMl/blib/arch:/home/sts/cpansmoke/perl-5.12.2/cpan/build/Test-Fatal-0.003-NFWqMl/blib/lib:/home/sts/cpansmoke/perl-5.12.2/cpan/build/Test-Simple-0.96-a9HcwB/blib/arch:/home/sts/cpansmoke/perl-5.12.2/cpan/build/Test-Simple-0.96-a9HcwB/blib/lib:/home/sts/cpansmoke/perl-5.12.2/cpan/build/Test-Requires-0.06-l4mK8N/blib/arch:/home/sts/cpansmoke/perl-5.12.2/cpan/build/Test-Requires-0.06-l4mK8N/blib/lib:/home/sts/cpansmoke/perl-5.12.2/cpan/build/Try-Tiny-0.07-hLIQVp/blib/arch:/home/sts/cpansmoke/perl-5.12.2/cpan/build/Try-Tiny-0.07-hLIQVp/blib/lib
    PERL5OPT = 
    PERL5_CPANPLUS_IS_RUNNING = 8038
    PERL5_CPAN_IS_RUNNING = 8038
    PERL5_CPAN_IS_RUNNING_IN_RECURSION = 23823,8038
    PERL_CR_SMOKER_CURRENT = Form-Factory-0.014
    PERL_EXTUTILS_AUTOINSTALL = --defaultdeps
    PERL_MM_USE_DEFAULT = 1
    SHELL = /usr/local/bin/bash
    TERM = screen
    TMPDIR = /home/sts/cpansmoke/tmp

Perl special variables (and OS-specific diagnostics, for MSWin32):

    $^X = /home/sts/cpansmoke/perl-5.12.2/bin/perl
    $UID/$EUID = 1000 / 1000
    $GID = 10 10 0
    $EGID = 10 10 0

Perl module toolchain versions installed:

    Module              Have   
    ------------------- -------
    CPAN                1.94_56
    Cwd                 3.31   
    ExtUtils::CBuilder  0.27   
    ExtUtils::Command   1.16   
    ExtUtils::Install   1.55   
    ExtUtils::MakeMaker 6.56   
    ExtUtils::Manifest  1.57   
    ExtUtils::ParseXS   2.21   
    File::Spec          3.31_01
    Module::Build       0.3603 
    Module::Signature   n/a    
    Test::Harness       3.17   
    Test::More          0.96   
    YAML                n/a    
    YAML::Syck          1.15   
    version             0.82   


--

Summary of my perl5 (revision 5 version 12 subversion 2) configuration:
   
  Platform:
    osname=openbsd, osvers=4.7, archname=OpenBSD.i386-openbsd-thread-multi
    uname='openbsd cpansmoke3 4.7 generic.mp#449 i386 '
    config_args='-des -Dusethreads -Dprefix=/home/sts/cpansmoke/perl-5.12.2'
    hint=recommended, useposix=true, d_sigaction=define
    useithreads=define, usemultiplicity=define
    useperlio=define, d_sfio=undef, uselargefiles=define, usesocks=undef
    use64bitint=undef, use64bitall=undef, uselongdouble=undef
    usemymalloc=n, bincompat5005=undef
  Compiler:
    cc='cc', ccflags ='-pthread -fno-strict-aliasing -pipe -fstack-protector -I/usr/local/include',
    optimize='-O2',
    cppflags='-pthread -fno-strict-aliasing -pipe -fstack-protector -I/usr/local/include'
    ccversion='', gccversion='3.3.5 (propolice)', gccosandvers='openbsd4.7'
    intsize=4, longsize=4, ptrsize=4, doublesize=8, byteorder=1234
    d_longlong=define, longlongsize=8, d_longdbl=define, longdblsize=12
    ivtype='long', ivsize=4, nvtype='double', nvsize=8, Off_t='off_t', lseeksize=8
    alignbytes=4, prototype=define
  Linker and Libraries:
    ld='cc', ldflags ='-pthread -Wl,-E  -fstack-protector -L/usr/local/lib'
    libpth=/usr/local/lib /usr/lib
    libs=-lgdbm -lm -lutil -lc
    perllibs=-lm -lutil -lc
    libc=/usr/lib/libc.so.53.1, so=so, useshrplib=false, libperl=libperl.a
    gnulibc_version=''
  Dynamic Linking:
    dlsrc=dl_dlopen.xs, dlext=so, d_dlsymun=undef, ccdlflags=' '
    cccdlflags='-DPIC -fPIC ', lddlflags='-shared -fPIC  -L/usr/local/lib -fstack-protector'


Characteristics of this binary (from libperl): 
  Compile-time options: MULTIPLICITY PERL_DONT_CREATE_GVSV
                        PERL_IMPLICIT_CONTEXT PERL_MALLOC_WRAP USE_ITHREADS
                        USE_LARGE_FILES USE_PERLIO USE_PERL_ATOF
                        USE_REENTRANT_API
  Built under openbsd
  Compiled at Oct 20 2010 21:08:34
  %ENV:
    PERL5LIB="/home/sts/cpansmoke/perl-5.12.2/cpan/build/Test-Able-0.09-CMlD82/blib/arch:/home/sts/cpansmoke/perl-5.12.2/cpan/build/Test-Able-0.09-CMlD82/blib/lib:/home/sts/cpansmoke/perl-5.12.2/cpan/build/Moose-1.19-n6ufGf/blib/arch:/home/sts/cpansmoke/perl-5.12.2/cpan/build/Moose-1.19-n6ufGf/blib/lib:/home/sts/cpansmoke/perl-5.12.2/cpan/build/Class-MOP-1.11-DXadOj/blib/arch:/home/sts/cpansmoke/perl-5.12.2/cpan/build/Class-MOP-1.11-DXadOj/blib/lib:/home/sts/cpansmoke/perl-5.12.2/cpan/build/Devel-GlobalDestruction-0.02-BoNxrB/blib/arch:/home/sts/cpansmoke/perl-5.12.2/cpan/build/Devel-GlobalDestruction-0.02-BoNxrB/blib/lib:/home/sts/cpansmoke/perl-5.12.2/cpan/build/Scope-Guard-0.20-SxSUd7/blib/arch:/home/sts/cpansmoke/perl-5.12.2/cpan/build/Scope-Guard-0.20-SxSUd7/blib/lib:/home/sts/cpansmoke/perl-5.12.2/cpan/build/Sub-Name-0.05-GrpfQU/blib/arch:/home/sts/cpansmoke/perl-5.12.2/cpan/build/Sub-Name-0.05-GrpfQU/blib/lib:/home/sts/cpansmoke/perl-5.12.2/cpan/build/Package-Stash-0.13-jqXWKR/blib/arch:/home/sts/cpansmoke/perl-5.12.2/cpan/build/Package-Stash-0.13-jqXWKR/blib/lib:/home/sts/cpansmoke/perl-5.12.2/cpan/build/Task-Weaken-1.03-8walV5/blib/arch:/home/sts/cpansmoke/perl-5.12.2/cpan/build/Task-Weaken-1.03-8walV5/blib/lib:/home/sts/cpansmoke/perl-5.12.2/cpan/build/MRO-Compat-0.11-6l0TEN/blib/arch:/home/sts/cpansmoke/perl-5.12.2/cpan/build/MRO-Compat-0.11-6l0TEN/blib/lib:/home/sts/cpansmoke/perl-5.12.2/cpan/build/Package-DeprecationManager-0.10-fn0IJa/blib/arch:/home/sts/cpansmoke/perl-5.12.2/cpan/build/Package-DeprecationManager-0.10-fn0IJa/blib/lib:/home/sts/cpansmoke/perl-5.12.2/cpan/build/List-MoreUtils-0.22-oM_dPK/blib/arch:/home/sts/cpansmoke/perl-5.12.2/cpan/build/List-MoreUtils-0.22-oM_dPK/blib/lib:/home/sts/cpansmoke/perl-5.12.2/cpan/build/Test-Fatal-0.003-NFWqMl/blib/arch:/home/sts/cpansmoke/perl-5.12.2/cpan/build/Test-Fatal-0.003-NFWqMl/blib/lib:/home/sts/cpansmoke/perl-5.12.2/cpan/build/Test-Simple-0.96-a9HcwB/blib/arch:/home/sts/cpansmoke/perl-5.12.2/cpan/build/Test-Simple-0.96-a9HcwB/blib/lib:/home/sts/cpansmoke/perl-5.12.2/cpan/build/Test-Requires-0.06-l4mK8N/blib/arch:/home/sts/cpansmoke/perl-5.12.2/cpan/build/Test-Requires-0.06-l4mK8N/blib/lib:/home/sts/cpansmoke/perl-5.12.2/cpan/build/Try-Tiny-0.07-hLIQVp/blib/arch:/home/sts/cpansmoke/perl-5.12.2/cpan/build/Try-Tiny-0.07-hLIQVp/blib/lib"
    PERL5OPT=""
    PERL5_CPANPLUS_IS_RUNNING="8038"
    PERL5_CPAN_IS_RUNNING="8038"
    PERL5_CPAN_IS_RUNNING_IN_RECURSION="23823,8038"
    PERL_CR_SMOKER_CURRENT="Form-Factory-0.014"
    PERL_EXTUTILS_AUTOINSTALL="--defaultdeps"
    PERL_MM_USE_DEFAULT="1"
  @INC:
    /home/sts/cpansmoke/perl-5.12.2/cpan/build/Test-Able-0.09-CMlD82/blib/arch
    /home/sts/cpansmoke/perl-5.12.2/cpan/build/Test-Able-0.09-CMlD82/blib/lib
    /home/sts/cpansmoke/perl-5.12.2/cpan/build/Moose-1.19-n6ufGf/blib/arch
    /home/sts/cpansmoke/perl-5.12.2/cpan/build/Moose-1.19-n6ufGf/blib/lib
    /home/sts/cpansmoke/perl-5.12.2/cpan/build/Class-MOP-1.11-DXadOj/blib/arch
    /home/sts/cpansmoke/perl-5.12.2/cpan/build/Class-MOP-1.11-DXadOj/blib/lib
    /home/sts/cpansmoke/perl-5.12.2/cpan/build/Devel-GlobalDestruction-0.02-BoNxrB/blib/arch
    /home/sts/cpansmoke/perl-5.12.2/cpan/build/Devel-GlobalDestruction-0.02-BoNxrB/blib/lib
    /home/sts/cpansmoke/perl-5.12.2/cpan/build/Scope-Guard-0.20-SxSUd7/blib/arch
    /home/sts/cpansmoke/perl-5.12.2/cpan/build/Scope-Guard-0.20-SxSUd7/blib/lib
    /home/sts/cpansmoke/perl-5.12.2/cpan/build/Sub-Name-0.05-GrpfQU/blib/arch
    /home/sts/cpansmoke/perl-5.12.2/cpan/build/Sub-Name-0.05-GrpfQU/blib/lib
    /home/sts/cpansmoke/perl-5.12.2/cpan/build/Package-Stash-0.13-jqXWKR/blib/arch
    /home/sts/cpansmoke/perl-5.12.2/cpan/build/Package-Stash-0.13-jqXWKR/blib/lib
    /home/sts/cpansmoke/perl-5.12.2/cpan/build/Task-Weaken-1.03-8walV5/blib/arch
    /home/sts/cpansmoke/perl-5.12.2/cpan/build/Task-Weaken-1.03-8walV5/blib/lib
    /home/sts/cpansmoke/perl-5.12.2/cpan/build/MRO-Compat-0.11-6l0TEN/blib/arch
    /home/sts/cpansmoke/perl-5.12.2/cpan/build/MRO-Compat-0.11-6l0TEN/blib/lib
    /home/sts/cpansmoke/perl-5.12.2/cpan/build/Package-DeprecationManager-0.10-fn0IJa/blib/arch
    /home/sts/cpansmoke/perl-5.12.2/cpan/build/Package-DeprecationManager-0.10-fn0IJa/blib/lib
    /home/sts/cpansmoke/perl-5.12.2/cpan/build/List-MoreUtils-0.22-oM_dPK/blib/arch
    /home/sts/cpansmoke/perl-5.12.2/cpan/build/List-MoreUtils-0.22-oM_dPK/blib/lib
    /home/sts/cpansmoke/perl-5.12.2/cpan/build/Test-Fatal-0.003-NFWqMl/blib/arch
    /home/sts/cpansmoke/perl-5.12.2/cpan/build/Test-Fatal-0.003-NFWqMl/blib/lib
    /home/sts/cpansmoke/perl-5.12.2/cpan/build/Test-Simple-0.96-a9HcwB/blib/arch
    /home/sts/cpansmoke/perl-5.12.2/cpan/build/Test-Simple-0.96-a9HcwB/blib/lib
    /home/sts/cpansmoke/perl-5.12.2/cpan/build/Test-Requires-0.06-l4mK8N/blib/arch
    /home/sts/cpansmoke/perl-5.12.2/cpan/build/Test-Requires-0.06-l4mK8N/blib/lib
    /home/sts/cpansmoke/perl-5.12.2/cpan/build/Try-Tiny-0.07-hLIQVp/blib/arch
    /home/sts/cpansmoke/perl-5.12.2/cpan/build/Try-Tiny-0.07-hLIQVp/blib/lib
    /home/sts/cpansmoke/perl-5.12.2/lib/site_perl/5.12.2/OpenBSD.i386-openbsd-thread-multi
    /home/sts/cpansmoke/perl-5.12.2/lib/site_perl/5.12.2
    /home/sts/cpansmoke/perl-5.12.2/lib/5.12.2/OpenBSD.i386-openbsd-thread-multi
    /home/sts/cpansmoke/perl-5.12.2/lib/5.12.2
    .