DBIx-Class-Graph v1.05 Perl 5 v5.24.3 RC1 x86_64-linux
- Status
- Fail
- From
- Andreas J. König (ANDK)
- Dist
-
DBIx-Class-Graph v1.05
- Platform
- Perl 5 v5.24.3 RC1 x86_64-linux
- Date
- 2017-09-20 15:31:29
- ID
- c5ff974e-9e18-11e7-9a55-09a757eef806
This distribution has been tested as part of the CPAN Testers
project, supporting the Perl programming language. See
http://wiki.cpantesters.org/ for more information or email
questions to cpan-testers-discuss@perl.org
--
Dear Moritz Onken,
This is a computer-generated report for DBIx-Class-Graph-1.05
on perl 5.24.3, created by CPAN-Reporter-1.2018.
Thank you for uploading your work to CPAN. However, there was a problem
testing your distribution.
If you think this report is invalid, please consult the CPAN Testers Wiki
for suggestions on how to avoid getting FAIL reports for missing library
or binary dependencies, unsupported operating systems, and so on:
http://wiki.cpantesters.org/wiki/CPANAuthorNotes
Sections of this report:
* Tester comments
* Program output
* Prerequisites
* Environment and other context
------------------------------
TESTER COMMENTS
------------------------------
Additional comments from tester:
this report is from an automated smoke testing program
and was not reviewed by a human for accuracy
------------------------------
PROGRAM OUTPUT
------------------------------
Output from './Build test':
Could not generate inline handles for _graph->("" because : Failed to compile source: syntax error at (eval 200) line 21, near """( "
source:
#line 1 "inline delegation in DBIx::Class::ResultSet::Graph for _graph->("" (attribute declared in lib/DBIx/Class/Graph/Role/ResultSet.pm at line 22)"
sub {
my $self = shift;
my $proxy = $self->_graph;
if ( !defined $proxy ) {
die Module::Runtime::use_module("Moose::Exception::AttributeValueIsNotDefined")->new(method => $self->meta->find_method_by_name("(\"\""),
instance => $self,
attribute => $self->meta->find_attribute_by_name("_graph"),
);
}
elsif ( ref $proxy && !Scalar::Util::blessed($proxy) ) {
die Module::Runtime::use_module("Moose::Exception::AttributeValueIsNotAnObject")->new(method => $self->meta->find_method_by_name("(\"\""),
instance => $self,
attribute => $self->meta->find_attribute_by_name("_graph"),
given_value => $proxy,
);
}
return $proxy->(""( @_ );
}
at /home/sand/src/perl/repoperls/installed-perls/host/k93zesty/v5.24.3-RC1/e2d0/lib/site_perl/5.24.3/x86_64-linux/Class/MOP/Method/Generated.pm line 56.
at /home/sand/src/perl/repoperls/installed-perls/host/k93zesty/v5.24.3-RC1/e2d0/lib/site_perl/5.24.3/x86_64-linux/Moose/Meta/Method/Delegation.pm line 154
Moose::Meta::Method::Delegation::catch {...} ('Failed to compile source: syntax error at (eval 200) line 21, near """( "^J^J^Jsource:^J#line 1 "inline delegation in DBIx::Class::ResultSet::Graph for _graph->("" (attribute declared in lib/DBIx/Class/Graph/Role/ResultSet.pm at line 22)"^Jsub {^J my $self = shift;^J^J my $proxy = $self->_graph;^J if ( !defined $proxy ) {^J die Module::Runtime::use_module("Moose::Exception::AttributeValueIsNotDefined")->new(method => $self->meta->find_method_by_name("(\"\""),^Jinstance => $self,^Jattribute => $self->meta->find_attribute_by_name("_graph"),^J);^J }^J elsif ( ref $proxy && !Scalar::Util::blessed($proxy) ) {^J die Module::Runtime::use_module("Moose::Exception::AttributeValueIsNotAnObject")->new(method => $self->meta->find_method_by_name("(\"\""),^Jinstance => $self,^Jattribute => $self->meta->find_attribute_by_name("_graph"),^Jgiven_value => $proxy,^J);^J }^J return $proxy->(""( @_ );^J}^J at /home/sand/src/perl/repoperls/installed-perls/host/k93zesty/v5.24.3-RC1/e2d0/lib/site_perl/5.24.3/x86_64-linux/Class/MOP/Method/Generated.pm line 56.^J') called at /home/sand/src/perl/repoperls/installed-perls/host/k93zesty/v5.24.3-RC1/e2d0/lib/site_perl/5.24.3/Try/Tiny.pm line 124
Try::Tiny::try('CODE(0x55e065da9878)', 'Try::Tiny::Catch=REF(0x55e065d36410)') called at /home/sand/src/perl/repoperls/installed-perls/host/k93zesty/v5.24.3-RC1/e2d0/lib/site_perl/5.24.3/x86_64-linux/Moose/Meta/Method/Delegation.pm line 160
Moose::Meta::Method::Delegation::_generate_inline_method('Moose::Meta::Method::Delegation=HASH(0x55e0646c1b30)') called at /home/sand/src/perl/repoperls/installed-perls/host/k93zesty/v5.24.3-RC1/e2d0/lib/site_perl/5.24.3/x86_64-linux/Moose/Meta/Method/Delegation.pm line 82
Moose::Meta::Method::Delegation::_initialize_body('Moose::Meta::Method::Delegation=HASH(0x55e0646c1b30)') called at /home/sand/src/perl/repoperls/installed-perls/host/k93zesty/v5.24.3-RC1/e2d0/lib/site_perl/5.24.3/x86_64-linux/Moose/Meta/Method/Delegation.pm line 54
Moose::Meta::Method::Delegation::new('Moose::Meta::Method::Delegation', 'name', '(""', 'package_name', 'DBIx::Class::ResultSet::Graph', 'attribute', 'Moose::Meta::Attribute=HASH(0x55e065d29db8)', 'delegate_to_method', '(""', 'curried_arguments', 'ARRAY(0x55e0649b9e98)') called at /home/sand/src/perl/repoperls/installed-perls/host/k93zesty/v5.24.3-RC1/e2d0/lib/site_perl/5.24.3/x86_64-linux/Moose/Meta/Attribute.pm line 1301
Moose::Meta::Attribute::_make_delegation_method('Moose::Meta::Attribute=HASH(0x55e065d29db8)', '(""', '(""') called at /home/sand/src/perl/repoperls/installed-perls/host/k93zesty/v5.24.3-RC1/e2d0/lib/site_perl/5.24.3/x86_64-linux/Moose/Meta/Attribute.pm line 1168
Moose::Meta::Attribute::install_delegation('Moose::Meta::Attribute=HASH(0x55e065d29db8)') called at /home/sand/src/perl/repoperls/installed-perls/host/k93zesty/v5.24.3-RC1/e2d0/lib/site_perl/5.24.3/x86_64-linux/Moose/Meta/Attribute.pm line 1017
Moose::Meta::Attribute::install_accessors('Moose::Meta::Attribute=HASH(0x55e065d29db8)') called at /home/sand/src/perl/repoperls/installed-perls/host/k93zesty/v5.24.3-RC1/e2d0/lib/site_perl/5.24.3/x86_64-linux/Class/MOP/Class.pm line 899
Class::MOP::Class::try {...} at /home/sand/src/perl/repoperls/installed-perls/host/k93zesty/v5.24.3-RC1/e2d0/lib/site_perl/5.24.3/Try/Tiny.pm line 103
eval {...} at /home/sand/src/perl/repoperls/installed-perls/host/k93zesty/v5.24.3-RC1/e2d0/lib/site_perl/5.24.3/Try/Tiny.pm line 94
Try::Tiny::try('CODE(0x55e065d17d40)', 'Try::Tiny::Catch=REF(0x55e065adf6f0)') called at /home/sand/src/perl/repoperls/installed-perls/host/k93zesty/v5.24.3-RC1/e2d0/lib/site_perl/5.24.3/x86_64-linux/Class/MOP/Class.pm line 904
Class::MOP::Class::_post_add_attribute('Moose::Meta::Class=HASH(0x55e064c39cc0)', 'Moose::Meta::Attribute=HASH(0x55e065d29db8)') called at /home/sand/src/perl/repoperls/installed-perls/host/k93zesty/v5.24.3-RC1/e2d0/lib/site_perl/5.24.3/x86_64-linux/Class/MOP/Mixin/HasAttributes.pm line 39
Class::MOP::Mixin::HasAttributes::add_attribute('Moose::Meta::Class=HASH(0x55e064c39cc0)', 'Moose::Meta::Attribute=HASH(0x55e065d29db8)') called at /home/sand/src/perl/repoperls/installed-perls/host/k93zesty/v5.24.3-RC1/e2d0/lib/site_perl/5.24.3/x86_64-linux/Moose/Meta/Class.pm line 585
Moose::Meta::Class::add_attribute('Moose::Meta::Class=HASH(0x55e064c39cc0)', 'Moose::Meta::Attribute=HASH(0x55e065d29db8)') called at /home/sand/src/perl/repoperls/installed-perls/host/k93zesty/v5.24.3-RC1/e2d0/lib/site_perl/5.24.3/x86_64-linux/Moose/Meta/Role/Application/ToClass.pm line 126
Moose::Meta::Role::Application::ToClass::apply_attributes('Moose::Meta::Role::Application::ToClass=HASH(0x55e065c59d98)', 'Moose::Meta::Role=HASH(0x55e065cf7ae8)', 'Moose::Meta::Class=HASH(0x55e064c39cc0)') called at /home/sand/src/perl/repoperls/installed-perls/host/k93zesty/v5.24.3-RC1/e2d0/lib/site_perl/5.24.3/x86_64-linux/Moose/Meta/Role/Application.pm line 59
Moose::Meta::Role::Application::apply('Moose::Meta::Role::Application::ToClass=HASH(0x55e065c59d98)', 'Moose::Meta::Role=HASH(0x55e065cf7ae8)', 'Moose::Meta::Class=HASH(0x55e064c39cc0)') called at /home/sand/src/perl/repoperls/installed-perls/host/k93zesty/v5.24.3-RC1/e2d0/lib/site_perl/5.24.3/x86_64-linux/Moose/Meta/Role/Application/ToClass.pm line 31
Moose::Meta::Role::Application::ToClass::apply('Moose::Meta::Role::Application::ToClass=HASH(0x55e065c59d98)', 'Moose::Meta::Role=HASH(0x55e065cf7ae8)', 'Moose::Meta::Class=HASH(0x55e064c39cc0)', 'HASH(0x55e064a42a40)') called at /home/sand/src/perl/repoperls/installed-perls/host/k93zesty/v5.24.3-RC1/e2d0/lib/site_perl/5.24.3/x86_64-linux/Moose/Meta/Role.pm line 472
Moose::Meta::Role::apply('Moose::Meta::Role=HASH(0x55e065cf7ae8)', 'Moose::Meta::Class=HASH(0x55e064c39cc0)') called at /home/sand/src/perl/repoperls/installed-perls/host/k93zesty/v5.24.3-RC1/e2d0/lib/site_perl/5.24.3/x86_64-linux/Moose/Util.pm line 172
Moose::Util::_apply_all_roles('Moose::Meta::Class=HASH(0x55e064c39cc0)', undef, 'DBIx::Class::Graph::Role::ResultSet') called at /home/sand/src/perl/repoperls/installed-perls/host/k93zesty/v5.24.3-RC1/e2d0/lib/site_perl/5.24.3/x86_64-linux/Moose/Util.pm line 114
Moose::Util::apply_all_roles('Moose::Meta::Class=HASH(0x55e064c39cc0)', 'DBIx::Class::Graph::Role::ResultSet') called at /home/sand/src/perl/repoperls/installed-perls/host/k93zesty/v5.24.3-RC1/e2d0/lib/site_perl/5.24.3/x86_64-linux/Moose.pm line 57
Moose::with('Moose::Meta::Class=HASH(0x55e064c39cc0)', 'DBIx::Class::Graph::Role::ResultSet') called at /home/sand/src/perl/repoperls/installed-perls/host/k93zesty/v5.24.3-RC1/e2d0/lib/site_perl/5.24.3/x86_64-linux/Moose/Exporter.pm line 419
Moose::with('DBIx::Class::Graph::Role::ResultSet') called at lib/DBIx/Class/ResultSet/Graph.pm line 19
require DBIx/Class/ResultSet/Graph.pm at -e line 1
Compilation failed in require at -e line 1.
# Failed test 'DBIx::Class::ResultSet::Graph loaded ok'
# at t/00-compile.t line 71.
# ''
# doesn't match '(?^s:^\s*DBIx::Class::ResultSet::Graph ok)'
# Looks like you failed 1 test of 5.
t/00-compile.t ................
Dubious, test returned 1 (wstat 256, 0x100)
Failed 1/5 subtests
#
#
# perl: v5.24.3 (wanted any version) on linux from /tmp/basesmoker-reloperl-8cVK/bin/perl
#
# Class::C3 => 0.33 (want any version)
# DBIx::Class => 0.082840 (want any version)
# DBIx::Class::ResultSet => <undef> (want any version)
# DBIx::Class::Schema => <undef> (want any version)
# File::Find => 1.34 (want any version)
# File::Temp => 0.2304 (want any version)
# Graph => 0.9704 (want 0.94)
# List::MoreUtils => 0.425 (want any version)
# Module::Build => 0.4224 (want 0.3601)
# Moose => 2.2006 (want any version)
# Moose::Role => 2.2006 (want any version)
# Scalar::Util => 1.49 (want any version)
# Test::Memory::Cycle => 1.06 (want any version)
# Test::More => 1.302096 (want 0.88)
# base => 2.2301 (want any version)
# strict => 1.11 (want any version)
# warnings => 1.36 (want any version)
#
# Thanks for using my code. I hope it works for you.
# If not, please try and include this output in the bug report.
# That will help me reproduce the issue and solve you problem.
#
t/000-report-versions-tiny.t .. ok
{UNKNOWN}: Could not generate inline handles for _graph->("" because : Failed to compile source: syntax error at (eval 761) line 21, near """( "
source:
#line 1 "inline delegation in DBIx::Class::ResultSet::Graph for _graph->("" (attribute declared in /tmp/loop_over_bdir-2652-46HelM/DBIx-Class-Graph-1.05-0/blib/lib/DBIx/Class/Graph/Role/ResultSet.pm at line 22)"
sub {
my $self = shift;
my $proxy = $self->_graph;
if ( !defined $proxy ) {
die Module::Runtime::use_module("Moose::Exception::AttributeValueIsNotDefined")->new(method => $self->meta->find_method_by_name("(\"\""),
instance => $self,
attribute => $self->meta->find_attribute_by_name("_graph"),
);
}
elsif ( ref $proxy && !Scalar::Util::blessed($proxy) ) {
die Module::Runtime::use_module("Moose::Exception::AttributeValueIsNotAnObject")->new(method => $self->meta->find_method_by_name("(\"\""),
instance => $self,
attribute => $self->meta->find_attribute_by_name("_graph"),
given_value => $proxy,
);
}
return $proxy->(""( @_ );
}
at /home/sand/src/perl/repoperls/installed-perls/host/k93zesty/v5.24.3-RC1/e2d0/lib/site_perl/5.24.3/x86_64-linux/Class/MOP/Method/Generated.pm line 56.
at /home/sand/src/perl/repoperls/installed-perls/host/k93zesty/v5.24.3-RC1/e2d0/lib/site_perl/5.24.3/x86_64-linux/Moose/Meta/Method/Delegation.pm line 154
Moose::Meta::Method::Delegation::catch {...} ('Failed to compile source: syntax error at (eval 761) line 21, near """( "^J^J^Jsource:^J#line 1 "inline delegation in DBIx::Class::ResultSet::Graph for _graph->("" (attribute declared in /tmp/loop_over_bdir-2652-46HelM/DBIx-Class-Graph-1.05-0/blib/lib/DBIx/Class/Graph/Role/ResultSet.pm at line 22)"^Jsub {^J my $self = shift;^J^J my $proxy = $self->_graph;^J if ( !defined $proxy ) {^J die Module::Runtime::use_module("Moose::Exception::AttributeValueIsNotDefined")->new(method => $self->meta->find_method_by_name("(\"\""),^Jinstance => $self,^Jattribute => $self->meta->find_attribute_by_name("_graph"),^J);^J }^J elsif ( ref $proxy && !Scalar::Util::blessed($proxy) ) {^J die Module::Runtime::use_module("Moose::Exception::AttributeValueIsNotAnObject")->new(method => $self->meta->find_method_by_name("(\"\""),^Jinstance => $self,^Jattribute => $self->meta->find_attribute_by_name("_graph"),^Jgiven_value => $proxy,^J);^J }^J return $proxy->(""( @_ );^J}^J at /home/sand/src/perl/repoperls/installed-perls/host/k93zesty/v5.24.3-RC1/e2d0/lib/site_perl/5.24.3/x86_64-linux/Class/MOP/Method/Generated.pm line 56.^J') called at /home/sand/src/perl/repoperls/installed-perls/host/k93zesty/v5.24.3-RC1/e2d0/lib/site_perl/5.24.3/Try/Tiny.pm line 124
Try::Tiny::try('CODE(0x5635fb6f8030)', 'Try::Tiny::Catch=REF(0x5635fb68c8d0)') called at /home/sand/src/perl/repoperls/installed-perls/host/k93zesty/v5.24.3-RC1/e2d0/lib/site_perl/5.24.3/x86_64-linux/Moose/Meta/Method/Delegation.pm line 160
Moose::Meta::Method::Delegation::_generate_inline_method('Moose::Meta::Method::Delegation=HASH(0x5635f8eb3680)') called at /home/sand/src/perl/repoperls/installed-perls/host/k93zesty/v5.24.3-RC1/e2d0/lib/site_perl/5.24.3/x86_64-linux/Moose/Meta/Method/Delegation.pm line 82
Moose::Meta::Method::Delegation::_initialize_body('Moose::Meta::Method::Delegation=HASH(0x5635f8eb3680)') called at /home/sand/src/perl/repoperls/installed-perls/host/k93zesty/v5.24.3-RC1/e2d0/lib/site_perl/5.24.3/x86_64-linux/Moose/Meta/Method/Delegation.pm line 54
Moose::Meta::Method::Delegation::new('Moose::Meta::Method::Delegation', 'name', '(""', 'package_name', 'DBIx::Class::ResultSet::Graph', 'attribute', 'Moose::Meta::Attribute=HASH(0x5635fab70a70)', 'delegate_to_method', '(""', 'curried_arguments', 'ARRAY(0x5635f919c6f0)') called at /home/sand/src/perl/repoperls/installed-perls/host/k93zesty/v5.24.3-RC1/e2d0/lib/site_perl/5.24.3/x86_64-linux/Moose/Meta/Attribute.pm line 1301
Moose::Meta::Attribute::_make_delegation_method('Moose::Meta::Attribute=HASH(0x5635fab70a70)', '(""', '(""') called at /home/sand/src/perl/repoperls/installed-perls/host/k93zesty/v5.24.3-RC1/e2d0/lib/site_perl/5.24.3/x86_64-linux/Moose/Meta/Attribute.pm line 1168
Moose::Meta::Attribute::install_delegation('Moose::Meta::Attribute=HASH(0x5635fab70a70)') called at /home/sand/src/perl/repoperls/installed-perls/host/k93zesty/v5.24.3-RC1/e2d0/lib/site_perl/5.24.3/x86_64-linux/Moose/Meta/Attribute.pm line 1017
Moose::Meta::Attribute::install_accessors('Moose::Meta::Attribute=HASH(0x5635fab70a70)') called at /home/sand/src/perl/repoperls/installed-perls/host/k93zesty/v5.24.3-RC1/e2d0/lib/site_perl/5.24.3/x86_64-linux/Class/MOP/Class.pm line 899
Class::MOP::Class::try {...} at /home/sand/src/perl/repoperls/installed-perls/host/k93zesty/v5.24.3-RC1/e2d0/lib/site_perl/5.24.3/Try/Tiny.pm line 103
eval {...} at /home/sand/src/perl/repoperls/installed-perls/host/k93zesty/v5.24.3-RC1/e2d0/lib/site_perl/5.24.3/Try/Tiny.pm line 94
Try::Tiny::try('CODE(0x5635fb5a2a88)', 'Try::Tiny::Catch=REF(0x5635fab70410)') called at /home/sand/src/perl/repoperls/installed-perls/host/k93zesty/v5.24.3-RC1/e2d0/lib/site_perl/5.24.3/x86_64-linux/Class/MOP/Class.pm line 904
Class::MOP::Class::_post_add_attribute('Moose::Meta::Class=HASH(0x5635fab4b608)', 'Moose::Meta::Attribute=HASH(0x5635fab70a70)') called at /home/sand/src/perl/repoperls/installed-perls/host/k93zesty/v5.24.3-RC1/e2d0/lib/site_perl/5.24.3/x86_64-linux/Class/MOP/Mixin/HasAttributes.pm line 39
Class::MOP::Mixin::HasAttributes::add_attribute('Moose::Meta::Class=HASH(0x5635fab4b608)', 'Moose::Meta::Attribute=HASH(0x5635fab70a70)') called at /home/sand/src/perl/repoperls/installed-perls/host/k93zesty/v5.24.3-RC1/e2d0/lib/site_perl/5.24.3/x86_64-linux/Moose/Meta/Class.pm line 585
Moose::Meta::Class::add_attribute('Moose::Meta::Class=HASH(0x5635fab4b608)', 'Moose::Meta::Attribute=HASH(0x5635fab70a70)') called at /home/sand/src/perl/repoperls/installed-perls/host/k93zesty/v5.24.3-RC1/e2d0/lib/site_perl/5.24.3/x86_64-linux/Moose/Meta/Role/Application/ToClass.pm line 126
Moose::Meta::Role::Application::ToClass::apply_attributes('Moose::Meta::Role::Application::ToClass=HASH(0x5635fab0b010)', 'Moose::Meta::Role=HASH(0x5635fb55ec78)', 'Moose::Meta::Class=HASH(0x5635fab4b608)') called at /home/sand/src/perl/repoperls/installed-perls/host/k93zesty/v5.24.3-RC1/e2d0/lib/site_perl/5.24.3/x86_64-linux/Moose/Meta/Role/Application.pm line 59
Moose::Meta::Role::Application::apply('Moose::Meta::Role::Application::ToClass=HASH(0x5635fab0b010)', 'Moose::Meta::Role=HASH(0x5635fb55ec78)', 'Moose::Meta::Class=HASH(0x5635fab4b608)') called at /home/sand/src/perl/repoperls/installed-perls/host/k93zesty/v5.24.3-RC1/e2d0/lib/site_perl/5.24.3/x86_64-linux/Moose/Meta/Role/Application/ToClass.pm line 31
Moose::Meta::Role::Application::ToClass::apply('Moose::Meta::Role::Application::ToClass=HASH(0x5635fab0b010)', 'Moose::Meta::Role=HASH(0x5635fb55ec78)', 'Moose::Meta::Class=HASH(0x5635fab4b608)', 'HASH(0x5635f94b4808)') called at /home/sand/src/perl/repoperls/installed-perls/host/k93zesty/v5.24.3-RC1/e2d0/lib/site_perl/5.24.3/x86_64-linux/Moose/Meta/Role.pm line 472
Moose::Meta::Role::apply('Moose::Meta::Role=HASH(0x5635fb55ec78)', 'Moose::Meta::Class=HASH(0x5635fab4b608)') called at /home/sand/src/perl/repoperls/installed-perls/host/k93zesty/v5.24.3-RC1/e2d0/lib/site_perl/5.24.3/x86_64-linux/Moose/Util.pm line 172
Moose::Util::_apply_all_roles('Moose::Meta::Class=HASH(0x5635fab4b608)', undef, 'DBIx::Class::Graph::Role::ResultSet') called at /home/sand/src/perl/repoperls/installed-perls/host/k93zesty/v5.24.3-RC1/e2d0/lib/site_perl/5.24.3/x86_64-linux/Moose/Util.pm line 114
Moose::Util::apply_all_roles('Moose::Meta::Class=HASH(0x5635fab4b608)', 'DBIx::Class::Graph::Role::ResultSet') called at /home/sand/src/perl/repoperls/installed-perls/host/k93zesty/v5.24.3-RC1/e2d0/lib/site_perl/5.24.3/x86_64-linux/Moose.pm line 57
Moose::with('Moose::Meta::Class=HASH(0x5635fab4b608)', 'DBIx::Class::Graph::Role::ResultSet') called at /home/sand/src/perl/repoperls/installed-perls/host/k93zesty/v5.24.3-RC1/e2d0/lib/site_perl/5.24.3/x86_64-linux/Moose/Exporter.pm line 419
Moose::with('DBIx::Class::Graph::Role::ResultSet') called at /tmp/loop_over_bdir-2652-46HelM/DBIx-Class-Graph-1.05-0/blib/lib/DBIx/Class/ResultSet/Graph.pm line 19
require DBIx/Class/ResultSet/Graph.pm at /home/sand/src/perl/repoperls/installed-perls/host/k93zesty/v5.24.3-RC1/e2d0/lib/site_perl/5.24.3/Class/C3/Componentised.pm line 150
eval {...} at /home/sand/src/perl/repoperls/installed-perls/host/k93zesty/v5.24.3-RC1/e2d0/lib/site_perl/5.24.3/Class/C3/Componentised.pm line 150
Class::C3::Componentised::ensure_class_loaded('DBIx::Class::ResultSource::Table=HASH(0x5635f7dd69f8)', 'DBIx::Class::ResultSet::Graph') called at /home/sand/src/perl/repoperls/installed-perls/host/k93zesty/v5.24.3-RC1/e2d0/lib/site_perl/5.24.3/DBIx/Class/AccessorGroup.pm line 19
DBIx::Class::AccessorGroup::get_component_class('DBIx::Class::ResultSource::Table=HASH(0x5635f7dd69f8)', 'resultset_class') called at (eval 195) line 2
DBIx::Class::ResultSource::resultset_class('DBIx::Class::ResultSource::Table=HASH(0x5635f7dd69f8)') called at /home/sand/src/perl/repoperls/installed-perls/host/k93zesty/v5.24.3-RC1/e2d0/lib/site_perl/5.24.3/DBIx/Class/ResultSource.pm line 1135
DBIx::Class::ResultSource::resultset('DBIx::Class::ResultSource::Table=HASH(0x5635f7dd69f8)') called at /home/sand/src/perl/repoperls/installed-perls/host/k93zesty/v5.24.3-RC1/e2d0/lib/site_perl/5.24.3/DBIx/Class/Schema.pm line 547
DBIx::Class::Schema::resultset('TestLib::Schema=HASH(0x5635f7dcd568)', 'Simple') called at /home/sand/src/perl/repoperls/installed-perls/host/k93zesty/v5.24.3-RC1/e2d0/lib/site_perl/5.24.3/DBIx/Class/Schema.pm line 769
DBIx::Class::Schema::populate('TestLib::Schema=HASH(0x5635f7dcd568)', 'Simple', 'ARRAY(0x5635faa38d18)') called at t/lib/TestLib.pm line 20
TestLib::new('TestLib') called at t/complex.t line 7
Compilation failed in require at /home/sand/src/perl/repoperls/installed-perls/host/k93zesty/v5.24.3-RC1/e2d0/lib/site_perl/5.24.3/Class/C3/Componentised.pm line 150. at /home/sand/src/perl/repoperls/installed-perls/host/k93zesty/v5.24.3-RC1/e2d0/lib/site_perl/5.24.3/Class/C3/Componentised.pm line 155
t/complex.t ...................
Dubious, test returned 255 (wstat 65280, 0xff00)
No subtests run
{UNKNOWN}: Could not generate inline handles for _graph->("" because : Failed to compile source: syntax error at (eval 761) line 21, near """( "
source:
#line 1 "inline delegation in DBIx::Class::ResultSet::Graph for _graph->("" (attribute declared in /tmp/loop_over_bdir-2652-46HelM/DBIx-Class-Graph-1.05-0/blib/lib/DBIx/Class/Graph/Role/ResultSet.pm at line 22)"
sub {
my $self = shift;
my $proxy = $self->_graph;
if ( !defined $proxy ) {
die Module::Runtime::use_module("Moose::Exception::AttributeValueIsNotDefined")->new(method => $self->meta->find_method_by_name("(\"\""),
instance => $self,
attribute => $self->meta->find_attribute_by_name("_graph"),
);
}
elsif ( ref $proxy && !Scalar::Util::blessed($proxy) ) {
die Module::Runtime::use_module("Moose::Exception::AttributeValueIsNotAnObject")->new(method => $self->meta->find_method_by_name("(\"\""),
instance => $self,
attribute => $self->meta->find_attribute_by_name("_graph"),
given_value => $proxy,
);
}
return $proxy->(""( @_ );
}
at /home/sand/src/perl/repoperls/installed-perls/host/k93zesty/v5.24.3-RC1/e2d0/lib/site_perl/5.24.3/x86_64-linux/Class/MOP/Method/Generated.pm line 56.
at /home/sand/src/perl/repoperls/installed-perls/host/k93zesty/v5.24.3-RC1/e2d0/lib/site_perl/5.24.3/x86_64-linux/Moose/Meta/Method/Delegation.pm line 154
Moose::Meta::Method::Delegation::catch {...} ('Failed to compile source: syntax error at (eval 761) line 21, near """( "^J^J^Jsource:^J#line 1 "inline delegation in DBIx::Class::ResultSet::Graph for _graph->("" (attribute declared in /tmp/loop_over_bdir-2652-46HelM/DBIx-Class-Graph-1.05-0/blib/lib/DBIx/Class/Graph/Role/ResultSet.pm at line 22)"^Jsub {^J my $self = shift;^J^J my $proxy = $self->_graph;^J if ( !defined $proxy ) {^J die Module::Runtime::use_module("Moose::Exception::AttributeValueIsNotDefined")->new(method => $self->meta->find_method_by_name("(\"\""),^Jinstance => $self,^Jattribute => $self->meta->find_attribute_by_name("_graph"),^J);^J }^J elsif ( ref $proxy && !Scalar::Util::blessed($proxy) ) {^J die Module::Runtime::use_module("Moose::Exception::AttributeValueIsNotAnObject")->new(method => $self->meta->find_method_by_name("(\"\""),^Jinstance => $self,^Jattribute => $self->meta->find_attribute_by_name("_graph"),^Jgiven_value => $proxy,^J);^J }^J return $proxy->(""( @_ );^J}^J at /home/sand/src/perl/repoperls/installed-perls/host/k93zesty/v5.24.3-RC1/e2d0/lib/site_perl/5.24.3/x86_64-linux/Class/MOP/Method/Generated.pm line 56.^J') called at /home/sand/src/perl/repoperls/installed-perls/host/k93zesty/v5.24.3-RC1/e2d0/lib/site_perl/5.24.3/Try/Tiny.pm line 124
Try::Tiny::try('CODE(0x56246ef594b0)', 'Try::Tiny::Catch=REF(0x56246ee042d0)') called at /home/sand/src/perl/repoperls/installed-perls/host/k93zesty/v5.24.3-RC1/e2d0/lib/site_perl/5.24.3/x86_64-linux/Moose/Meta/Method/Delegation.pm line 160
Moose::Meta::Method::Delegation::_generate_inline_method('Moose::Meta::Method::Delegation=HASH(0x56246c717a80)') called at /home/sand/src/perl/repoperls/installed-perls/host/k93zesty/v5.24.3-RC1/e2d0/lib/site_perl/5.24.3/x86_64-linux/Moose/Meta/Method/Delegation.pm line 82
Moose::Meta::Method::Delegation::_initialize_body('Moose::Meta::Method::Delegation=HASH(0x56246c717a80)') called at /home/sand/src/perl/repoperls/installed-perls/host/k93zesty/v5.24.3-RC1/e2d0/lib/site_perl/5.24.3/x86_64-linux/Moose/Meta/Method/Delegation.pm line 54
Moose::Meta::Method::Delegation::new('Moose::Meta::Method::Delegation', 'name', '(""', 'package_name', 'DBIx::Class::ResultSet::Graph', 'attribute', 'Moose::Meta::Attribute=HASH(0x56246e985020)', 'delegate_to_method', '(""', 'curried_arguments', 'ARRAY(0x56246ca10568)') called at /home/sand/src/perl/repoperls/installed-perls/host/k93zesty/v5.24.3-RC1/e2d0/lib/site_perl/5.24.3/x86_64-linux/Moose/Meta/Attribute.pm line 1301
Moose::Meta::Attribute::_make_delegation_method('Moose::Meta::Attribute=HASH(0x56246e985020)', '(""', '(""') called at /home/sand/src/perl/repoperls/installed-perls/host/k93zesty/v5.24.3-RC1/e2d0/lib/site_perl/5.24.3/x86_64-linux/Moose/Meta/Attribute.pm line 1168
Moose::Meta::Attribute::install_delegation('Moose::Meta::Attribute=HASH(0x56246e985020)') called at /home/sand/src/perl/repoperls/installed-perls/host/k93zesty/v5.24.3-RC1/e2d0/lib/site_perl/5.24.3/x86_64-linux/Moose/Meta/Attribute.pm line 1017
Moose::Meta::Attribute::install_accessors('Moose::Meta::Attribute=HASH(0x56246e985020)') called at /home/sand/src/perl/repoperls/installed-perls/host/k93zesty/v5.24.3-RC1/e2d0/lib/site_perl/5.24.3/x86_64-linux/Class/MOP/Class.pm line 899
Class::MOP::Class::try {...} at /home/sand/src/perl/repoperls/installed-perls/host/k93zesty/v5.24.3-RC1/e2d0/lib/site_perl/5.24.3/Try/Tiny.pm line 103
eval {...} at /home/sand/src/perl/repoperls/installed-perls/host/k93zesty/v5.24.3-RC1/e2d0/lib/site_perl/5.24.3/Try/Tiny.pm line 94
Try::Tiny::try('CODE(0x56246ee07ec8)', 'Try::Tiny::Catch=REF(0x56246e9849c0)') called at /home/sand/src/perl/repoperls/installed-perls/host/k93zesty/v5.24.3-RC1/e2d0/lib/site_perl/5.24.3/x86_64-linux/Class/MOP/Class.pm line 904
Class::MOP::Class::_post_add_attribute('Moose::Meta::Class=HASH(0x56246e349238)', 'Moose::Meta::Attribute=HASH(0x56246e985020)') called at /home/sand/src/perl/repoperls/installed-perls/host/k93zesty/v5.24.3-RC1/e2d0/lib/site_perl/5.24.3/x86_64-linux/Class/MOP/Mixin/HasAttributes.pm line 39
Class::MOP::Mixin::HasAttributes::add_attribute('Moose::Meta::Class=HASH(0x56246e349238)', 'Moose::Meta::Attribute=HASH(0x56246e985020)') called at /home/sand/src/perl/repoperls/installed-perls/host/k93zesty/v5.24.3-RC1/e2d0/lib/site_perl/5.24.3/x86_64-linux/Moose/Meta/Class.pm line 585
Moose::Meta::Class::add_attribute('Moose::Meta::Class=HASH(0x56246e349238)', 'Moose::Meta::Attribute=HASH(0x56246e985020)') called at /home/sand/src/perl/repoperls/installed-perls/host/k93zesty/v5.24.3-RC1/e2d0/lib/site_perl/5.24.3/x86_64-linux/Moose/Meta/Role/Application/ToClass.pm line 126
Moose::Meta::Role::Application::ToClass::apply_attributes('Moose::Meta::Role::Application::ToClass=HASH(0x56246e3456f8)', 'Moose::Meta::Role=HASH(0x56246edc0098)', 'Moose::Meta::Class=HASH(0x56246e349238)') called at /home/sand/src/perl/repoperls/installed-perls/host/k93zesty/v5.24.3-RC1/e2d0/lib/site_perl/5.24.3/x86_64-linux/Moose/Meta/Role/Application.pm line 59
Moose::Meta::Role::Application::apply('Moose::Meta::Role::Application::ToClass=HASH(0x56246e3456f8)', 'Moose::Meta::Role=HASH(0x56246edc0098)', 'Moose::Meta::Class=HASH(0x56246e349238)') called at /home/sand/src/perl/repoperls/installed-perls/host/k93zesty/v5.24.3-RC1/e2d0/lib/site_perl/5.24.3/x86_64-linux/Moose/Meta/Role/Application/ToClass.pm line 31
Moose::Meta::Role::Application::ToClass::apply('Moose::Meta::Role::Application::ToClass=HASH(0x56246e3456f8)', 'Moose::Meta::Role=HASH(0x56246edc0098)', 'Moose::Meta::Class=HASH(0x56246e349238)', 'HASH(0x56246cd1dc98)') called at /home/sand/src/perl/repoperls/installed-perls/host/k93zesty/v5.24.3-RC1/e2d0/lib/site_perl/5.24.3/x86_64-linux/Moose/Meta/Role.pm line 472
Moose::Meta::Role::apply('Moose::Meta::Role=HASH(0x56246edc0098)', 'Moose::Meta::Class=HASH(0x56246e349238)') called at /home/sand/src/perl/repoperls/installed-perls/host/k93zesty/v5.24.3-RC1/e2d0/lib/site_perl/5.24.3/x86_64-linux/Moose/Util.pm line 172
Moose::Util::_apply_all_roles('Moose::Meta::Class=HASH(0x56246e349238)', undef, 'DBIx::Class::Graph::Role::ResultSet') called at /home/sand/src/perl/repoperls/installed-perls/host/k93zesty/v5.24.3-RC1/e2d0/lib/site_perl/5.24.3/x86_64-linux/Moose/Util.pm line 114
Moose::Util::apply_all_roles('Moose::Meta::Class=HASH(0x56246e349238)', 'DBIx::Class::Graph::Role::ResultSet') called at /home/sand/src/perl/repoperls/installed-perls/host/k93zesty/v5.24.3-RC1/e2d0/lib/site_perl/5.24.3/x86_64-linux/Moose.pm line 57
Moose::with('Moose::Meta::Class=HASH(0x56246e349238)', 'DBIx::Class::Graph::Role::ResultSet') called at /home/sand/src/perl/repoperls/installed-perls/host/k93zesty/v5.24.3-RC1/e2d0/lib/site_perl/5.24.3/x86_64-linux/Moose/Exporter.pm line 419
Moose::with('DBIx::Class::Graph::Role::ResultSet') called at /tmp/loop_over_bdir-2652-46HelM/DBIx-Class-Graph-1.05-0/blib/lib/DBIx/Class/ResultSet/Graph.pm line 19
require DBIx/Class/ResultSet/Graph.pm at /home/sand/src/perl/repoperls/installed-perls/host/k93zesty/v5.24.3-RC1/e2d0/lib/site_perl/5.24.3/Class/C3/Componentised.pm line 150
eval {...} at /home/sand/src/perl/repoperls/installed-perls/host/k93zesty/v5.24.3-RC1/e2d0/lib/site_perl/5.24.3/Class/C3/Componentised.pm line 150
Class::C3::Componentised::ensure_class_loaded('DBIx::Class::ResultSource::Table=HASH(0x56246b6017a0)', 'DBIx::Class::ResultSet::Graph') called at /home/sand/src/perl/repoperls/installed-perls/host/k93zesty/v5.24.3-RC1/e2d0/lib/site_perl/5.24.3/DBIx/Class/AccessorGroup.pm line 19
DBIx::Class::AccessorGroup::get_component_class('DBIx::Class::ResultSource::Table=HASH(0x56246b6017a0)', 'resultset_class') called at (eval 195) line 2
DBIx::Class::ResultSource::resultset_class('DBIx::Class::ResultSource::Table=HASH(0x56246b6017a0)') called at /home/sand/src/perl/repoperls/installed-perls/host/k93zesty/v5.24.3-RC1/e2d0/lib/site_perl/5.24.3/DBIx/Class/ResultSource.pm line 1135
DBIx::Class::ResultSource::resultset('DBIx::Class::ResultSource::Table=HASH(0x56246b6017a0)') called at /home/sand/src/perl/repoperls/installed-perls/host/k93zesty/v5.24.3-RC1/e2d0/lib/site_perl/5.24.3/DBIx/Class/Schema.pm line 547
DBIx::Class::Schema::resultset('TestLib::Schema=HASH(0x56246b5f8568)', 'Simple') called at /home/sand/src/perl/repoperls/installed-perls/host/k93zesty/v5.24.3-RC1/e2d0/lib/site_perl/5.24.3/DBIx/Class/Schema.pm line 769
DBIx::Class::Schema::populate('TestLib::Schema=HASH(0x56246b5f8568)', 'Simple', 'ARRAY(0x56246d386880)') called at t/lib/TestLib.pm line 20
TestLib::new('TestLib') called at t/leak.t line 8
Compilation failed in require at /home/sand/src/perl/repoperls/installed-perls/host/k93zesty/v5.24.3-RC1/e2d0/lib/site_perl/5.24.3/Class/C3/Componentised.pm line 150. at /home/sand/src/perl/repoperls/installed-perls/host/k93zesty/v5.24.3-RC1/e2d0/lib/site_perl/5.24.3/Class/C3/Componentised.pm line 155
t/leak.t ......................
Dubious, test returned 255 (wstat 65280, 0xff00)
No subtests run
t/release-has-version.t ....... skipped: these tests are for release candidate testing
t/release-kwalitee.t .......... skipped: these tests are for release candidate testing
t/release-minimum-version.t ... skipped: these tests are for release candidate testing
t/release-pod-coverage.t ...... skipped: these tests are for release candidate testing
t/release-pod-syntax.t ........ skipped: these tests are for release candidate testing
{UNKNOWN}: Could not generate inline handles for _graph->("" because : Failed to compile source: syntax error at (eval 760) line 21, near """( "
source:
#line 1 "inline delegation in DBIx::Class::ResultSet::Graph for _graph->("" (attribute declared in /tmp/loop_over_bdir-2652-46HelM/DBIx-Class-Graph-1.05-0/blib/lib/DBIx/Class/Graph/Role/ResultSet.pm at line 22)"
sub {
my $self = shift;
my $proxy = $self->_graph;
if ( !defined $proxy ) {
die Module::Runtime::use_module("Moose::Exception::AttributeValueIsNotDefined")->new(method => $self->meta->find_method_by_name("(\"\""),
instance => $self,
attribute => $self->meta->find_attribute_by_name("_graph"),
);
}
elsif ( ref $proxy && !Scalar::Util::blessed($proxy) ) {
die Module::Runtime::use_module("Moose::Exception::AttributeValueIsNotAnObject")->new(method => $self->meta->find_method_by_name("(\"\""),
instance => $self,
attribute => $self->meta->find_attribute_by_name("_graph"),
given_value => $proxy,
);
}
return $proxy->(""( @_ );
}
at /home/sand/src/perl/repoperls/installed-perls/host/k93zesty/v5.24.3-RC1/e2d0/lib/site_perl/5.24.3/x86_64-linux/Class/MOP/Method/Generated.pm line 56.
at /home/sand/src/perl/repoperls/installed-perls/host/k93zesty/v5.24.3-RC1/e2d0/lib/site_perl/5.24.3/x86_64-linux/Moose/Meta/Method/Delegation.pm line 154
Moose::Meta::Method::Delegation::catch {...} ('Failed to compile source: syntax error at (eval 760) line 21, near """( "^J^J^Jsource:^J#line 1 "inline delegation in DBIx::Class::ResultSet::Graph for _graph->("" (attribute declared in /tmp/loop_over_bdir-2652-46HelM/DBIx-Class-Graph-1.05-0/blib/lib/DBIx/Class/Graph/Role/ResultSet.pm at line 22)"^Jsub {^J my $self = shift;^J^J my $proxy = $self->_graph;^J if ( !defined $proxy ) {^J die Module::Runtime::use_module("Moose::Exception::AttributeValueIsNotDefined")->new(method => $self->meta->find_method_by_name("(\"\""),^Jinstance => $self,^Jattribute => $self->meta->find_attribute_by_name("_graph"),^J);^J }^J elsif ( ref $proxy && !Scalar::Util::blessed($proxy) ) {^J die Module::Runtime::use_module("Moose::Exception::AttributeValueIsNotAnObject")->new(method => $self->meta->find_method_by_name("(\"\""),^Jinstance => $self,^Jattribute => $self->meta->find_attribute_by_name("_graph"),^Jgiven_value => $proxy,^J);^J }^J return $proxy->(""( @_ );^J}^J at /home/sand/src/perl/repoperls/installed-perls/host/k93zesty/v5.24.3-RC1/e2d0/lib/site_perl/5.24.3/x86_64-linux/Class/MOP/Method/Generated.pm line 56.^J') called at /home/sand/src/perl/repoperls/installed-perls/host/k93zesty/v5.24.3-RC1/e2d0/lib/site_perl/5.24.3/Try/Tiny.pm line 124
Try::Tiny::try('CODE(0x563e2c4600c8)', 'Try::Tiny::Catch=REF(0x563e2c30f748)') called at /home/sand/src/perl/repoperls/installed-perls/host/k93zesty/v5.24.3-RC1/e2d0/lib/site_perl/5.24.3/x86_64-linux/Moose/Meta/Method/Delegation.pm line 160
Moose::Meta::Method::Delegation::_generate_inline_method('Moose::Meta::Method::Delegation=HASH(0x563e29c26360)') called at /home/sand/src/perl/repoperls/installed-perls/host/k93zesty/v5.24.3-RC1/e2d0/lib/site_perl/5.24.3/x86_64-linux/Moose/Meta/Method/Delegation.pm line 82
Moose::Meta::Method::Delegation::_initialize_body('Moose::Meta::Method::Delegation=HASH(0x563e29c26360)') called at /home/sand/src/perl/repoperls/installed-perls/host/k93zesty/v5.24.3-RC1/e2d0/lib/site_perl/5.24.3/x86_64-linux/Moose/Meta/Method/Delegation.pm line 54
Moose::Meta::Method::Delegation::new('Moose::Meta::Method::Delegation', 'name', '(""', 'package_name', 'DBIx::Class::ResultSet::Graph', 'attribute', 'Moose::Meta::Attribute=HASH(0x563e2c30eae8)', 'delegate_to_method', '(""', 'curried_arguments', 'ARRAY(0x563e29f0f410)') called at /home/sand/src/perl/repoperls/installed-perls/host/k93zesty/v5.24.3-RC1/e2d0/lib/site_perl/5.24.3/x86_64-linux/Moose/Meta/Attribute.pm line 1301
Moose::Meta::Attribute::_make_delegation_method('Moose::Meta::Attribute=HASH(0x563e2c30eae8)', '(""', '(""') called at /home/sand/src/perl/repoperls/installed-perls/host/k93zesty/v5.24.3-RC1/e2d0/lib/site_perl/5.24.3/x86_64-linux/Moose/Meta/Attribute.pm line 1168
Moose::Meta::Attribute::install_delegation('Moose::Meta::Attribute=HASH(0x563e2c30eae8)') called at /home/sand/src/perl/repoperls/installed-perls/host/k93zesty/v5.24.3-RC1/e2d0/lib/site_perl/5.24.3/x86_64-linux/Moose/Meta/Attribute.pm line 1017
Moose::Meta::Attribute::install_accessors('Moose::Meta::Attribute=HASH(0x563e2c30eae8)') called at /home/sand/src/perl/repoperls/installed-perls/host/k93zesty/v5.24.3-RC1/e2d0/lib/site_perl/5.24.3/x86_64-linux/Class/MOP/Class.pm line 899
Class::MOP::Class::try {...} at /home/sand/src/perl/repoperls/installed-perls/host/k93zesty/v5.24.3-RC1/e2d0/lib/site_perl/5.24.3/Try/Tiny.pm line 103
eval {...} at /home/sand/src/perl/repoperls/installed-perls/host/k93zesty/v5.24.3-RC1/e2d0/lib/site_perl/5.24.3/Try/Tiny.pm line 94
Try::Tiny::try('CODE(0x563e2c0f8e20)', 'Try::Tiny::Catch=REF(0x563e2b89e888)') called at /home/sand/src/perl/repoperls/installed-perls/host/k93zesty/v5.24.3-RC1/e2d0/lib/site_perl/5.24.3/x86_64-linux/Class/MOP/Class.pm line 904
Class::MOP::Class::_post_add_attribute('Moose::Meta::Class=HASH(0x563e2b84ea50)', 'Moose::Meta::Attribute=HASH(0x563e2c30eae8)') called at /home/sand/src/perl/repoperls/installed-perls/host/k93zesty/v5.24.3-RC1/e2d0/lib/site_perl/5.24.3/x86_64-linux/Class/MOP/Mixin/HasAttributes.pm line 39
Class::MOP::Mixin::HasAttributes::add_attribute('Moose::Meta::Class=HASH(0x563e2b84ea50)', 'Moose::Meta::Attribute=HASH(0x563e2c30eae8)') called at /home/sand/src/perl/repoperls/installed-perls/host/k93zesty/v5.24.3-RC1/e2d0/lib/site_perl/5.24.3/x86_64-linux/Moose/Meta/Class.pm line 585
Moose::Meta::Class::add_attribute('Moose::Meta::Class=HASH(0x563e2b84ea50)', 'Moose::Meta::Attribute=HASH(0x563e2c30eae8)') called at /home/sand/src/perl/repoperls/installed-perls/host/k93zesty/v5.24.3-RC1/e2d0/lib/site_perl/5.24.3/x86_64-linux/Moose/Meta/Role/Application/ToClass.pm line 126
Moose::Meta::Role::Application::ToClass::apply_attributes('Moose::Meta::Role::Application::ToClass=HASH(0x563e2b84e948)', 'Moose::Meta::Role=HASH(0x563e2c2cb1e8)', 'Moose::Meta::Class=HASH(0x563e2b84ea50)') called at /home/sand/src/perl/repoperls/installed-perls/host/k93zesty/v5.24.3-RC1/e2d0/lib/site_perl/5.24.3/x86_64-linux/Moose/Meta/Role/Application.pm line 59
Moose::Meta::Role::Application::apply('Moose::Meta::Role::Application::ToClass=HASH(0x563e2b84e948)', 'Moose::Meta::Role=HASH(0x563e2c2cb1e8)', 'Moose::Meta::Class=HASH(0x563e2b84ea50)') called at /home/sand/src/perl/repoperls/installed-perls/host/k93zesty/v5.24.3-RC1/e2d0/lib/site_perl/5.24.3/x86_64-linux/Moose/Meta/Role/Application/ToClass.pm line 31
Moose::Meta::Role::Application::ToClass::apply('Moose::Meta::Role::Application::ToClass=HASH(0x563e2b84e948)', 'Moose::Meta::Role=HASH(0x563e2c2cb1e8)', 'Moose::Meta::Class=HASH(0x563e2b84ea50)', 'HASH(0x563e2a2273f0)') called at /home/sand/src/perl/repoperls/installed-perls/host/k93zesty/v5.24.3-RC1/e2d0/lib/site_perl/5.24.3/x86_64-linux/Moose/Meta/Role.pm line 472
Moose::Meta::Role::apply('Moose::Meta::Role=HASH(0x563e2c2cb1e8)', 'Moose::Meta::Class=HASH(0x563e2b84ea50)') called at /home/sand/src/perl/repoperls/installed-perls/host/k93zesty/v5.24.3-RC1/e2d0/lib/site_perl/5.24.3/x86_64-linux/Moose/Util.pm line 172
Moose::Util::_apply_all_roles('Moose::Meta::Class=HASH(0x563e2b84ea50)', undef, 'DBIx::Class::Graph::Role::ResultSet') called at /home/sand/src/perl/repoperls/installed-perls/host/k93zesty/v5.24.3-RC1/e2d0/lib/site_perl/5.24.3/x86_64-linux/Moose/Util.pm line 114
Moose::Util::apply_all_roles('Moose::Meta::Class=HASH(0x563e2b84ea50)', 'DBIx::Class::Graph::Role::ResultSet') called at /home/sand/src/perl/repoperls/installed-perls/host/k93zesty/v5.24.3-RC1/e2d0/lib/site_perl/5.24.3/x86_64-linux/Moose.pm line 57
Moose::with('Moose::Meta::Class=HASH(0x563e2b84ea50)', 'DBIx::Class::Graph::Role::ResultSet') called at /home/sand/src/perl/repoperls/installed-perls/host/k93zesty/v5.24.3-RC1/e2d0/lib/site_perl/5.24.3/x86_64-linux/Moose/Exporter.pm line 419
Moose::with('DBIx::Class::Graph::Role::ResultSet') called at /tmp/loop_over_bdir-2652-46HelM/DBIx-Class-Graph-1.05-0/blib/lib/DBIx/Class/ResultSet/Graph.pm line 19
require DBIx/Class/ResultSet/Graph.pm at /home/sand/src/perl/repoperls/installed-perls/host/k93zesty/v5.24.3-RC1/e2d0/lib/site_perl/5.24.3/Class/C3/Componentised.pm line 150
eval {...} at /home/sand/src/perl/repoperls/installed-perls/host/k93zesty/v5.24.3-RC1/e2d0/lib/site_perl/5.24.3/Class/C3/Componentised.pm line 150
Class::C3::Componentised::ensure_class_loaded('DBIx::Class::ResultSource::Table=HASH(0x563e28b51848)', 'DBIx::Class::ResultSet::Graph') called at /home/sand/src/perl/repoperls/installed-perls/host/k93zesty/v5.24.3-RC1/e2d0/lib/site_perl/5.24.3/DBIx/Class/AccessorGroup.pm line 19
DBIx::Class::AccessorGroup::get_component_class('DBIx::Class::ResultSource::Table=HASH(0x563e28b51848)', 'resultset_class') called at (eval 195) line 2
DBIx::Class::ResultSource::resultset_class('DBIx::Class::ResultSource::Table=HASH(0x563e28b51848)') called at /home/sand/src/perl/repoperls/installed-perls/host/k93zesty/v5.24.3-RC1/e2d0/lib/site_perl/5.24.3/DBIx/Class/ResultSource.pm line 1135
DBIx::Class::ResultSource::resultset('DBIx::Class::ResultSource::Table=HASH(0x563e28b51848)') called at /home/sand/src/perl/repoperls/installed-perls/host/k93zesty/v5.24.3-RC1/e2d0/lib/site_perl/5.24.3/DBIx/Class/Schema.pm line 547
DBIx::Class::Schema::resultset('TestLib::Schema=HASH(0x563e28b40568)', 'Simple') called at /home/sand/src/perl/repoperls/installed-perls/host/k93zesty/v5.24.3-RC1/e2d0/lib/site_perl/5.24.3/DBIx/Class/Schema.pm line 769
DBIx::Class::Schema::populate('TestLib::Schema=HASH(0x563e28b40568)', 'Simple', 'ARRAY(0x563e2b879328)') called at t/lib/TestLib.pm line 20
TestLib::new('TestLib') called at t/result.t line 7
Compilation failed in require at /home/sand/src/perl/repoperls/installed-perls/host/k93zesty/v5.24.3-RC1/e2d0/lib/site_perl/5.24.3/Class/C3/Componentised.pm line 150. at /home/sand/src/perl/repoperls/installed-perls/host/k93zesty/v5.24.3-RC1/e2d0/lib/site_perl/5.24.3/Class/C3/Componentised.pm line 155
t/result.t ....................
Dubious, test returned 255 (wstat 65280, 0xff00)
No subtests run
{UNKNOWN}: Could not generate inline handles for _graph->("" because : Failed to compile source: syntax error at (eval 761) line 21, near """( "
source:
#line 1 "inline delegation in DBIx::Class::ResultSet::Graph for _graph->("" (attribute declared in /tmp/loop_over_bdir-2652-46HelM/DBIx-Class-Graph-1.05-0/blib/lib/DBIx/Class/Graph/Role/ResultSet.pm at line 22)"
sub {
my $self = shift;
my $proxy = $self->_graph;
if ( !defined $proxy ) {
die Module::Runtime::use_module("Moose::Exception::AttributeValueIsNotDefined")->new(method => $self->meta->find_method_by_name("(\"\""),
instance => $self,
attribute => $self->meta->find_attribute_by_name("_graph"),
);
}
elsif ( ref $proxy && !Scalar::Util::blessed($proxy) ) {
die Module::Runtime::use_module("Moose::Exception::AttributeValueIsNotAnObject")->new(method => $self->meta->find_method_by_name("(\"\""),
instance => $self,
attribute => $self->meta->find_attribute_by_name("_graph"),
given_value => $proxy,
);
}
return $proxy->(""( @_ );
}
at /home/sand/src/perl/repoperls/installed-perls/host/k93zesty/v5.24.3-RC1/e2d0/lib/site_perl/5.24.3/x86_64-linux/Class/MOP/Method/Generated.pm line 56.
at /home/sand/src/perl/repoperls/installed-perls/host/k93zesty/v5.24.3-RC1/e2d0/lib/site_perl/5.24.3/x86_64-linux/Moose/Meta/Method/Delegation.pm line 154
Moose::Meta::Method::Delegation::catch {...} ('Failed to compile source: syntax error at (eval 761) line 21, near """( "^J^J^Jsource:^J#line 1 "inline delegation in DBIx::Class::ResultSet::Graph for _graph->("" (attribute declared in /tmp/loop_over_bdir-2652-46HelM/DBIx-Class-Graph-1.05-0/blib/lib/DBIx/Class/Graph/Role/ResultSet.pm at line 22)"^Jsub {^J my $self = shift;^J^J my $proxy = $self->_graph;^J if ( !defined $proxy ) {^J die Module::Runtime::use_module("Moose::Exception::AttributeValueIsNotDefined")->new(method => $self->meta->find_method_by_name("(\"\""),^Jinstance => $self,^Jattribute => $self->meta->find_attribute_by_name("_graph"),^J);^J }^J elsif ( ref $proxy && !Scalar::Util::blessed($proxy) ) {^J die Module::Runtime::use_module("Moose::Exception::AttributeValueIsNotAnObject")->new(method => $self->meta->find_method_by_name("(\"\""),^Jinstance => $self,^Jattribute => $self->meta->find_attribute_by_name("_graph"),^Jgiven_value => $proxy,^J);^J }^J return $proxy->(""( @_ );^J}^J at /home/sand/src/perl/repoperls/installed-perls/host/k93zesty/v5.24.3-RC1/e2d0/lib/site_perl/5.24.3/x86_64-linux/Class/MOP/Method/Generated.pm line 56.^J') called at /home/sand/src/perl/repoperls/installed-perls/host/k93zesty/v5.24.3-RC1/e2d0/lib/site_perl/5.24.3/Try/Tiny.pm line 124
Try::Tiny::try('CODE(0x559088cc1258)', 'Try::Tiny::Catch=REF(0x559088c5a298)') called at /home/sand/src/perl/repoperls/installed-perls/host/k93zesty/v5.24.3-RC1/e2d0/lib/site_perl/5.24.3/x86_64-linux/Moose/Meta/Method/Delegation.pm line 160
Moose::Meta::Method::Delegation::_generate_inline_method('Moose::Meta::Method::Delegation=HASH(0x5590864825b0)') called at /home/sand/src/perl/repoperls/installed-perls/host/k93zesty/v5.24.3-RC1/e2d0/lib/site_perl/5.24.3/x86_64-linux/Moose/Meta/Method/Delegation.pm line 82
Moose::Meta::Method::Delegation::_initialize_body('Moose::Meta::Method::Delegation=HASH(0x5590864825b0)') called at /home/sand/src/perl/repoperls/installed-perls/host/k93zesty/v5.24.3-RC1/e2d0/lib/site_perl/5.24.3/x86_64-linux/Moose/Meta/Method/Delegation.pm line 54
Moose::Meta::Method::Delegation::new('Moose::Meta::Method::Delegation', 'name', '(""', 'package_name', 'DBIx::Class::ResultSet::Graph', 'attribute', 'Moose::Meta::Attribute=HASH(0x559088b69eb8)', 'delegate_to_method', '(""', 'curried_arguments', 'ARRAY(0x55908676b5d0)') called at /home/sand/src/perl/repoperls/installed-perls/host/k93zesty/v5.24.3-RC1/e2d0/lib/site_perl/5.24.3/x86_64-linux/Moose/Meta/Attribute.pm line 1301
Moose::Meta::Attribute::_make_delegation_method('Moose::Meta::Attribute=HASH(0x559088b69eb8)', '(""', '(""') called at /home/sand/src/perl/repoperls/installed-perls/host/k93zesty/v5.24.3-RC1/e2d0/lib/site_perl/5.24.3/x86_64-linux/Moose/Meta/Attribute.pm line 1168
Moose::Meta::Attribute::install_delegation('Moose::Meta::Attribute=HASH(0x559088b69eb8)') called at /home/sand/src/perl/repoperls/installed-perls/host/k93zesty/v5.24.3-RC1/e2d0/lib/site_perl/5.24.3/x86_64-linux/Moose/Meta/Attribute.pm line 1017
Moose::Meta::Attribute::install_accessors('Moose::Meta::Attribute=HASH(0x559088b69eb8)') called at /home/sand/src/perl/repoperls/installed-perls/host/k93zesty/v5.24.3-RC1/e2d0/lib/site_perl/5.24.3/x86_64-linux/Class/MOP/Class.pm line 899
Class::MOP::Class::try {...} at /home/sand/src/perl/repoperls/installed-perls/host/k93zesty/v5.24.3-RC1/e2d0/lib/site_perl/5.24.3/Try/Tiny.pm line 103
eval {...} at /home/sand/src/perl/repoperls/installed-perls/host/k93zesty/v5.24.3-RC1/e2d0/lib/site_perl/5.24.3/Try/Tiny.pm line 94
Try::Tiny::try('CODE(0x559088152280)', 'Try::Tiny::Catch=REF(0x559088152c40)') called at /home/sand/src/perl/repoperls/installed-perls/host/k93zesty/v5.24.3-RC1/e2d0/lib/site_perl/5.24.3/x86_64-linux/Class/MOP/Class.pm line 904
Class::MOP::Class::_post_add_attribute('Moose::Meta::Class=HASH(0x5590880c58a8)', 'Moose::Meta::Attribute=HASH(0x559088b69eb8)') called at /home/sand/src/perl/repoperls/installed-perls/host/k93zesty/v5.24.3-RC1/e2d0/lib/site_perl/5.24.3/x86_64-linux/Class/MOP/Mixin/HasAttributes.pm line 39
Class::MOP::Mixin::HasAttributes::add_attribute('Moose::Meta::Class=HASH(0x5590880c58a8)', 'Moose::Meta::Attribute=HASH(0x559088b69eb8)') called at /home/sand/src/perl/repoperls/installed-perls/host/k93zesty/v5.24.3-RC1/e2d0/lib/site_perl/5.24.3/x86_64-linux/Moose/Meta/Class.pm line 585
Moose::Meta::Class::add_attribute('Moose::Meta::Class=HASH(0x5590880c58a8)', 'Moose::Meta::Attribute=HASH(0x559088b69eb8)') called at /home/sand/src/perl/repoperls/installed-perls/host/k93zesty/v5.24.3-RC1/e2d0/lib/site_perl/5.24.3/x86_64-linux/Moose/Meta/Role/Application/ToClass.pm line 126
Moose::Meta::Role::Application::ToClass::apply_attributes('Moose::Meta::Role::Application::ToClass=HASH(0x5590880f7ae0)', 'Moose::Meta::Role=HASH(0x559088b21918)', 'Moose::Meta::Class=HASH(0x5590880c58a8)') called at /home/sand/src/perl/repoperls/installed-perls/host/k93zesty/v5.24.3-RC1/e2d0/lib/site_perl/5.24.3/x86_64-linux/Moose/Meta/Role/Application.pm line 59
Moose::Meta::Role::Application::apply('Moose::Meta::Role::Application::ToClass=HASH(0x5590880f7ae0)', 'Moose::Meta::Role=HASH(0x559088b21918)', 'Moose::Meta::Class=HASH(0x5590880c58a8)') called at /home/sand/src/perl/repoperls/installed-perls/host/k93zesty/v5.24.3-RC1/e2d0/lib/site_perl/5.24.3/x86_64-linux/Moose/Meta/Role/Application/ToClass.pm line 31
Moose::Meta::Role::Application::ToClass::apply('Moose::Meta::Role::Application::ToClass=HASH(0x5590880f7ae0)', 'Moose::Meta::Role=HASH(0x559088b21918)', 'Moose::Meta::Class=HASH(0x5590880c58a8)', 'HASH(0x559086a83670)') called at /home/sand/src/perl/repoperls/installed-perls/host/k93zesty/v5.24.3-RC1/e2d0/lib/site_perl/5.24.3/x86_64-linux/Moose/Meta/Role.pm line 472
Moose::Meta::Role::apply('Moose::Meta::Role=HASH(0x559088b21918)', 'Moose::Meta::Class=HASH(0x5590880c58a8)') called at /home/sand/src/perl/repoperls/installed-perls/host/k93zesty/v5.24.3-RC1/e2d0/lib/site_perl/5.24.3/x86_64-linux/Moose/Util.pm line 172
Moose::Util::_apply_all_roles('Moose::Meta::Class=HASH(0x5590880c58a8)', undef, 'DBIx::Class::Graph::Role::ResultSet') called at /home/sand/src/perl/repoperls/installed-perls/host/k93zesty/v5.24.3-RC1/e2d0/lib/site_perl/5.24.3/x86_64-linux/Moose/Util.pm line 114
Moose::Util::apply_all_roles('Moose::Meta::Class=HASH(0x5590880c58a8)', 'DBIx::Class::Graph::Role::ResultSet') called at /home/sand/src/perl/repoperls/installed-perls/host/k93zesty/v5.24.3-RC1/e2d0/lib/site_perl/5.24.3/x86_64-linux/Moose.pm line 57
Moose::with('Moose::Meta::Class=HASH(0x5590880c58a8)', 'DBIx::Class::Graph::Role::ResultSet') called at /home/sand/src/perl/repoperls/installed-perls/host/k93zesty/v5.24.3-RC1/e2d0/lib/site_perl/5.24.3/x86_64-linux/Moose/Exporter.pm line 419
Moose::with('DBIx::Class::Graph::Role::ResultSet') called at /tmp/loop_over_bdir-2652-46HelM/DBIx-Class-Graph-1.05-0/blib/lib/DBIx/Class/ResultSet/Graph.pm line 19
require DBIx/Class/ResultSet/Graph.pm at /home/sand/src/perl/repoperls/installed-perls/host/k93zesty/v5.24.3-RC1/e2d0/lib/site_perl/5.24.3/Class/C3/Componentised.pm line 150
eval {...} at /home/sand/src/perl/repoperls/installed-perls/host/k93zesty/v5.24.3-RC1/e2d0/lib/site_perl/5.24.3/Class/C3/Componentised.pm line 150
Class::C3::Componentised::ensure_class_loaded('DBIx::Class::ResultSource::Table=HASH(0x5590853ad970)', 'DBIx::Class::ResultSet::Graph') called at /home/sand/src/perl/repoperls/installed-perls/host/k93zesty/v5.24.3-RC1/e2d0/lib/site_perl/5.24.3/DBIx/Class/AccessorGroup.pm line 19
DBIx::Class::AccessorGroup::get_component_class('DBIx::Class::ResultSource::Table=HASH(0x5590853ad970)', 'resultset_class') called at (eval 195) line 2
DBIx::Class::ResultSource::resultset_class('DBIx::Class::ResultSource::Table=HASH(0x5590853ad970)') called at /home/sand/src/perl/repoperls/installed-perls/host/k93zesty/v5.24.3-RC1/e2d0/lib/site_perl/5.24.3/DBIx/Class/ResultSource.pm line 1135
DBIx::Class::ResultSource::resultset('DBIx::Class::ResultSource::Table=HASH(0x5590853ad970)') called at /home/sand/src/perl/repoperls/installed-perls/host/k93zesty/v5.24.3-RC1/e2d0/lib/site_perl/5.24.3/DBIx/Class/Schema.pm line 547
DBIx::Class::Schema::resultset('TestLib::Schema=HASH(0x55908539c568)', 'Simple') called at /home/sand/src/perl/repoperls/installed-perls/host/k93zesty/v5.24.3-RC1/e2d0/lib/site_perl/5.24.3/DBIx/Class/Schema.pm line 769
DBIx::Class::Schema::populate('TestLib::Schema=HASH(0x55908539c568)', 'Simple', 'ARRAY(0x5590880f4840)') called at t/lib/TestLib.pm line 20
TestLib::new('TestLib') called at t/resultset.t line 7
Compilation failed in require at /home/sand/src/perl/repoperls/installed-perls/host/k93zesty/v5.24.3-RC1/e2d0/lib/site_perl/5.24.3/Class/C3/Componentised.pm line 150. at /home/sand/src/perl/repoperls/installed-perls/host/k93zesty/v5.24.3-RC1/e2d0/lib/site_perl/5.24.3/Class/C3/Componentised.pm line 155
t/resultset.t .................
Dubious, test returned 255 (wstat 65280, 0xff00)
No subtests run
{UNKNOWN}: Could not generate inline handles for _graph->("" because : Failed to compile source: syntax error at (eval 760) line 21, near """( "
source:
#line 1 "inline delegation in DBIx::Class::ResultSet::Graph for _graph->("" (attribute declared in /tmp/loop_over_bdir-2652-46HelM/DBIx-Class-Graph-1.05-0/blib/lib/DBIx/Class/Graph/Role/ResultSet.pm at line 22)"
sub {
my $self = shift;
my $proxy = $self->_graph;
if ( !defined $proxy ) {
die Module::Runtime::use_module("Moose::Exception::AttributeValueIsNotDefined")->new(method => $self->meta->find_method_by_name("(\"\""),
instance => $self,
attribute => $self->meta->find_attribute_by_name("_graph"),
);
}
elsif ( ref $proxy && !Scalar::Util::blessed($proxy) ) {
die Module::Runtime::use_module("Moose::Exception::AttributeValueIsNotAnObject")->new(method => $self->meta->find_method_by_name("(\"\""),
instance => $self,
attribute => $self->meta->find_attribute_by_name("_graph"),
given_value => $proxy,
);
}
return $proxy->(""( @_ );
}
at /home/sand/src/perl/repoperls/installed-perls/host/k93zesty/v5.24.3-RC1/e2d0/lib/site_perl/5.24.3/x86_64-linux/Class/MOP/Method/Generated.pm line 56.
at /home/sand/src/perl/repoperls/installed-perls/host/k93zesty/v5.24.3-RC1/e2d0/lib/site_perl/5.24.3/x86_64-linux/Moose/Meta/Method/Delegation.pm line 154
Moose::Meta::Method::Delegation::catch {...} ('Failed to compile source: syntax error at (eval 760) line 21, near """( "^J^J^Jsource:^J#line 1 "inline delegation in DBIx::Class::ResultSet::Graph for _graph->("" (attribute declared in /tmp/loop_over_bdir-2652-46HelM/DBIx-Class-Graph-1.05-0/blib/lib/DBIx/Class/Graph/Role/ResultSet.pm at line 22)"^Jsub {^J my $self = shift;^J^J my $proxy = $self->_graph;^J if ( !defined $proxy ) {^J die Module::Runtime::use_module("Moose::Exception::AttributeValueIsNotDefined")->new(method => $self->meta->find_method_by_name("(\"\""),^Jinstance => $self,^Jattribute => $self->meta->find_attribute_by_name("_graph"),^J);^J }^J elsif ( ref $proxy && !Scalar::Util::blessed($proxy) ) {^J die Module::Runtime::use_module("Moose::Exception::AttributeValueIsNotAnObject")->new(method => $self->meta->find_method_by_name("(\"\""),^Jinstance => $self,^Jattribute => $self->meta->find_attribute_by_name("_graph"),^Jgiven_value => $proxy,^J);^J }^J return $proxy->(""( @_ );^J}^J at /home/sand/src/perl/repoperls/installed-perls/host/k93zesty/v5.24.3-RC1/e2d0/lib/site_perl/5.24.3/x86_64-linux/Class/MOP/Method/Generated.pm line 56.^J') called at /home/sand/src/perl/repoperls/installed-perls/host/k93zesty/v5.24.3-RC1/e2d0/lib/site_perl/5.24.3/Try/Tiny.pm line 124
Try::Tiny::try('CODE(0x55a7d7bf15f8)', 'Try::Tiny::Catch=REF(0x55a7d705b7f8)') called at /home/sand/src/perl/repoperls/installed-perls/host/k93zesty/v5.24.3-RC1/e2d0/lib/site_perl/5.24.3/x86_64-linux/Moose/Meta/Method/Delegation.pm line 160
Moose::Meta::Method::Delegation::_generate_inline_method('Moose::Meta::Method::Delegation=HASH(0x55a7d53b34f0)') called at /home/sand/src/perl/repoperls/installed-perls/host/k93zesty/v5.24.3-RC1/e2d0/lib/site_perl/5.24.3/x86_64-linux/Moose/Meta/Method/Delegation.pm line 82
Moose::Meta::Method::Delegation::_initialize_body('Moose::Meta::Method::Delegation=HASH(0x55a7d53b34f0)') called at /home/sand/src/perl/repoperls/installed-perls/host/k93zesty/v5.24.3-RC1/e2d0/lib/site_perl/5.24.3/x86_64-linux/Moose/Meta/Method/Delegation.pm line 54
Moose::Meta::Method::Delegation::new('Moose::Meta::Method::Delegation', 'name', '(""', 'package_name', 'DBIx::Class::ResultSet::Graph', 'attribute', 'Moose::Meta::Attribute=HASH(0x55a7d7b86180)', 'delegate_to_method', '(""', 'curried_arguments', 'ARRAY(0x55a7d569c560)') called at /home/sand/src/perl/repoperls/installed-perls/host/k93zesty/v5.24.3-RC1/e2d0/lib/site_perl/5.24.3/x86_64-linux/Moose/Meta/Attribute.pm line 1301
Moose::Meta::Attribute::_make_delegation_method('Moose::Meta::Attribute=HASH(0x55a7d7b86180)', '(""', '(""') called at /home/sand/src/perl/repoperls/installed-perls/host/k93zesty/v5.24.3-RC1/e2d0/lib/site_perl/5.24.3/x86_64-linux/Moose/Meta/Attribute.pm line 1168
Moose::Meta::Attribute::install_delegation('Moose::Meta::Attribute=HASH(0x55a7d7b86180)') called at /home/sand/src/perl/repoperls/installed-perls/host/k93zesty/v5.24.3-RC1/e2d0/lib/site_perl/5.24.3/x86_64-linux/Moose/Meta/Attribute.pm line 1017
Moose::Meta::Attribute::install_accessors('Moose::Meta::Attribute=HASH(0x55a7d7b86180)') called at /home/sand/src/perl/repoperls/installed-perls/host/k93zesty/v5.24.3-RC1/e2d0/lib/site_perl/5.24.3/x86_64-linux/Class/MOP/Class.pm line 899
Class::MOP::Class::try {...} at /home/sand/src/perl/repoperls/installed-perls/host/k93zesty/v5.24.3-RC1/e2d0/lib/site_perl/5.24.3/Try/Tiny.pm line 103
eval {...} at /home/sand/src/perl/repoperls/installed-perls/host/k93zesty/v5.24.3-RC1/e2d0/lib/site_perl/5.24.3/Try/Tiny.pm line 94
Try::Tiny::try('CODE(0x55a7d7a9dc30)', 'Try::Tiny::Catch=REF(0x55a7d7033dc0)') called at /home/sand/src/perl/repoperls/installed-perls/host/k93zesty/v5.24.3-RC1/e2d0/lib/site_perl/5.24.3/x86_64-linux/Class/MOP/Class.pm line 904
Class::MOP::Class::_post_add_attribute('Moose::Meta::Class=HASH(0x55a7d7006120)', 'Moose::Meta::Attribute=HASH(0x55a7d7b86180)') called at /home/sand/src/perl/repoperls/installed-perls/host/k93zesty/v5.24.3-RC1/e2d0/lib/site_perl/5.24.3/x86_64-linux/Class/MOP/Mixin/HasAttributes.pm line 39
Class::MOP::Mixin::HasAttributes::add_attribute('Moose::Meta::Class=HASH(0x55a7d7006120)', 'Moose::Meta::Attribute=HASH(0x55a7d7b86180)') called at /home/sand/src/perl/repoperls/installed-perls/host/k93zesty/v5.24.3-RC1/e2d0/lib/site_perl/5.24.3/x86_64-linux/Moose/Meta/Class.pm line 585
Moose::Meta::Class::add_attribute('Moose::Meta::Class=HASH(0x55a7d7006120)', 'Moose::Meta::Attribute=HASH(0x55a7d7b86180)') called at /home/sand/src/perl/repoperls/installed-perls/host/k93zesty/v5.24.3-RC1/e2d0/lib/site_perl/5.24.3/x86_64-linux/Moose/Meta/Role/Application/ToClass.pm line 126
Moose::Meta::Role::Application::ToClass::apply_attributes('Moose::Meta::Role::Application::ToClass=HASH(0x55a7d6f40ce0)', 'Moose::Meta::Role=HASH(0x55a7d7a5a090)', 'Moose::Meta::Class=HASH(0x55a7d7006120)') called at /home/sand/src/perl/repoperls/installed-perls/host/k93zesty/v5.24.3-RC1/e2d0/lib/site_perl/5.24.3/x86_64-linux/Moose/Meta/Role/Application.pm line 59
Moose::Meta::Role::Application::apply('Moose::Meta::Role::Application::ToClass=HASH(0x55a7d6f40ce0)', 'Moose::Meta::Role=HASH(0x55a7d7a5a090)', 'Moose::Meta::Class=HASH(0x55a7d7006120)') called at /home/sand/src/perl/repoperls/installed-perls/host/k93zesty/v5.24.3-RC1/e2d0/lib/site_perl/5.24.3/x86_64-linux/Moose/Meta/Role/Application/ToClass.pm line 31
Moose::Meta::Role::Application::ToClass::apply('Moose::Meta::Role::Application::ToClass=HASH(0x55a7d6f40ce0)', 'Moose::Meta::Role=HASH(0x55a7d7a5a090)', 'Moose::Meta::Class=HASH(0x55a7d7006120)', 'HASH(0x55a7d59b42f8)') called at /home/sand/src/perl/repoperls/installed-perls/host/k93zesty/v5.24.3-RC1/e2d0/lib/site_perl/5.24.3/x86_64-linux/Moose/Meta/Role.pm line 472
Moose::Meta::Role::apply('Moose::Meta::Role=HASH(0x55a7d7a5a090)', 'Moose::Meta::Class=HASH(0x55a7d7006120)') called at /home/sand/src/perl/repoperls/installed-perls/host/k93zesty/v5.24.3-RC1/e2d0/lib/site_perl/5.24.3/x86_64-linux/Moose/Util.pm line 172
Moose::Util::_apply_all_roles('Moose::Meta::Class=HASH(0x55a7d7006120)', undef, 'DBIx::Class::Graph::Role::ResultSet') called at /home/sand/src/perl/repoperls/installed-perls/host/k93zesty/v5.24.3-RC1/e2d0/lib/site_perl/5.24.3/x86_64-linux/Moose/Util.pm line 114
Moose::Util::apply_all_roles('Moose::Meta::Class=HASH(0x55a7d7006120)', 'DBIx::Class::Graph::Role::ResultSet') called at /home/sand/src/perl/repoperls/installed-perls/host/k93zesty/v5.24.3-RC1/e2d0/lib/site_perl/5.24.3/x86_64-linux/Moose.pm line 57
Moose::with('Moose::Meta::Class=HASH(0x55a7d7006120)', 'DBIx::Class::Graph::Role::ResultSet') called at /home/sand/src/perl/repoperls/installed-perls/host/k93zesty/v5.24.3-RC1/e2d0/lib/site_perl/5.24.3/x86_64-linux/Moose/Exporter.pm line 419
Moose::with('DBIx::Class::Graph::Role::ResultSet') called at /tmp/loop_over_bdir-2652-46HelM/DBIx-Class-Graph-1.05-0/blib/lib/DBIx/Class/ResultSet/Graph.pm line 19
require DBIx/Class/ResultSet/Graph.pm at /home/sand/src/perl/repoperls/installed-perls/host/k93zesty/v5.24.3-RC1/e2d0/lib/site_perl/5.24.3/Class/C3/Componentised.pm line 150
eval {...} at /home/sand/src/perl/repoperls/installed-perls/host/k93zesty/v5.24.3-RC1/e2d0/lib/site_perl/5.24.3/Class/C3/Componentised.pm line 150
Class::C3::Componentised::ensure_class_loaded('DBIx::Class::ResultSource::Table=HASH(0x55a7d42df070)', 'DBIx::Class::ResultSet::Graph') called at /home/sand/src/perl/repoperls/installed-perls/host/k93zesty/v5.24.3-RC1/e2d0/lib/site_perl/5.24.3/DBIx/Class/AccessorGroup.pm line 19
DBIx::Class::AccessorGroup::get_component_class('DBIx::Class::ResultSource::Table=HASH(0x55a7d42df070)', 'resultset_class') called at (eval 195) line 2
DBIx::Class::ResultSource::resultset_class('DBIx::Class::ResultSource::Table=HASH(0x55a7d42df070)') called at /home/sand/src/perl/repoperls/installed-perls/host/k93zesty/v5.24.3-RC1/e2d0/lib/site_perl/5.24.3/DBIx/Class/ResultSource.pm line 1135
DBIx::Class::ResultSource::resultset('DBIx::Class::ResultSource::Table=HASH(0x55a7d42df070)') called at /home/sand/src/perl/repoperls/installed-perls/host/k93zesty/v5.24.3-RC1/e2d0/lib/site_perl/5.24.3/DBIx/Class/Schema.pm line 547
DBIx::Class::Schema::resultset('TestLib::Schema=HASH(0x55a7d42cd568)', 'Simple') called at /home/sand/src/perl/repoperls/installed-perls/host/k93zesty/v5.24.3-RC1/e2d0/lib/site_perl/5.24.3/DBIx/Class/Schema.pm line 769
DBIx::Class::Schema::populate('TestLib::Schema=HASH(0x55a7d42cd568)', 'Simple', 'ARRAY(0x55a7d6f33b90)') called at t/lib/TestLib.pm line 20
TestLib::new('TestLib') called at t/simple01.t line 7
Compilation failed in require at /home/sand/src/perl/repoperls/installed-perls/host/k93zesty/v5.24.3-RC1/e2d0/lib/site_perl/5.24.3/Class/C3/Componentised.pm line 150. at /home/sand/src/perl/repoperls/installed-perls/host/k93zesty/v5.24.3-RC1/e2d0/lib/site_perl/5.24.3/Class/C3/Componentised.pm line 155
t/simple01.t ..................
Dubious, test returned 255 (wstat 65280, 0xff00)
No subtests run
{UNKNOWN}: Could not generate inline handles for _graph->("" because : Failed to compile source: syntax error at (eval 760) line 21, near """( "
source:
#line 1 "inline delegation in DBIx::Class::ResultSet::Graph for _graph->("" (attribute declared in lib/DBIx/Class/Graph/Role/ResultSet.pm at line 22)"
sub {
my $self = shift;
my $proxy = $self->_graph;
if ( !defined $proxy ) {
die Module::Runtime::use_module("Moose::Exception::AttributeValueIsNotDefined")->new(method => $self->meta->find_method_by_name("(\"\""),
instance => $self,
attribute => $self->meta->find_attribute_by_name("_graph"),
);
}
elsif ( ref $proxy && !Scalar::Util::blessed($proxy) ) {
die Module::Runtime::use_module("Moose::Exception::AttributeValueIsNotAnObject")->new(method => $self->meta->find_method_by_name("(\"\""),
instance => $self,
attribute => $self->meta->find_attribute_by_name("_graph"),
given_value => $proxy,
);
}
return $proxy->(""( @_ );
}
at /home/sand/src/perl/repoperls/installed-perls/host/k93zesty/v5.24.3-RC1/e2d0/lib/site_perl/5.24.3/x86_64-linux/Class/MOP/Method/Generated.pm line 56.
at /home/sand/src/perl/repoperls/installed-perls/host/k93zesty/v5.24.3-RC1/e2d0/lib/site_perl/5.24.3/x86_64-linux/Moose/Meta/Method/Delegation.pm line 154
Moose::Meta::Method::Delegation::catch {...} ('Failed to compile source: syntax error at (eval 760) line 21, near """( "^J^J^Jsource:^J#line 1 "inline delegation in DBIx::Class::ResultSet::Graph for _graph->("" (attribute declared in lib/DBIx/Class/Graph/Role/ResultSet.pm at line 22)"^Jsub {^J my $self = shift;^J^J my $proxy = $self->_graph;^J if ( !defined $proxy ) {^J die Module::Runtime::use_module("Moose::Exception::AttributeValueIsNotDefined")->new(method => $self->meta->find_method_by_name("(\"\""),^Jinstance => $self,^Jattribute => $self->meta->find_attribute_by_name("_graph"),^J);^J }^J elsif ( ref $proxy && !Scalar::Util::blessed($proxy) ) {^J die Module::Runtime::use_module("Moose::Exception::AttributeValueIsNotAnObject")->new(method => $self->meta->find_method_by_name("(\"\""),^Jinstance => $self,^Jattribute => $self->meta->find_attribute_by_name("_graph"),^Jgiven_value => $proxy,^J);^J }^J return $proxy->(""( @_ );^J}^J at /home/sand/src/perl/repoperls/installed-perls/host/k93zesty/v5.24.3-RC1/e2d0/lib/site_perl/5.24.3/x86_64-linux/Class/MOP/Method/Generated.pm line 56.^J') called at /home/sand/src/perl/repoperls/installed-perls/host/k93zesty/v5.24.3-RC1/e2d0/lib/site_perl/5.24.3/Try/Tiny.pm line 124
Try::Tiny::try('CODE(0x5586ce68e360)', 'Try::Tiny::Catch=REF(0x5586cdb17000)') called at /home/sand/src/perl/repoperls/installed-perls/host/k93zesty/v5.24.3-RC1/e2d0/lib/site_perl/5.24.3/x86_64-linux/Moose/Meta/Method/Delegation.pm line 160
Moose::Meta::Method::Delegation::_generate_inline_method('Moose::Meta::Method::Delegation=HASH(0x5586cbe514d8)') called at /home/sand/src/perl/repoperls/installed-perls/host/k93zesty/v5.24.3-RC1/e2d0/lib/site_perl/5.24.3/x86_64-linux/Moose/Meta/Method/Delegation.pm line 82
Moose::Meta::Method::Delegation::_initialize_body('Moose::Meta::Method::Delegation=HASH(0x5586cbe514d8)') called at /home/sand/src/perl/repoperls/installed-perls/host/k93zesty/v5.24.3-RC1/e2d0/lib/site_perl/5.24.3/x86_64-linux/Moose/Meta/Method/Delegation.pm line 54
Moose::Meta::Method::Delegation::new('Moose::Meta::Method::Delegation', 'name', '(""', 'package_name', 'DBIx::Class::ResultSet::Graph', 'attribute', 'Moose::Meta::Attribute=HASH(0x5586cdb163a0)', 'delegate_to_method', '(""', 'curried_arguments', 'ARRAY(0x5586cc139770)') called at /home/sand/src/perl/repoperls/installed-perls/host/k93zesty/v5.24.3-RC1/e2d0/lib/site_perl/5.24.3/x86_64-linux/Moose/Meta/Attribute.pm line 1301
Moose::Meta::Attribute::_make_delegation_method('Moose::Meta::Attribute=HASH(0x5586cdb163a0)', '(""', '(""') called at /home/sand/src/perl/repoperls/installed-perls/host/k93zesty/v5.24.3-RC1/e2d0/lib/site_perl/5.24.3/x86_64-linux/Moose/Meta/Attribute.pm line 1168
Moose::Meta::Attribute::install_delegation('Moose::Meta::Attribute=HASH(0x5586cdb163a0)') called at /home/sand/src/perl/repoperls/installed-perls/host/k93zesty/v5.24.3-RC1/e2d0/lib/site_perl/5.24.3/x86_64-linux/Moose/Meta/Attribute.pm line 1017
Moose::Meta::Attribute::install_accessors('Moose::Meta::Attribute=HASH(0x5586cdb163a0)') called at /home/sand/src/perl/repoperls/installed-perls/host/k93zesty/v5.24.3-RC1/e2d0/lib/site_perl/5.24.3/x86_64-linux/Class/MOP/Class.pm line 899
Class::MOP::Class::try {...} at /home/sand/src/perl/repoperls/installed-perls/host/k93zesty/v5.24.3-RC1/e2d0/lib/site_perl/5.24.3/Try/Tiny.pm line 103
eval {...} at /home/sand/src/perl/repoperls/installed-perls/host/k93zesty/v5.24.3-RC1/e2d0/lib/site_perl/5.24.3/Try/Tiny.pm line 94
Try::Tiny::try('CODE(0x5586ce53cde8)', 'Try::Tiny::Catch=REF(0x5586cdaa8da8)') called at /home/sand/src/perl/repoperls/installed-perls/host/k93zesty/v5.24.3-RC1/e2d0/lib/site_perl/5.24.3/x86_64-linux/Class/MOP/Class.pm line 904
Class::MOP::Class::_post_add_attribute('Moose::Meta::Class=HASH(0x5586cdac8ed0)', 'Moose::Meta::Attribute=HASH(0x5586cdb163a0)') called at /home/sand/src/perl/repoperls/installed-perls/host/k93zesty/v5.24.3-RC1/e2d0/lib/site_perl/5.24.3/x86_64-linux/Class/MOP/Mixin/HasAttributes.pm line 39
Class::MOP::Mixin::HasAttributes::add_attribute('Moose::Meta::Class=HASH(0x5586cdac8ed0)', 'Moose::Meta::Attribute=HASH(0x5586cdb163a0)') called at /home/sand/src/perl/repoperls/installed-perls/host/k93zesty/v5.24.3-RC1/e2d0/lib/site_perl/5.24.3/x86_64-linux/Moose/Meta/Class.pm line 585
Moose::Meta::Class::add_attribute('Moose::Meta::Class=HASH(0x5586cdac8ed0)', 'Moose::Meta::Attribute=HASH(0x5586cdb163a0)') called at /home/sand/src/perl/repoperls/installed-perls/host/k93zesty/v5.24.3-RC1/e2d0/lib/site_perl/5.24.3/x86_64-linux/Moose/Meta/Role/Application/ToClass.pm line 126
Moose::Meta::Role::Application::ToClass::apply_attributes('Moose::Meta::Role::Application::ToClass=HASH(0x5586ce4f3920)', 'Moose::Meta::Role=HASH(0x5586ce4f4058)', 'Moose::Meta::Class=HASH(0x5586cdac8ed0)') called at /home/sand/src/perl/repoperls/installed-perls/host/k93zesty/v5.24.3-RC1/e2d0/lib/site_perl/5.24.3/x86_64-linux/Moose/Meta/Role/Application.pm line 59
Moose::Meta::Role::Application::apply('Moose::Meta::Role::Application::ToClass=HASH(0x5586ce4f3920)', 'Moose::Meta::Role=HASH(0x5586ce4f4058)', 'Moose::Meta::Class=HASH(0x5586cdac8ed0)') called at /home/sand/src/perl/repoperls/installed-perls/host/k93zesty/v5.24.3-RC1/e2d0/lib/site_perl/5.24.3/x86_64-linux/Moose/Meta/Role/Application/ToClass.pm line 31
Moose::Meta::Role::Application::ToClass::apply('Moose::Meta::Role::Application::ToClass=HASH(0x5586ce4f3920)', 'Moose::Meta::Role=HASH(0x5586ce4f4058)', 'Moose::Meta::Class=HASH(0x5586cdac8ed0)', 'HASH(0x5586cc453630)') called at /home/sand/src/perl/repoperls/installed-perls/host/k93zesty/v5.24.3-RC1/e2d0/lib/site_perl/5.24.3/x86_64-linux/Moose/Meta/Role.pm line 472
Moose::Meta::Role::apply('Moose::Meta::Role=HASH(0x5586ce4f4058)', 'Moose::Meta::Class=HASH(0x5586cdac8ed0)') called at /home/sand/src/perl/repoperls/installed-perls/host/k93zesty/v5.24.3-RC1/e2d0/lib/site_perl/5.24.3/x86_64-linux/Moose/Util.pm line 172
Moose::Util::_apply_all_roles('Moose::Meta::Class=HASH(0x5586cdac8ed0)', undef, 'DBIx::Class::Graph::Role::ResultSet') called at /home/sand/src/perl/repoperls/installed-perls/host/k93zesty/v5.24.3-RC1/e2d0/lib/site_perl/5.24.3/x86_64-linux/Moose/Util.pm line 114
Moose::Util::apply_all_roles('Moose::Meta::Class=HASH(0x5586cdac8ed0)', 'DBIx::Class::Graph::Role::ResultSet') called at /home/sand/src/perl/repoperls/installed-perls/host/k93zesty/v5.24.3-RC1/e2d0/lib/site_perl/5.24.3/x86_64-linux/Moose.pm line 57
Moose::with('Moose::Meta::Class=HASH(0x5586cdac8ed0)', 'DBIx::Class::Graph::Role::ResultSet') called at /home/sand/src/perl/repoperls/installed-perls/host/k93zesty/v5.24.3-RC1/e2d0/lib/site_perl/5.24.3/x86_64-linux/Moose/Exporter.pm line 419
Moose::with('DBIx::Class::Graph::Role::ResultSet') called at lib/DBIx/Class/ResultSet/Graph.pm line 19
require DBIx/Class/ResultSet/Graph.pm at /home/sand/src/perl/repoperls/installed-perls/host/k93zesty/v5.24.3-RC1/e2d0/lib/site_perl/5.24.3/Class/C3/Componentised.pm line 150
eval {...} at /home/sand/src/perl/repoperls/installed-perls/host/k93zesty/v5.24.3-RC1/e2d0/lib/site_perl/5.24.3/Class/C3/Componentised.pm line 150
Class::C3::Componentised::ensure_class_loaded('DBIx::Class::ResultSource::Table=HASH(0x5586cad75788)', 'DBIx::Class::ResultSet::Graph') called at /home/sand/src/perl/repoperls/installed-perls/host/k93zesty/v5.24.3-RC1/e2d0/lib/site_perl/5.24.3/DBIx/Class/AccessorGroup.pm line 19
DBIx::Class::AccessorGroup::get_component_class('DBIx::Class::ResultSource::Table=HASH(0x5586cad75788)', 'resultset_class') called at (eval 195) line 2
DBIx::Class::ResultSource::resultset_class('DBIx::Class::ResultSource::Table=HASH(0x5586cad75788)') called at /home/sand/src/perl/repoperls/installed-perls/host/k93zesty/v5.24.3-RC1/e2d0/lib/site_perl/5.24.3/DBIx/Class/ResultSource.pm line 1135
DBIx::Class::ResultSource::resultset('DBIx::Class::ResultSource::Table=HASH(0x5586cad75788)') called at /home/sand/src/perl/repoperls/installed-perls/host/k93zesty/v5.24.3-RC1/e2d0/lib/site_perl/5.24.3/DBIx/Class/Schema.pm line 547
DBIx::Class::Schema::resultset('TestLib::Schema=HASH(0x5586cad6c568)', 'Simple') called at /home/sand/src/perl/repoperls/installed-perls/host/k93zesty/v5.24.3-RC1/e2d0/lib/site_perl/5.24.3/DBIx/Class/Schema.pm line 769
DBIx::Class::Schema::populate('TestLib::Schema=HASH(0x5586cad6c568)', 'Simple', 'ARRAY(0x5586cdaa59f8)') called at t/lib/TestLib.pm line 20
TestLib::new('TestLib') called at t/simple02.t line 7
Compilation failed in require at /home/sand/src/perl/repoperls/installed-perls/host/k93zesty/v5.24.3-RC1/e2d0/lib/site_perl/5.24.3/Class/C3/Componentised.pm line 150. at /home/sand/src/perl/repoperls/installed-perls/host/k93zesty/v5.24.3-RC1/e2d0/lib/site_perl/5.24.3/Class/C3/Componentised.pm line 155
t/simple02.t ..................
Dubious, test returned 255 (wstat 65280, 0xff00)
No subtests run
{UNKNOWN}: Could not generate inline handles for _graph->("" because : Failed to compile source: syntax error at (eval 760) line 21, near """( "
source:
#line 1 "inline delegation in DBIx::Class::ResultSet::Graph for _graph->("" (attribute declared in /tmp/loop_over_bdir-2652-46HelM/DBIx-Class-Graph-1.05-0/blib/lib/DBIx/Class/Graph/Role/ResultSet.pm at line 22)"
sub {
my $self = shift;
my $proxy = $self->_graph;
if ( !defined $proxy ) {
die Module::Runtime::use_module("Moose::Exception::AttributeValueIsNotDefined")->new(method => $self->meta->find_method_by_name("(\"\""),
instance => $self,
attribute => $self->meta->find_attribute_by_name("_graph"),
);
}
elsif ( ref $proxy && !Scalar::Util::blessed($proxy) ) {
die Module::Runtime::use_module("Moose::Exception::AttributeValueIsNotAnObject")->new(method => $self->meta->find_method_by_name("(\"\""),
instance => $self,
attribute => $self->meta->find_attribute_by_name("_graph"),
given_value => $proxy,
);
}
return $proxy->(""( @_ );
}
at /home/sand/src/perl/repoperls/installed-perls/host/k93zesty/v5.24.3-RC1/e2d0/lib/site_perl/5.24.3/x86_64-linux/Class/MOP/Method/Generated.pm line 56.
at /home/sand/src/perl/repoperls/installed-perls/host/k93zesty/v5.24.3-RC1/e2d0/lib/site_perl/5.24.3/x86_64-linux/Moose/Meta/Method/Delegation.pm line 154
Moose::Meta::Method::Delegation::catch {...} ('Failed to compile source: syntax error at (eval 760) line 21, near """( "^J^J^Jsource:^J#line 1 "inline delegation in DBIx::Class::ResultSet::Graph for _graph->("" (attribute declared in /tmp/loop_over_bdir-2652-46HelM/DBIx-Class-Graph-1.05-0/blib/lib/DBIx/Class/Graph/Role/ResultSet.pm at line 22)"^Jsub {^J my $self = shift;^J^J my $proxy = $self->_graph;^J if ( !defined $proxy ) {^J die Module::Runtime::use_module("Moose::Exception::AttributeValueIsNotDefined")->new(method => $self->meta->find_method_by_name("(\"\""),^Jinstance => $self,^Jattribute => $self->meta->find_attribute_by_name("_graph"),^J);^J }^J elsif ( ref $proxy && !Scalar::Util::blessed($proxy) ) {^J die Module::Runtime::use_module("Moose::Exception::AttributeValueIsNotAnObject")->new(method => $self->meta->find_method_by_name("(\"\""),^Jinstance => $self,^Jattribute => $self->meta->find_attribute_by_name("_graph"),^Jgiven_value => $proxy,^J);^J }^J return $proxy->(""( @_ );^J}^J at /home/sand/src/perl/repoperls/installed-perls/host/k93zesty/v5.24.3-RC1/e2d0/lib/site_perl/5.24.3/x86_64-linux/Class/MOP/Method/Generated.pm line 56.^J') called at /home/sand/src/perl/repoperls/installed-perls/host/k93zesty/v5.24.3-RC1/e2d0/lib/site_perl/5.24.3/Try/Tiny.pm line 124
Try::Tiny::try('CODE(0x55c80ed136b8)', 'Try::Tiny::Catch=REF(0x55c80e9a9a18)') called at /home/sand/src/perl/repoperls/installed-perls/host/k93zesty/v5.24.3-RC1/e2d0/lib/site_perl/5.24.3/x86_64-linux/Moose/Meta/Method/Delegation.pm line 160
Moose::Meta::Method::Delegation::_generate_inline_method('Moose::Meta::Method::Delegation=HASH(0x55c80c4d24a0)') called at /home/sand/src/perl/repoperls/installed-perls/host/k93zesty/v5.24.3-RC1/e2d0/lib/site_perl/5.24.3/x86_64-linux/Moose/Meta/Method/Delegation.pm line 82
Moose::Meta::Method::Delegation::_initialize_body('Moose::Meta::Method::Delegation=HASH(0x55c80c4d24a0)') called at /home/sand/src/perl/repoperls/installed-perls/host/k93zesty/v5.24.3-RC1/e2d0/lib/site_perl/5.24.3/x86_64-linux/Moose/Meta/Method/Delegation.pm line 54
Moose::Meta::Method::Delegation::new('Moose::Meta::Method::Delegation', 'name', '(""', 'package_name', 'DBIx::Class::ResultSet::Graph', 'attribute', 'Moose::Meta::Attribute=HASH(0x55c80e196af0)', 'delegate_to_method', '(""', 'curried_arguments', 'ARRAY(0x55c80c7bb4d0)') called at /home/sand/src/perl/repoperls/installed-perls/host/k93zesty/v5.24.3-RC1/e2d0/lib/site_perl/5.24.3/x86_64-linux/Moose/Meta/Attribute.pm line 1301
Moose::Meta::Attribute::_make_delegation_method('Moose::Meta::Attribute=HASH(0x55c80e196af0)', '(""', '(""') called at /home/sand/src/perl/repoperls/installed-perls/host/k93zesty/v5.24.3-RC1/e2d0/lib/site_perl/5.24.3/x86_64-linux/Moose/Meta/Attribute.pm line 1168
Moose::Meta::Attribute::install_delegation('Moose::Meta::Attribute=HASH(0x55c80e196af0)') called at /home/sand/src/perl/repoperls/installed-perls/host/k93zesty/v5.24.3-RC1/e2d0/lib/site_perl/5.24.3/x86_64-linux/Moose/Meta/Attribute.pm line 1017
Moose::Meta::Attribute::install_accessors('Moose::Meta::Attribute=HASH(0x55c80e196af0)') called at /home/sand/src/perl/repoperls/installed-perls/host/k93zesty/v5.24.3-RC1/e2d0/lib/site_perl/5.24.3/x86_64-linux/Class/MOP/Class.pm line 899
Class::MOP::Class::try {...} at /home/sand/src/perl/repoperls/installed-perls/host/k93zesty/v5.24.3-RC1/e2d0/lib/site_perl/5.24.3/Try/Tiny.pm line 103
eval {...} at /home/sand/src/perl/repoperls/installed-perls/host/k93zesty/v5.24.3-RC1/e2d0/lib/site_perl/5.24.3/Try/Tiny.pm line 94
Try::Tiny::try('CODE(0x55c80ebc0da0)', 'Try::Tiny::Catch=REF(0x55c80e167808)') called at /home/sand/src/perl/repoperls/installed-perls/host/k93zesty/v5.24.3-RC1/e2d0/lib/site_perl/5.24.3/x86_64-linux/Class/MOP/Class.pm line 904
Class::MOP::Class::_post_add_attribute('Moose::Meta::Class=HASH(0x55c80e148268)', 'Moose::Meta::Attribute=HASH(0x55c80e196af0)') called at /home/sand/src/perl/repoperls/installed-perls/host/k93zesty/v5.24.3-RC1/e2d0/lib/site_perl/5.24.3/x86_64-linux/Class/MOP/Mixin/HasAttributes.pm line 39
Class::MOP::Mixin::HasAttributes::add_attribute('Moose::Meta::Class=HASH(0x55c80e148268)', 'Moose::Meta::Attribute=HASH(0x55c80e196af0)') called at /home/sand/src/perl/repoperls/installed-perls/host/k93zesty/v5.24.3-RC1/e2d0/lib/site_perl/5.24.3/x86_64-linux/Moose/Meta/Class.pm line 585
Moose::Meta::Class::add_attribute('Moose::Meta::Class=HASH(0x55c80e148268)', 'Moose::Meta::Attribute=HASH(0x55c80e196af0)') called at /home/sand/src/perl/repoperls/installed-perls/host/k93zesty/v5.24.3-RC1/e2d0/lib/site_perl/5.24.3/x86_64-linux/Moose/Meta/Role/Application/ToClass.pm line 126
Moose::Meta::Role::Application::ToClass::apply_attributes('Moose::Meta::Role::Application::ToClass=HASH(0x55c80e130390)', 'Moose::Meta::Role=HASH(0x55c80eb7d110)', 'Moose::Meta::Class=HASH(0x55c80e148268)') called at /home/sand/src/perl/repoperls/installed-perls/host/k93zesty/v5.24.3-RC1/e2d0/lib/site_perl/5.24.3/x86_64-linux/Moose/Meta/Role/Application.pm line 59
Moose::Meta::Role::Application::apply('Moose::Meta::Role::Application::ToClass=HASH(0x55c80e130390)', 'Moose::Meta::Role=HASH(0x55c80eb7d110)', 'Moose::Meta::Class=HASH(0x55c80e148268)') called at /home/sand/src/perl/repoperls/installed-perls/host/k93zesty/v5.24.3-RC1/e2d0/lib/site_perl/5.24.3/x86_64-linux/Moose/Meta/Role/Application/ToClass.pm line 31
Moose::Meta::Role::Application::ToClass::apply('Moose::Meta::Role::Application::ToClass=HASH(0x55c80e130390)', 'Moose::Meta::Role=HASH(0x55c80eb7d110)', 'Moose::Meta::Class=HASH(0x55c80e148268)', 'HASH(0x55c80cad34c8)') called at /home/sand/src/perl/repoperls/installed-perls/host/k93zesty/v5.24.3-RC1/e2d0/lib/site_perl/5.24.3/x86_64-linux/Moose/Meta/Role.pm line 472
Moose::Meta::Role::apply('Moose::Meta::Role=HASH(0x55c80eb7d110)', 'Moose::Meta::Class=HASH(0x55c80e148268)') called at /home/sand/src/perl/repoperls/installed-perls/host/k93zesty/v5.24.3-RC1/e2d0/lib/site_perl/5.24.3/x86_64-linux/Moose/Util.pm line 172
Moose::Util::_apply_all_roles('Moose::Meta::Class=HASH(0x55c80e148268)', undef, 'DBIx::Class::Graph::Role::ResultSet') called at /home/sand/src/perl/repoperls/installed-perls/host/k93zesty/v5.24.3-RC1/e2d0/lib/site_perl/5.24.3/x86_64-linux/Moose/Util.pm line 114
Moose::Util::apply_all_roles('Moose::Meta::Class=HASH(0x55c80e148268)', 'DBIx::Class::Graph::Role::ResultSet') called at /home/sand/src/perl/repoperls/installed-perls/host/k93zesty/v5.24.3-RC1/e2d0/lib/site_perl/5.24.3/x86_64-linux/Moose.pm line 57
Moose::with('Moose::Meta::Class=HASH(0x55c80e148268)', 'DBIx::Class::Graph::Role::ResultSet') called at /home/sand/src/perl/repoperls/installed-perls/host/k93zesty/v5.24.3-RC1/e2d0/lib/site_perl/5.24.3/x86_64-linux/Moose/Exporter.pm line 419
Moose::with('DBIx::Class::Graph::Role::ResultSet') called at /tmp/loop_over_bdir-2652-46HelM/DBIx-Class-Graph-1.05-0/blib/lib/DBIx/Class/ResultSet/Graph.pm line 19
require DBIx/Class/ResultSet/Graph.pm at /home/sand/src/perl/repoperls/installed-perls/host/k93zesty/v5.24.3-RC1/e2d0/lib/site_perl/5.24.3/Class/C3/Componentised.pm line 150
eval {...} at /home/sand/src/perl/repoperls/installed-perls/host/k93zesty/v5.24.3-RC1/e2d0/lib/site_perl/5.24.3/Class/C3/Componentised.pm line 150
Class::C3::Componentised::ensure_class_loaded('DBIx::Class::ResultSource::Table=HASH(0x55c80b3f5848)', 'DBIx::Class::ResultSet::Graph') called at /home/sand/src/perl/repoperls/installed-perls/host/k93zesty/v5.24.3-RC1/e2d0/lib/site_perl/5.24.3/DBIx/Class/AccessorGroup.pm line 19
DBIx::Class::AccessorGroup::get_component_class('DBIx::Class::ResultSource::Table=HASH(0x55c80b3f5848)', 'resultset_class') called at (eval 195) line 2
DBIx::Class::ResultSource::resultset_class('DBIx::Class::ResultSource::Table=HASH(0x55c80b3f5848)') called at /home/sand/src/perl/repoperls/installed-perls/host/k93zesty/v5.24.3-RC1/e2d0/lib/site_perl/5.24.3/DBIx/Class/ResultSource.pm line 1135
DBIx::Class::ResultSource::resultset('DBIx::Class::ResultSource::Table=HASH(0x55c80b3f5848)') called at /home/sand/src/perl/repoperls/installed-perls/host/k93zesty/v5.24.3-RC1/e2d0/lib/site_perl/5.24.3/DBIx/Class/Schema.pm line 547
DBIx::Class::Schema::resultset('TestLib::Schema=HASH(0x55c80b3ec568)', 'Simple') called at /home/sand/src/perl/repoperls/installed-perls/host/k93zesty/v5.24.3-RC1/e2d0/lib/site_perl/5.24.3/DBIx/Class/Schema.pm line 769
DBIx::Class::Schema::populate('TestLib::Schema=HASH(0x55c80b3ec568)', 'Simple', 'ARRAY(0x55c80e057df8)') called at t/lib/TestLib.pm line 20
TestLib::new('TestLib') called at t/simplesucc.t line 7
Compilation failed in require at /home/sand/src/perl/repoperls/installed-perls/host/k93zesty/v5.24.3-RC1/e2d0/lib/site_perl/5.24.3/Class/C3/Componentised.pm line 150. at /home/sand/src/perl/repoperls/installed-perls/host/k93zesty/v5.24.3-RC1/e2d0/lib/site_perl/5.24.3/Class/C3/Componentised.pm line 155
t/simplesucc.t ................
Dubious, test returned 255 (wstat 65280, 0xff00)
No subtests run
{UNKNOWN}: Could not generate inline handles for _graph->("" because : Failed to compile source: syntax error at (eval 761) line 21, near """( "
source:
#line 1 "inline delegation in DBIx::Class::ResultSet::Graph for _graph->("" (attribute declared in /tmp/loop_over_bdir-2652-46HelM/DBIx-Class-Graph-1.05-0/blib/lib/DBIx/Class/Graph/Role/ResultSet.pm at line 22)"
sub {
my $self = shift;
my $proxy = $self->_graph;
if ( !defined $proxy ) {
die Module::Runtime::use_module("Moose::Exception::AttributeValueIsNotDefined")->new(method => $self->meta->find_method_by_name("(\"\""),
instance => $self,
attribute => $self->meta->find_attribute_by_name("_graph"),
);
}
elsif ( ref $proxy && !Scalar::Util::blessed($proxy) ) {
die Module::Runtime::use_module("Moose::Exception::AttributeValueIsNotAnObject")->new(method => $self->meta->find_method_by_name("(\"\""),
instance => $self,
attribute => $self->meta->find_attribute_by_name("_graph"),
given_value => $proxy,
);
}
return $proxy->(""( @_ );
}
at /home/sand/src/perl/repoperls/installed-perls/host/k93zesty/v5.24.3-RC1/e2d0/lib/site_perl/5.24.3/x86_64-linux/Class/MOP/Method/Generated.pm line 56.
at /home/sand/src/perl/repoperls/installed-perls/host/k93zesty/v5.24.3-RC1/e2d0/lib/site_perl/5.24.3/x86_64-linux/Moose/Meta/Method/Delegation.pm line 154
Moose::Meta::Method::Delegation::catch {...} ('Failed to compile source: syntax error at (eval 761) line 21, near """( "^J^J^Jsource:^J#line 1 "inline delegation in DBIx::Class::ResultSet::Graph for _graph->("" (attribute declared in /tmp/loop_over_bdir-2652-46HelM/DBIx-Class-Graph-1.05-0/blib/lib/DBIx/Class/Graph/Role/ResultSet.pm at line 22)"^Jsub {^J my $self = shift;^J^J my $proxy = $self->_graph;^J if ( !defined $proxy ) {^J die Module::Runtime::use_module("Moose::Exception::AttributeValueIsNotDefined")->new(method => $self->meta->find_method_by_name("(\"\""),^Jinstance => $self,^Jattribute => $self->meta->find_attribute_by_name("_graph"),^J);^J }^J elsif ( ref $proxy && !Scalar::Util::blessed($proxy) ) {^J die Module::Runtime::use_module("Moose::Exception::AttributeValueIsNotAnObject")->new(method => $self->meta->find_method_by_name("(\"\""),^Jinstance => $self,^Jattribute => $self->meta->find_attribute_by_name("_graph"),^Jgiven_value => $proxy,^J);^J }^J return $proxy->(""( @_ );^J}^J at /home/sand/src/perl/repoperls/installed-perls/host/k93zesty/v5.24.3-RC1/e2d0/lib/site_perl/5.24.3/x86_64-linux/Class/MOP/Method/Generated.pm line 56.^J') called at /home/sand/src/perl/repoperls/installed-perls/host/k93zesty/v5.24.3-RC1/e2d0/lib/site_perl/5.24.3/Try/Tiny.pm line 124
Try::Tiny::try('CODE(0x55f5c70b9a90)', 'Try::Tiny::Catch=REF(0x55f5c654b3d0)') called at /home/sand/src/perl/repoperls/installed-perls/host/k93zesty/v5.24.3-RC1/e2d0/lib/site_perl/5.24.3/x86_64-linux/Moose/Meta/Method/Delegation.pm line 160
Moose::Meta::Method::Delegation::_generate_inline_method('Moose::Meta::Method::Delegation=HASH(0x55f5c4874720)') called at /home/sand/src/perl/repoperls/installed-perls/host/k93zesty/v5.24.3-RC1/e2d0/lib/site_perl/5.24.3/x86_64-linux/Moose/Meta/Method/Delegation.pm line 82
Moose::Meta::Method::Delegation::_initialize_body('Moose::Meta::Method::Delegation=HASH(0x55f5c4874720)') called at /home/sand/src/perl/repoperls/installed-perls/host/k93zesty/v5.24.3-RC1/e2d0/lib/site_perl/5.24.3/x86_64-linux/Moose/Meta/Method/Delegation.pm line 54
Moose::Meta::Method::Delegation::new('Moose::Meta::Method::Delegation', 'name', '(""', 'package_name', 'DBIx::Class::ResultSet::Graph', 'attribute', 'Moose::Meta::Attribute=HASH(0x55f5c6537300)', 'delegate_to_method', '(""', 'curried_arguments', 'ARRAY(0x55f5c4b5d750)') called at /home/sand/src/perl/repoperls/installed-perls/host/k93zesty/v5.24.3-RC1/e2d0/lib/site_perl/5.24.3/x86_64-linux/Moose/Meta/Attribute.pm line 1301
Moose::Meta::Attribute::_make_delegation_method('Moose::Meta::Attribute=HASH(0x55f5c6537300)', '(""', '(""') called at /home/sand/src/perl/repoperls/installed-perls/host/k93zesty/v5.24.3-RC1/e2d0/lib/site_perl/5.24.3/x86_64-linux/Moose/Meta/Attribute.pm line 1168
Moose::Meta::Attribute::install_delegation('Moose::Meta::Attribute=HASH(0x55f5c6537300)') called at /home/sand/src/perl/repoperls/installed-perls/host/k93zesty/v5.24.3-RC1/e2d0/lib/site_perl/5.24.3/x86_64-linux/Moose/Meta/Attribute.pm line 1017
Moose::Meta::Attribute::install_accessors('Moose::Meta::Attribute=HASH(0x55f5c6537300)') called at /home/sand/src/perl/repoperls/installed-perls/host/k93zesty/v5.24.3-RC1/e2d0/lib/site_perl/5.24.3/x86_64-linux/Class/MOP/Class.pm line 899
Class::MOP::Class::try {...} at /home/sand/src/perl/repoperls/installed-perls/host/k93zesty/v5.24.3-RC1/e2d0/lib/site_perl/5.24.3/Try/Tiny.pm line 103
eval {...} at /home/sand/src/perl/repoperls/installed-perls/host/k93zesty/v5.24.3-RC1/e2d0/lib/site_perl/5.24.3/Try/Tiny.pm line 94
Try::Tiny::try('CODE(0x55f5c6f64678)', 'Try::Tiny::Catch=REF(0x55f5c6536ca0)') called at /home/sand/src/perl/repoperls/installed-perls/host/k93zesty/v5.24.3-RC1/e2d0/lib/site_perl/5.24.3/x86_64-linux/Class/MOP/Class.pm line 904
Class::MOP::Class::_post_add_attribute('Moose::Meta::Class=HASH(0x55f5c64cbe40)', 'Moose::Meta::Attribute=HASH(0x55f5c6537300)') called at /home/sand/src/perl/repoperls/installed-perls/host/k93zesty/v5.24.3-RC1/e2d0/lib/site_perl/5.24.3/x86_64-linux/Class/MOP/Mixin/HasAttributes.pm line 39
Class::MOP::Mixin::HasAttributes::add_attribute('Moose::Meta::Class=HASH(0x55f5c64cbe40)', 'Moose::Meta::Attribute=HASH(0x55f5c6537300)') called at /home/sand/src/perl/repoperls/installed-perls/host/k93zesty/v5.24.3-RC1/e2d0/lib/site_perl/5.24.3/x86_64-linux/Moose/Meta/Class.pm line 585
Moose::Meta::Class::add_attribute('Moose::Meta::Class=HASH(0x55f5c64cbe40)', 'Moose::Meta::Attribute=HASH(0x55f5c6537300)') called at /home/sand/src/perl/repoperls/installed-perls/host/k93zesty/v5.24.3-RC1/e2d0/lib/site_perl/5.24.3/x86_64-linux/Moose/Meta/Role/Application/ToClass.pm line 126
Moose::Meta::Role::Application::ToClass::apply_attributes('Moose::Meta::Role::Application::ToClass=HASH(0x55f5c64cc020)', 'Moose::Meta::Role=HASH(0x55f5c6f1f368)', 'Moose::Meta::Class=HASH(0x55f5c64cbe40)') called at /home/sand/src/perl/repoperls/installed-perls/host/k93zesty/v5.24.3-RC1/e2d0/lib/site_perl/5.24.3/x86_64-linux/Moose/Meta/Role/Application.pm line 59
Moose::Meta::Role::Application::apply('Moose::Meta::Role::Application::ToClass=HASH(0x55f5c64cc020)', 'Moose::Meta::Role=HASH(0x55f5c6f1f368)', 'Moose::Meta::Class=HASH(0x55f5c64cbe40)') called at /home/sand/src/perl/repoperls/installed-perls/host/k93zesty/v5.24.3-RC1/e2d0/lib/site_perl/5.24.3/x86_64-linux/Moose/Meta/Role/Application/ToClass.pm line 31
Moose::Meta::Role::Application::ToClass::apply('Moose::Meta::Role::Application::ToClass=HASH(0x55f5c64cc020)', 'Moose::Meta::Role=HASH(0x55f5c6f1f368)', 'Moose::Meta::Class=HASH(0x55f5c64cbe40)', 'HASH(0x55f5c4e75918)') called at /home/sand/src/perl/repoperls/installed-perls/host/k93zesty/v5.24.3-RC1/e2d0/lib/site_perl/5.24.3/x86_64-linux/Moose/Meta/Role.pm line 472
Moose::Meta::Role::apply('Moose::Meta::Role=HASH(0x55f5c6f1f368)', 'Moose::Meta::Class=HASH(0x55f5c64cbe40)') called at /home/sand/src/perl/repoperls/installed-perls/host/k93zesty/v5.24.3-RC1/e2d0/lib/site_perl/5.24.3/x86_64-linux/Moose/Util.pm line 172
Moose::Util::_apply_all_roles('Moose::Meta::Class=HASH(0x55f5c64cbe40)', undef, 'DBIx::Class::Graph::Role::ResultSet') called at /home/sand/src/perl/repoperls/installed-perls/host/k93zesty/v5.24.3-RC1/e2d0/lib/site_perl/5.24.3/x86_64-linux/Moose/Util.pm line 114
Moose::Util::apply_all_roles('Moose::Meta::Class=HASH(0x55f5c64cbe40)', 'DBIx::Class::Graph::Role::ResultSet') called at /home/sand/src/perl/repoperls/installed-perls/host/k93zesty/v5.24.3-RC1/e2d0/lib/site_perl/5.24.3/x86_64-linux/Moose.pm line 57
Moose::with('Moose::Meta::Class=HASH(0x55f5c64cbe40)', 'DBIx::Class::Graph::Role::ResultSet') called at /home/sand/src/perl/repoperls/installed-perls/host/k93zesty/v5.24.3-RC1/e2d0/lib/site_perl/5.24.3/x86_64-linux/Moose/Exporter.pm line 419
Moose::with('DBIx::Class::Graph::Role::ResultSet') called at /tmp/loop_over_bdir-2652-46HelM/DBIx-Class-Graph-1.05-0/blib/lib/DBIx/Class/ResultSet/Graph.pm line 19
require DBIx/Class/ResultSet/Graph.pm at /home/sand/src/perl/repoperls/installed-perls/host/k93zesty/v5.24.3-RC1/e2d0/lib/site_perl/5.24.3/Class/C3/Componentised.pm line 150
eval {...} at /home/sand/src/perl/repoperls/installed-perls/host/k93zesty/v5.24.3-RC1/e2d0/lib/site_perl/5.24.3/Class/C3/Componentised.pm line 150
Class::C3::Componentised::ensure_class_loaded('DBIx::Class::ResultSource::Table=HASH(0x55f5c3797728)', 'DBIx::Class::ResultSet::Graph') called at /home/sand/src/perl/repoperls/installed-perls/host/k93zesty/v5.24.3-RC1/e2d0/lib/site_perl/5.24.3/DBIx/Class/AccessorGroup.pm line 19
DBIx::Class::AccessorGroup::get_component_class('DBIx::Class::ResultSource::Table=HASH(0x55f5c3797728)', 'resultset_class') called at (eval 195) line 2
DBIx::Class::ResultSource::resultset_class('DBIx::Class::ResultSource::Table=HASH(0x55f5c3797728)') called at /home/sand/src/perl/repoperls/installed-perls/host/k93zesty/v5.24.3-RC1/e2d0/lib/site_perl/5.24.3/DBIx/Class/ResultSource.pm line 1135
DBIx::Class::ResultSource::resultset('DBIx::Class::ResultSource::Table=HASH(0x55f5c3797728)') called at /home/sand/src/perl/repoperls/installed-perls/host/k93zesty/v5.24.3-RC1/e2d0/lib/site_perl/5.24.3/DBIx/Class/Schema.pm line 547
DBIx::Class::Schema::resultset('TestLib::Schema=HASH(0x55f5c378e568)', 'Simple') called at /home/sand/src/perl/repoperls/installed-perls/host/k93zesty/v5.24.3-RC1/e2d0/lib/site_perl/5.24.3/DBIx/Class/Schema.pm line 769
DBIx::Class::Schema::populate('TestLib::Schema=HASH(0x55f5c378e568)', 'Simple', 'ARRAY(0x55f5c64d2140)') called at t/lib/TestLib.pm line 20
TestLib::new('TestLib') called at t/wrapper.t line 7
Compilation failed in require at /home/sand/src/perl/repoperls/installed-perls/host/k93zesty/v5.24.3-RC1/e2d0/lib/site_perl/5.24.3/Class/C3/Componentised.pm line 150. at /home/sand/src/perl/repoperls/installed-perls/host/k93zesty/v5.24.3-RC1/e2d0/lib/site_perl/5.24.3/Class/C3/Componentised.pm line 155
t/wrapper.t ...................
Dubious, test returned 255 (wstat 65280, 0xff00)
No subtests run
Test Summary Report
-------------------
t/00-compile.t (Wstat: 256 Tests: 5 Failed: 1)
Failed test: 5
Non-zero exit status: 1
t/complex.t (Wstat: 65280 Tests: 0 Failed: 0)
Non-zero exit status: 255
Parse errors: No plan found in TAP output
t/leak.t (Wstat: 65280 Tests: 0 Failed: 0)
Non-zero exit status: 255
Parse errors: No plan found in TAP output
t/result.t (Wstat: 65280 Tests: 0 Failed: 0)
Non-zero exit status: 255
Parse errors: No plan found in TAP output
t/resultset.t (Wstat: 65280 Tests: 0 Failed: 0)
Non-zero exit status: 255
Parse errors: No plan found in TAP output
t/simple01.t (Wstat: 65280 Tests: 0 Failed: 0)
Non-zero exit status: 255
Parse errors: No plan found in TAP output
t/simple02.t (Wstat: 65280 Tests: 0 Failed: 0)
Non-zero exit status: 255
Parse errors: No plan found in TAP output
t/simplesucc.t (Wstat: 65280 Tests: 0 Failed: 0)
Non-zero exit status: 255
Parse errors: No plan found in TAP output
t/wrapper.t (Wstat: 65280 Tests: 0 Failed: 0)
Non-zero exit status: 255
Parse errors: No plan found in TAP output
Files=15, Tests=6, 7 wallclock secs ( 0.04 usr 0.09 sys + 5.20 cusr 0.65 csys = 5.98 CPU)
Result: FAIL
Failed 9/15 test programs. 1/6 subtests failed.
------------------------------
PREREQUISITES
------------------------------
Prerequisite modules loaded:
requires:
Module Need Have
---------------------- ------ --------
base 0 2.23_01
Class::C3 0 0.33
DBIx::Class 0 0.082840
DBIx::Class::ResultSet 0 0
Graph 0.94 0.9704
List::MoreUtils 0 0.425
Moose 0 2.2006
Moose::Role 0 2.2006
Scalar::Util 0 1.49
strict 0 1.11
warnings 0 1.36
build_requires:
Module Need Have
---------------------- ------ --------
DBIx::Class::Schema 0 0
File::Find 0 1.34
File::Temp 0 0.2304
Module::Build 0.3601 0.4224
Test::Memory::Cycle 0 1.06
Test::More 0.88 1.302096
configure_requires:
Module Need Have
---------------------- ------ --------
Module::Build 0.3601 0.4224
------------------------------
ENVIRONMENT AND OTHER CONTEXT
------------------------------
Environment variables:
AUTOMATED_TESTING = 1
LANG = en_US.UTF-8
PATH = /home/sand/bin:/usr/local/bin:/usr/local/sbin:/usr/sbin:/usr/bin:/sbin:/bin:/usr/games:/usr/local/games:/usr/local/perl/bin:/usr/X11/bin
PERL5LIB =
PERL5OPT =
PERL5_CPANPLUS_IS_RUNNING = 5994
PERL5_CPAN_IS_RUNNING = 5994
PERL_CANARY_STABILITY_NOPROMPT = 1
PERL_MM_USE_DEFAULT = 1
PERL_USE_UNSAFE_INC = 1
SHELL = /usr/bin/zsh
TERM = screen
Perl special variables (and OS-specific diagnostics, for MSWin32):
$^X = /tmp/basesmoker-reloperl-8cVK/bin/perl
$UID/$EUID = 1005 / 1005
$GID = 1005 1005
$EGID = 1005 1005
Perl module toolchain versions installed:
Module Have
------------------- ----------
CPAN 2.18
CPAN::Meta 2.150010
Cwd 3.63_01
ExtUtils::CBuilder 0.280226
ExtUtils::Command 7.30
ExtUtils::Install 2.06
ExtUtils::MakeMaker 7.30
ExtUtils::Manifest 1.70
ExtUtils::ParseXS 3.31
File::Spec 3.63_01
JSON 2.94
JSON::PP 2.27300_01
Module::Build 0.4224
Module::Signature 0.81
Parse::CPAN::Meta 2.150010
Test::Harness 3.36_01
Test::More 1.302096
YAML 1.23
YAML::Syck 1.30
version 0.9916
--
Summary of my perl5 (revision 5 version 24 subversion 3) configuration:
Derived from: 752cb96a6b7f420187942e917feea72e8bbeb461
Platform:
osname=linux, osvers=4.10.0-35-generic, archname=x86_64-linux
uname='linux k93zesty 4.10.0-35-generic #39-ubuntu smp wed sep 13 07:46:59 utc 2017 x86_64 x86_64 x86_64 gnulinux '
config_args='-Dprefix=/home/sand/src/perl/repoperls/installed-perls/host/k93zesty/v5.24.3-RC1/e2d0 -Dmyhostname=k93zesty -Dinstallusrbinperl=n -Uversiononly -Dusedevel -des -Ui_db -Dlibswanted=cl pthread socket inet nsl gdbm dbm malloc dl ld sun m crypt sec util c cposix posix ucb BSD gdbm_compat -Uuseithreads -Uuselongdouble -DDEBUGGING=-g'
hint=recommended, useposix=true, d_sigaction=define
useithreads=undef, usemultiplicity=undef
use64bitint=define, use64bitall=define, uselongdouble=undef
usemymalloc=n, bincompat5005=undef
Compiler:
cc='cc', ccflags ='-fwrapv -fno-strict-aliasing -pipe -fstack-protector-strong -I/usr/local/include -D_LARGEFILE_SOURCE -D_FILE_OFFSET_BITS=64',
optimize='-O2 -g',
cppflags='-fwrapv -fno-strict-aliasing -pipe -fstack-protector-strong -I/usr/local/include'
ccversion='', gccversion='6.3.0 20170406', gccosandvers=''
intsize=4, longsize=8, ptrsize=8, doublesize=8, byteorder=12345678, doublekind=3
d_longlong=define, longlongsize=8, d_longdbl=define, longdblsize=16, longdblkind=3
ivtype='long', ivsize=8, nvtype='double', nvsize=8, Off_t='off_t', lseeksize=8
alignbytes=8, prototype=define
Linker and Libraries:
ld='cc', ldflags =' -fstack-protector-strong -L/usr/local/lib'
libpth=/usr/local/lib /usr/lib/gcc/x86_64-linux-gnu/6/include-fixed /usr/include/x86_64-linux-gnu /usr/lib /lib/x86_64-linux-gnu /lib/../lib /usr/lib/x86_64-linux-gnu /usr/lib/../lib /lib
libs=-lpthread -lnsl -ldl -lm -lcrypt -lutil -lc
perllibs=-lpthread -lnsl -ldl -lm -lcrypt -lutil -lc
libc=libc-2.24.so, so=so, useshrplib=false, libperl=libperl.a
gnulibc_version='2.24'
Dynamic Linking:
dlsrc=dl_dlopen.xs, dlext=so, d_dlsymun=undef, ccdlflags='-Wl,-E'
cccdlflags='-fPIC', lddlflags='-shared -O2 -g -L/usr/local/lib -fstack-protector-strong'
Characteristics of this binary (from libperl):
Compile-time options: HAS_TIMES PERLIO_LAYERS PERL_COPY_ON_WRITE
PERL_DONT_CREATE_GVSV
PERL_HASH_FUNC_ONE_AT_A_TIME_HARD PERL_MALLOC_WRAP
PERL_PRESERVE_IVUV PERL_USE_DEVEL USE_64_BIT_ALL
USE_64_BIT_INT USE_LARGE_FILES USE_LOCALE
USE_LOCALE_COLLATE USE_LOCALE_CTYPE
USE_LOCALE_NUMERIC USE_LOCALE_TIME USE_PERLIO
USE_PERL_ATOF
Locally applied patches:
RC1
uncommitted-changes
Built under linux
Compiled at Sep 20 2017 02:58:33
%ENV:
PERL5LIB=""
PERL5OPT=""
PERL5_CPANPLUS_IS_RUNNING="5994"
PERL5_CPAN_IS_RUNNING="5994"
PERL_CANARY_STABILITY_NOPROMPT="1"
PERL_MM_USE_DEFAULT="1"
PERL_USE_UNSAFE_INC="1"
@INC:
/home/sand/src/perl/repoperls/installed-perls/host/k93zesty/v5.24.3-RC1/e2d0/lib/site_perl/5.24.3/x86_64-linux
/home/sand/src/perl/repoperls/installed-perls/host/k93zesty/v5.24.3-RC1/e2d0/lib/site_perl/5.24.3
/home/sand/src/perl/repoperls/installed-perls/host/k93zesty/v5.24.3-RC1/e2d0/lib/5.24.3/x86_64-linux
/home/sand/src/perl/repoperls/installed-perls/host/k93zesty/v5.24.3-RC1/e2d0/lib/5.24.3
.