Report for HTTP-Server-Simple-0.45_02

Back
From: metabase:user:320bfe00-2aae-11df-837a-5e0a49663a4f
Subject: FAIL HTTP-Server-Simple-0.45_02 v5.15.9 GNU/Linux
Date: 2012-05-20T22:40:17Z

This distribution has been tested as part of the CPAN Testers
project, supporting the Perl programming language.  See
http://wiki.cpantesters.org/ for more information or email
questions to cpan-testers-discuss@perl.org


--
Dear Jesse Vincent,

This is a computer-generated report for HTTP-Server-Simple-0.45_02
on perl 5.15.9, created by CPAN-Reporter-1.2006.

Thank you for uploading your work to CPAN.  However, there was a problem
testing your distribution.

If you think this report is invalid, please consult the CPAN Testers Wiki
for suggestions on how to avoid getting FAIL reports for missing library
or binary dependencies, unsupported operating systems, and so on:

http://wiki.cpantesters.org/wiki/CPANAuthorNotes

Sections of this report:

    * Tester comments
    * Program output
    * Prerequisites
    * Environment and other context

------------------------------
TESTER COMMENTS
------------------------------

Additional comments from tester:

this report is from an automated smoke testing program
and was not reviewed by a human for accuracy

------------------------------
PROGRAM OUTPUT
------------------------------

Output from '/usr/bin/make test':

PERL_DL_NONLAZY=1 /home/sand/src/perl/repoperls/installed-perls/perl/v5.15.9-252-g906024c/127e/bin/perl "-MExtUtils::Command::MM" "-e" "test_harness(0, 'inc', 'blib/lib', 'blib/arch')" t/*.t
t/00signature.t .... ok
t/00smoke.t ........ ok
bind to *:49095: Address already in use at t/01live.t line 134.

#   Failed test 'Returns a page'
#   at t/01live.t line 141.
#                   '[ERROR] getaddrinfo: No address associated with hostname at t/01live.t line 89, <DATA> line 16.
# '
#     doesn't match '/Congratulations/'
bind to *:49096: Address already in use at t/01live.t line 134.

#   Failed test 'Returns a page'
#   at t/01live.t line 141.
#                   '[ERROR] getaddrinfo: No address associated with hostname at t/01live.t line 89, <DATA> line 16.
# '
#     doesn't match '/Congratulations/'
No address associated with hostname! at /tmp/loop_over_bdir-jHYgMr/HTTP-Server-Simple-0.45_02-444fnZ/blib/lib/HTTP/Server/Simple.pm line 704, <DATA> line 16.
Use of uninitialized value $sockaddr in bind at /tmp/loop_over_bdir-jHYgMr/HTTP-Server-Simple-0.45_02-444fnZ/blib/lib/HTTP/Server/Simple.pm line 724, <DATA> line 16.
bind to localhost:49097: Invalid argument at t/01live.t line 44.

#   Failed test 'Returns a page'
#   at t/01live.t line 49.
#                   '[ERROR] getaddrinfo: No address associated with hostname at t/01live.t line 89, <DATA> line 16.
# '
#     doesn't match '/Congratulations/'

#   Failed test 'knows what a request isn't'
#   at t/01live.t line 52.
#                   '[ERROR] getaddrinfo: No address associated with hostname at t/01live.t line 89, <DATA> line 16.
# '
#     doesn't match '/bad request/i'

#   Failed test 'HTTP/1.1 request'
#   at t/01live.t line 58.
#                   '[ERROR] getaddrinfo: No address associated with hostname at t/01live.t line 89, <DATA> line 16.
# '
#     doesn't match '/Congratulations/'

#   Failed test 'HTTP/0.9 request'
#   at t/01live.t line 61.
#                   '[ERROR] getaddrinfo: No address associated with hostname at t/01live.t line 89, <DATA> line 16.
# '
#     doesn't match '/Congratulations/'
# Looks like you failed 6 tests of 34.
t/01live.t ......... 
Dubious, test returned 6 (wstat 1536, 0x600)
Failed 6/34 subtests 
t/02pod.t .......... ok
t/03podcoverage.t .. ok
t/04cgi.t .......... ok

Test Summary Report
-------------------
t/01live.t       (Wstat: 1536 Tests: 34 Failed: 6)
  Failed tests:  8, 16, 26-29
  Non-zero exit status: 6
Files=6, Tests=109, 17 wallclock secs ( 0.04 usr  0.01 sys +  0.30 cusr  0.06 csys =  0.41 CPU)
Result: FAIL
Failed 1/6 test programs. 6/109 subtests failed.
make: *** [test_dynamic] Error 255

------------------------------
PREREQUISITES
------------------------------

Prerequisite modules loaded:

requires:

    Module              Need Have     
    ------------------- ---- ---------
    CGI                 0    3.59     
    Socket              0    2.001_001
    Test::More          0    0.98     

build_requires:

    Module              Need Have     
    ------------------- ---- ---------
    ExtUtils::MakeMaker 6.36 6.63_02  

configure_requires:

    Module              Need Have     
    ------------------- ---- ---------
    ExtUtils::MakeMaker 6.36 6.63_02  


------------------------------
ENVIRONMENT AND OTHER CONTEXT
------------------------------

Environment variables:

    AUTOMATED_TESTING = 1
    LANG = en_US.UTF-8
    LANGUAGE = en_US:en
    PATH = /home/sand/bin:/usr/local/bin:/usr/bin:/bin:/usr/bin/X11:/usr/games:/usr/local/perl/bin:/usr/X11/bin:/sbin:/usr/sbin
    PERL5LIB = 
    PERL5OPT = 
    PERL5_CPANPLUS_IS_RUNNING = 13731
    PERL5_CPAN_IS_RUNNING = 13731
    PERL_MM_USE_DEFAULT = 1
    SHELL = /usr/bin/zsh
    TERM = screen

Perl special variables (and OS-specific diagnostics, for MSWin32):

    $^X = /home/sand/src/perl/repoperls/installed-perls/perl/v5.15.9-252-g906024c/127e/bin/perl
    $UID/$EUID = 1005 / 1005
    $GID = 1005 1005
    $EGID = 1005 1005

Perl module toolchain versions installed:

    Module              Have    
    ------------------- --------
    CPAN                1.9800  
    CPAN::Meta          2.120921
    Cwd                 3.39_02 
    ExtUtils::CBuilder  0.280206
    ExtUtils::Command   1.17    
    ExtUtils::Install   1.58    
    ExtUtils::MakeMaker 6.63_02 
    ExtUtils::Manifest  1.61    
    ExtUtils::ParseXS   3.16    
    File::Spec          3.39_02 
    JSON                2.53    
    JSON::PP            2.27200 
    Module::Build       0.40    
    Module::Signature   0.68    
    Parse::CPAN::Meta   1.4404  
    Test::Harness       3.23    
    Test::More          0.98    
    YAML                0.81    
    YAML::Syck          1.20    
    version             0.98    


--

Summary of my perl5 (revision 5 version 15 subversion 9) configuration:
  Commit id: 906024c7fead4086ed911b8052d784aa07c2f1e2
  Platform:
    osname=linux, osvers=3.2.0-2-amd64, archname=x86_64-linux-ld
    uname='linux k83 3.2.0-2-amd64 #1 smp sun apr 15 16:47:38 utc 2012 x86_64 gnulinux '
    config_args='-Dprefix=/home/src/perl/repoperls/installed-perls/perl/v5.15.9-252-g906024c/127e -Dmyhostname=k83 -Dinstallusrbinperl=n -Uversiononly -Dusedevel -des -Ui_db -Uuseithreads -Duselongdouble -DDEBUGGING=-g'
    hint=recommended, useposix=true, d_sigaction=define
    useithreads=undef, usemultiplicity=undef
    useperlio=define, d_sfio=undef, uselargefiles=define, usesocks=undef
    use64bitint=define, use64bitall=define, uselongdouble=define
    usemymalloc=n, bincompat5005=undef
  Compiler:
    cc='cc', ccflags ='-fno-strict-aliasing -pipe -fstack-protector -I/usr/local/include -D_LARGEFILE_SOURCE -D_FILE_OFFSET_BITS=64',
    optimize='-O2 -g',
    cppflags='-fno-strict-aliasing -pipe -fstack-protector -I/usr/local/include'
    ccversion='', gccversion='4.6.3', gccosandvers=''
    intsize=4, longsize=8, ptrsize=8, doublesize=8, byteorder=12345678
    d_longlong=define, longlongsize=8, d_longdbl=define, longdblsize=16
    ivtype='long', ivsize=8, nvtype='long double', nvsize=16, Off_t='off_t', lseeksize=8
    alignbytes=16, prototype=define
  Linker and Libraries:
    ld='cc', ldflags =' -fstack-protector -L/usr/local/lib'
    libpth=/usr/local/lib /lib/x86_64-linux-gnu /lib/../lib /usr/lib/x86_64-linux-gnu /usr/lib/../lib /lib /usr/lib
    libs=-lnsl -ldb -ldl -lm -lcrypt -lutil -lc
    perllibs=-lnsl -ldl -lm -lcrypt -lutil -lc
    libc=, so=so, useshrplib=false, libperl=libperl.a
    gnulibc_version='2.13'
  Dynamic Linking:
    dlsrc=dl_dlopen.xs, dlext=so, d_dlsymun=undef, ccdlflags='-Wl,-E'
    cccdlflags='-fPIC', lddlflags='-shared -O2 -g -L/usr/local/lib -fstack-protector'


Characteristics of this binary (from libperl): 
  Compile-time options: HAS_TIMES PERLIO_LAYERS PERL_DONT_CREATE_GVSV
                        PERL_MALLOC_WRAP PERL_PRESERVE_IVUV PERL_USE_DEVEL
                        USE_64_BIT_ALL USE_64_BIT_INT USE_LARGE_FILES
                        USE_LOCALE USE_LOCALE_COLLATE USE_LOCALE_CTYPE
                        USE_LOCALE_NUMERIC USE_LONG_DOUBLE USE_PERLIO
                        USE_PERL_ATOF
  Built under linux
  Compiled at Apr 25 2012 08:20:01
  %ENV:
    PERL5LIB=""
    PERL5OPT=""
    PERL5_CPANPLUS_IS_RUNNING="13731"
    PERL5_CPAN_IS_RUNNING="13731"
    PERL_MM_USE_DEFAULT="1"
  @INC:
    /home/src/perl/repoperls/installed-perls/perl/v5.15.9-252-g906024c/127e/lib/site_perl/5.15.9/x86_64-linux-ld
    /home/src/perl/repoperls/installed-perls/perl/v5.15.9-252-g906024c/127e/lib/site_perl/5.15.9
    /home/src/perl/repoperls/installed-perls/perl/v5.15.9-252-g906024c/127e/lib/5.15.9/x86_64-linux-ld
    /home/src/perl/repoperls/installed-perls/perl/v5.15.9-252-g906024c/127e/lib/5.15.9
    .