Report for Module-Build-JSAN-Installable-0.13

Back
From: metabase:user:20a45eae-6c1a-1014-abaf-4bc2b30e56df
Subject: FAIL Module-Build-JSAN-Installable-0.13 v5.14.0 Windows (Cygwin)
Date: 2011-06-23T05:55:58Z

This distribution has been tested as part of the CPAN Testers
project, supporting the Perl programming language.  See
http://wiki.cpantesters.org/ for more information or email
questions to cpan-testers-discuss@perl.org


--
Dear Nickolay Platonov,

This is a computer-generated report for Module-Build-JSAN-Installable-0.13
on perl 5.14.0, created by CPAN-Reporter-1.1902.

Thank you for uploading your work to CPAN.  However, there was a problem
testing your distribution.

If you think this report is invalid, please consult the CPAN Testers Wiki
for suggestions on how to avoid getting FAIL reports for missing library
or binary dependencies, unsupported operating systems, and so on:

http://wiki.cpantesters.org/wiki/CPANAuthorNotes

Sections of this report:

    * Tester comments
    * Program output
    * Prerequisites
    * Environment and other context

------------------------------
TESTER COMMENTS
------------------------------

Additional comments from tester:

this report is from an automated smoke testing program
and was not reviewed by a human for accuracy

------------------------------
PROGRAM OUTPUT
------------------------------

Output from './Build test':

# Testing Module::Build::JSAN::Installable 0.13, Perl 5.014000, /opt/perl/inst/perl-5.14.0-cygwin/bin/perl5.14.0
t/00-load.t ................ ok
# Using Module::Build::JSAN::Installable 0.13
# Running ./Build on test distribution #1

#   Failed test 'META.json was created'
#   at t/01_basic_and_share.t line 29.
# Checking 'author'
# Checking build elements
# Checking 'requires'
# Checking 'build_requires'
# Checking 'configure_requires'
# Various options
Can't read META.json: No such file or directory at t/01_basic_and_share.t line 92
# Looks like you planned 11 tests but ran 10.
# Looks like you failed 1 test of 10 run.
# Looks like your test exited with 2 just after 10.
t/01_basic_and_share.t ..... 
Dubious, test returned 2 (wstat 512, 0x200)
Failed 2/11 subtests 
# Using Module::Build::JSAN::Installable 0.13
# Running ./Build on test distribution #1
File 'MANIFEST.SKIP' does not exist: Creating a temporary 'MANIFEST.SKIP'
Added to MANIFEST: lib/Digest/MD5.js
Added to MANIFEST: lib/Digest/MD5.mmd
Added to MANIFEST: MANIFEST
Added to MANIFEST: README
t/02_separate_docs_file.t .. ok
# Using Module::Build::JSAN::Installable 0.13
# Running ./Build on test distribution
t/03_tasks.t ............... ok

Test Summary Report
-------------------
t/01_basic_and_share.t   (Wstat: 512 Tests: 10 Failed: 1)
  Failed test:  3
  Non-zero exit status: 2
  Parse errors: Bad plan.  You planned 11 tests but ran 10.
Files=4, Tests=31, 31 wallclock secs ( 0.45 usr  0.14 sys +  5.17 cusr  5.96 csys = 11.73 CPU)
Result: FAIL
Failed 1/4 test programs. 1/31 subtests failed.

------------------------------
PREREQUISITES
------------------------------

Prerequisite modules loaded:

requires:

    Module              Need    Have    
    ------------------- ------- --------
    JSON                2.00    2.51    
    Module::Build       0.35    0.3800  
    Module::Build::JSAN 0.05    0.05    
    Path::Class         0.16    0.23    
    Text::Markdown      v1.0.26 1.000031
    Text::MultiMarkdown v1.0.29 1.000034

build_requires:

    Module              Need    Have    
    ------------------- ------- --------
    Capture::Tiny       0.06    0.10    
    Module::Build       0.3601  0.3800  
    Test::More          0       0.98    


------------------------------
ENVIRONMENT AND OTHER CONTEXT
------------------------------

Environment variables:

    AUTOMATED_TESTING = 1
    COMSPEC = C:\WINDOWS\system32\cmd.exe
    NUMBER_OF_PROCESSORS = 4
    PATH = /opt/perl/inst/perl-5.14.0-cygwin/local/bin:/opt/perl/inst/perl-5.14.0-cygwin/bin:/usr/local/bin:/usr/bin
    PERL5LIB = /opt/perl/inst/perl-5.14.0-cygwin/local/lib/site_perl:/opt/perl/inst/perl-5.14.0-cygwin/local/lib/perl5:/opt/perl/inst/perl-5.14.0-cygwin/local/lib
    PERL5OPT = 
    PERL5_CPANPLUS_IS_RUNNING = 5836
    PERL5_CPAN_IS_RUNNING = 5836
    PERL_EXTUTILS_AUTOINSTALL = 1
    PERL_MM_USE_DEFAULT = 1
    PERL_TEST_CRITIC = 1
    PROCESSOR_IDENTIFIER = x86 Family 6 Model 37 Stepping 5, GenuineIntel
    TEMP = /tmp
    TERM = cygwin

Perl special variables (and OS-specific diagnostics, for MSWin32):

    $^X = /opt/perl/inst/perl-5.14.0-cygwin/bin/perl5.14.0
    $UID/$EUID = 22755 / 22755
    $GID = 10513 544 545 555 10571 43588 44771 44776 47153 45205 10513 51781 18818 43061 18761 56667 12652 12669 12778 42734 20077 51528 11073 51645 61702 17963 51289 43366 55368 57206 20667 20955 49381 50556 23333 65644 65646 51916 51926 51837 45099 30321 49625 31369 45094
    $EGID = 10513 544 545 555 10571 43588 44771 44776 47153 45205 10513 51781 18818 43061 18761 56667 12652 12669 12778 42734 20077 51528 11073 51645 61702 17963 51289 43366 55368 57206 20667 20955 49381 50556 23333 65644 65646 51916 51926 51837 45099 30321 49625 31369 45094

Perl module toolchain versions installed:

    Module              Have    
    ------------------- --------
    CPAN                1.9600  
    Cwd                 3.36    
    ExtUtils::CBuilder  0.280203
    ExtUtils::Command   1.17    
    ExtUtils::Install   1.56    
    ExtUtils::MakeMaker 6.57_05 
    ExtUtils::Manifest  1.58    
    ExtUtils::ParseXS   2.2210  
    File::Spec          3.33    
    Module::Build       0.3800  
    Module::Signature   0.68    
    Test::Harness       3.23    
    Test::More          0.98    
    YAML                0.73    
    YAML::Syck          1.17    
    version             0.88    


--

Summary of my perl5 (revision 5 version 14 subversion 0) configuration:
   
  Platform:
    osname=cygwin, osvers=1.7.9(0.23753), archname=cygwin
    uname='cygwin_nt-5.1 los116 1.7.9(0.23753) 2011-03-29 10:10 i686 cygwin '
    config_args='-de -Dcc=gcc-4 -Dprefix=/opt/perl/inst/perl-5.14.0-cygwin -Dperladmin=pjacklam@online.no -Dusedevel -Dmksymlinks -Uusethreads -Uusemultiplicity -Uuse64bitint'
    hint=recommended, useposix=true, d_sigaction=define
    useithreads=undef, usemultiplicity=undef
    useperlio=define, d_sfio=undef, uselargefiles=define, usesocks=undef
    use64bitint=undef, use64bitall=undef, uselongdouble=undef
    usemymalloc=y, bincompat5005=undef
  Compiler:
    cc='gcc-4', ccflags ='-DPERL_USE_SAFE_PUTENV -U__STRICT_ANSI__ -fno-strict-aliasing -pipe -fstack-protector',
    optimize='-O3',
    cppflags='-DPERL_USE_SAFE_PUTENV -U__STRICT_ANSI__ -fno-strict-aliasing -pipe -fstack-protector'
    ccversion='', gccversion='4.3.4 20090804 (release) 1', gccosandvers=''
    intsize=4, longsize=4, ptrsize=4, doublesize=8, byteorder=1234
    d_longlong=define, longlongsize=8, d_longdbl=define, longdblsize=12
    ivtype='long', ivsize=4, nvtype='double', nvsize=8, Off_t='off_t', lseeksize=8
    alignbytes=8, prototype=define
  Linker and Libraries:
    ld='g++', ldflags =' -Wl,--enable-auto-import -Wl,--export-all-symbols -Wl,--enable-auto-image-base -fstack-protector -L/usr/local/lib'
    libpth=/usr/local/lib /usr/lib /lib
    libs=-lgdbm -ldb -ldl -lcrypt -lgdbm_compat
    perllibs=-ldl -lcrypt
    libc=/usr/lib/libc.a, so=dll, useshrplib=true, libperl=cygperl5_14_0.dll
    gnulibc_version=''
  Dynamic Linking:
    dlsrc=dl_dlopen.xs, dlext=dll, d_dlsymun=undef, ccdlflags=' '
    cccdlflags=' ', lddlflags=' --shared  -Wl,--enable-auto-import -Wl,--export-all-symbols -Wl,--enable-auto-image-base -L/usr/local/lib -fstack-protector'


Characteristics of this binary (from libperl): 
  Compile-time options: MYMALLOC PERL_DONT_CREATE_GVSV PERL_MALLOC_WRAP
                        PERL_PRESERVE_IVUV PERL_USE_DEVEL
                        PERL_USE_SAFE_PUTENV USE_LARGE_FILES USE_PERLIO
                        USE_PERL_ATOF
  Built under cygwin
  Compiled at May 16 2011 01:25:26
  %ENV:
    PERL5LIB="/opt/perl/inst/perl-5.14.0-cygwin/local/lib/site_perl:/opt/perl/inst/perl-5.14.0-cygwin/local/lib/perl5:/opt/perl/inst/perl-5.14.0-cygwin/local/lib"
    PERL5OPT=""
    PERL5_CPANPLUS_IS_RUNNING="5836"
    PERL5_CPAN_IS_RUNNING="5836"
    PERL_EXTUTILS_AUTOINSTALL="1"
    PERL_MM_USE_DEFAULT="1"
    PERL_TEST_CRITIC="1"
    CYGWIN="codepage:utf8 nodosfilewarning"
  @INC:
    /opt/perl/inst/perl-5.14.0-cygwin/local/lib/site_perl/5.14.0/cygwin
    /opt/perl/inst/perl-5.14.0-cygwin/local/lib/site_perl/5.14.0
    /opt/perl/inst/perl-5.14.0-cygwin/local/lib/site_perl
    /opt/perl/inst/perl-5.14.0-cygwin/local/lib/perl5/cygwin
    /opt/perl/inst/perl-5.14.0-cygwin/local/lib/perl5
    /opt/perl/inst/perl-5.14.0-cygwin/local/lib/5.14.0/cygwin
    /opt/perl/inst/perl-5.14.0-cygwin/local/lib/5.14.0
    /opt/perl/inst/perl-5.14.0-cygwin/local/lib
    /opt/perl/inst/perl-5.14.0-cygwin/lib/site_perl/5.14.0/cygwin
    /opt/perl/inst/perl-5.14.0-cygwin/lib/site_perl/5.14.0
    /opt/perl/inst/perl-5.14.0-cygwin/lib/5.14.0/cygwin
    /opt/perl/inst/perl-5.14.0-cygwin/lib/5.14.0
    .