DataStore-CAS v0.06 Perl 5 v5.22.4 x86_64-linux

Status
Fail
From
Chris Williams (BINGOS)
Dist
DataStore-CAS v0.06
Platform
Perl 5 v5.22.4 x86_64-linux
Date
2022-12-21 00:24:03
ID
c5ded4ce-80c5-11ed-aba6-9a79f339625c
This distribution has been tested as part of the CPAN Testers
project, supporting the Perl programming language.  See
http://wiki.cpantesters.org/ for more information or email
questions to cpan-testers-discuss@perl.org


--

Dear NERDVANA,

This is a computer-generated error report created automatically by
CPANPLUS, version 0.9914. Testers personal comments may appear
at the end of this report.


Thank you for uploading your work to CPAN.  However, it appears that
there were some problems testing your distribution.

TEST RESULTS:

Below is the error stack from stage 'make test':

PERL_DL_NONLAZY=1 "/home/cpan/pit/bare/perl-5.22.4/bin/perl" "-MExtUtils::Command::MM" "-MTest::Harness" "-e" "undef *Test::Harness::Switches; test_harness(0, 'blib/lib', 'blib/arch')" t/*.t
# Testing on Perl 5.022004, /home/cpan/pit/bare/perl-5.22.4/bin/perl
# DataStore::CAS                            0.06
# DataStore::CAS::File                      0.06
# DataStore::CAS::VirtualHandle             0.06
# DataStore::CAS::FileCreatorHandle         0.06
# DataStore::CAS::Virtual                   0.06
# DataStore::CAS::Simple                    0.06
t/00-load.t ................ ok
t/05-cas-fileobj.t ......... ok
t/06-cas-handleobj.t ....... ok
t/10-store-virtual.t ....... ok

    #   Failed test 'DataStore::CAS::Simple->new() died'
    #   at t/11-store-simple.t line 67.
    #     Error was:  Can't locate MRO/Compat.pm in @INC (you may need to install the MRO::Compat module) (@INC contains: /home/cpan/pit/bare/conf/perl-5.22.4/.cpanplus/5.22.4/build/LrAxXOSY9y/DataStore-CAS-0.06/blib/lib /home/cpan/pit/bare/conf/perl-5.22.4/.cpanplus/5.22.4/build/LrAxXOSY9y/DataStore-CAS-0.06/blib/arch /home/cpan/pit/jail/zeXD3t00_G/lib/perl5/5.22.4/x86_64-linux /home/cpan/pit/jail/zeXD3t00_G/lib/perl5/5.22.4/x86_64-linux /home/cpan/pit/jail/zeXD3t00_G/lib/perl5/5.22.4 /home/cpan/pit/jail/zeXD3t00_G/lib/perl5/x86_64-linux /home/cpan/pit/jail/zeXD3t00_G/lib/perl5/5.22.4/x86_64-linux /home/cpan/pit/jail/zeXD3t00_G/lib/perl5/5.22.4 /home/cpan/pit/jail/zeXD3t00_G/lib/perl5/x86_64-linux /home/cpan/pit/jail/zeXD3t00_G/lib/perl5 /home/cpan/pit/jail/zeXD3t00_G/lib/perl5/5.22.4/x86_64-linux /home/cpan/pit/jail/zeXD3t00_G/lib/perl5/5.22.4 /home/cpan/pit/jail/zeXD3t00_G/lib/perl5/x86_64-linux /home/cpan/pit/jail/zeXD3t00_G/lib/perl5 /home/cpan/pit/bare/conf/perl-5.22.4/.cpanplus/5.22.4/build/LrAxXOSY9y/DataStore-CAS-0.06/blib/lib /home/cpan/pit/bare/conf/perl-5.22.4/.cpanplus/5.22.4/build/LrAxXOSY9y/DataStore-CAS-0.06/blib/arch /home/cpan/pit/bare/perl-5.22.4/lib/site_perl/5.22.4/x86_64-linux /home/cpan/pit/bare/perl-5.22.4/lib/site_perl/5.22.4 /home/cpan/pit/bare/perl-5.22.4/lib/5.22.4/x86_64-linux /home/cpan/pit/bare/perl-5.22.4/lib/5.22.4) at /home/cpan/pit/bare/conf/perl-5.22.4/.cpanplus/5.22.4/build/LrAxXOSY9y/DataStore-CAS-0.06/blib/lib/DataStore/CAS/Simple.pm line 127.
    # open(cas_tmp/cas_store_simple/da/39a3ee5e6b4b0d3255bfef95601890afd80709): No such file or directory

    #   Failed test 'null hash exists and is empty'
    #   at t/11-store-simple.t line 70.
    #          got: undef
    #     expected: ''
    # open(cas_tmp/cas_store_simple/conf/fanout): No such file or directory

    #   Failed test 'fanout file correctly written'
    #   at t/11-store-simple.t line 71.
    #                   undef
    #     doesn't match '(?^:^2\r?\n$)'
    # open(cas_tmp/cas_store_simple/conf/digest): No such file or directory

    #   Failed test 'digest file correctly written'
    #   at t/11-store-simple.t line 72.
    #                   undef
    #     doesn't match '(?^:^SHA-1\r?\n$)'
    # Looks like you failed 4 tests of 4.

#   Failed test 'test_constructor'
#   at t/11-store-simple.t line 97.
No such file or directory at t/11-store-simple.t line 74.
# Tests were run but no plan was declared and done_testing() was not seen.
# Looks like your test exited with 255 just after 2.
t/11-store-simple.t ........ 
Dubious, test returned 255 (wstat 65280, 0xff00)
Failed 1/2 subtests 
t/12-virtual-filehandle.t .. skipped: Apply these tests to the splitting CAS module's handle object once written
t/author-pod-coverage.t .... skipped: these tests are for testing by the author
t/author-pod-syntax.t ...... skipped: these tests are for testing by the author

Test Summary Report
-------------------
t/11-store-simple.t      (Wstat: 65280 (exited 255) Tests: 2 Failed: 1)
  Failed test:  2
  Non-zero exit status: 255
  Parse errors: No plan found in TAP output
Files=8, Tests=35,  1 wallclock secs ( 0.03 usr  0.01 sys +  0.46 cusr  0.09 csys =  0.59 CPU)
Result: FAIL
Failed 1/8 test programs. 1/35 subtests failed.
make: *** [Makefile:910: test_dynamic] Error 255



MISSING PREREQUISITES:

It was observed that the test suite seem to fail without these modules:

MRO::Compat

As such, adding the prerequisite module(s) to 'PREREQ_PM' in your
Makefile.PL should solve this problem.  For example:

WriteMakefile(
    AUTHOR      => 'NERDVANA (cpanplus-info@lists.sf.net)',
    ... # other information
    PREREQ_PM   => {
	'MRO::Compat'	=> '0', # or a minimum working version
    }
);

Thanks! :-)

PREREQUISITES:

Here is a list of prerequisites you specified and versions we
managed to load:

	  Module Name                        Have     Want
	  Carp                               1.36        0
	  Data::Dumper                      2.158        0
	  Digest                          1.17_01     1.16
	  Digest::SHA                        6.03        0
	  ExtUtils::MakeMaker                7.64        0
	  File::Path                         2.18        0
	  File::Spec                         3.75     3.33
	  File::Spec::Functions              3.75        0
	  File::Temp                       0.2311     0.22
	  File::stat                         1.07        0
	  IO::File                           1.16        0
	  Moo                            2.005004 1.000007
	  Moo::Role                      2.005004        0
	  Scalar::Util                       1.41        0
	  Symbol                             1.07        0
	  Test::More                     1.302191        1
	  Try::Tiny                          0.31        0
	  parent                            0.232        0
	  strict                             1.09        0
	  warnings                           1.34        0

Perl module toolchain versions installed:
	Module Name                        Have
	CPANPLUS                         0.9914
	CPANPLUS::Dist::Build              0.90
	Cwd                                3.75
	ExtUtils::CBuilder             0.280236
	ExtUtils::Command                  7.64
	ExtUtils::Install                  2.20
	ExtUtils::MakeMaker                7.64
	ExtUtils::Manifest                 1.73
	ExtUtils::ParseXS                  3.44
	File::Spec                         3.75
	Module::Build                    0.4231
	Pod::Parser                        1.63
	Pod::Simple                        3.29
	Test2                          1.302191
	Test::Harness                      3.44
	Test::More                     1.302191
	version                          0.9929

******************************** NOTE ********************************
The comments above are created mechanically, possibly without manual
checking by the sender.  As there are many people performing automatic
tests on each upload to CPAN, it is likely that you will receive
identical messages about the same problem.

If you believe that the message is mistaken, please reply to the first
one with correction and/or additional informations, and do not take
it personally.  We appreciate your patience. :)
**********************************************************************

Additional comments:


This report was machine-generated by CPANPLUS::Dist::YACSmoke 1.08.
Powered by minismokebox version 0.68

CPANPLUS is prefering Build.PL

------------------------------
ENVIRONMENT AND OTHER CONTEXT
------------------------------

Environment variables:

    AUTOMATED_TESTING = 1
    LANG = C.UTF-8
    LC_COLLATE = C
    NONINTERACTIVE_TESTING = 1
    PATH = /usr/local/sbin:/usr/local/bin:/usr/sbin:/usr/bin:/sbin:/bin
    PERL5LIB = /home/cpan/pit/jail/zeXD3t00_G/lib/perl5:/home/cpan/pit/bare/conf/perl-5.22.4/.cpanplus/5.22.4/build/LrAxXOSY9y/DataStore-CAS-0.06/blib/lib:/home/cpan/pit/bare/conf/perl-5.22.4/.cpanplus/5.22.4/build/LrAxXOSY9y/DataStore-CAS-0.06/blib/arch
    PERL5_CPANPLUS_IS_RUNNING = 13371
    PERL5_CPANPLUS_IS_VERSION = 0.9914
    PERL5_MINISMOKEBOX = 0.68
    PERL5_YACSMOKE_BASE = /home/cpan/pit/bare/conf/perl-5.22.4
    PERL_EXTUTILS_AUTOINSTALL = --defaultdeps
    PERL_LOCAL_LIB_ROOT = /home/cpan/pit/jail/zeXD3t00_G
    PERL_MB_OPT = --install_base "/home/cpan/pit/jail/zeXD3t00_G"
    PERL_MM_OPT = INSTALL_BASE=/home/cpan/pit/jail/zeXD3t00_G
    PERL_MM_USE_DEFAULT = 1
    SHELL = /bin/bash
    TERM = screen

Perl special variables (and OS-specific diagnostics, for MSWin32):

    Perl: $^X = /home/cpan/pit/bare/perl-5.22.4/bin/perl
    UID:  $<  = 1001
    EUID: $>  = 1001
    GID:  $(  = 1001 1001
    EGID: $)  = 1001 1001


-------------------------------


--

Summary of my perl5 (revision 5 version 22 subversion 4) configuration:
   
  Platform:
    osname=linux, osvers=5.10.16-0-lts, archname=x86_64-linux
    uname='linux agaric 5.10.16-0-lts #1-alpine smp wed, 17 feb 2021 08:17:06 utc x86_64 linux '
    config_args='-des -Dprefix=/home/cpan/pit/bare/perl-5.22.4'
    hint=recommended, useposix=true, d_sigaction=define
    useithreads=undef, usemultiplicity=undef
    use64bitint=define, use64bitall=define, uselongdouble=undef
    usemymalloc=n, bincompat5005=undef
  Compiler:
    cc='cc', ccflags ='-D_GNU_SOURCE -fwrapv -fno-strict-aliasing -pipe -fstack-protector-strong -D_LARGEFILE_SOURCE -D_FILE_OFFSET_BITS=64',
    optimize='-O2',
    cppflags='-D_GNU_SOURCE -fwrapv -fno-strict-aliasing -pipe -fstack-protector-strong'
    ccversion='', gccversion='10.2.1 20201203', gccosandvers=''
    intsize=4, longsize=8, ptrsize=8, doublesize=8, byteorder=12345678, doublekind=3
    d_longlong=define, longlongsize=8, d_longdbl=define, longdblsize=16, longdblkind=3
    ivtype='long', ivsize=8, nvtype='double', nvsize=8, Off_t='off_t', lseeksize=8
    alignbytes=8, prototype=define
  Linker and Libraries:
    ld='cc', ldflags =' -fstack-protector-strong -L/usr/local/lib'
    libpth=/usr/include/fortify /usr/lib /usr/local/lib /lib/../lib /usr/lib/../lib /lib
    libs=-lpthread -lgdbm -ldl -lm -lcrypt -lutil -lc -lgdbm_compat
    perllibs=-lpthread -ldl -lm -lcrypt -lutil -lc
    libc=/usr/lib/libc.a, so=so, useshrplib=false, libperl=libperl.a
    gnulibc_version=''
  Dynamic Linking:
    dlsrc=dl_dlopen.xs, dlext=so, d_dlsymun=undef, ccdlflags='-Wl,-E'
    cccdlflags='-fPIC', lddlflags='-shared -O2 -L/usr/local/lib -fstack-protector-strong'


Characteristics of this binary (from libperl): 
  Compile-time options: HAS_TIMES PERLIO_LAYERS PERL_DONT_CREATE_GVSV
                        PERL_HASH_FUNC_ONE_AT_A_TIME_HARD PERL_MALLOC_WRAP
                        PERL_NEW_COPY_ON_WRITE PERL_PRESERVE_IVUV
                        USE_64_BIT_ALL USE_64_BIT_INT USE_LARGE_FILES
                        USE_LOCALE USE_LOCALE_COLLATE USE_LOCALE_CTYPE
                        USE_LOCALE_NUMERIC USE_LOCALE_TIME USE_PERLIO
                        USE_PERL_ATOF
  Locally applied patches:
	Devel::PatchPerl 2.08
  Built under linux
  Compiled at Mar 12 2021 04:19:39
  %ENV:
    PERL5LIB="/home/cpan/pit/jail/zeXD3t00_G/lib/perl5:/home/cpan/pit/bare/conf/perl-5.22.4/.cpanplus/5.22.4/build/LrAxXOSY9y/DataStore-CAS-0.06/blib/lib:/home/cpan/pit/bare/conf/perl-5.22.4/.cpanplus/5.22.4/build/LrAxXOSY9y/DataStore-CAS-0.06/blib/arch"
    PERL5_CPANPLUS_IS_RUNNING="13371"
    PERL5_CPANPLUS_IS_VERSION="0.9914"
    PERL5_MINISMOKEBOX="0.68"
    PERL5_YACSMOKE_BASE="/home/cpan/pit/bare/conf/perl-5.22.4"
    PERL_EXTUTILS_AUTOINSTALL="--defaultdeps"
    PERL_LOCAL_LIB_ROOT="/home/cpan/pit/jail/zeXD3t00_G"
    PERL_MB_OPT="--install_base "/home/cpan/pit/jail/zeXD3t00_G""
    PERL_MM_OPT="INSTALL_BASE=/home/cpan/pit/jail/zeXD3t00_G"
    PERL_MM_USE_DEFAULT="1"
  @INC:
    /home/cpan/pit/jail/zeXD3t00_G/lib/perl5/5.22.4/x86_64-linux
    /home/cpan/pit/jail/zeXD3t00_G/lib/perl5/5.22.4
    /home/cpan/pit/jail/zeXD3t00_G/lib/perl5/x86_64-linux
    /home/cpan/pit/jail/zeXD3t00_G/lib/perl5
    /home/cpan/pit/bare/conf/perl-5.22.4/.cpanplus/5.22.4/build/LrAxXOSY9y/DataStore-CAS-0.06/blib/lib
    /home/cpan/pit/bare/conf/perl-5.22.4/.cpanplus/5.22.4/build/LrAxXOSY9y/DataStore-CAS-0.06/blib/arch
    /home/cpan/pit/bare/perl-5.22.4/lib/site_perl/5.22.4/x86_64-linux
    /home/cpan/pit/bare/perl-5.22.4/lib/site_perl/5.22.4
    /home/cpan/pit/bare/perl-5.22.4/lib/5.22.4/x86_64-linux
    /home/cpan/pit/bare/perl-5.22.4/lib/5.22.4
    .