Report for HTTP-MobileAttribute-0.23

Back
From: metabase:user:320bfe00-2aae-11df-837a-5e0a49663a4f
Subject: FAIL HTTP-MobileAttribute-0.23 v5.22.3 GNU/Linux
Date: 2017-03-12T00:13:51Z

This distribution has been tested as part of the CPAN Testers
project, supporting the Perl programming language.  See
http://wiki.cpantesters.org/ for more information or email
questions to cpan-testers-discuss@perl.org


--
Dear Author,

This is a computer-generated report for HTTP-MobileAttribute-0.23
on perl 5.22.3, created by CPAN-Reporter-1.2018.

Thank you for uploading your work to CPAN.  However, there was a problem
testing your distribution.

If you think this report is invalid, please consult the CPAN Testers Wiki
for suggestions on how to avoid getting FAIL reports for missing library
or binary dependencies, unsupported operating systems, and so on:

http://wiki.cpantesters.org/wiki/CPANAuthorNotes

Sections of this report:

    * Tester comments
    * Program output
    * Prerequisites
    * Environment and other context

------------------------------
TESTER COMMENTS
------------------------------

Additional comments from tester:

this report is from an automated smoke testing program
and was not reviewed by a human for accuracy

------------------------------
PROGRAM OUTPUT
------------------------------

Output from '/usr/bin/make test':

PERL_DL_NONLAZY=1 "/tmp/basesmoker-reloperl-qWxx/bin/perl" "-MExtUtils::Command::MM" "-MTest::Harness" "-e" "undef *Test::Harness::Switches; test_harness(0, 'inc', 'blib/lib', 'blib/arch')" t/*.t t/Plugins/*.t t/*/*/*.t
Possible precedence issue with control flow operator at /tmp/loop_over_bdir-15041-wfZwVB/HTTP-MobileAttribute-0.23-0/inc/Test/Builder.pm line 917.
t/00_compile.t .............................. ok
Possible precedence issue with control flow operator at /tmp/loop_over_bdir-15041-wfZwVB/HTTP-MobileAttribute-0.23-0/inc/Test/Builder.pm line 917.
Redundant argument in sprintf at /tmp/loop_over_bdir-15041-wfZwVB/HTTP-MobileAttribute-0.23-0/inc/Spiffy.pm line 225.
Redundant argument in sprintf at /tmp/loop_over_bdir-15041-wfZwVB/HTTP-MobileAttribute-0.23-0/inc/Spiffy.pm line 225.
Redundant argument in sprintf at /tmp/loop_over_bdir-15041-wfZwVB/HTTP-MobileAttribute-0.23-0/inc/Spiffy.pm line 225.
Redundant argument in sprintf at /tmp/loop_over_bdir-15041-wfZwVB/HTTP-MobileAttribute-0.23-0/inc/Spiffy.pm line 225.
t/01_carrier_detect.t ....................... ok
Possible precedence issue with control flow operator at /tmp/loop_over_bdir-15041-wfZwVB/HTTP-MobileAttribute-0.23-0/inc/Test/Builder.pm line 917.
t/01_request.t .............................. ok
Possible precedence issue with control flow operator at /tmp/loop_over_bdir-15041-wfZwVB/HTTP-MobileAttribute-0.23-0/inc/Test/Builder.pm line 917.
t/02_docomo.t ............................... ok
Possible precedence issue with control flow operator at /tmp/loop_over_bdir-15041-wfZwVB/HTTP-MobileAttribute-0.23-0/inc/Test/Builder.pm line 917.
t/03_j_phone.t .............................. ok
Possible precedence issue with control flow operator at /tmp/loop_over_bdir-15041-wfZwVB/HTTP-MobileAttribute-0.23-0/inc/Test/Builder.pm line 917.
t/04_ezweb.t ................................ ok
Possible precedence issue with control flow operator at /tmp/loop_over_bdir-15041-wfZwVB/HTTP-MobileAttribute-0.23-0/inc/Test/Builder.pm line 917.
t/06_nonmobile.t ............................ ok
Possible precedence issue with control flow operator at /tmp/loop_over_bdir-15041-wfZwVB/HTTP-MobileAttribute-0.23-0/inc/Test/Builder.pm line 917.
t/07_airh.t ................................. ok
Possible precedence issue with control flow operator at /tmp/loop_over_bdir-15041-wfZwVB/HTTP-MobileAttribute-0.23-0/inc/Test/Builder.pm line 917.
t/09_vodafone_3gc.t ......................... ok
Possible precedence issue with control flow operator at /tmp/loop_over_bdir-15041-wfZwVB/HTTP-MobileAttribute-0.23-0/inc/Test/Builder.pm line 917.
t/10_softbank.t ............................. ok
Possible precedence issue with control flow operator at /tmp/loop_over_bdir-15041-wfZwVB/HTTP-MobileAttribute-0.23-0/inc/Test/Builder.pm line 917.
Redundant argument in sprintf at /tmp/loop_over_bdir-15041-wfZwVB/HTTP-MobileAttribute-0.23-0/inc/Spiffy.pm line 225.
Redundant argument in sprintf at /tmp/loop_over_bdir-15041-wfZwVB/HTTP-MobileAttribute-0.23-0/inc/Spiffy.pm line 225.
Redundant argument in sprintf at /tmp/loop_over_bdir-15041-wfZwVB/HTTP-MobileAttribute-0.23-0/inc/Spiffy.pm line 225.
Redundant argument in sprintf at /tmp/loop_over_bdir-15041-wfZwVB/HTTP-MobileAttribute-0.23-0/inc/Spiffy.pm line 225.
t/11_softbank_base.t ........................ ok
Possible precedence issue with control flow operator at /tmp/loop_over_bdir-15041-wfZwVB/HTTP-MobileAttribute-0.23-0/inc/Test/Builder.pm line 917.
t/12_no_match.t ............................. ok
Possible precedence issue with control flow operator at /tmp/loop_over_bdir-15041-wfZwVB/HTTP-MobileAttribute-0.23-0/inc/Test/Builder.pm line 917.
Redundant argument in sprintf at /tmp/loop_over_bdir-15041-wfZwVB/HTTP-MobileAttribute-0.23-0/inc/Spiffy.pm line 225.
Redundant argument in sprintf at /tmp/loop_over_bdir-15041-wfZwVB/HTTP-MobileAttribute-0.23-0/inc/Spiffy.pm line 225.
Redundant argument in sprintf at /tmp/loop_over_bdir-15041-wfZwVB/HTTP-MobileAttribute-0.23-0/inc/Spiffy.pm line 225.
Redundant argument in sprintf at /tmp/loop_over_bdir-15041-wfZwVB/HTTP-MobileAttribute-0.23-0/inc/Spiffy.pm line 225.
t/Plugins/CIDR-base.t ....................... skipped: Net::CIDR::MobileJP is not installed.
Possible precedence issue with control flow operator at /tmp/loop_over_bdir-15041-wfZwVB/HTTP-MobileAttribute-0.23-0/inc/Test/Builder.pm line 917.
Redundant argument in sprintf at /tmp/loop_over_bdir-15041-wfZwVB/HTTP-MobileAttribute-0.23-0/inc/Spiffy.pm line 225.
Redundant argument in sprintf at /tmp/loop_over_bdir-15041-wfZwVB/HTTP-MobileAttribute-0.23-0/inc/Spiffy.pm line 225.
Redundant argument in sprintf at /tmp/loop_over_bdir-15041-wfZwVB/HTTP-MobileAttribute-0.23-0/inc/Spiffy.pm line 225.
Redundant argument in sprintf at /tmp/loop_over_bdir-15041-wfZwVB/HTTP-MobileAttribute-0.23-0/inc/Spiffy.pm line 225.
t/Plugins/CIDR-setter.t ..................... skipped: Net::CIDR::MobileJP is not installed.
Possible precedence issue with control flow operator at /tmp/loop_over_bdir-15041-wfZwVB/HTTP-MobileAttribute-0.23-0/inc/Test/Builder.pm line 917.
Redundant argument in sprintf at /tmp/loop_over_bdir-15041-wfZwVB/HTTP-MobileAttribute-0.23-0/inc/Spiffy.pm line 225.
Redundant argument in sprintf at /tmp/loop_over_bdir-15041-wfZwVB/HTTP-MobileAttribute-0.23-0/inc/Spiffy.pm line 225.
Redundant argument in sprintf at /tmp/loop_over_bdir-15041-wfZwVB/HTTP-MobileAttribute-0.23-0/inc/Spiffy.pm line 225.
Redundant argument in sprintf at /tmp/loop_over_bdir-15041-wfZwVB/HTTP-MobileAttribute-0.23-0/inc/Spiffy.pm line 225.
t/Plugins/CIDR-yaml.t ....................... skipped: Net::CIDR::MobileJP is not installed.
Possible precedence issue with control flow operator at /tmp/loop_over_bdir-15041-wfZwVB/HTTP-MobileAttribute-0.23-0/inc/Test/Builder.pm line 917.
Redundant argument in sprintf at /tmp/loop_over_bdir-15041-wfZwVB/HTTP-MobileAttribute-0.23-0/inc/Spiffy.pm line 225.
Redundant argument in sprintf at /tmp/loop_over_bdir-15041-wfZwVB/HTTP-MobileAttribute-0.23-0/inc/Spiffy.pm line 225.
Redundant argument in sprintf at /tmp/loop_over_bdir-15041-wfZwVB/HTTP-MobileAttribute-0.23-0/inc/Spiffy.pm line 225.
Redundant argument in sprintf at /tmp/loop_over_bdir-15041-wfZwVB/HTTP-MobileAttribute-0.23-0/inc/Spiffy.pm line 225.
t/Plugins/Display.t ......................... ok
Possible precedence issue with control flow operator at /tmp/loop_over_bdir-15041-wfZwVB/HTTP-MobileAttribute-0.23-0/inc/Test/Builder.pm line 917.
Redundant argument in sprintf at /tmp/loop_over_bdir-15041-wfZwVB/HTTP-MobileAttribute-0.23-0/inc/Spiffy.pm line 225.
Redundant argument in sprintf at /tmp/loop_over_bdir-15041-wfZwVB/HTTP-MobileAttribute-0.23-0/inc/Spiffy.pm line 225.
Redundant argument in sprintf at /tmp/loop_over_bdir-15041-wfZwVB/HTTP-MobileAttribute-0.23-0/inc/Spiffy.pm line 225.
Redundant argument in sprintf at /tmp/loop_over_bdir-15041-wfZwVB/HTTP-MobileAttribute-0.23-0/inc/Spiffy.pm line 225.
t/Plugins/DoCoMo/Browser.t .................. ok
Possible precedence issue with control flow operator at /tmp/loop_over_bdir-15041-wfZwVB/HTTP-MobileAttribute-0.23-0/inc/Test/Builder.pm line 917.
Redundant argument in sprintf at /tmp/loop_over_bdir-15041-wfZwVB/HTTP-MobileAttribute-0.23-0/inc/Spiffy.pm line 225.
Redundant argument in sprintf at /tmp/loop_over_bdir-15041-wfZwVB/HTTP-MobileAttribute-0.23-0/inc/Spiffy.pm line 225.
Redundant argument in sprintf at /tmp/loop_over_bdir-15041-wfZwVB/HTTP-MobileAttribute-0.23-0/inc/Spiffy.pm line 225.
Redundant argument in sprintf at /tmp/loop_over_bdir-15041-wfZwVB/HTTP-MobileAttribute-0.23-0/inc/Spiffy.pm line 225.
t/Plugins/Encoding.t ........................ ok
Possible precedence issue with control flow operator at /tmp/loop_over_bdir-15041-wfZwVB/HTTP-MobileAttribute-0.23-0/inc/Test/Builder.pm line 917.
Redundant argument in sprintf at /tmp/loop_over_bdir-15041-wfZwVB/HTTP-MobileAttribute-0.23-0/inc/Spiffy.pm line 225.
Redundant argument in sprintf at /tmp/loop_over_bdir-15041-wfZwVB/HTTP-MobileAttribute-0.23-0/inc/Spiffy.pm line 225.
Redundant argument in sprintf at /tmp/loop_over_bdir-15041-wfZwVB/HTTP-MobileAttribute-0.23-0/inc/Spiffy.pm line 225.
Redundant argument in sprintf at /tmp/loop_over_bdir-15041-wfZwVB/HTTP-MobileAttribute-0.23-0/inc/Spiffy.pm line 225.
t/Plugins/GPS-gps_compliant.t ............... ok
Possible precedence issue with control flow operator at /tmp/loop_over_bdir-15041-wfZwVB/HTTP-MobileAttribute-0.23-0/inc/Test/Builder.pm line 917.
Redundant argument in sprintf at /tmp/loop_over_bdir-15041-wfZwVB/HTTP-MobileAttribute-0.23-0/inc/Spiffy.pm line 225.
Redundant argument in sprintf at /tmp/loop_over_bdir-15041-wfZwVB/HTTP-MobileAttribute-0.23-0/inc/Spiffy.pm line 225.
Redundant argument in sprintf at /tmp/loop_over_bdir-15041-wfZwVB/HTTP-MobileAttribute-0.23-0/inc/Spiffy.pm line 225.
Redundant argument in sprintf at /tmp/loop_over_bdir-15041-wfZwVB/HTTP-MobileAttribute-0.23-0/inc/Spiffy.pm line 225.
THIS METHOD IS OBSOLETE. DO NOT USE THIS. at /tmp/loop_over_bdir-15041-wfZwVB/HTTP-MobileAttribute-0.23-0/blib/lib/HTTP/MobileAttribute/Plugin/GPS.pm line 13, <DATA> line 1.
THIS METHOD IS OBSOLETE. DO NOT USE THIS. at /tmp/loop_over_bdir-15041-wfZwVB/HTTP-MobileAttribute-0.23-0/blib/lib/HTTP/MobileAttribute/Plugin/GPS.pm line 13, <DATA> line 1.
t/Plugins/GPS-is_gps.t ...................... ok
Possible precedence issue with control flow operator at /tmp/loop_over_bdir-15041-wfZwVB/HTTP-MobileAttribute-0.23-0/inc/Test/Builder.pm line 917.
t/Plugins/Locator/00.load.t ................. ok
Possible precedence issue with control flow operator at /tmp/loop_over_bdir-15041-wfZwVB/HTTP-MobileAttribute-0.23-0/inc/Test/Builder.pm line 917.
t/Plugins/Locator/01.get_location.t ......... skipped: this module requires Geo::Coordinates::Converter && Geo::Coordinates::Converter::iArea
Possible precedence issue with control flow operator at /tmp/loop_over_bdir-15041-wfZwVB/HTTP-MobileAttribute-0.23-0/inc/Test/Builder.pm line 917.
t/Plugins/Locator/02.gps_comliant.t ......... skipped: this module requires Geo::Coordinates::Converter && Geo::Coordinates::Converter::iArea
Possible precedence issue with control flow operator at /tmp/loop_over_bdir-15041-wfZwVB/HTTP-MobileAttribute-0.23-0/inc/Test/Builder.pm line 917.
t/Plugins/Locator/03.non_mobile.t ........... skipped: this module requires Geo::Coordinates::Converter && Geo::Coordinates::Converter::iArea
Possible precedence issue with control flow operator at /tmp/loop_over_bdir-15041-wfZwVB/HTTP-MobileAttribute-0.23-0/inc/Test/Builder.pm line 917.
t/Plugins/Locator/04.apache_params.t ........ skipped: this module requires Geo::Coordinates::Converter && Geo::Coordinates::Converter::iArea
Possible precedence issue with control flow operator at /tmp/loop_over_bdir-15041-wfZwVB/HTTP-MobileAttribute-0.23-0/inc/Test/Builder.pm line 917.
t/Plugins/Locator/05.cgi_params.t ........... skipped: this module requires Geo::Coordinates::Converter && Geo::Coordinates::Converter::iArea
Possible precedence issue with control flow operator at /tmp/loop_over_bdir-15041-wfZwVB/HTTP-MobileAttribute-0.23-0/inc/Test/Builder.pm line 917.
t/Plugins/Locator/06.hashref_params.t ....... skipped: this module requires Geo::Coordinates::Converter && Geo::Coordinates::Converter::iArea
Possible precedence issue with control flow operator at /tmp/loop_over_bdir-15041-wfZwVB/HTTP-MobileAttribute-0.23-0/inc/Test/Builder.pm line 917.
t/Plugins/Locator/07.gps_parameter.t ........ skipped: this module requires Geo::Coordinates::Converter && Geo::Coordinates::Converter::iArea
Possible precedence issue with control flow operator at /tmp/loop_over_bdir-15041-wfZwVB/HTTP-MobileAttribute-0.23-0/inc/Test/Builder.pm line 917.
t/Plugins/Locator/08.regression-params.t .... skipped: this module requires Geo::Coordinates::Converter && Geo::Coordinates::Converter::iArea
Possible precedence issue with control flow operator at /tmp/loop_over_bdir-15041-wfZwVB/HTTP-MobileAttribute-0.23-0/inc/Test/Builder.pm line 917.
t/Plugins/Locator/09.get_carrier_locator.t .. skipped: this module requires Geo::Coordinates::Converter && Geo::Coordinates::Converter::iArea
Possible precedence issue with control flow operator at /tmp/loop_over_bdir-15041-wfZwVB/HTTP-MobileAttribute-0.23-0/inc/Test/Builder.pm line 917.
Redundant argument in sprintf at /tmp/loop_over_bdir-15041-wfZwVB/HTTP-MobileAttribute-0.23-0/inc/Spiffy.pm line 225.
Redundant argument in sprintf at /tmp/loop_over_bdir-15041-wfZwVB/HTTP-MobileAttribute-0.23-0/inc/Spiffy.pm line 225.
Redundant argument in sprintf at /tmp/loop_over_bdir-15041-wfZwVB/HTTP-MobileAttribute-0.23-0/inc/Spiffy.pm line 225.
Redundant argument in sprintf at /tmp/loop_over_bdir-15041-wfZwVB/HTTP-MobileAttribute-0.23-0/inc/Spiffy.pm line 225.

#   Failed test at /tmp/loop_over_bdir-15041-wfZwVB/HTTP-MobileAttribute-0.23-0/inc/Test/Base.pm line 337.
#     Structures begin differing at:
#          $got->{id} = ''
#     $expected->{id} = undef

#   Failed test at /tmp/loop_over_bdir-15041-wfZwVB/HTTP-MobileAttribute-0.23-0/inc/Test/Base.pm line 337.
#     Structures begin differing at:
#          $got->{id} = ''
#     $expected->{id} = undef

#   Failed test at /tmp/loop_over_bdir-15041-wfZwVB/HTTP-MobileAttribute-0.23-0/inc/Test/Base.pm line 337.
#     Structures begin differing at:
#          $got->{id} = ''
#     $expected->{id} = undef
# Looks like you failed 3 tests of 9.
t/Plugins/UserID-base.t ..................... 
Dubious, test returned 3 (wstat 768, 0x300)
Failed 3/9 subtests 
Possible precedence issue with control flow operator at /tmp/loop_over_bdir-15041-wfZwVB/HTTP-MobileAttribute-0.23-0/inc/Test/Builder.pm line 917.
Redundant argument in sprintf at /tmp/loop_over_bdir-15041-wfZwVB/HTTP-MobileAttribute-0.23-0/inc/Spiffy.pm line 225.
Redundant argument in sprintf at /tmp/loop_over_bdir-15041-wfZwVB/HTTP-MobileAttribute-0.23-0/inc/Spiffy.pm line 225.
Redundant argument in sprintf at /tmp/loop_over_bdir-15041-wfZwVB/HTTP-MobileAttribute-0.23-0/inc/Spiffy.pm line 225.
Redundant argument in sprintf at /tmp/loop_over_bdir-15041-wfZwVB/HTTP-MobileAttribute-0.23-0/inc/Spiffy.pm line 225.
t/Plugins/UserID-fallback-card.t ............ ok
Possible precedence issue with control flow operator at /tmp/loop_over_bdir-15041-wfZwVB/HTTP-MobileAttribute-0.23-0/inc/Test/Builder.pm line 917.
Redundant argument in sprintf at /tmp/loop_over_bdir-15041-wfZwVB/HTTP-MobileAttribute-0.23-0/inc/Spiffy.pm line 225.
Redundant argument in sprintf at /tmp/loop_over_bdir-15041-wfZwVB/HTTP-MobileAttribute-0.23-0/inc/Spiffy.pm line 225.
Redundant argument in sprintf at /tmp/loop_over_bdir-15041-wfZwVB/HTTP-MobileAttribute-0.23-0/inc/Spiffy.pm line 225.
Redundant argument in sprintf at /tmp/loop_over_bdir-15041-wfZwVB/HTTP-MobileAttribute-0.23-0/inc/Spiffy.pm line 225.

#   Failed test at /tmp/loop_over_bdir-15041-wfZwVB/HTTP-MobileAttribute-0.23-0/inc/Test/Base.pm line 337.
#     Structures begin differing at:
#          $got->{id} = ''
#     $expected->{id} = undef
# Looks like you failed 1 test of 10.
t/Plugins/UserID-fallback.t ................. 
Dubious, test returned 1 (wstat 256, 0x100)
Failed 1/10 subtests 
Possible precedence issue with control flow operator at /tmp/loop_over_bdir-15041-wfZwVB/HTTP-MobileAttribute-0.23-0/inc/Test/Builder.pm line 917.
Redundant argument in sprintf at /tmp/loop_over_bdir-15041-wfZwVB/HTTP-MobileAttribute-0.23-0/inc/Spiffy.pm line 225.
Redundant argument in sprintf at /tmp/loop_over_bdir-15041-wfZwVB/HTTP-MobileAttribute-0.23-0/inc/Spiffy.pm line 225.
Redundant argument in sprintf at /tmp/loop_over_bdir-15041-wfZwVB/HTTP-MobileAttribute-0.23-0/inc/Spiffy.pm line 225.
Redundant argument in sprintf at /tmp/loop_over_bdir-15041-wfZwVB/HTTP-MobileAttribute-0.23-0/inc/Spiffy.pm line 225.
t/Plugins/UserID-supports_user_id.t ......... ok

Test Summary Report
-------------------
t/Plugins/UserID-base.t                   (Wstat: 768 Tests: 9 Failed: 3)
  Failed tests:  5, 7, 9
  Non-zero exit status: 3
t/Plugins/UserID-fallback.t               (Wstat: 256 Tests: 10 Failed: 1)
  Failed test:  8
  Non-zero exit status: 1
Files=34, Tests=2753,  2 wallclock secs ( 0.24 usr  0.18 sys +  1.95 cusr  0.38 csys =  2.75 CPU)
Result: FAIL
Failed 2/34 test programs. 4/2753 subtests failed.
Makefile:864: recipe for target 'test_dynamic' failed
make: *** [test_dynamic] Error 255

------------------------------
PREREQUISITES
------------------------------

Prerequisite modules loaded:

requires:

    Module              Need     Have    
    ------------------- -------- --------
    Class::Component    0.17     0.17    
    Filter::Util::Call  0        1.54    
    perl                5.008001 5.022003
    UNIVERSAL::require  0.13     0.18    

build_requires:

    Module              Need     Have    
    ------------------- -------- --------
    ExtUtils::MakeMaker 6.42     7.24    
    YAML                0        1.23    

configure_requires:

    Module              Need     Have    
    ------------------- -------- --------
    ExtUtils::MakeMaker 6.42     7.24    


------------------------------
ENVIRONMENT AND OTHER CONTEXT
------------------------------

Environment variables:

    AUTOMATED_TESTING = 1
    LANG = en_US.UTF-8
    PATH = /home/sand/bin:/usr/local/bin:/usr/bin:/bin:/usr/games:/usr/local/perl/bin:/usr/X11/bin:/sbin:/usr/sbin
    PERL5LIB = 
    PERL5OPT = 
    PERL5_CPANPLUS_IS_RUNNING = 2802
    PERL5_CPAN_IS_RUNNING = 2802
    PERL_CANARY_STABILITY_NOPROMPT = 1
    PERL_MM_USE_DEFAULT = 1
    PERL_USE_UNSAFE_INC = 1
    SHELL = /usr/bin/zsh
    TERM = screen

Perl special variables (and OS-specific diagnostics, for MSWin32):

    $^X = /tmp/basesmoker-reloperl-qWxx/bin/perl
    $UID/$EUID = 1005 / 1005
    $GID = 1005 1005
    $EGID = 1005 1005

Perl module toolchain versions installed:

    Module              Have      
    ------------------- ----------
    CPAN                2.17      
    CPAN::Meta          2.150010  
    Cwd                 3.62      
    ExtUtils::CBuilder  0.280224  
    ExtUtils::Command   7.24      
    ExtUtils::Install   2.04      
    ExtUtils::MakeMaker 7.24      
    ExtUtils::Manifest  1.70      
    ExtUtils::ParseXS   3.28      
    File::Spec          3.62      
    JSON                2.90      
    JSON::PP            2.27300_01
    Module::Build       0.4220    
    Module::Signature   0.81      
    Parse::CPAN::Meta   2.150010  
    Test::Harness       3.36      
    Test::More          1.302078  
    YAML                1.23      
    YAML::Syck          1.29      
    version             0.9917    


--

Summary of my perl5 (revision 5 version 22 subversion 3) configuration:
  Derived from: 16b638b0a20de774856b3a21a75a5e373af5262c
  Platform:
    osname=linux, osvers=4.9.0-2-amd64, archname=x86_64-linux-thread-multi
    uname='linux k93x64sid 4.9.0-2-amd64 #1 smp debian 4.9.13-1 (2017-02-27) x86_64 gnulinux '
    config_args='-Dprefix=/home/sand/src/perl/repoperls/installed-perls/host/k93x64sid/v5.22.3/9af6 -Dmyhostname=k93x64sid -Dinstallusrbinperl=n -Uversiononly -Dusedevel -des -Ui_db -Dlibswanted=cl pthread socket inet nsl gdbm dbm malloc dl ld sun m crypt sec util c cposix posix ucb BSD gdbm_compat -Duseithreads -Uuselongdouble -DDEBUGGING=-g'
    hint=recommended, useposix=true, d_sigaction=define
    useithreads=define, usemultiplicity=define
    use64bitint=define, use64bitall=define, uselongdouble=undef
    usemymalloc=n, bincompat5005=undef
  Compiler:
    cc='cc', ccflags ='-D_REENTRANT -D_GNU_SOURCE -fwrapv -fno-strict-aliasing -pipe -fstack-protector-strong -I/usr/local/include -D_LARGEFILE_SOURCE -D_FILE_OFFSET_BITS=64',
    optimize='-O2 -g',
    cppflags='-D_REENTRANT -D_GNU_SOURCE -fwrapv -fno-strict-aliasing -pipe -fstack-protector-strong -I/usr/local/include'
    ccversion='', gccversion='6.3.0 20170221', gccosandvers=''
    intsize=4, longsize=8, ptrsize=8, doublesize=8, byteorder=12345678, doublekind=3
    d_longlong=define, longlongsize=8, d_longdbl=define, longdblsize=16, longdblkind=3
    ivtype='long', ivsize=8, nvtype='double', nvsize=8, Off_t='off_t', lseeksize=8
    alignbytes=8, prototype=define
  Linker and Libraries:
    ld='cc', ldflags =' -fstack-protector-strong -L/usr/local/lib'
    libpth=/usr/local/lib /usr/lib/gcc/x86_64-linux-gnu/6/include-fixed /usr/include/x86_64-linux-gnu /usr/lib /lib/x86_64-linux-gnu /lib/../lib /usr/lib/x86_64-linux-gnu /usr/lib/../lib /lib
    libs=-lpthread -lnsl -ldl -lm -lcrypt -lutil -lc
    perllibs=-lpthread -lnsl -ldl -lm -lcrypt -lutil -lc
    libc=libc-2.24.so, so=so, useshrplib=false, libperl=libperl.a
    gnulibc_version='2.24'
  Dynamic Linking:
    dlsrc=dl_dlopen.xs, dlext=so, d_dlsymun=undef, ccdlflags='-Wl,-E'
    cccdlflags='-fPIC', lddlflags='-shared -O2 -g -L/usr/local/lib -fstack-protector-strong'


Characteristics of this binary (from libperl): 
  Compile-time options: HAS_TIMES MULTIPLICITY PERLIO_LAYERS
                        PERL_DONT_CREATE_GVSV
                        PERL_HASH_FUNC_ONE_AT_A_TIME_HARD
                        PERL_IMPLICIT_CONTEXT PERL_MALLOC_WRAP
                        PERL_NEW_COPY_ON_WRITE PERL_PRESERVE_IVUV
                        PERL_USE_DEVEL USE_64_BIT_ALL USE_64_BIT_INT
                        USE_ITHREADS USE_LARGE_FILES USE_LOCALE
                        USE_LOCALE_COLLATE USE_LOCALE_CTYPE
                        USE_LOCALE_NUMERIC USE_LOCALE_TIME USE_PERLIO
                        USE_PERL_ATOF USE_REENTRANT_API
  Locally applied patches:
	uncommitted-changes
  Built under linux
  Compiled at Mar 11 2017 10:30:48
  %ENV:
    PERL5LIB=""
    PERL5OPT=""
    PERL5_CPANPLUS_IS_RUNNING="2802"
    PERL5_CPAN_IS_RUNNING="2802"
    PERL_CANARY_STABILITY_NOPROMPT="1"
    PERL_MM_USE_DEFAULT="1"
    PERL_USE_UNSAFE_INC="1"
  @INC:
    /home/sand/src/perl/repoperls/installed-perls/host/k93x64sid/v5.22.3/9af6/lib/site_perl/5.22.3/x86_64-linux-thread-multi
    /home/sand/src/perl/repoperls/installed-perls/host/k93x64sid/v5.22.3/9af6/lib/site_perl/5.22.3
    /home/sand/src/perl/repoperls/installed-perls/host/k93x64sid/v5.22.3/9af6/lib/5.22.3/x86_64-linux-thread-multi
    /home/sand/src/perl/repoperls/installed-perls/host/k93x64sid/v5.22.3/9af6/lib/5.22.3
    .