Report for Froody-42.041_2

Back
From: metabase:user:9820532a-708b-1014-9a05-b18a96298da1
Subject: FAIL Froody-42.041_2 v5.10.1 GNU/Linux
Date: 2012-01-17T19:59:32Z

This distribution has been tested as part of the CPAN Testers
project, supporting the Perl programming language.  See
http://wiki.cpantesters.org/ for more information or email
questions to cpan-testers-discuss@perl.org


--
Dear Fotango Ltd,

This is a computer-generated report for Froody-42.041_2
on perl 5.10.1, created by CPAN-Reporter-1.2003.

Thank you for uploading your work to CPAN.  However, there was a problem
testing your distribution.

If you think this report is invalid, please consult the CPAN Testers Wiki
for suggestions on how to avoid getting FAIL reports for missing library
or binary dependencies, unsupported operating systems, and so on:

http://wiki.cpantesters.org/wiki/CPANAuthorNotes

Sections of this report:

    * Tester comments
    * Program output
    * Prerequisites
    * Environment and other context

------------------------------
TESTER COMMENTS
------------------------------

Additional comments from tester:

this report is from an automated smoke testing program
and was not reviewed by a human for accuracy

------------------------------
PROGRAM OUTPUT
------------------------------

Output from './Build test':

t/000compile...........ok
t/001pragmas...........ok
t/003pod...............ok
t/004uselib............ok
t/api..................unknown key 'blah' defined within a terse structure at 'range' for structure 'testproject.object.extra'. at /home/test/.cpan/build/Froody-42.041_2-kW9Vhz/blib/lib/Froody/Walker.pm line 94
ok
t/config...............ok
t/copy.................ok
t/dispatch.............ok
t/err_isa..............ok
t/error................ok
t/froodydoc_pod_js.....skipped: froodydoc.js needs JavaScript::Standalone
t/froodydoc_wiky_js....skipped: froodydoc.js needs JavaScript::Standalone
t/high-level...........
#   Failed test 'no utf-8 problems with BOM'
#   at t/high-level.t line 32.
#                   '<?xml version="1.0" encoding="utf-8"?>
# <rsp stat="fail">
#   <err msg="Method 'é' not found." code="froody.invoke.nosuchmethod"/>
# </rsp>
# '
#     doesn't match '(?-xism:Method 'é' not found)'
Adding document fragments with addChild not supported! at /home/test/.cpan/build/Froody-42.041_2-kW9Vhz/blib/lib/Froody/Response/Terse.pm line 127.

#   Failed test 'can make call'
#   at t/high-level.t line 78.
# died: Froody::Error (froody.invoke.remote - Bad response from remote server - 500 Server closed connection without sending any data back
# Stack trace:
#   Bad response from remote server - 500 Server closed connection without sending any data back at /home/test/.cpan/build/Froody-42.041_2-kW9Vhz/blib/lib/Froody/Invoker/Remote.pm line 61
#   	Froody::Invoker::Remote::invoke('Froody::Invoker::Remote=HASH(0x261d178)', 'Froody::Method=HASH(0x3c28ad0)', 'HASH(0x3c4cca8)', 'HASH(0x3c62a28)') called at /home/test/.cpan/build/Froody-42.041_2-kW9Vhz/blib/lib/Froody/Dispatch.pm line 323
#   	Froody::Dispatch::call_via(undef, undef, undef, 'HASH(0x3c4cca8)') called at /home/test/.cpan/build/Froody-42.041_2-kW9Vhz/blib/lib/Froody/Dispatch.pm line 466
#   	Froody::Dispatch::dispatch('Froody::Dispatch=HASH(0x261cc20)', 'method', 'foo.test.empty', 'params', 'HASH(0x3c4cca8)') called at /home/test/.cpan/build/Froody-42.041_2-kW9Vhz/blib/lib/Froody/Dispatch.pm line 546
#   	Froody::Dispatch::call('Froody::Dispatch=HASH(0x261cc20)', 'foo.test.empty') called at t/high-level.t line 76
#   	main::__ANON__() called at /home/test/perl5/perlbrew/perls/perl-5.10.1/lib/site_perl/5.10.1/Test/Exception.pm line 346
#   	eval {...} called at /home/test/perl5/perlbrew/perls/perl-5.10.1/lib/site_perl/5.10.1/Test/Exception.pm line 346
#   	Test::Exception::lives_and('CODE(0x3c2e5f0)', 'can make call') called at t/high-level.t line 78
# )
JSON::XS::to_json has been renamed to encode_json, either downgrade to pre-2.0 versions of JSON::XS or rename the call at /home/test/.cpan/build/Froody-42.041_2-kW9Vhz/blib/lib/Froody/Renderer/json.pm line 23

#   Failed test 'We have the right error type info for test.error'
#   at t/high-level.t line 52.
# died: Froody::Error (froody.invoke.remote - Bad response from server: 500 Server closed connection without sending any data back
# Stack trace:
#   Bad response from server: 500 Server closed connection without sending any data back at /home/test/.cpan/build/Froody-42.041_2-kW9Vhz/blib/lib/Froody/SimpleClient.pm line 129
#   	Froody::SimpleClient::call_raw() called at /home/test/.cpan/build/Froody-42.041_2-kW9Vhz/blib/lib/Froody/SimpleClient.pm line 60
#   	Froody::SimpleClient::call() called at t/high-level.t line 51
#   	Test::Exception::lives_ok() called at t/high-level.t line 52
# )
JSON::XS::to_json has been renamed to encode_json, either downgrade to pre-2.0 versions of JSON::XS or rename the call at /home/test/.cpan/build/Froody-42.041_2-kW9Vhz/blib/lib/Froody/Renderer/json.pm line 23
froody.invoke.remote - Bad response from server: 500 Server closed connection without sending any data back
Stack trace:
  Bad response from server: 500 Server closed connection without sending any data back at /home/test/.cpan/build/Froody-42.041_2-kW9Vhz/blib/lib/Froody/SimpleClient.pm line 129
  	Froody::SimpleClient::call_raw('Froody::SimpleClient=HASH(0x395c398)', 'froody.reflection.getErrorTypes', '_type', 'json') called at /home/test/.cpan/build/Froody-42.041_2-kW9Vhz/blib/lib/Froody/SimpleClient.pm line 60
  	Froody::SimpleClient::call('Froody::SimpleClient=HASH(0x395c398)', 'froody.reflection.getErrorTypes') called at t/high-level.t line 53
# Looks like you planned 50 tests but ran 26.
# Looks like you failed 3 tests of 26 run.
# Looks like your test exited with 255 just after 26.
 Dubious, test returned 255 (wstat 65280, 0xff00)
 Failed 27/50 subtests 
t/implementation.......unknown key 'ignored' defined within a terse structure at 'just' for structure 'wibble.frobniz.validate'. at /home/test/.cpan/build/Froody-42.041_2-kW9Vhz/blib/lib/Froody/Walker.pm line 94
ok
t/inv_rem..............ok
t/method...............ok
t/method_basic.........ok
t/multipart............ok
t/pluggable............ok
t/reflection...........ok
t/reflection2..........ok
t/repos................ok
t/rsp_basic............ok
t/rsp_convert..........ok
t/rsp_err..............ok
t/rsp_evil_edges.......ok
t/rsp_perlds...........error : string is not in UTF-8
encoding error : output conversion failed due to conv error, bytes 0xE9 0x6F 0x6E 0x3D
I/O error : encoder error
ok
t/rsp_terse............ok
t/rsp_xml..............ok
t/structure............ok
t/walker...............bad element 'evil' in node 'top' (not in spec) at /home/test/.cpan/build/Froody-42.041_2-kW9Vhz/blib/lib/Froody/Walker.pm line 94
bad attr 'foo' in node 'top' (not in spec) at /home/test/.cpan/build/Froody-42.041_2-kW9Vhz/blib/lib/Froody/Walker.pm line 94
unknown key 'foo' defined within a terse structure at 'top' for structure '<unknown>'. at /home/test/.cpan/build/Froody-42.041_2-kW9Vhz/blib/lib/Froody/Walker.pm line 94
ok
t/xml..................ok

Test Summary Report
-------------------
t/high-level       (Wstat: 65280 Tests: 26 Failed: 3)
  Failed tests:  5, 15, 26
  Non-zero exit status: 255
  Parse errors: Bad plan.  You planned 50 tests but ran 26.
Files=32, Tests=850, 17 wallclock secs ( 0.22 usr  0.09 sys +  8.67 cusr  1.91 csys = 10.89 CPU)
Result: FAIL
Failed 1/32 test programs. 3/850 subtests failed.

------------------------------
PREREQUISITES
------------------------------

Prerequisite modules loaded:

requires:

    Module                         Need  Have    
    ------------------------------ ----- --------
    Class::Accessor::Chained::Fast 0     0       
    Class::Data::Inheritable       0     0.08    
    Email::Valid                   0     0.185   
    Error                          0.15  0.17016 
    File::Spec                     0     3.39_01 
    HTTP::Date                     0     6.00    
    HTTP::Request::Common          0     6.00    
    HTTP::Server::Simple           0     0.45_02 
    JSON::XS                       0     2.32    
    List::MoreUtils                0     0.33    
    LWP::Simple                    0     6.00    
    LWP::UserAgent                 0     6.03    
    Module::Pluggable              0     4.0     
    Params::Validate               0     1.00    
    perl                           5.008 5.010001
    Template                       0     2.22    
    UNIVERSAL::require             0     0.13    
    URI                            0     1.59    
    XML::LibXML                    0     1.90    
    YAML::Syck                     0     1.19    

build_requires:

    Module                         Need  Have    
    ------------------------------ ----- --------
    File::Find::Rule               0     0.33    
    Test::Differences              0     0.61    
    Test::Exception                0     0.31    
    Test::More                     0     0.98    
    Test::XML                      0     0.08    


------------------------------
ENVIRONMENT AND OTHER CONTEXT
------------------------------

Environment variables:

    AUTOMATED_TESTING = 1
    LANG = C
    LC_ALL = C
    MANPATH_WITHOUT_PERLBREW = 
    PATH = /home/test/perl5/perlbrew/bin:/home/test/perl5/perlbrew/perls/perl-5.10.1/bin:/home/test/bin:~/bin:/usr/bin:/bin
    PATH_WITHOUT_PERLBREW = /home/test/bin:~/bin:/usr/bin:/bin
    PERL5LIB = 
    PERL5OPT = 
    PERL5_CPANPLUS_IS_RUNNING = 12333
    PERL5_CPAN_IS_RUNNING = 12333
    PERL5_CPAN_IS_RUNNING_IN_RECURSION = 1712,12333
    PERLBREW_BASHRC_VERSION = 0.39
    PERLBREW_HOME = /home/test/.perlbrew
    PERLBREW_MANPATH = /home/test/perl5/perlbrew/perls/perl-5.10.1/man
    PERLBREW_PATH = /home/test/perl5/perlbrew/bin:/home/test/perl5/perlbrew/perls/perl-5.10.1/bin
    PERLBREW_PERL = perl-5.10.1
    PERLBREW_ROOT = /home/test/perl5/perlbrew
    PERLBREW_VERSION = 0.39
    PERL_CPANM_OPT = --prompt --mirror file:///mirrors/cpan/
    PERL_CR_SMOKER_CURRENT = Froody-42.041_2
    PERL_EXTUTILS_AUTOINSTALL = --defaultdeps
    PERL_MM_USE_DEFAULT = 1
    SHELL = /bin/bash
    TERM = linux

Perl special variables (and OS-specific diagnostics, for MSWin32):

    $^X = /home/test/perl5/perlbrew/perls/perl-5.10.1/bin/perl
    $UID/$EUID = 1001 / 1001
    $GID = 1001 1001
    $EGID = 1001 1001

Perl module toolchain versions installed:

    Module              Have    
    ------------------- --------
    CPAN                1.9800  
    CPAN::Meta          2.113640
    Cwd                 3.39_01 
    ExtUtils::CBuilder  0.280202
    ExtUtils::Command   1.17    
    ExtUtils::Install   1.54    
    ExtUtils::MakeMaker 6.62    
    ExtUtils::Manifest  1.60    
    ExtUtils::ParseXS   3.11    
    File::Spec          3.39_01 
    JSON                2.53    
    JSON::PP            2.27008 
    Module::Build       0.3800  
    Module::Signature   n/a     
    Parse::CPAN::Meta   1.4401  
    Test::Harness       3.14    
    Test::More          0.98    
    YAML                0.73    
    YAML::Syck          1.19    
    version             0.95    


--

Summary of my perl5 (revision 5 version 10 subversion 1) configuration:
   
  Platform:
    osname=linux, osvers=2.6.35-28-generic, archname=x86_64-linux
    uname='linux zippy 2.6.35-28-generic #50-ubuntu smp fri mar 18 18:42:20 utc 2011 x86_64 gnulinux '
    config_args='-de -Dprefix=/home/test/perl5/perlbrew/perls/perl-5.10.1'
    hint=recommended, useposix=true, d_sigaction=define
    useithreads=undef, usemultiplicity=undef
    useperlio=define, d_sfio=undef, uselargefiles=define, usesocks=undef
    use64bitint=define, use64bitall=define, uselongdouble=undef
    usemymalloc=n, bincompat5005=undef
  Compiler:
    cc='cc', ccflags ='-fno-strict-aliasing -pipe -fstack-protector -I/usr/local/include -D_LARGEFILE_SOURCE -D_FILE_OFFSET_BITS=64',
    optimize='-O2',
    cppflags='-fno-strict-aliasing -pipe -fstack-protector -I/usr/local/include'
    ccversion='', gccversion='4.4.5', gccosandvers=''
    intsize=4, longsize=8, ptrsize=8, doublesize=8, byteorder=12345678
    d_longlong=define, longlongsize=8, d_longdbl=define, longdblsize=16
    ivtype='long', ivsize=8, nvtype='double', nvsize=8, Off_t='off_t', lseeksize=8
    alignbytes=8, prototype=define
  Linker and Libraries:
    ld='cc', ldflags =' -fstack-protector -L/usr/local/lib'
    libpth=/usr/local/lib /lib/../lib /usr/lib/../lib /lib /usr/lib /usr/lib/x86_64-linux-gnu /lib64 /usr/lib64
    libs=-lnsl -ldl -lm -lcrypt -lutil -lc
    perllibs=-lnsl -ldl -lm -lcrypt -lutil -lc
    libc=/lib/libc-2.12.1.so, so=so, useshrplib=false, libperl=libperl.a
    gnulibc_version='2.12.1'
  Dynamic Linking:
    dlsrc=dl_dlopen.xs, dlext=so, d_dlsymun=undef, ccdlflags='-Wl,-E'
    cccdlflags='-fPIC', lddlflags='-shared -O2 -L/usr/local/lib -fstack-protector'


Characteristics of this binary (from libperl): 
  Compile-time options: PERL_DONT_CREATE_GVSV PERL_MALLOC_WRAP USE_64_BIT_ALL
                        USE_64_BIT_INT USE_LARGE_FILES USE_PERLIO
  Built under linux
  Compiled at Jan 13 2012 13:31:06
  %ENV:
    PERL5LIB=""
    PERL5OPT=""
    PERL5_CPANPLUS_IS_RUNNING="12333"
    PERL5_CPAN_IS_RUNNING="12333"
    PERL5_CPAN_IS_RUNNING_IN_RECURSION="1712,12333"
    PERLBREW_BASHRC_VERSION="0.39"
    PERLBREW_HOME="/home/test/.perlbrew"
    PERLBREW_MANPATH="/home/test/perl5/perlbrew/perls/perl-5.10.1/man"
    PERLBREW_PATH="/home/test/perl5/perlbrew/bin:/home/test/perl5/perlbrew/perls/perl-5.10.1/bin"
    PERLBREW_PERL="perl-5.10.1"
    PERLBREW_ROOT="/home/test/perl5/perlbrew"
    PERLBREW_VERSION="0.39"
    PERL_CPANM_OPT="--prompt --mirror file:///mirrors/cpan/"
    PERL_CR_SMOKER_CURRENT="Froody-42.041_2"
    PERL_EXTUTILS_AUTOINSTALL="--defaultdeps"
    PERL_MM_USE_DEFAULT="1"
  @INC:
    /home/test/perl5/perlbrew/perls/perl-5.10.1/lib/5.10.1/x86_64-linux
    /home/test/perl5/perlbrew/perls/perl-5.10.1/lib/5.10.1
    /home/test/perl5/perlbrew/perls/perl-5.10.1/lib/site_perl/5.10.1/x86_64-linux
    /home/test/perl5/perlbrew/perls/perl-5.10.1/lib/site_perl/5.10.1
    .