Protocol-DBus v0.17 Perl 5 v5.26.0 amd64-freebsd

Status
Fail
From
Slaven Rezić
Dist
Protocol-DBus v0.17
Platform
Perl 5 v5.26.0 amd64-freebsd
Date
2021-04-25 19:45:21
ID
c58c3a14-a5fe-11eb-af1e-c31f1f24ea8f
This distribution has been tested as part of the CPAN Testers
project, supporting the Perl programming language.  See
http://wiki.cpantesters.org/ for more information or email
questions to cpan-testers-discuss@perl.org


--
Dear Felipe Gasper,

This is a computer-generated report for Protocol-DBus-0.17
on perl 5.26.0, created by CPAN-Reporter-1.2018.

Thank you for uploading your work to CPAN.  However, there was a problem
testing your distribution.

If you think this report is invalid, please consult the CPAN Testers Wiki
for suggestions on how to avoid getting FAIL reports for missing library
or binary dependencies, unsupported operating systems, and so on:

http://wiki.cpantesters.org/wiki/CPANAuthorNotes

Sections of this report:

    * Tester comments
    * Program output
    * Prerequisites
    * Environment and other context

------------------------------
TESTER COMMENTS
------------------------------

Additional comments from tester:

none provided

------------------------------
PROGRAM OUTPUT
------------------------------

Output from '/usr/bin/make test':

PERL_DL_NONLAZY=1 "/usr/perl5.26.0p/bin/perl" "-MExtUtils::Command::MM" "-MTest::Harness" "-e" "undef *Test::Harness::Switches; test_harness(0, 'blib/lib', 'blib/arch')" t/*.t
# freebsd needs Socket::MsgHdr; loading …
# Loaded Socket::MsgHdr OK
# reading bus address from child …
# bus address: unix:path=/tmp/dbus-mTJOy9yl5e,guid=3a9f8550917912b794aa261860853810

#   Failed test 'Test::FailWarnings should catch no warnings'
#   at /home/cpansand/.cpan/build/2021042511/Protocol-DBus-0.17-0/blib/lib/Protocol/DBus/Authn/Mechanism/EXTERNAL.pm line 75.
# Warning was 'EXTERNAL authentication failed. Socket::MsgHdr failed to load earlier; maybe making it available would fix this? (Load failure was: Socket::MsgHdr version 0.05 required--this is only version 0.04 at /home/cpansand/.cpan/build/2021042511/Protocol-DBus-0.17-0/blib/lib/Protocol/DBus/Authn/Mechanism/EXTERNAL.pm line 53, <$rfh> line 1.
# ) at /home/cpansand/.cpan/build/2021042511/Protocol-DBus-0.17-0/blib/lib/Protocol/DBus/Authn/Mechanism/EXTERNAL.pm line 75, <$rfh> line 1.'
t/anyevent_failure.t ........................................ 
Failed 1/2 subtests 
	(less 1 skipped subtest: 0 okay)
# freebsd needs Socket::MsgHdr; loading …
# Loaded Socket::MsgHdr OK
# reading bus address from child …
# bus address: unix:path=/tmp/dbus-f7Sk4vBlDp,guid=ae5456c5ac6dca57fa9049a060853f22
t/anyevent_uncaught_failure.t ............................... 
All 1 subtests passed 
	(less 1 skipped subtest: 0 okay)
# dbus-send: /usr/local/bin/dbus-send
# dbus-send --system worked? yes
# EXTERNAL authentication failed. Socket::MsgHdr failed to load earlier; maybe making it available would fix this? (Load failure was: Socket::MsgHdr version 0.05 required--this is only version 0.04 at /home/cpansand/.cpan/build/2021042511/Protocol-DBus-0.17-0/blib/lib/Protocol/DBus/Authn/Mechanism/EXTERNAL.pm line 53.
# ) at /home/cpansand/.cpan/build/2021042511/Protocol-DBus-0.17-0/blib/lib/Protocol/DBus/Authn/Mechanism/EXTERNAL.pm line 75.
# Client::system() worked? no
# Exhausted all authentication mechanisms! (EXTERNAL DBUS_COOKIE_SHA1) at /home/cpansand/.cpan/build/2021042511/Protocol-DBus-0.17-0/blib/lib/Protocol/DBus/Authn.pm line 149.
# Socket::MsgHdr loaded? yes
# dbus-run-session OK: /usr/local/bin/dbus-run-session
EXTERNAL authentication failed. Socket::MsgHdr failed to load earlier; maybe making it available would fix this? (Load failure was: Socket::MsgHdr version 0.05 required--this is only version 0.04 at /home/cpansand/.cpan/build/2021042511/Protocol-DBus-0.17-0/blib/lib/Protocol/DBus/Authn/Mechanism/EXTERNAL.pm line 53.
) at /home/cpansand/.cpan/build/2021042511/Protocol-DBus-0.17-0/blib/lib/Protocol/DBus/Authn/Mechanism/EXTERNAL.pm line 75.
Exhausted all authentication mechanisms! (EXTERNAL DBUS_COOKIE_SHA1) at /home/cpansand/.cpan/build/2021042511/Protocol-DBus-0.17-0/blib/lib/Protocol/DBus/Authn.pm line 149.
# freebsd needs Socket::MsgHdr; loading …
# Loaded Socket::MsgHdr OK
# reading bus address from child …
# bus address: unix:path=/tmp/dbus-92iZtZs9GV,guid=6ac750e25bbde348dc961b8b60853ff5
# Testing AnyEvent (7.17) …

#   Failed test 'Test::FailWarnings should catch no warnings'
#   at /home/cpansand/.cpan/build/2021042511/Protocol-DBus-0.17-0/blib/lib/Protocol/DBus/Authn/Mechanism/EXTERNAL.pm line 75.
# Warning was 'EXTERNAL authentication failed. Socket::MsgHdr failed to load earlier; maybe making it available would fix this? (Load failure was: Socket::MsgHdr version 0.05 required--this is only version 0.04 at /home/cpansand/.cpan/build/2021042511/Protocol-DBus-0.17-0/blib/lib/Protocol/DBus/Authn/Mechanism/EXTERNAL.pm line 53, <$rfh> line 1.
# ) at /home/cpansand/.cpan/build/2021042511/Protocol-DBus-0.17-0/blib/lib/Protocol/DBus/Authn/Mechanism/EXTERNAL.pm line 75, <$rfh> line 1.'

#   Failed test 'Test::FailWarnings should catch no warnings'
#   at /usr/perl5.26.0p/lib/site_perl/5.26.0/Promise/ES6/Backend/PP.pm line 332.
# Warning was 'Promise::ES6=ARRAY(0x8041f7be8): Unhandled rejection: Exhausted all authentication mechanisms! (EXTERNAL DBUS_COOKIE_SHA1) at /home/cpansand/.cpan/build/2021042511/Protocol-DBus-0.17-0/blib/lib/Protocol/DBus/Authn.pm line 149, <$rfh> line 1.'
# Testing IO::Async (0.78) …

#   Failed test 'Test::FailWarnings should catch no warnings'
#   at /home/cpansand/.cpan/build/2021042511/Protocol-DBus-0.17-0/blib/lib/Protocol/DBus/Authn/Mechanism/EXTERNAL.pm line 75.
# Warning was 'EXTERNAL authentication failed. Socket::MsgHdr failed to load earlier; maybe making it available would fix this? (Load failure was: Socket::MsgHdr version 0.05 required--this is only version 0.04 at /home/cpansand/.cpan/build/2021042511/Protocol-DBus-0.17-0/blib/lib/Protocol/DBus/Authn/Mechanism/EXTERNAL.pm line 53, <$rfh> line 1.
# ) at /home/cpansand/.cpan/build/2021042511/Protocol-DBus-0.17-0/blib/lib/Protocol/DBus/Authn/Mechanism/EXTERNAL.pm line 75, <$rfh> line 1.'

#   Failed test 'Test::FailWarnings should catch no warnings'
#   at /usr/perl5.26.0p/lib/site_perl/5.26.0/Promise/ES6/Backend/PP.pm line 332.
# Warning was 'Promise::ES6=ARRAY(0x8042300c0): Unhandled rejection: Exhausted all authentication mechanisms! (EXTERNAL DBUS_COOKIE_SHA1) at /home/cpansand/.cpan/build/2021042511/Protocol-DBus-0.17-0/blib/lib/Protocol/DBus/Authn.pm line 149, <$rfh> line 1.'
# Testing Mojo (9.14) …

#   Failed test 'Test::FailWarnings should catch no warnings'
#   at /home/cpansand/.cpan/build/2021042511/Protocol-DBus-0.17-0/blib/lib/Protocol/DBus/Authn/Mechanism/EXTERNAL.pm line 75.
# Warning was 'EXTERNAL authentication failed. Socket::MsgHdr failed to load earlier; maybe making it available would fix this? (Load failure was: Socket::MsgHdr version 0.05 required--this is only version 0.04 at /home/cpansand/.cpan/build/2021042511/Protocol-DBus-0.17-0/blib/lib/Protocol/DBus/Authn/Mechanism/EXTERNAL.pm line 53.
# ) at /home/cpansand/.cpan/build/2021042511/Protocol-DBus-0.17-0/blib/lib/Protocol/DBus/Authn/Mechanism/EXTERNAL.pm line 75.'

#   Failed test 'Test::FailWarnings should catch no warnings'
#   at /usr/perl5.26.0p/lib/site_perl/5.26.0/Mojo/IOLoop.pm line 22.
# Warning was 'Mojo::Reactor::EV: Timer failed: Exhausted all authentication mechanisms! (EXTERNAL DBUS_COOKIE_SHA1) at /home/cpansand/.cpan/build/2021042511/Protocol-DBus-0.17-0/blib/lib/Protocol/DBus/Authn.pm line 149.'
t/integration.t ............................................. 
Failed 6/9 subtests 
	(less 1 skipped subtest: 2 okay)
# freebsd needs Socket::MsgHdr; loading …
# Loaded Socket::MsgHdr OK
# reading bus address from child …
# bus address: unix:path=/tmp/dbus-ioHJpImiwI,guid=04b2b7ececc1c01dd36236ed608540bd
t/ioasync_uncaught_failure.t ................................ ok
# freebsd needs Socket::MsgHdr; loading …
# Loaded Socket::MsgHdr OK
# reading bus address from child …
# bus address: unix:path=/tmp/dbus-FLSSbb01Pz,guid=591e0e86f5534ec3450d2fa6608540bd
t/mojo_uncaught_failure.t ................................... 
No subtests run 
# freebsd needs Socket::MsgHdr; loading …
# Loaded Socket::MsgHdr OK
# reading bus address from child …
# bus address: unix:path=/tmp/dbus-sfpgIc9U7X,guid=06e018964572948d6fb2544f6085418f

#   Failed test 'Test::FailWarnings should catch no warnings'
#   at /home/cpansand/.cpan/build/2021042511/Protocol-DBus-0.17-0/blib/lib/Protocol/DBus/Authn/Mechanism/EXTERNAL.pm line 75.
# Warning was 'EXTERNAL authentication failed. Socket::MsgHdr failed to load earlier; maybe making it available would fix this? (Load failure was: Socket::MsgHdr version 0.05 required--this is only version 0.04 at /home/cpansand/.cpan/build/2021042511/Protocol-DBus-0.17-0/blib/lib/Protocol/DBus/Authn/Mechanism/EXTERNAL.pm line 53, <$rfh> line 1.
# ) at /home/cpansand/.cpan/build/2021042511/Protocol-DBus-0.17-0/blib/lib/Protocol/DBus/Authn/Mechanism/EXTERNAL.pm line 75, <$rfh> line 1.'

#   Failed test 'Test::FailWarnings should catch no warnings'
#   at /usr/perl5.26.0p/lib/site_perl/5.26.0/Promise/ES6/Backend/PP.pm line 332.
# Warning was 'Promise::ES6=ARRAY(0x80459b030): Unhandled rejection: Exhausted all authentication mechanisms! (EXTERNAL DBUS_COOKIE_SHA1) at /home/cpansand/.cpan/build/2021042511/Protocol-DBus-0.17-0/blib/lib/Protocol/DBus/Authn.pm line 149, <$rfh> line 1.'

#   Failed test 'received signal after resume'
#   at t/pause_resume.t line 160.
# Compared array length of $data
#    got : array with 0 element(s)
# expect : array with 1 element(s)
# Looks like you failed 3 tests of 3.
t/pause_resume.t ............................................ 
Dubious, test returned 3 (wstat 768, 0x300)
Failed 3/3 subtests 
t/Protocol-DBus-Address.t ................................... ok
t/Protocol-DBus-Authn-Mechanism-DBUS_SESSION_SHA1-Pieces.t .. ok
# Socket::MsgHdr found! (/usr/perl5.26.0p/lib/site_perl/5.26.0/amd64-freebsd/Socket/MsgHdr.pm)
# PID 19339 (client) ended.
# PID 19340 (server) ended.
# PID 19341 (client) ended.
# PID 19342 (server) ended.
t/Protocol-DBus-Authn-Mechanism-DBUS_SESSION_SHA1.t ......... ok
# Socket::MsgHdr found! (/usr/perl5.26.0p/lib/site_perl/5.26.0/amd64-freebsd/Socket/MsgHdr.pm)
# PID 19344 (client) ended.
# PID 19345 (server) ended.
t/Protocol-DBus-Authn-Mechanism-EXTERNAL.t .................. ok
t/Protocol-DBus-Connect.t ................................... ok
t/Protocol-DBus-Marshal.t ................................... ok
t/Protocol-DBus-Message.t ................................... ok
# got message
t/Protocol-DBus-Parser-UnixFDs.t ............................ ok
t/Protocol-DBus-Signature.t ................................. ok

Test Summary Report
-------------------
t/anyevent_failure.t                                      (Wstat: 9 Tests: 2 Failed: 1)
  Failed test:  1
  Non-zero wait status: 9
t/anyevent_uncaught_failure.t                             (Wstat: 9 Tests: 1 Failed: 0)
  Non-zero wait status: 9
t/integration.t                                           (Wstat: 9 Tests: 9 Failed: 6)
  Failed tests:  2-3, 5-6, 8-9
  Non-zero wait status: 9
  Parse errors: No plan found in TAP output
t/mojo_uncaught_failure.t                                 (Wstat: 9 Tests: 0 Failed: 0)
  Non-zero wait status: 9
  Parse errors: No plan found in TAP output
t/pause_resume.t                                          (Wstat: 768 Tests: 3 Failed: 3)
  Failed tests:  1-3
  Non-zero exit status: 3
Files=15, Tests=124, 2433 wallclock secs ( 0.01 usr  0.05 sys +  4.48 cusr 2366.21 csys = 2370.75 CPU)
Result: FAIL
Failed 5/15 test programs. 10/124 subtests failed.
*** Error code 255

Stop.
make: stopped in /home/cpansand/.cpan/build/2021042511/Protocol-DBus-0.17-0

------------------------------
PREREQUISITES
------------------------------

Prerequisite modules loaded:

requires:

    Module              Need  Have    
    ------------------- ----- --------
    Call::Context       0     0.02    
    IO::Framed          0.15  0.15    
    IO::SigGuard        0.13  0.14    
    Module::Runtime     0     0.016   
    parent              0     0.238   
    perl                5.010 5.026000
    Promise::ES6        0     0.23    
    Socket              2.011 2.031   
    X::Tiny             0     0.16    

build_requires:

    Module              Need  Have    
    ------------------- ----- --------
    autodie             0     2.34    
    ExtUtils::MakeMaker 0     7.62    
    File::Which         0     1.23    
    FindBin             0     1.51    
    Test::Deep          0     1.130   
    Test::Exception     0     0.43    
    Test::FailWarnings  0     0.008   
    Test::More          0     1.302183
    Test::SharedFork    0     0.35    

configure_requires:

    Module              Need  Have    
    ------------------- ----- --------
    ExtUtils::MakeMaker 0     7.62    


------------------------------
ENVIRONMENT AND OTHER CONTEXT
------------------------------

Environment variables:

    LC_ALL = de_DE.ISO8859-1
    PATH = /usr/local/bin:/usr/bin:/bin:/usr/local/sbin:/usr/sbin:/sbin:/home/cpansand/bin/freebsd10.3:/home/cpansand/bin/sh:/home/cpansand/bin:/usr/games:/home/cpansand/devel:/home/eserte/src/srezic-misc/scripts
    PERL5LIB = 
    PERL5OPT = 
    PERL5_CPANPLUS_IS_RUNNING = 14457
    PERL5_CPAN_IS_RUNNING = 14457
    PERL5_CPAN_IS_RUNNING_IN_RECURSION = 1292,14457
    PERLDOC = -MPod::Perldoc::ToTextOverstrike
    PERL_BATCH = yes
    PERL_CANARY_STABILITY_NOPROMPT = 1
    PERL_CPAN_REPORTER_CONFIG = /var/tmp/cpansmoker-1023/2021042510/cpanreporter_000_config.ini
    PERL_EXTUTILS_AUTOINSTALL = --defaultdeps
    PERL_USE_UNSAFE_INC = 1
    SHELL = /usr/local/bin/zsh
    TERM = screen
    TMPDIR = /var/tmp/cpansmoker-1023/2021042510

Perl special variables (and OS-specific diagnostics, for MSWin32):

    $^X = /usr/perl5.26.0p/bin/perl
    $UID/$EUID = 1023 / 1023
    $GID = 1023 1023
    $EGID = 1023 1023

Perl module toolchain versions installed:

    Module              Have    
    ------------------- --------
    CPAN                2.28    
    CPAN::Meta          2.150010
    Cwd                 3.75    
    ExtUtils::CBuilder  0.280235
    ExtUtils::Command   7.62    
    ExtUtils::Install   2.16    
    ExtUtils::MakeMaker 7.62    
    ExtUtils::Manifest  1.70    
    ExtUtils::ParseXS   3.35    
    File::Spec          3.75    
    JSON                4.03    
    JSON::PP            4.05    
    Module::Build       0.4229  
    Module::Signature   0.87    
    Parse::CPAN::Meta   2.150010
    Test::Harness       3.42    
    Test::More          1.302183
    YAML                1.30    
    YAML::Syck          1.34    
    version             0.9928  


--

Summary of my perl5 (revision 5 version 26 subversion 0) configuration:
   
  Platform:
    osname=freebsd
    osvers=10.3-release-p11
    archname=amd64-freebsd
    uname='freebsd cvrsnica-freebsd-101.herceg.de 10.3-release-p11 freebsd 10.3-release-p11 #0: mon oct 24 18:49:24 utc 2016 root@amd64-builder.daemonology.net:usrobjusrsrcsysgeneric amd64 '
    config_args='-ds -e -Dprefix=/usr/perl5.26.0p -Dcf_email=srezic@cpan.org -Doptimize=-O2 -pipe'
    hint=recommended
    useposix=true
    d_sigaction=define
    useithreads=undef
    usemultiplicity=undef
    use64bitint=define
    use64bitall=define
    uselongdouble=undef
    usemymalloc=n
    default_inc_excludes_dot=define
    bincompat5005=undef
  Compiler:
    cc='cc'
    ccflags ='-DHAS_FPSETMASK -DHAS_FLOATINGPOINT_H -fno-strict-aliasing -pipe -fstack-protector -I/usr/local/include -D_FORTIFY_SOURCE=2'
    optimize='-O2 -pipe'
    cppflags='-DHAS_FPSETMASK -DHAS_FLOATINGPOINT_H -fno-strict-aliasing -pipe -fstack-protector -I/usr/local/include'
    ccversion=''
    gccversion='4.2.1 Compatible FreeBSD Clang 3.4.1 (tags/RELEASE_34/dot1-final 208032)'
    gccosandvers=''
    intsize=4
    longsize=8
    ptrsize=8
    doublesize=8
    byteorder=12345678
    doublekind=3
    d_longlong=define
    longlongsize=8
    d_longdbl=define
    longdblsize=16
    longdblkind=3
    ivtype='long'
    ivsize=8
    nvtype='double'
    nvsize=8
    Off_t='off_t'
    lseeksize=8
    alignbytes=8
    prototype=define
  Linker and Libraries:
    ld='cc'
    ldflags ='-pthread -Wl,-E  -fstack-protector -L/usr/local/lib'
    libpth=/usr/lib /usr/local/lib /usr/include/clang/3.4.1 /usr/lib
    libs=-lpthread -lgdbm -lm -lcrypt -lutil -lc -lelf
    perllibs=-lpthread -lm -lcrypt -lutil -lc -lelf
    libc=
    so=so
    useshrplib=false
    libperl=libperl.a
    gnulibc_version=''
  Dynamic Linking:
    dlsrc=dl_dlopen.xs
    dlext=so
    d_dlsymun=undef
    ccdlflags=' '
    cccdlflags='-DPIC -fPIC'
    lddlflags='-shared  -L/usr/local/lib -fstack-protector'


Characteristics of this binary (from libperl): 
  Compile-time options:
    HAS_TIMES
    PERLIO_LAYERS
    PERL_COPY_ON_WRITE
    PERL_DONT_CREATE_GVSV
    PERL_MALLOC_WRAP
    PERL_OP_PARENT
    PERL_PRESERVE_IVUV
    USE_64_BIT_ALL
    USE_64_BIT_INT
    USE_LARGE_FILES
    USE_LOCALE
    USE_LOCALE_COLLATE
    USE_LOCALE_CTYPE
    USE_LOCALE_NUMERIC
    USE_LOCALE_TIME
    USE_PERLIO
    USE_PERL_ATOF
  Built under freebsd
  Compiled at Jun  3 2017 22:58:33
  %ENV:
    PERL5LIB=""
    PERL5OPT=""
    PERL5_CPANPLUS_IS_RUNNING="14457"
    PERL5_CPAN_IS_RUNNING="14457"
    PERL5_CPAN_IS_RUNNING_IN_RECURSION="1292,14457"
    PERLDOC="-MPod::Perldoc::ToTextOverstrike"
    PERL_BATCH="yes"
    PERL_CANARY_STABILITY_NOPROMPT="1"
    PERL_CPAN_REPORTER_CONFIG="/var/tmp/cpansmoker-1023/2021042510/cpanreporter_000_config.ini"
    PERL_EXTUTILS_AUTOINSTALL="--defaultdeps"
    PERL_USE_UNSAFE_INC="1"
  @INC:
    /usr/perl5.26.0p/lib/site_perl/5.26.0/amd64-freebsd
    /usr/perl5.26.0p/lib/site_perl/5.26.0
    /usr/perl5.26.0p/lib/5.26.0/amd64-freebsd
    /usr/perl5.26.0p/lib/5.26.0
    .