Back
From: metabase:user:320bfe00-2aae-11df-837a-5e0a49663a4f
Subject: FAIL MojoX-Renderer-Alloy-1.121150 v5.19.5 GNU/Linux
Date: 2013-09-21T06:33:47Z
This distribution has been tested as part of the CPAN Testers
project, supporting the Perl programming language. See
http://wiki.cpantesters.org/ for more information or email
questions to cpan-testers-discuss@perl.org
--
Dear Alex J. G. Burzynski,
This is a computer-generated report for MojoX-Renderer-Alloy-1.121150
on perl 5.19.5, created by CPAN-Reporter-1.2010.
Thank you for uploading your work to CPAN. However, there was a problem
testing your distribution.
If you think this report is invalid, please consult the CPAN Testers Wiki
for suggestions on how to avoid getting FAIL reports for missing library
or binary dependencies, unsupported operating systems, and so on:
http://wiki.cpantesters.org/wiki/CPANAuthorNotes
Sections of this report:
* Tester comments
* Program output
* Prerequisites
* Environment and other context
------------------------------
TESTER COMMENTS
------------------------------
Additional comments from tester:
this report is from an automated smoke testing program
and was not reviewed by a human for accuracy
------------------------------
PROGRAM OUTPUT
------------------------------
Output from './Build test':
t/00-compile.t ............ ok
t/release-eol.t ........... skipped: these tests are for release candidate testing
t/release-kwalitee.t ...... skipped: these tests are for release candidate testing
t/release-no-tabs.t ....... skipped: these tests are for release candidate testing
t/release-pod-coverage.t .. skipped: these tests are for release candidate testing
t/release-pod-syntax.t .... skipped: these tests are for release candidate testing
Deep recursion on subroutine "Mojolicious::Controller::render_maybe" at /home/sand/src/perl/repoperls/installed-perls/perl/v5.19.4-8-g7497b91/165a/lib/site_perl/5.19.5/Mojolicious/Controller.pm line 438.
Deep recursion on subroutine "Mojolicious::Controller::render" at /home/sand/src/perl/repoperls/installed-perls/perl/v5.19.4-8-g7497b91/165a/lib/site_perl/5.19.5/Mojolicious/Controller.pm line 205.
Deep recursion on subroutine "Mojolicious::Renderer::render" at /home/sand/src/perl/repoperls/installed-perls/perl/v5.19.4-8-g7497b91/165a/lib/site_perl/5.19.5/Mojolicious/Controller.pm line 159.
Deep recursion on subroutine "Mojolicious::Renderer::_render_template" at /home/sand/src/perl/repoperls/installed-perls/perl/v5.19.4-8-g7497b91/165a/lib/site_perl/5.19.5/Mojolicious/Renderer.pm line 96.
Deep recursion on anonymous subroutine at /home/sand/src/perl/repoperls/installed-perls/perl/v5.19.4-8-g7497b91/165a/lib/site_perl/5.19.5/Mojolicious/Renderer.pm line 202.
Deep recursion on subroutine "MojoX::Renderer::Alloy::HTE::_render" at /tmp/loop_over_bdir-8848-SKu2Dt/MojoX-Renderer-Alloy-1.121150-LKvZKi/blib/lib/MojoX/Renderer/Alloy.pm line 24.
Deep recursion on subroutine "Mojolicious::Controller::_fallbacks" at /home/sand/src/perl/repoperls/installed-perls/perl/v5.19.4-8-g7497b91/165a/lib/site_perl/5.19.5/Mojolicious/Controller.pm line 219.
Deep recursion on subroutine "Mojolicious::Controller::render_not_found" at /tmp/loop_over_bdir-8848-SKu2Dt/MojoX-Renderer-Alloy-1.121150-LKvZKi/blib/lib/MojoX/Renderer/Alloy/HTE.pm line 66.
Out of memory!
Out of memory!
Attempt to free unreferenced scalar: SV 0x2290c28 at /home/sand/src/perl/repoperls/installed-perls/perl/v5.19.4-8-g7497b91/165a/lib/site_perl/5.19.5/Mojo/UserAgent.pm line 187.
Out of memory!
Out of memory!
t/syntax-hte.t ............
Dubious, test returned 1 (wstat 256, 0x100)
Failed 24/25 subtests
t/syntax-multi.t .......... ok
Deep recursion on subroutine "Mojolicious::Controller::render_maybe" at /home/sand/src/perl/repoperls/installed-perls/perl/v5.19.4-8-g7497b91/165a/lib/site_perl/5.19.5/Mojolicious/Controller.pm line 438.
Deep recursion on subroutine "Mojolicious::Controller::render" at /home/sand/src/perl/repoperls/installed-perls/perl/v5.19.4-8-g7497b91/165a/lib/site_perl/5.19.5/Mojolicious/Controller.pm line 205.
Deep recursion on subroutine "Mojolicious::Renderer::render" at /home/sand/src/perl/repoperls/installed-perls/perl/v5.19.4-8-g7497b91/165a/lib/site_perl/5.19.5/Mojolicious/Controller.pm line 159.
Deep recursion on subroutine "Mojolicious::Renderer::_render_template" at /home/sand/src/perl/repoperls/installed-perls/perl/v5.19.4-8-g7497b91/165a/lib/site_perl/5.19.5/Mojolicious/Renderer.pm line 96.
Deep recursion on anonymous subroutine at /home/sand/src/perl/repoperls/installed-perls/perl/v5.19.4-8-g7497b91/165a/lib/site_perl/5.19.5/Mojolicious/Renderer.pm line 202.
Deep recursion on subroutine "MojoX::Renderer::Alloy::Tmpl::_render" at /tmp/loop_over_bdir-8848-SKu2Dt/MojoX-Renderer-Alloy-1.121150-LKvZKi/blib/lib/MojoX/Renderer/Alloy.pm line 24.
Deep recursion on subroutine "Mojolicious::Controller::_fallbacks" at /home/sand/src/perl/repoperls/installed-perls/perl/v5.19.4-8-g7497b91/165a/lib/site_perl/5.19.5/Mojolicious/Controller.pm line 219.
Deep recursion on subroutine "Mojolicious::Controller::render_not_found" at /tmp/loop_over_bdir-8848-SKu2Dt/MojoX-Renderer-Alloy-1.121150-LKvZKi/blib/lib/MojoX/Renderer/Alloy/Tmpl.pm line 66.
Out of memory!
t/syntax-tmpl.t ...........
Failed 24/25 subtests
Deep recursion on subroutine "Mojolicious::Controller::render_maybe" at /home/sand/src/perl/repoperls/installed-perls/perl/v5.19.4-8-g7497b91/165a/lib/site_perl/5.19.5/Mojolicious/Controller.pm line 438.
Deep recursion on subroutine "Mojolicious::Controller::render" at /home/sand/src/perl/repoperls/installed-perls/perl/v5.19.4-8-g7497b91/165a/lib/site_perl/5.19.5/Mojolicious/Controller.pm line 205.
Deep recursion on subroutine "Mojolicious::Renderer::render" at /home/sand/src/perl/repoperls/installed-perls/perl/v5.19.4-8-g7497b91/165a/lib/site_perl/5.19.5/Mojolicious/Controller.pm line 159.
Deep recursion on subroutine "Mojolicious::Renderer::_render_template" at /home/sand/src/perl/repoperls/installed-perls/perl/v5.19.4-8-g7497b91/165a/lib/site_perl/5.19.5/Mojolicious/Renderer.pm line 96.
Deep recursion on anonymous subroutine at /home/sand/src/perl/repoperls/installed-perls/perl/v5.19.4-8-g7497b91/165a/lib/site_perl/5.19.5/Mojolicious/Renderer.pm line 202.
Deep recursion on subroutine "MojoX::Renderer::Alloy::TT::_render" at /tmp/loop_over_bdir-8848-SKu2Dt/MojoX-Renderer-Alloy-1.121150-LKvZKi/blib/lib/MojoX/Renderer/Alloy.pm line 24.
Deep recursion on subroutine "Mojolicious::Controller::_fallbacks" at /home/sand/src/perl/repoperls/installed-perls/perl/v5.19.4-8-g7497b91/165a/lib/site_perl/5.19.5/Mojolicious/Controller.pm line 219.
Deep recursion on subroutine "MojoX::Renderer::Alloy::_get_input" at /tmp/loop_over_bdir-8848-SKu2Dt/MojoX-Renderer-Alloy-1.121150-LKvZKi/blib/lib/MojoX/Renderer/Alloy/TT.pm line 24.
Deep recursion on subroutine "Mojolicious::Controller::render_not_found" at /tmp/loop_over_bdir-8848-SKu2Dt/MojoX-Renderer-Alloy-1.121150-LKvZKi/blib/lib/MojoX/Renderer/Alloy.pm line 83.
Out of memory!
Out of memory!
Out of memory!
Out of memory!
Out of memory!
t/syntax-tt.t .............
Dubious, test returned 1 (wstat 256, 0x100)
Failed 24/25 subtests
Deep recursion on subroutine "Mojolicious::Controller::render_maybe" at /home/sand/src/perl/repoperls/installed-perls/perl/v5.19.4-8-g7497b91/165a/lib/site_perl/5.19.5/Mojolicious/Controller.pm line 438.
Deep recursion on subroutine "Mojolicious::Controller::render" at /home/sand/src/perl/repoperls/installed-perls/perl/v5.19.4-8-g7497b91/165a/lib/site_perl/5.19.5/Mojolicious/Controller.pm line 205.
Deep recursion on subroutine "Mojolicious::Renderer::render" at /home/sand/src/perl/repoperls/installed-perls/perl/v5.19.4-8-g7497b91/165a/lib/site_perl/5.19.5/Mojolicious/Controller.pm line 159.
Deep recursion on subroutine "Mojolicious::Renderer::_render_template" at /home/sand/src/perl/repoperls/installed-perls/perl/v5.19.4-8-g7497b91/165a/lib/site_perl/5.19.5/Mojolicious/Renderer.pm line 96.
Deep recursion on anonymous subroutine at /home/sand/src/perl/repoperls/installed-perls/perl/v5.19.4-8-g7497b91/165a/lib/site_perl/5.19.5/Mojolicious/Renderer.pm line 202.
Deep recursion on subroutine "MojoX::Renderer::Alloy::Velocity::_render" at /tmp/loop_over_bdir-8848-SKu2Dt/MojoX-Renderer-Alloy-1.121150-LKvZKi/blib/lib/MojoX/Renderer/Alloy.pm line 24.
Deep recursion on subroutine "Mojolicious::Controller::_fallbacks" at /home/sand/src/perl/repoperls/installed-perls/perl/v5.19.4-8-g7497b91/165a/lib/site_perl/5.19.5/Mojolicious/Controller.pm line 219.
Deep recursion on subroutine "MojoX::Renderer::Alloy::_get_input" at /tmp/loop_over_bdir-8848-SKu2Dt/MojoX-Renderer-Alloy-1.121150-LKvZKi/blib/lib/MojoX/Renderer/Alloy/Velocity.pm line 22.
Deep recursion on subroutine "Mojolicious::Controller::render_not_found" at /tmp/loop_over_bdir-8848-SKu2Dt/MojoX-Renderer-Alloy-1.121150-LKvZKi/blib/lib/MojoX/Renderer/Alloy.pm line 83.
Out of memory!
t/syntax-vtl.t ............
Failed 24/25 subtests
Test Summary Report
-------------------
t/syntax-hte.t (Wstat: 256 Tests: 1 Failed: 0)
Non-zero exit status: 1
Parse errors: Bad plan. You planned 25 tests but ran 1.
t/syntax-tmpl.t (Wstat: 139 Tests: 1 Failed: 0)
Non-zero wait status: 139
Parse errors: Bad plan. You planned 25 tests but ran 1.
t/syntax-tt.t (Wstat: 256 Tests: 1 Failed: 0)
Non-zero exit status: 1
Parse errors: Bad plan. You planned 25 tests but ran 1.
t/syntax-vtl.t (Wstat: 139 Tests: 1 Failed: 0)
Non-zero wait status: 139
Parse errors: Bad plan. You planned 25 tests but ran 1.
Files=11, Tests=22, 45 wallclock secs ( 0.03 usr 0.01 sys + 37.29 cusr 6.96 csys = 44.29 CPU)
Result: FAIL
Failed 4/11 test programs. 0/22 subtests failed.
------------------------------
PREREQUISITES
------------------------------
Prerequisite modules loaded:
requires:
Module Need Have
------------------- ------ ------
Mojolicious 2.89 4.39
Template::Alloy 1.013 1.020
build_requires:
Module Need Have
------------------- ------ ------
Module::Build 0.3601 0.4007
configure_requires:
Module Need Have
------------------- ------ ------
ExtUtils::MakeMaker 6.30 6.76
Module::Build 0.3601 0.4007
------------------------------
ENVIRONMENT AND OTHER CONTEXT
------------------------------
Environment variables:
AUTOMATED_TESTING = 1
LANG = en_US.UTF-8
LANGUAGE = en_US:en
PATH = /usr/lib/ccache:/home/sand/bin:/usr/local/bin:/usr/bin:/bin:/usr/bin/X11:/usr/games:/usr/local/perl/bin:/usr/X11/bin:/sbin:/usr/sbin
PERL5LIB =
PERL5OPT =
PERL5_CPANPLUS_IS_RUNNING = 25397
PERL5_CPAN_IS_RUNNING = 25397
PERL_MM_USE_DEFAULT = 1
SHELL = /usr/bin/zsh
TERM = screen
Perl special variables (and OS-specific diagnostics, for MSWin32):
$^X = /tmp/basesmoker-reloperl-4YY_/bin/perl
$UID/$EUID = 1005 / 1005
$GID = 1005 1005
$EGID = 1005 1005
Perl module toolchain versions installed:
Module Have
------------------- ----------
CPAN 2.00
CPAN::Meta 2.132620
Cwd 3.44
ExtUtils::CBuilder 0.280212
ExtUtils::Command 1.18
ExtUtils::Install 1.60
ExtUtils::MakeMaker 6.76
ExtUtils::Manifest 1.63
ExtUtils::ParseXS 3.23
File::Spec 3.44
JSON 2.59
JSON::PP 2.27202_01
Module::Build 0.4007
Module::Signature 0.73
Parse::CPAN::Meta 1.4407
Test::Harness 3.28
Test::More 0.98_06
YAML 0.84
YAML::Syck 1.27
version 0.9904
--
Summary of my perl5 (revision 5 version 19 subversion 5) configuration:
Commit id: 7497b91fbd38419c3d11a21866233566db7a3c10
Platform:
osname=linux, osvers=3.10-2-amd64, archname=x86_64-linux
uname='linux k83 3.10-2-amd64 #1 smp debian 3.10.7-1 (2013-08-17) x86_64 gnulinux '
config_args='-Dprefix=/home/sand/src/perl/repoperls/installed-perls/perl/v5.19.4-8-g7497b91/165a -Dmyhostname=k83 -Dinstallusrbinperl=n -Uversiononly -Dusedevel -des -Ui_db -Uuseithreads -Uuselongdouble -DDEBUGGING=-g'
hint=recommended, useposix=true, d_sigaction=define
useithreads=undef, usemultiplicity=undef
useperlio=define, d_sfio=undef, uselargefiles=define, usesocks=undef
use64bitint=define, use64bitall=define, uselongdouble=undef
usemymalloc=n, bincompat5005=undef
Compiler:
cc='cc', ccflags ='-fno-strict-aliasing -pipe -fstack-protector -I/usr/local/include -D_LARGEFILE_SOURCE -D_FILE_OFFSET_BITS=64',
optimize='-O2 -g',
cppflags='-fno-strict-aliasing -pipe -fstack-protector -I/usr/local/include'
ccversion='', gccversion='4.8.1', gccosandvers=''
intsize=4, longsize=8, ptrsize=8, doublesize=8, byteorder=12345678
d_longlong=define, longlongsize=8, d_longdbl=define, longdblsize=16
ivtype='long', ivsize=8, nvtype='double', nvsize=8, Off_t='off_t', lseeksize=8
alignbytes=8, prototype=define
Linker and Libraries:
ld='cc', ldflags =' -fstack-protector -L/usr/local/lib'
libpth=/usr/local/lib /lib/x86_64-linux-gnu /lib/../lib /usr/lib/x86_64-linux-gnu /usr/lib/../lib /lib /usr/lib
libs=-lnsl -lgdbm -ldb -ldl -lm -lcrypt -lutil -lc -lgdbm_compat
perllibs=-lnsl -ldl -lm -lcrypt -lutil -lc
libc=, so=so, useshrplib=false, libperl=libperl.a
gnulibc_version='2.17'
Dynamic Linking:
dlsrc=dl_dlopen.xs, dlext=so, d_dlsymun=undef, ccdlflags='-Wl,-E'
cccdlflags='-fPIC', lddlflags='-shared -O2 -g -L/usr/local/lib -fstack-protector'
Characteristics of this binary (from libperl):
Compile-time options: HAS_TIMES PERLIO_LAYERS PERL_DONT_CREATE_GVSV
PERL_HASH_FUNC_ONE_AT_A_TIME_HARD PERL_MALLOC_WRAP
PERL_NEW_COPY_ON_WRITE PERL_PRESERVE_IVUV
PERL_USE_DEVEL USE_64_BIT_ALL USE_64_BIT_INT
USE_LARGE_FILES USE_LOCALE USE_LOCALE_COLLATE
USE_LOCALE_CTYPE USE_LOCALE_NUMERIC USE_PERLIO
USE_PERL_ATOF
Built under linux
Compiled at Sep 20 2013 20:57:53
%ENV:
PERL5LIB=""
PERL5OPT=""
PERL5_CPANPLUS_IS_RUNNING="25397"
PERL5_CPAN_IS_RUNNING="25397"
PERL_MM_USE_DEFAULT="1"
@INC:
/home/sand/src/perl/repoperls/installed-perls/perl/v5.19.4-8-g7497b91/165a/lib/site_perl/5.19.5/x86_64-linux
/home/sand/src/perl/repoperls/installed-perls/perl/v5.19.4-8-g7497b91/165a/lib/site_perl/5.19.5
/home/sand/src/perl/repoperls/installed-perls/perl/v5.19.4-8-g7497b91/165a/lib/5.19.5/x86_64-linux
/home/sand/src/perl/repoperls/installed-perls/perl/v5.19.4-8-g7497b91/165a/lib/5.19.5
.