Mojolicious-Command-generate-localplugin v0.06 Perl 5 v5.16.3 MSWin32-x86-multi-thread
- Status
- Fail
- From
- Alexandr Ciornii (CHORNY)
- Dist
-
Mojolicious-Command-generate-localplugin v0.06
- Platform
- Perl 5 v5.16.3 MSWin32-x86-multi-thread
- Date
- 2020-11-09 17:08:55
- ID
- c5200f7d-6bf3-1014-8918-05ea79a9f5d3
This distribution has been tested as part of the CPAN Testers
project, supporting the Perl programming language. See
http://wiki.cpantesters.org/ for more information or email
questions to cpan-testers-discuss@perl.org
--
Dear Renee Baecker,
This is a computer-generated report for Mojolicious-Command-generate-localplugin-0.06
on perl 5.16.3, created by CPAN-Reporter-1.2018.
Thank you for uploading your work to CPAN. However, there was a problem
testing your distribution.
If you think this report is invalid, please consult the CPAN Testers Wiki
for suggestions on how to avoid getting FAIL reports for missing library
or binary dependencies, unsupported operating systems, and so on:
http://wiki.cpantesters.org/wiki/CPANAuthorNotes
Sections of this report:
* Tester comments
* Program output
* Prerequisites
* Environment and other context
------------------------------
TESTER COMMENTS
------------------------------
Additional comments from tester:
this report is from an automated smoke testing program
and was not reviewed by a human for accuracy
------------------------------
PROGRAM OUTPUT
------------------------------
Output from 'C:\strawberry163\c\bin\dmake.exe test':
C:\strawberry163\perl\bin\perl.exe "-MExtUtils::Command::MM" "-e" "test_harness(0, 'blib\lib', 'blib\arch')" t/*.t
t/author-pod-coverage.t .. skipped: these tests are for testing by the author
t/author-pod-syntax.t .... skipped: these tests are for testing by the author
List form of pipe open not implemented at t/base.t line 41.
cannot remove path when cwd is C:/DOCUME~1/c/LOCALS~1/Temp/VkmtBxGAGu for C:\DOCUME~1\c\LOCALS~1\Temp\VkmtBxGAGu: at C:/strawberry163/perl/lib/File/Temp.pm line 2445.
# Tests were run but no plan was declared and done_testing() was not seen.
# Looks like your test exited with 255 just after 5.
t/base.t .................
Dubious, test returned 255 (wstat 65280, 0xff00)
All 5 subtests passed
List form of pipe open not implemented at t/run.t line 41.
cannot remove path when cwd is C:/DOCUME~1/c/LOCALS~1/Temp/Uzv5e_1aCa for C:\DOCUME~1\c\LOCALS~1\Temp\Uzv5e_1aCa: at C:/strawberry163/perl/lib/File/Temp.pm line 2445.
# Tests were run but no plan was declared and done_testing() was not seen.
# Looks like your test exited with 255 just after 5.
t/run.t ..................
Dubious, test returned 255 (wstat 65280, 0xff00)
All 5 subtests passed
Test Summary Report
-------------------
t/base.t (Wstat: 65280 Tests: 5 Failed: 0)
Non-zero exit status: 255
Parse errors: No plan found in TAP output
t/run.t (Wstat: 65280 Tests: 5 Failed: 0)
Non-zero exit status: 255
Parse errors: No plan found in TAP output
Files=4, Tests=10, 6 wallclock secs ( 0.09 usr + 0.01 sys = 0.10 CPU)
Result: FAIL
Failed 2/4 test programs. 0/10 subtests failed.
dmake.exe: Error code 255, while making 'test_dynamic'
------------------------------
PREREQUISITES
------------------------------
Prerequisite modules loaded:
requires:
Module Need Have
------------------- ----- --------
Mojolicious 8.0 8.64
perl 5.008 5.016003
Test::More 0 1.001002
build_requires:
Module Need Have
------------------- ----- --------
ExtUtils::MakeMaker 0 6.64
configure_requires:
Module Need Have
------------------- ----- --------
ExtUtils::MakeMaker 0 6.64
------------------------------
ENVIRONMENT AND OTHER CONTEXT
------------------------------
Environment variables:
AUTOMATED_TESTING = 1
COMSPEC = C:\WINDOWS\system32\cmd.exe
NUMBER_OF_PROCESSORS = 1
PATH = C:\WINDOWS\system32;C:\WINDOWS;C:\WINDOWS\System32\Wbem;C:\strawberry163\c\bin;C:\strawberry163\perl\site\bin;C:\strawberry163\perl\bin
PERL5LIB = C:\strawberry163\cpan\build\Mojolicious-8.64-0/blib/arch;C:\strawberry163\cpan\build\Mojolicious-8.64-0/blib/lib;C:\strawberry163\cpan\build\Scalar-List-Utils-1.55-0/blib/arch;C:\strawberry163\cpan\build\Scalar-List-Utils-1.55-0/blib/lib;C:\strawberry163\cpan\build\IO-Socket-IP-0.41-0/blib/arch;C:\strawberry163\cpan\build\IO-Socket-IP-0.41-0/blib/lib
PERL5OPT =
PERL5_CPANPLUS_IS_RUNNING = 1040
PERL5_CPAN_IS_RUNNING = 1040
PERL5_CPAN_IS_RUNNING_IN_RECURSION = 1756,1040
PERL_CR_SMOKER_CURRENT = Mojolicious-Command-generate-localplugin-0.06
PERL_CR_SMOKER_RUNONCE = 1
PERL_EXTUTILS_AUTOINSTALL = --defaultdeps
PERL_MM_USE_DEFAULT = 1
PROCESSOR_IDENTIFIER = x86 Family 18 Model 1 Stepping 0, AuthenticAMD
TEMP = C:\DOCUME~1\c\LOCALS~1\Temp
TERM = dumb
Perl special variables (and OS-specific diagnostics, for MSWin32):
$^X = C:\strawberry163\perl\bin\perl.exe
$UID/$EUID = 0 / 0
$GID = 0
$EGID = 0
Win32::GetOSName = WinXP/.Net
Win32::GetOSVersion = Service Pack 3, 5, 1, 2600, 2, 3, 0, 256, 1
Win32::FsType = NTFS
Win32::IsAdminUser = 1
Perl module toolchain versions installed:
Module Have
------------------- --------
CPAN 2.16
CPAN::Meta 2.140640
Cwd 3.40
ExtUtils::CBuilder 0.280206
ExtUtils::Command 1.17
ExtUtils::Install 1.58
ExtUtils::MakeMaker 6.64
ExtUtils::Manifest 1.61
ExtUtils::ParseXS 3.24
File::Spec 3.40
JSON 2.90
JSON::PP 2.27203
Module::Build 0.4205
Module::Signature 0.70
Parse::CPAN::Meta 1.4414
Test::Harness 3.30
Test::More 1.001002
YAML 0.90
YAML::Syck 1.24
version 0.9902
--
Summary of my perl5 (revision 5 version 16 subversion 3) configuration:
Platform:
osname=MSWin32, osvers=4.0, archname=MSWin32-x86-multi-thread
uname='Win32 strawberry-perl 5.16.3.1 #1 Tue Mar 12 13:55:20 2013 i386'
config_args='undef'
hint=recommended, useposix=true, d_sigaction=undef
useithreads=define, usemultiplicity=define
useperlio=define, d_sfio=undef, uselargefiles=define, usesocks=undef
use64bitint=undef, use64bitall=undef, uselongdouble=undef
usemymalloc=n, bincompat5005=undef
Compiler:
cc='gcc', ccflags =' -s -O2 -DWIN32 -DPERL_TEXTMODE_SCRIPTS -DPERL_IMPLICIT_CONTEXT -DPERL_IMPLICIT_SYS -fno-strict-aliasing -mms-bitfields',
optimize='-s -O2',
cppflags='-DWIN32'
ccversion='', gccversion='4.6.3', gccosandvers=''
intsize=4, longsize=4, ptrsize=4, doublesize=8, byteorder=1234
d_longlong=undef, longlongsize=8, d_longdbl=define, longdblsize=12
ivtype='long', ivsize=4, nvtype='double', nvsize=8, Off_t='long long', lseeksize=8
alignbytes=8, prototype=define
Linker and Libraries:
ld='g++', ldflags ='-s -L"C:\strawberry163\perl\lib\CORE" -L"C:\strawberry163\c\lib"'
libpth=C:\strawberry163\c\lib C:\strawberry163\c\i686-w64-mingw32\lib
libs=-lmoldname -lkernel32 -luser32 -lgdi32 -lwinspool -lcomdlg32 -ladvapi32 -lshell32 -lole32 -loleaut32 -lnetapi32 -luuid -lws2_32 -lmpr -lwinmm -lversion -lodbc32 -lodbccp32 -lcomctl32
perllibs=-lmoldname -lkernel32 -luser32 -lgdi32 -lwinspool -lcomdlg32 -ladvapi32 -lshell32 -lole32 -loleaut32 -lnetapi32 -luuid -lws2_32 -lmpr -lwinmm -lversion -lodbc32 -lodbccp32 -lcomctl32
libc=, so=dll, useshrplib=true, libperl=libperl516.a
gnulibc_version=''
Dynamic Linking:
dlsrc=dl_win32.xs, dlext=dll, d_dlsymun=undef, ccdlflags=' '
cccdlflags=' ', lddlflags='-mdll -s -L"C:\strawberry163\perl\lib\CORE" -L"C:\strawberry163\c\lib"'
Characteristics of this binary (from libperl):
Compile-time options: HAS_TIMES HAVE_INTERP_INTERN MULTIPLICITY
PERLIO_LAYERS PERL_DONT_CREATE_GVSV
PERL_IMPLICIT_CONTEXT PERL_IMPLICIT_SYS
PERL_MALLOC_WRAP PERL_PRESERVE_IVUV PL_OP_SLAB_ALLOC
USE_ITHREADS USE_LARGE_FILES USE_LOCALE
USE_LOCALE_COLLATE USE_LOCALE_CTYPE
USE_LOCALE_NUMERIC USE_PERLIO USE_PERL_ATOF
Built under MSWin32
Compiled at Mar 12 2013 14:01:07
%ENV:
PERL5LIB="C:\strawberry163\cpan\build\Mojolicious-8.64-0/blib/arch;C:\strawberry163\cpan\build\Mojolicious-8.64-0/blib/lib;C:\strawberry163\cpan\build\Scalar-List-Utils-1.55-0/blib/arch;C:\strawberry163\cpan\build\Scalar-List-Utils-1.55-0/blib/lib;C:\strawberry163\cpan\build\IO-Socket-IP-0.41-0/blib/arch;C:\strawberry163\cpan\build\IO-Socket-IP-0.41-0/blib/lib"
PERL5_CPANPLUS_IS_RUNNING="1040"
PERL5_CPAN_IS_RUNNING="1040"
PERL5_CPAN_IS_RUNNING_IN_RECURSION="1756,1040"
PERL_CR_SMOKER_CURRENT="Mojolicious-Command-generate-localplugin-0.06"
PERL_CR_SMOKER_RUNONCE="1"
PERL_EXTUTILS_AUTOINSTALL="--defaultdeps"
PERL_MM_USE_DEFAULT="1"
@INC:
C:\strawberry163\cpan\build\Mojolicious-8.64-0/blib/arch
C:\strawberry163\cpan\build\Mojolicious-8.64-0/blib/lib
C:\strawberry163\cpan\build\Scalar-List-Utils-1.55-0/blib/arch
C:\strawberry163\cpan\build\Scalar-List-Utils-1.55-0/blib/lib
C:\strawberry163\cpan\build\IO-Socket-IP-0.41-0/blib/arch
C:\strawberry163\cpan\build\IO-Socket-IP-0.41-0/blib/lib
C:/strawberry163/perl/site/lib
C:/strawberry163/perl/vendor/lib
C:/strawberry163/perl/lib
.