Back
From: metabase:user:314402c4-2aae-11df-837a-5e0a49663a4f
Subject: FAIL Dancer2-Plugin-Queue-MongoDB-0.003 v5.24.1 GNU/Linux
Date: 2017-08-03T19:13:01Z
This distribution has been tested as part of the CPAN Testers
project, supporting the Perl programming language. See
http://wiki.cpantesters.org/ for more information or email
questions to cpan-testers-discuss@perl.org
--
Dear David Golden,
This is a computer-generated report for Dancer2-Plugin-Queue-MongoDB-0.003
on perl 5.24.1, created by CPAN-Reporter-1.2018.
Thank you for uploading your work to CPAN. However, there was a problem
testing your distribution.
If you think this report is invalid, please consult the CPAN Testers Wiki
for suggestions on how to avoid getting FAIL reports for missing library
or binary dependencies, unsupported operating systems, and so on:
http://wiki.cpantesters.org/wiki/CPANAuthorNotes
Sections of this report:
* Tester comments
* Program output
* Prerequisites
* Environment and other context
------------------------------
TESTER COMMENTS
------------------------------
Additional comments from tester:
none provided
------------------------------
PROGRAM OUTPUT
------------------------------
Output from '/usr/bin/make test':
PERL_DL_NONLAZY=1 "/opt/perl-5.24.1/bin/perl" "-MExtUtils::Command::MM" "-MTest::Harness" "-e" "undef *Test::Harness::Switches; test_harness(0, 'blib/lib', 'blib/arch')" t/*.t
t/00-compile.t ......... ok
# Prerequisite Report:
# Version Module
# --------- -----------------------------------
# 0.006 Dancer2::Plugin::Queue
# 0.006 Dancer2::Plugin::Queue::Role::Queue
# 0.006 Dancer2::Plugin::Queue::Role::Test
# 7.30 ExtUtils::MakeMaker
# 1.34 File::Find
# 3.63_01 File::Spec::Functions
# 0.2304 File::Temp
# 0.056_001 HTTP::Tiny
# 1.48 List::Util
# v1.8.0 MongoDB
# v1.8.0 MongoDB::MongoClient
# 1.002 MongoDBx::Queue
# 0.29 MooX::Types::MooseLike::Base
# 2.2006 Moose
# 1.302086 Test::More
# 1.004 Test::Roo
# 2.19 Test::TCP
# 1.11 strict
# 1.36 warnings
t/00-report-prereqs.t .. ok
# No tests run!
# Failed test 'No tests run for subtest "testing with main"'
# at /opt/perl-5.24.1/lib/site_perl/5.24.1/Test/Roo/Class.pm line 89.
MongoDB::SelectionError: No writable server available. MongoDB server status:
Topology type: Single; Member status:
localhost:27017 (type: Unknown, error: MongoDB::NetworkError: Could not connect to 'localhost:27017': Connection refused )
# Tests were run but no plan was declared and done_testing() was not seen.
# Looks like your test exited with 255 just after 1.
t/mongodb.t ............
Dubious, test returned 255 (wstat 65280, 0xff00)
Failed 1/1 subtests
Test Summary Report
-------------------
t/mongodb.t (Wstat: 65280 Tests: 1 Failed: 1)
Failed test: 1
Non-zero exit status: 255
Parse errors: No plan found in TAP output
Files=3, Tests=3, 2 wallclock secs ( 0.02 usr 0.01 sys + 1.75 cusr 0.20 csys = 1.98 CPU)
Result: FAIL
Failed 1/3 test programs. 1/3 subtests failed.
Makefile:881: recipe for target 'test_dynamic' failed
make: *** [test_dynamic] Error 255
------------------------------
PREREQUISITES
------------------------------
Prerequisite modules loaded:
requires:
Module Need Have
----------------------------------- ----- ---------
Dancer2::Plugin::Queue 0.003 0.006
Dancer2::Plugin::Queue::Role::Queue 0 0.006
MongoDB 0 v1.8.0
MongoDB::MongoClient 0 v1.8.0
MongoDBx::Queue 0 1.002
Moose 0 2.2006
strict 0 1.11
warnings 0 1.36
build_requires:
Module Need Have
----------------------------------- ----- ---------
Dancer2::Plugin::Queue::Role::Test 0 0.006
ExtUtils::MakeMaker 0 7.30
File::Find 0 1.34
File::Spec::Functions 0 3.63_01
File::Temp 0 0.2304
HTTP::Tiny 0 0.056_001
List::Util 0 1.48
MongoDB 0.45 v1.8.0
MooX::Types::MooseLike::Base 0 0.29
Test::More 0 1.302086
Test::Roo 0 1.004
Test::TCP 0 2.19
configure_requires:
Module Need Have
----------------------------------- ----- ---------
ExtUtils::MakeMaker 6.30 7.30
------------------------------
ENVIRONMENT AND OTHER CONTEXT
------------------------------
Environment variables:
LANG = C
PATH = /usr/local/bin:/usr/bin:/bin:/usr/local/sbin:/usr/sbin:/sbin:/home/cpansand/bin/linux-gnu:/home/cpansand/bin/sh:/home/cpansand/bin:/usr/games:/home/cpansand/devel:/home/eserte/src/srezic-misc/scripts
PERL5LIB = /home/cpansand/.cpan/build/2017080318/Dancer2-Plugin-Queue-0.006-fX1wps/blib/arch:/home/cpansand/.cpan/build/2017080318/Dancer2-Plugin-Queue-0.006-fX1wps/blib/lib:/home/cpansand/.cpan/build/2017080318/MongoDBx-Queue-1.002-YIYDkr/blib/arch:/home/cpansand/.cpan/build/2017080318/MongoDBx-Queue-1.002-YIYDkr/blib/lib:/home/cpansand/.cpan/build/2017080318/MooseX-Role-MongoDB-0.010-u_4fM_/blib/arch:/home/cpansand/.cpan/build/2017080318/MooseX-Role-MongoDB-0.010-u_4fM_/blib/lib:/home/cpansand/.cpan/build/2017080318/Cpanel-JSON-XS-3.0237-8XRb6C/blib/arch:/home/cpansand/.cpan/build/2017080318/Cpanel-JSON-XS-3.0237-8XRb6C/blib/lib
PERL5OPT =
PERL5_CPANPLUS_IS_RUNNING = 15427
PERL5_CPAN_IS_RUNNING = 15427
PERL5_CPAN_IS_RUNNING_IN_RECURSION = 15491,15427
PERLDOC = -MPod::Perldoc::ToTextOverstrike
PERL_BATCH = yes
PERL_CANARY_STABILITY_NOPROMPT = 1
PERL_CPAN_REPORTER_CONFIG = /var/tmp/cpansmoker-1023/2017080318/cpanreporter_000_config.ini
PERL_EXTUTILS_AUTOINSTALL = --defaultdeps
SHELL = /usr/bin/zsh
TERM = screen
TMPDIR = /var/tmp/cpansmoker-1023/2017080318
Perl special variables (and OS-specific diagnostics, for MSWin32):
$^X = /opt/perl-5.24.1/bin/perl
$UID/$EUID = 1023 / 1023
$GID = 1023 1023
$EGID = 1023 1023
Perl module toolchain versions installed:
Module Have
------------------- ----------
CPAN 2.11_01
CPAN::Meta 2.150005
Cwd 3.63_01
ExtUtils::CBuilder 0.280225
ExtUtils::Command 7.30
ExtUtils::Install 2.06
ExtUtils::MakeMaker 7.30
ExtUtils::Manifest 1.70
ExtUtils::ParseXS 3.31
File::Spec 3.63_01
JSON 2.94
JSON::PP 2.94
Module::Build 0.4224
Module::Signature 0.81
Parse::CPAN::Meta 1.4417_001
Test::Harness 3.36_01
Test::More 1.302086
YAML 1.23
YAML::Syck 1.30
version 0.9916
--
Summary of my perl5 (revision 5 version 24 subversion 1) configuration:
Platform:
osname=linux, osvers=4.9.0-3-amd64, archname=x86_64-linux
uname='linux debian9 4.9.0-3-amd64 #1 smp debian 4.9.30-2+deb9u1 (2017-06-18) x86_64 gnulinux '
config_args='-ds -e -Dprefix=/opt/perl-5.24.1 -Dcf_email=srezic@cpan.org'
hint=recommended, useposix=true, d_sigaction=define
useithreads=undef, usemultiplicity=undef
use64bitint=define, use64bitall=define, uselongdouble=undef
usemymalloc=n, bincompat5005=undef
Compiler:
cc='cc', ccflags ='-fwrapv -fno-strict-aliasing -pipe -fstack-protector-strong -I/usr/local/include -D_LARGEFILE_SOURCE -D_FILE_OFFSET_BITS=64',
optimize='-O2',
cppflags='-fwrapv -fno-strict-aliasing -pipe -fstack-protector-strong -I/usr/local/include'
ccversion='', gccversion='6.3.0 20170516', gccosandvers=''
intsize=4, longsize=8, ptrsize=8, doublesize=8, byteorder=12345678, doublekind=3
d_longlong=define, longlongsize=8, d_longdbl=define, longdblsize=16, longdblkind=3
ivtype='long', ivsize=8, nvtype='double', nvsize=8, Off_t='off_t', lseeksize=8
alignbytes=8, prototype=define
Linker and Libraries:
ld='cc', ldflags =' -fstack-protector-strong -L/usr/local/lib'
libpth=/usr/local/lib /usr/lib/gcc/x86_64-linux-gnu/6/include-fixed /usr/include/x86_64-linux-gnu /usr/lib /lib/x86_64-linux-gnu /lib/../lib /usr/lib/x86_64-linux-gnu /usr/lib/../lib /lib
libs=-lpthread -lnsl -lgdbm -ldb -ldl -lm -lcrypt -lutil -lc -lgdbm_compat
perllibs=-lpthread -lnsl -ldl -lm -lcrypt -lutil -lc
libc=libc-2.24.so, so=so, useshrplib=false, libperl=libperl.a
gnulibc_version='2.24'
Dynamic Linking:
dlsrc=dl_dlopen.xs, dlext=so, d_dlsymun=undef, ccdlflags='-Wl,-E'
cccdlflags='-fPIC', lddlflags='-shared -O2 -L/usr/local/lib -fstack-protector-strong'
Characteristics of this binary (from libperl):
Compile-time options: HAS_TIMES PERLIO_LAYERS PERL_COPY_ON_WRITE
PERL_DONT_CREATE_GVSV
PERL_HASH_FUNC_ONE_AT_A_TIME_HARD PERL_MALLOC_WRAP
PERL_PRESERVE_IVUV USE_64_BIT_ALL USE_64_BIT_INT
USE_LARGE_FILES USE_LOCALE USE_LOCALE_COLLATE
USE_LOCALE_CTYPE USE_LOCALE_NUMERIC USE_LOCALE_TIME
USE_PERLIO USE_PERL_ATOF
Built under linux
Compiled at Jun 23 2017 20:31:37
%ENV:
PERL5LIB="/home/cpansand/.cpan/build/2017080318/Dancer2-Plugin-Queue-0.006-fX1wps/blib/arch:/home/cpansand/.cpan/build/2017080318/Dancer2-Plugin-Queue-0.006-fX1wps/blib/lib:/home/cpansand/.cpan/build/2017080318/MongoDBx-Queue-1.002-YIYDkr/blib/arch:/home/cpansand/.cpan/build/2017080318/MongoDBx-Queue-1.002-YIYDkr/blib/lib:/home/cpansand/.cpan/build/2017080318/MooseX-Role-MongoDB-0.010-u_4fM_/blib/arch:/home/cpansand/.cpan/build/2017080318/MooseX-Role-MongoDB-0.010-u_4fM_/blib/lib:/home/cpansand/.cpan/build/2017080318/Cpanel-JSON-XS-3.0237-8XRb6C/blib/arch:/home/cpansand/.cpan/build/2017080318/Cpanel-JSON-XS-3.0237-8XRb6C/blib/lib"
PERL5OPT=""
PERL5_CPANPLUS_IS_RUNNING="15427"
PERL5_CPAN_IS_RUNNING="15427"
PERL5_CPAN_IS_RUNNING_IN_RECURSION="15491,15427"
PERLDOC="-MPod::Perldoc::ToTextOverstrike"
PERL_BATCH="yes"
PERL_CANARY_STABILITY_NOPROMPT="1"
PERL_CPAN_REPORTER_CONFIG="/var/tmp/cpansmoker-1023/2017080318/cpanreporter_000_config.ini"
PERL_EXTUTILS_AUTOINSTALL="--defaultdeps"
@INC:
/home/cpansand/.cpan/build/2017080318/Dancer2-Plugin-Queue-0.006-fX1wps/blib/arch
/home/cpansand/.cpan/build/2017080318/Dancer2-Plugin-Queue-0.006-fX1wps/blib/lib
/home/cpansand/.cpan/build/2017080318/MongoDBx-Queue-1.002-YIYDkr/blib/arch
/home/cpansand/.cpan/build/2017080318/MongoDBx-Queue-1.002-YIYDkr/blib/lib
/home/cpansand/.cpan/build/2017080318/MooseX-Role-MongoDB-0.010-u_4fM_/blib/arch
/home/cpansand/.cpan/build/2017080318/MooseX-Role-MongoDB-0.010-u_4fM_/blib/lib
/home/cpansand/.cpan/build/2017080318/Cpanel-JSON-XS-3.0237-8XRb6C/blib/arch
/home/cpansand/.cpan/build/2017080318/Cpanel-JSON-XS-3.0237-8XRb6C/blib/lib
/opt/perl-5.24.1/lib/site_perl/5.24.1/x86_64-linux
/opt/perl-5.24.1/lib/site_perl/5.24.1
/opt/perl-5.24.1/lib/5.24.1/x86_64-linux
/opt/perl-5.24.1/lib/5.24.1
.