MozRepl v0.06 Perl 5 v5.12.3 x86_64-linux

Status
Fail
From
Slaven Rezić
Dist
MozRepl v0.06
Platform
Perl 5 v5.12.3 x86_64-linux
Date
2024-10-16 05:37:44
ID
c4f5067e-8b80-11ef-8b08-10166e8775ea
This distribution has been tested as part of the CPAN Testers
project, supporting the Perl programming language.  See
http://wiki.cpantesters.org/ for more information or email
questions to cpan-testers-discuss@perl.org


--
Dear Toru Yamaguchi,

This is a computer-generated report for MozRepl-0.06
on perl 5.12.3, created by CPAN-Reporter-1.2019.

Thank you for uploading your work to CPAN.  However, there was a problem
testing your distribution.

If you think this report is invalid, please consult the CPAN Testers Wiki
for suggestions on how to avoid getting FAIL reports for missing library
or binary dependencies, unsupported operating systems, and so on:

http://wiki.cpantesters.org/wiki/CPANAuthorNotes

Sections of this report:

    * Tester comments
    * Program output
    * Prerequisites
    * Environment and other context

------------------------------
TESTER COMMENTS
------------------------------

Additional comments from tester:

none provided

------------------------------
PROGRAM OUTPUT
------------------------------

Output from '/usr/bin/make test':

"/opt/perl-5.12.3/bin/perl" "-Iinc" Makefile.PL --config= --installdeps=Data::JavaScript::Anon,0,Module::Pluggable::Fast,0,Net::Telnet,0,Template::Provider::FromDATA,0
PERL_DL_NONLAZY=1 "/opt/perl-5.12.3/bin/perl" "-MExtUtils::Command::MM" "-MTest::Harness" "-e" "undef *Test::Harness::Switches; test_harness(0, 'inc', 'blib/lib', 'blib/arch')" t/00-load.t t/10-plugin-repl-enter.t t/11-plugin-repl-search.t t/12-plugin-repl-inspect.t t/13-plugin-repl-load.t t/14-plugin-repl-rename.t t/15-plugin-repl-print.t t/16-plugin-repl-home.t t/17-plugin-repl-back.t t/18-plugin-repl-util-help_url_for.t t/19-plugin-repl-util-doc_for.t t/20-plugin-json.t t/pod-coverage.t t/pod.t
# Testing MozRepl 0.06
t/00-load.t ........................... ok
[DEBUG] MozRepl logging enabled
[DEBUG] 
---- Client arguments ----
.----------------------+------------------------------------------.
| client_arg_name      | client_arg_value                         |
+----------------------+------------------------------------------+
| host                 | localhost                                |
| port                 | 4242                                     |
| timeout              | 10                                       |
| extra_client_args    | {}                                       |
'----------------------+------------------------------------------'

#   Failed test at t/10-plugin-repl-enter.t line 11.
Can't locate object method "repl_enter" via package "MozRepl" at t/10-plugin-repl-enter.t line 12.
# Looks like you planned 3 tests but only ran 1.
# Looks like you failed 1 test of 1 run.
# Looks like your test died just after 1.
t/10-plugin-repl-enter.t .............. 
Dubious, test returned 255 (wstat 65280, 0xff00)
Failed 3/3 subtests 
[DEBUG] MozRepl logging enabled
[DEBUG] 
---- Client arguments ----
.----------------------+------------------------------------------.
| client_arg_name      | client_arg_value                         |
+----------------------+------------------------------------------+
| host                 | localhost                                |
| port                 | 4242                                     |
| timeout              | 10                                       |
| extra_client_args    | {}                                       |
'----------------------+------------------------------------------'

#   Failed test at t/11-plugin-repl-search.t line 9.
Can't locate object method "repl_search" via package "MozRepl" at t/11-plugin-repl-search.t line 12.
# Looks like you planned 5 tests but only ran 1.
# Looks like you failed 1 test of 1 run.
# Looks like your test died just after 1.
t/11-plugin-repl-search.t ............. 
Dubious, test returned 255 (wstat 65280, 0xff00)
Failed 5/5 subtests 
[DEBUG] MozRepl logging enabled
[DEBUG] 
---- Client arguments ----
.----------------------+------------------------------------------.
| client_arg_name      | client_arg_value                         |
+----------------------+------------------------------------------+
| host                 | localhost                                |
| port                 | 4242                                     |
| timeout              | 10                                       |
| extra_client_args    | {}                                       |
'----------------------+------------------------------------------'

#   Failed test at t/12-plugin-repl-inspect.t line 12.
Can't locate object method "repl_inspect" via package "MozRepl" at t/12-plugin-repl-inspect.t line 14.
# Looks like you planned 3 tests but only ran 1.
# Looks like you failed 1 test of 1 run.
# Looks like your test died just after 1.
t/12-plugin-repl-inspect.t ............ 
Dubious, test returned 255 (wstat 65280, 0xff00)
Failed 3/3 subtests 
[DEBUG] MozRepl logging enabled
[DEBUG] 
---- Client arguments ----
.----------------------+------------------------------------------.
| client_arg_name      | client_arg_value                         |
+----------------------+------------------------------------------+
| host                 | localhost                                |
| port                 | 4242                                     |
| timeout              | 10                                       |
| extra_client_args    | {}                                       |
'----------------------+------------------------------------------'

#   Failed test at t/13-plugin-repl-load.t line 11.
# Looks like you failed 1 test of 1.
t/13-plugin-repl-load.t ............... 
Dubious, test returned 1 (wstat 256, 0x100)
Failed 1/1 subtests 
[DEBUG] MozRepl logging enabled
[DEBUG] 
---- Client arguments ----
.----------------------+------------------------------------------.
| client_arg_name      | client_arg_value                         |
+----------------------+------------------------------------------+
| host                 | localhost                                |
| port                 | 4242                                     |
| timeout              | 10                                       |
| extra_client_args    | {}                                       |
'----------------------+------------------------------------------'

#   Failed test at t/14-plugin-repl-rename.t line 9.
Can't locate object method "repl_rename" via package "MozRepl" at t/14-plugin-repl-rename.t line 12.
# Looks like you planned 4 tests but only ran 1.
# Looks like you failed 1 test of 1 run.
# Looks like your test died just after 1.
t/14-plugin-repl-rename.t ............. 
Dubious, test returned 255 (wstat 65280, 0xff00)
Failed 4/4 subtests 
[DEBUG] MozRepl logging enabled
[DEBUG] 
---- Client arguments ----
.----------------------+------------------------------------------.
| client_arg_name      | client_arg_value                         |
+----------------------+------------------------------------------+
| host                 | localhost                                |
| port                 | 4242                                     |
| timeout              | 10                                       |
| extra_client_args    | {}                                       |
'----------------------+------------------------------------------'

#   Failed test at t/15-plugin-repl-print.t line 12.
Can't locate object method "repl_print" via package "MozRepl" at t/15-plugin-repl-print.t line 22.
# Looks like you planned 5 tests but only ran 1.
# Looks like you failed 1 test of 1 run.
# Looks like your test died just after 1.
t/15-plugin-repl-print.t .............. 
Dubious, test returned 255 (wstat 65280, 0xff00)
Failed 5/5 subtests 
[DEBUG] MozRepl logging enabled
[DEBUG] 
---- Client arguments ----
.----------------------+------------------------------------------.
| client_arg_name      | client_arg_value                         |
+----------------------+------------------------------------------+
| host                 | localhost                                |
| port                 | 4242                                     |
| timeout              | 10                                       |
| extra_client_args    | {}                                       |
'----------------------+------------------------------------------'

#   Failed test at t/16-plugin-repl-home.t line 11.
Can't locate object method "repl_home" via package "MozRepl" at t/16-plugin-repl-home.t line 12.
# Looks like you planned 2 tests but only ran 1.
# Looks like you failed 1 test of 1 run.
# Looks like your test died just after 1.
t/16-plugin-repl-home.t ............... 
Dubious, test returned 255 (wstat 65280, 0xff00)
Failed 2/2 subtests 
[DEBUG] MozRepl logging enabled
[DEBUG] 
---- Client arguments ----
.----------------------+------------------------------------------.
| client_arg_name      | client_arg_value                         |
+----------------------+------------------------------------------+
| host                 | localhost                                |
| port                 | 4242                                     |
| timeout              | 10                                       |
| extra_client_args    | {}                                       |
'----------------------+------------------------------------------'

#   Failed test at t/17-plugin-repl-back.t line 12.
Can't locate object method "repl_enter" via package "MozRepl" at t/17-plugin-repl-back.t line 17.
# Looks like you planned 3 tests but only ran 1.
# Looks like you failed 1 test of 1 run.
# Looks like your test died just after 1.
t/17-plugin-repl-back.t ............... 
Dubious, test returned 255 (wstat 65280, 0xff00)
Failed 3/3 subtests 
[DEBUG] MozRepl logging enabled
[DEBUG] 
---- Client arguments ----
.----------------------+------------------------------------------.
| client_arg_name      | client_arg_value                         |
+----------------------+------------------------------------------+
| host                 | localhost                                |
| port                 | 4242                                     |
| timeout              | 10                                       |
| extra_client_args    | {}                                       |
'----------------------+------------------------------------------'

#   Failed test at t/18-plugin-repl-util-help_url_for.t line 14.
Can't locate object method "repl_help_url" via package "MozRepl" at t/18-plugin-repl-util-help_url_for.t line 16.
# Looks like you planned 4 tests but only ran 1.
# Looks like you failed 1 test of 1 run.
# Looks like your test died just after 1.
t/18-plugin-repl-util-help_url_for.t .. 
Dubious, test returned 255 (wstat 65280, 0xff00)
Failed 4/4 subtests 
[DEBUG] MozRepl logging enabled
[DEBUG] 
---- Client arguments ----
.----------------------+------------------------------------------.
| client_arg_name      | client_arg_value                         |
+----------------------+------------------------------------------+
| host                 | localhost                                |
| port                 | 4242                                     |
| timeout              | 10                                       |
| extra_client_args    | {}                                       |
'----------------------+------------------------------------------'

#   Failed test at t/19-plugin-repl-util-doc_for.t line 14.
Can't locate object method "repl_doc_for" via package "MozRepl" at t/19-plugin-repl-util-doc_for.t line 16.
# Looks like you planned 7 tests but only ran 1.
# Looks like you failed 1 test of 1 run.
# Looks like your test died just after 1.
t/19-plugin-repl-util-doc_for.t ....... 
Dubious, test returned 255 (wstat 65280, 0xff00)
Failed 7/7 subtests 
[DEBUG] MozRepl logging enabled
[DEBUG] 
---- Client arguments ----
.----------------------+------------------------------------------.
| client_arg_name      | client_arg_value                         |
+----------------------+------------------------------------------+
| host                 | localhost                                |
| port                 | 4242                                     |
| timeout              | 10                                       |
| extra_client_args    | {}                                       |
'----------------------+------------------------------------------'

#   Failed test at t/20-plugin-json.t line 16.
Can't locate object method "json" via package "MozRepl" at t/20-plugin-json.t line 17.
# Looks like you planned 2 tests but only ran 1.
# Looks like you failed 1 test of 1 run.
# Looks like your test died just after 1.
t/20-plugin-json.t .................... 
Dubious, test returned 255 (wstat 65280, 0xff00)
Failed 2/2 subtests 
t/pod-coverage.t ...................... ok
t/pod.t ............................... ok

Test Summary Report
-------------------
t/10-plugin-repl-enter.t            (Wstat: 65280 (exited 255) Tests: 1 Failed: 1)
  Failed test:  1
  Non-zero exit status: 255
  Parse errors: Bad plan.  You planned 3 tests but ran 1.
t/11-plugin-repl-search.t           (Wstat: 65280 (exited 255) Tests: 1 Failed: 1)
  Failed test:  1
  Non-zero exit status: 255
  Parse errors: Bad plan.  You planned 5 tests but ran 1.
t/12-plugin-repl-inspect.t          (Wstat: 65280 (exited 255) Tests: 1 Failed: 1)
  Failed test:  1
  Non-zero exit status: 255
  Parse errors: Bad plan.  You planned 3 tests but ran 1.
t/13-plugin-repl-load.t             (Wstat: 256 (exited 1) Tests: 1 Failed: 1)
  Failed test:  1
  Non-zero exit status: 1
t/14-plugin-repl-rename.t           (Wstat: 65280 (exited 255) Tests: 1 Failed: 1)
  Failed test:  1
  Non-zero exit status: 255
  Parse errors: Bad plan.  You planned 4 tests but ran 1.
t/15-plugin-repl-print.t            (Wstat: 65280 (exited 255) Tests: 1 Failed: 1)
  Failed test:  1
  Non-zero exit status: 255
  Parse errors: Bad plan.  You planned 5 tests but ran 1.
t/16-plugin-repl-home.t             (Wstat: 65280 (exited 255) Tests: 1 Failed: 1)
  Failed test:  1
  Non-zero exit status: 255
  Parse errors: Bad plan.  You planned 2 tests but ran 1.
t/17-plugin-repl-back.t             (Wstat: 65280 (exited 255) Tests: 1 Failed: 1)
  Failed test:  1
  Non-zero exit status: 255
  Parse errors: Bad plan.  You planned 3 tests but ran 1.
t/18-plugin-repl-util-help_url_for.t (Wstat: 65280 (exited 255) Tests: 1 Failed: 1)
  Failed test:  1
  Non-zero exit status: 255
  Parse errors: Bad plan.  You planned 4 tests but ran 1.
t/19-plugin-repl-util-doc_for.t     (Wstat: 65280 (exited 255) Tests: 1 Failed: 1)
  Failed test:  1
  Non-zero exit status: 255
  Parse errors: Bad plan.  You planned 7 tests but ran 1.
t/20-plugin-json.t                  (Wstat: 65280 (exited 255) Tests: 1 Failed: 1)
  Failed test:  1
  Non-zero exit status: 255
  Parse errors: Bad plan.  You planned 2 tests but ran 1.
Files=14, Tests=46,  1 wallclock secs ( 0.02 usr  0.02 sys +  0.59 cusr  0.17 csys =  0.80 CPU)
Result: FAIL
Failed 11/14 test programs. 11/46 subtests failed.
make: *** [Makefile:839: test_dynamic] Error 255

------------------------------
PREREQUISITES
------------------------------

Prerequisite modules loaded:

requires:

    Module                       Need Have 
    ---------------------------- ---- -----
    Carp::Clan                   0    6.08 
    Class::Accessor::Fast        0    0.51 
    Class::Data::Inheritable     0    0.09 
    Data::Dump                   0    1.25 
    Data::JavaScript::Anon       0    1.03 
    File::Spec                   0    3.75 
    Module::Pluggable::Fast      0    0.19 
    Net::Telnet                  0    3.05 
    Template                     0    3.102
    Template::Provider::FromDATA 0    0.13 
    Text::SimpleTable            0    2.07 
    UNIVERSAL::require           0    0.19 
    URI                          0    5.28 

build_requires:

    Module                       Need Have 
    ---------------------------- ---- -----
    ExtUtils::MakeMaker          0    7.70 


------------------------------
ENVIRONMENT AND OTHER CONTEXT
------------------------------

Environment variables:

    LANG = en_US.UTF-8
    PATH = /usr/local/bin:/usr/bin:/bin:/usr/local/sbin:/usr/sbin:/sbin:/home/cpansand/bin/linux-gnu:/home/cpansand/bin/sh:/home/cpansand/bin:/usr/games:/home/cpansand/devel:/home/eserte/src/srezic-misc/scripts
    PERL5LIB = /home/cpansand/.cpan/build/2024101605/Template-Provider-FromDATA-0.13-0/blib/arch:/home/cpansand/.cpan/build/2024101605/Template-Provider-FromDATA-0.13-0/blib/lib:/home/cpansand/.cpan/build/2024101605/Net-Telnet-3.05-0/blib/arch:/home/cpansand/.cpan/build/2024101605/Net-Telnet-3.05-0/blib/lib:/home/cpansand/.cpan/build/2024101605/Module-Pluggable-Fast-0.19-0/blib/arch:/home/cpansand/.cpan/build/2024101605/Module-Pluggable-Fast-0.19-0/blib/lib:/home/cpansand/.cpan/build/2024101605/Data-JavaScript-Anon-1.03-0/blib/arch:/home/cpansand/.cpan/build/2024101605/Data-JavaScript-Anon-1.03-0/blib/lib:/home/cpansand/.cpan/build/2024101605/Class-Default-1.51-0/blib/arch:/home/cpansand/.cpan/build/2024101605/Class-Default-1.51-0/blib/lib
    PERL5OPT = 
    PERL5_CPANPLUS_IS_RUNNING = 1927312
    PERL5_CPAN_IS_RUNNING = 1927312
    PERL5_CPAN_IS_RUNNING_IN_RECURSION = 1927273,1927312
    PERLDOC = -MPod::Perldoc::ToTextOverstrike
    PERL_BATCH = yes
    PERL_CANARY_STABILITY_NOPROMPT = 1
    PERL_CPAN_REPORTER_CONFIG = /var/tmp/cpansmoker-1023/2024101605/cpanreporter_000_config.ini
    PERL_EXTUTILS_AUTOINSTALL = --defaultdeps
    PERL_USE_UNSAFE_INC = 1
    SHELL = /usr/bin/zsh
    TERM = screen
    TMPDIR = /var/tmp/cpansmoker-1023/2024101605

Perl special variables (and OS-specific diagnostics, for MSWin32):

    $^X = /opt/perl-5.12.3/bin/perl
    $UID/$EUID = 1023 / 1023
    $GID = 1023 1023
    $EGID = 1023 1023

Perl module toolchain versions installed:

    Module              Have    
    ------------------- --------
    CPAN                2.37    
    CPAN::Meta          2.150010
    Cwd                 3.75    
    ExtUtils::CBuilder  0.280236
    ExtUtils::Command   7.70    
    ExtUtils::Install   2.06    
    ExtUtils::MakeMaker 7.70    
    ExtUtils::Manifest  1.70    
    ExtUtils::ParseXS   3.51    
    File::Spec          3.75    
    JSON                4.10    
    JSON::PP            4.16    
    Module::Build       0.4234  
    Module::Signature   n/a     
    Parse::CPAN::Meta   2.150010
    Test2               1.302203
    Test::Harness       3.50    
    Test::More          1.302203
    YAML                1.31    
    YAML::Syck          1.34    
    version             0.9932  


--

Summary of my perl5 (revision 5 version 12 subversion 3) configuration:
   
  Platform:
    osname=linux, osvers=5.14.0-427.24.1.el9_4.x86_64, archname=x86_64-linux
    uname='linux rockylinux9-2gb-ash-1-cloud3.cloud 5.14.0-427.24.1.el9_4.x86_64 #1 smp preempt_dynamic mon jul 8 17:47:19 utc 2024 x86_64 x86_64 x86_64 gnulinux '
    config_args='-ds -e -Dprefix=/opt/perl-5.12.3 -Uinstallusrbinperl -Dcf_email=srezic@cpan.org'
    hint=recommended, useposix=true, d_sigaction=define
    useithreads=undef, usemultiplicity=undef
    useperlio=define, d_sfio=undef, uselargefiles=define, usesocks=undef
    use64bitint=define, use64bitall=define, uselongdouble=undef
    usemymalloc=n, bincompat5005=undef
  Compiler:
    cc='cc', ccflags ='-fwrapv -fno-strict-aliasing -pipe -fstack-protector -I/usr/local/include -D_LARGEFILE_SOURCE -D_FILE_OFFSET_BITS=64',
    optimize='-O2',
    cppflags='-fwrapv -fno-strict-aliasing -pipe -fstack-protector -I/usr/local/include'
    ccversion='', gccversion='11.4.1 20231218 (Red Hat 11.4.1-3)', gccosandvers=''
    intsize=4, longsize=8, ptrsize=8, doublesize=8, byteorder=12345678
    d_longlong=define, longlongsize=8, d_longdbl=define, longdblsize=16
    ivtype='long', ivsize=8, nvtype='double', nvsize=8, Off_t='off_t', lseeksize=8
    alignbytes=8, prototype=define
  Linker and Libraries:
    ld='cc', ldflags =' -fstack-protector -L/usr/local/lib'
    libpth=/usr/local/lib /lib/../lib64 /usr/lib/../lib64 /lib /usr/lib /lib64 /usr/lib64 /usr/local/lib64
    libs=-ldb -ldl -lm -lcrypt -lutil -lc
    perllibs=-ldl -lm -lcrypt -lutil -lc
    libc=/lib/../lib64/libc.so.6, so=so, useshrplib=false, libperl=libperl.a
    gnulibc_version='2.34'
  Dynamic Linking:
    dlsrc=dl_dlopen.xs, dlext=so, d_dlsymun=undef, ccdlflags='-Wl,-E'
    cccdlflags='-fPIC', lddlflags='-shared -O2 -L/usr/local/lib -fstack-protector'


Characteristics of this binary (from libperl): 
  Compile-time options: PERL_DONT_CREATE_GVSV PERL_MALLOC_WRAP USE_64_BIT_ALL
                        USE_64_BIT_INT USE_LARGE_FILES USE_PERLIO
                        USE_PERL_ATOF
  Locally applied patches:
	Devel::PatchPerl 2.08
  Built under linux
  Compiled at Jul 14 2024 07:50:46
  %ENV:
    PERL5LIB="/home/cpansand/.cpan/build/2024101605/Template-Provider-FromDATA-0.13-0/blib/arch:/home/cpansand/.cpan/build/2024101605/Template-Provider-FromDATA-0.13-0/blib/lib:/home/cpansand/.cpan/build/2024101605/Net-Telnet-3.05-0/blib/arch:/home/cpansand/.cpan/build/2024101605/Net-Telnet-3.05-0/blib/lib:/home/cpansand/.cpan/build/2024101605/Module-Pluggable-Fast-0.19-0/blib/arch:/home/cpansand/.cpan/build/2024101605/Module-Pluggable-Fast-0.19-0/blib/lib:/home/cpansand/.cpan/build/2024101605/Data-JavaScript-Anon-1.03-0/blib/arch:/home/cpansand/.cpan/build/2024101605/Data-JavaScript-Anon-1.03-0/blib/lib:/home/cpansand/.cpan/build/2024101605/Class-Default-1.51-0/blib/arch:/home/cpansand/.cpan/build/2024101605/Class-Default-1.51-0/blib/lib"
    PERL5OPT=""
    PERL5_CPANPLUS_IS_RUNNING="1927312"
    PERL5_CPAN_IS_RUNNING="1927312"
    PERL5_CPAN_IS_RUNNING_IN_RECURSION="1927273,1927312"
    PERLDOC="-MPod::Perldoc::ToTextOverstrike"
    PERL_BATCH="yes"
    PERL_CANARY_STABILITY_NOPROMPT="1"
    PERL_CPAN_REPORTER_CONFIG="/var/tmp/cpansmoker-1023/2024101605/cpanreporter_000_config.ini"
    PERL_EXTUTILS_AUTOINSTALL="--defaultdeps"
    PERL_USE_UNSAFE_INC="1"
  @INC:
    /home/cpansand/.cpan/build/2024101605/Template-Provider-FromDATA-0.13-0/blib/arch
    /home/cpansand/.cpan/build/2024101605/Template-Provider-FromDATA-0.13-0/blib/lib
    /home/cpansand/.cpan/build/2024101605/Net-Telnet-3.05-0/blib/arch
    /home/cpansand/.cpan/build/2024101605/Net-Telnet-3.05-0/blib/lib
    /home/cpansand/.cpan/build/2024101605/Module-Pluggable-Fast-0.19-0/blib/arch
    /home/cpansand/.cpan/build/2024101605/Module-Pluggable-Fast-0.19-0/blib/lib
    /home/cpansand/.cpan/build/2024101605/Data-JavaScript-Anon-1.03-0/blib/arch
    /home/cpansand/.cpan/build/2024101605/Data-JavaScript-Anon-1.03-0/blib/lib
    /home/cpansand/.cpan/build/2024101605/Class-Default-1.51-0/blib/arch
    /home/cpansand/.cpan/build/2024101605/Class-Default-1.51-0/blib/lib
    /opt/perl-5.12.3/lib/site_perl/5.12.3/x86_64-linux
    /opt/perl-5.12.3/lib/site_perl/5.12.3
    /opt/perl-5.12.3/lib/5.12.3/x86_64-linux
    /opt/perl-5.12.3/lib/5.12.3
    .