Report for Crypt-SSLeay-0.72

Back
From: metabase:user:838e5b0a-2bb6-1016-a696-43a2537fa0c6
Subject: FAIL Crypt-SSLeay-0.72 v5.22.1 OpenBSD
Date: 2016-01-09T19:11:21Z

This distribution has been tested as part of the CPAN Testers
project, supporting the Perl programming language.  See
http://wiki.cpantesters.org/ for more information or email
questions to cpan-testers-discuss@perl.org


--
Dear A. Sinan Unur,

This is a computer-generated report for Crypt-SSLeay-0.72
on perl 5.22.1, created by CPAN-Reporter-1.2015.

Thank you for uploading your work to CPAN.  However, there was a problem
testing your distribution.

If you think this report is invalid, please consult the CPAN Testers Wiki
for suggestions on how to avoid getting FAIL reports for missing library
or binary dependencies, unsupported operating systems, and so on:

http://wiki.cpantesters.org/wiki/CPANAuthorNotes

Sections of this report:

    * Tester comments
    * Program output
    * Prerequisites
    * Environment and other context

------------------------------
TESTER COMMENTS
------------------------------

Additional comments from tester:

this report is from an automated smoke testing program
and was not reviewed by a human for accuracy

------------------------------
PROGRAM OUTPUT
------------------------------

Output from '/usr/bin/make test':

Running Mkbootstrap for Crypt::SSLeay ()
chmod 644 "SSLeay.bs"
PERL_DL_NONLAZY=1 "/home/perluser/perl5/perlbrew/perls/perl-5.22.1/bin/perl" "-MExtUtils::Command::MM" "-MTest::Harness" "-e" "undef *Test::Harness::Switches; test_harness(0, 'blib/lib', 'blib/arch')" t/*.t
/home/perluser/perl5/perlbrew/perls/perl-5.22.1/bin/perl:/home/perluser/.cpan/build/Crypt-SSLeay-0.72-HxIvPC/blib/arch/auto/Crypt/SSLeay/SSLeay.so: undefined symbol 'SSL_CTX_use_certificate'
/home/perluser/perl5/perlbrew/perls/perl-5.22.1/bin/perl:/home/perluser/.cpan/build/Crypt-SSLeay-0.72-HxIvPC/blib/arch/auto/Crypt/SSLeay/SSLeay.so: undefined symbol 'SSL_set_fd'
/home/perluser/perl5/perlbrew/perls/perl-5.22.1/bin/perl:/home/perluser/.cpan/build/Crypt-SSLeay-0.72-HxIvPC/blib/arch/auto/Crypt/SSLeay/SSLeay.so: undefined symbol 'SSL_set_connect_state'
/home/perluser/perl5/perlbrew/perls/perl-5.22.1/bin/perl:/home/perluser/.cpan/build/Crypt-SSLeay-0.72-HxIvPC/blib/arch/auto/Crypt/SSLeay/SSLeay.so: undefined symbol 'SSL_CTX_free'
/home/perluser/perl5/perlbrew/perls/perl-5.22.1/bin/perl:/home/perluser/.cpan/build/Crypt-SSLeay-0.72-HxIvPC/blib/arch/auto/Crypt/SSLeay/SSLeay.so: undefined symbol 'SSL_CTX_set_default_verify_paths'
/home/perluser/perl5/perlbrew/perls/perl-5.22.1/bin/perl:/home/perluser/.cpan/build/Crypt-SSLeay-0.72-HxIvPC/blib/arch/auto/Crypt/SSLeay/SSLeay.so: undefined symbol 'SSL_get_error'
/home/perluser/perl5/perlbrew/perls/perl-5.22.1/bin/perl:/home/perluser/.cpan/build/Crypt-SSLeay-0.72-HxIvPC/blib/arch/auto/Crypt/SSLeay/SSLeay.so: undefined symbol 'SSL_read'
/home/perluser/perl5/perlbrew/perls/perl-5.22.1/bin/perl:/home/perluser/.cpan/build/Crypt-SSLeay-0.72-HxIvPC/blib/arch/auto/Crypt/SSLeay/SSLeay.so: undefined symbol 'SSL_new'
/home/perluser/perl5/perlbrew/perls/perl-5.22.1/bin/perl:/home/perluser/.cpan/build/Crypt-SSLeay-0.72-HxIvPC/blib/arch/auto/Crypt/SSLeay/SSLeay.so: undefined symbol 'SSL_CTX_new'
/home/perluser/perl5/perlbrew/perls/perl-5.22.1/bin/perl:/home/perluser/.cpan/build/Crypt-SSLeay-0.72-HxIvPC/blib/arch/auto/Crypt/SSLeay/SSLeay.so: undefined symbol 'SSL_library_init'
/home/perluser/perl5/perlbrew/perls/perl-5.22.1/bin/perl:/home/perluser/.cpan/build/Crypt-SSLeay-0.72-HxIvPC/blib/arch/auto/Crypt/SSLeay/SSLeay.so: undefined symbol 'SSL_CTX_load_verify_locations'
/home/perluser/perl5/perlbrew/perls/perl-5.22.1/bin/perl:/home/perluser/.cpan/build/Crypt-SSLeay-0.72-HxIvPC/blib/arch/auto/Crypt/SSLeay/SSLeay.so: undefined symbol 'SSL_pending'
/home/perluser/perl5/perlbrew/perls/perl-5.22.1/bin/perl:/home/perluser/.cpan/build/Crypt-SSLeay-0.72-HxIvPC/blib/arch/auto/Crypt/SSLeay/SSLeay.so: undefined symbol 'SSL_CTX_set_verify'
/home/perluser/perl5/perlbrew/perls/perl-5.22.1/bin/perl:/home/perluser/.cpan/build/Crypt-SSLeay-0.72-HxIvPC/blib/arch/auto/Crypt/SSLeay/SSLeay.so: undefined symbol 'SSL_load_error_strings'
/home/perluser/perl5/perlbrew/perls/perl-5.22.1/bin/perl:/home/perluser/.cpan/build/Crypt-SSLeay-0.72-HxIvPC/blib/arch/auto/Crypt/SSLeay/SSLeay.so: undefined symbol 'SSL_CTX_set_cipher_list'
/home/perluser/perl5/perlbrew/perls/perl-5.22.1/bin/perl:/home/perluser/.cpan/build/Crypt-SSLeay-0.72-HxIvPC/blib/arch/auto/Crypt/SSLeay/SSLeay.so: undefined symbol 'SSL_CIPHER_get_name'
/home/perluser/perl5/perlbrew/perls/perl-5.22.1/bin/perl:/home/perluser/.cpan/build/Crypt-SSLeay-0.72-HxIvPC/blib/arch/auto/Crypt/SSLeay/SSLeay.so: undefined symbol 'SSLv23_client_method'
/home/perluser/perl5/perlbrew/perls/perl-5.22.1/bin/perl:/home/perluser/.cpan/build/Crypt-SSLeay-0.72-HxIvPC/blib/arch/auto/Crypt/SSLeay/SSLeay.so: undefined symbol 'SSL_CTX_use_PrivateKey'
/home/perluser/perl5/perlbrew/perls/perl-5.22.1/bin/perl:/home/perluser/.cpan/build/Crypt-SSLeay-0.72-HxIvPC/blib/arch/auto/Crypt/SSLeay/SSLeay.so: undefined symbol 'SSL_accept'
/home/perluser/perl5/perlbrew/perls/perl-5.22.1/bin/perl:/home/perluser/.cpan/build/Crypt-SSLeay-0.72-HxIvPC/blib/arch/auto/Crypt/SSLeay/SSLeay.so: undefined symbol 'SSL_CTX_ctrl'
/home/perluser/perl5/perlbrew/perls/perl-5.22.1/bin/perl:/home/perluser/.cpan/build/Crypt-SSLeay-0.72-HxIvPC/blib/arch/auto/Crypt/SSLeay/SSLeay.so: undefined symbol 'SSL_ctrl'
/home/perluser/perl5/perlbrew/perls/perl-5.22.1/bin/perl:/home/perluser/.cpan/build/Crypt-SSLeay-0.72-HxIvPC/blib/arch/auto/Crypt/SSLeay/SSLeay.so: undefined symbol 'SSLv3_client_method'
/home/perluser/perl5/perlbrew/perls/perl-5.22.1/bin/perl:/home/perluser/.cpan/build/Crypt-SSLeay-0.72-HxIvPC/blib/arch/auto/Crypt/SSLeay/SSLeay.so: undefined symbol 'SSL_get_current_cipher'
/home/perluser/perl5/perlbrew/perls/perl-5.22.1/bin/perl:/home/perluser/.cpan/build/Crypt-SSLeay-0.72-HxIvPC/blib/arch/auto/Crypt/SSLeay/SSLeay.so: undefined symbol 'SSL_alert_desc_string_long'
/home/perluser/perl5/perlbrew/perls/perl-5.22.1/bin/perl:/home/perluser/.cpan/build/Crypt-SSLeay-0.72-HxIvPC/blib/arch/auto/Crypt/SSLeay/SSLeay.so: undefined symbol 'SSL_CTX_use_PrivateKey_file'
/home/perluser/perl5/perlbrew/perls/perl-5.22.1/bin/perl:/home/perluser/.cpan/build/Crypt-SSLeay-0.72-HxIvPC/blib/arch/auto/Crypt/SSLeay/SSLeay.so: undefined symbol 'SSL_CTX_check_private_key'
/home/perluser/perl5/perlbrew/perls/perl-5.22.1/bin/perl:/home/perluser/.cpan/build/Crypt-SSLeay-0.72-HxIvPC/blib/arch/auto/Crypt/SSLeay/SSLeay.so: undefined symbol 'SSL_alert_type_string_long'
/home/perluser/perl5/perlbrew/perls/perl-5.22.1/bin/perl:/home/perluser/.cpan/build/Crypt-SSLeay-0.72-HxIvPC/blib/arch/auto/Crypt/SSLeay/SSLeay.so: undefined symbol 'SSL_CTX_use_certificate_file'
/home/perluser/perl5/perlbrew/perls/perl-5.22.1/bin/perl:/home/perluser/.cpan/build/Crypt-SSLeay-0.72-HxIvPC/blib/arch/auto/Crypt/SSLeay/SSLeay.so: undefined symbol 'SSL_state_string_long'
/home/perluser/perl5/perlbrew/perls/perl-5.22.1/bin/perl:/home/perluser/.cpan/build/Crypt-SSLeay-0.72-HxIvPC/blib/arch/auto/Crypt/SSLeay/SSLeay.so: undefined symbol 'SSL_set_info_callback'
/home/perluser/perl5/perlbrew/perls/perl-5.22.1/bin/perl:/home/perluser/.cpan/build/Crypt-SSLeay-0.72-HxIvPC/blib/arch/auto/Crypt/SSLeay/SSLeay.so: undefined symbol 'SSL_connect'
/home/perluser/perl5/perlbrew/perls/perl-5.22.1/bin/perl:/home/perluser/.cpan/build/Crypt-SSLeay-0.72-HxIvPC/blib/arch/auto/Crypt/SSLeay/SSLeay.so: undefined symbol 'SSL_free'
/home/perluser/perl5/perlbrew/perls/perl-5.22.1/bin/perl:/home/perluser/.cpan/build/Crypt-SSLeay-0.72-HxIvPC/blib/arch/auto/Crypt/SSLeay/SSLeay.so: undefined symbol 'SSL_get_shared_ciphers'
/home/perluser/perl5/perlbrew/perls/perl-5.22.1/bin/perl:/home/perluser/.cpan/build/Crypt-SSLeay-0.72-HxIvPC/blib/arch/auto/Crypt/SSLeay/SSLeay.so: undefined symbol 'SSL_get_peer_certificate'
/home/perluser/perl5/perlbrew/perls/perl-5.22.1/bin/perl:/home/perluser/.cpan/build/Crypt-SSLeay-0.72-HxIvPC/blib/arch/auto/Crypt/SSLeay/SSLeay.so: undefined symbol 'SSL_get_verify_result'
/home/perluser/perl5/perlbrew/perls/perl-5.22.1/bin/perl:/home/perluser/.cpan/build/Crypt-SSLeay-0.72-HxIvPC/blib/arch/auto/Crypt/SSLeay/SSLeay.so: undefined symbol 'SSL_write'
/home/perluser/perl5/perlbrew/perls/perl-5.22.1/bin/perl:/home/perluser/.cpan/build/Crypt-SSLeay-0.72-HxIvPC/blib/arch/auto/Crypt/SSLeay/SSLeay.so: undefined symbol 'SSL_CTX_use_certificate'
/home/perluser/perl5/perlbrew/perls/perl-5.22.1/bin/perl:/home/perluser/.cpan/build/Crypt-SSLeay-0.72-HxIvPC/blib/arch/auto/Crypt/SSLeay/SSLeay.so: undefined symbol 'SSL_set_fd'
/home/perluser/perl5/perlbrew/perls/perl-5.22.1/bin/perl:/home/perluser/.cpan/build/Crypt-SSLeay-0.72-HxIvPC/blib/arch/auto/Crypt/SSLeay/SSLeay.so: undefined symbol 'SSL_set_connect_state'
/home/perluser/perl5/perlbrew/perls/perl-5.22.1/bin/perl:/home/perluser/.cpan/build/Crypt-SSLeay-0.72-HxIvPC/blib/arch/auto/Crypt/SSLeay/SSLeay.so: undefined symbol 'SSL_CTX_free'
/home/perluser/perl5/perlbrew/perls/perl-5.22.1/bin/perl:/home/perluser/.cpan/build/Crypt-SSLeay-0.72-HxIvPC/blib/arch/auto/Crypt/SSLeay/SSLeay.so: undefined symbol 'SSL_CTX_set_default_verify_paths'
/home/perluser/perl5/perlbrew/perls/perl-5.22.1/bin/perl:/home/perluser/.cpan/build/Crypt-SSLeay-0.72-HxIvPC/blib/arch/auto/Crypt/SSLeay/SSLeay.so: undefined symbol 'SSL_get_error'
/home/perluser/perl5/perlbrew/perls/perl-5.22.1/bin/perl:/home/perluser/.cpan/build/Crypt-SSLeay-0.72-HxIvPC/blib/arch/auto/Crypt/SSLeay/SSLeay.so: undefined symbol 'SSL_read'
/home/perluser/perl5/perlbrew/perls/perl-5.22.1/bin/perl:/home/perluser/.cpan/build/Crypt-SSLeay-0.72-HxIvPC/blib/arch/auto/Crypt/SSLeay/SSLeay.so: undefined symbol 'SSL_new'
/home/perluser/perl5/perlbrew/perls/perl-5.22.1/bin/perl:/home/perluser/.cpan/build/Crypt-SSLeay-0.72-HxIvPC/blib/arch/auto/Crypt/SSLeay/SSLeay.so: undefined symbol 'SSL_CTX_new'
/home/perluser/perl5/perlbrew/perls/perl-5.22.1/bin/perl:/home/perluser/.cpan/build/Crypt-SSLeay-0.72-HxIvPC/blib/arch/auto/Crypt/SSLeay/SSLeay.so: undefined symbol 'SSL_library_init'
/home/perluser/perl5/perlbrew/perls/perl-5.22.1/bin/perl:/home/perluser/.cpan/build/Crypt-SSLeay-0.72-HxIvPC/blib/arch/auto/Crypt/SSLeay/SSLeay.so: undefined symbol 'SSL_CTX_load_verify_locations'
/home/perluser/perl5/perlbrew/perls/perl-5.22.1/bin/perl:/home/perluser/.cpan/build/Crypt-SSLeay-0.72-HxIvPC/blib/arch/auto/Crypt/SSLeay/SSLeay.so: undefined symbol 'SSL_pending'
/home/perluser/perl5/perlbrew/perls/perl-5.22.1/bin/perl:/home/perluser/.cpan/build/Crypt-SSLeay-0.72-HxIvPC/blib/arch/auto/Crypt/SSLeay/SSLeay.so: undefined symbol 'SSL_CTX_set_verify'
/home/perluser/perl5/perlbrew/perls/perl-5.22.1/bin/perl:/home/perluser/.cpan/build/Crypt-SSLeay-0.72-HxIvPC/blib/arch/auto/Crypt/SSLeay/SSLeay.so: undefined symbol 'SSL_load_error_strings'
/home/perluser/perl5/perlbrew/perls/perl-5.22.1/bin/perl:/home/perluser/.cpan/build/Crypt-SSLeay-0.72-HxIvPC/blib/arch/auto/Crypt/SSLeay/SSLeay.so: undefined symbol 'SSL_CTX_set_cipher_list'
/home/perluser/perl5/perlbrew/perls/perl-5.22.1/bin/perl:/home/perluser/.cpan/build/Crypt-SSLeay-0.72-HxIvPC/blib/arch/auto/Crypt/SSLeay/SSLeay.so: undefined symbol 'SSL_CIPHER_get_name'
/home/perluser/perl5/perlbrew/perls/perl-5.22.1/bin/perl:/home/perluser/.cpan/build/Crypt-SSLeay-0.72-HxIvPC/blib/arch/auto/Crypt/SSLeay/SSLeay.so: undefined symbol 'SSLv23_client_method'
/home/perluser/perl5/perlbrew/perls/perl-5.22.1/bin/perl:/home/perluser/.cpan/build/Crypt-SSLeay-0.72-HxIvPC/blib/arch/auto/Crypt/SSLeay/SSLeay.so: undefined symbol 'SSL_CTX_use_PrivateKey'
/home/perluser/perl5/perlbrew/perls/perl-5.22.1/bin/perl:/home/perluser/.cpan/build/Crypt-SSLeay-0.72-HxIvPC/blib/arch/auto/Crypt/SSLeay/SSLeay.so: undefined symbol 'SSL_accept'
/home/perluser/perl5/perlbrew/perls/perl-5.22.1/bin/perl:/home/perluser/.cpan/build/Crypt-SSLeay-0.72-HxIvPC/blib/arch/auto/Crypt/SSLeay/SSLeay.so: undefined symbol 'SSL_CTX_ctrl'
/home/perluser/perl5/perlbrew/perls/perl-5.22.1/bin/perl:/home/perluser/.cpan/build/Crypt-SSLeay-0.72-HxIvPC/blib/arch/auto/Crypt/SSLeay/SSLeay.so: undefined symbol 'SSL_ctrl'
/home/perluser/perl5/perlbrew/perls/perl-5.22.1/bin/perl:/home/perluser/.cpan/build/Crypt-SSLeay-0.72-HxIvPC/blib/arch/auto/Crypt/SSLeay/SSLeay.so: undefined symbol 'SSLv3_client_method'
/home/perluser/perl5/perlbrew/perls/perl-5.22.1/bin/perl:/home/perluser/.cpan/build/Crypt-SSLeay-0.72-HxIvPC/blib/arch/auto/Crypt/SSLeay/SSLeay.so: undefined symbol 'SSL_get_current_cipher'
/home/perluser/perl5/perlbrew/perls/perl-5.22.1/bin/perl:/home/perluser/.cpan/build/Crypt-SSLeay-0.72-HxIvPC/blib/arch/auto/Crypt/SSLeay/SSLeay.so: undefined symbol 'SSL_alert_desc_string_long'
/home/perluser/perl5/perlbrew/perls/perl-5.22.1/bin/perl:/home/perluser/.cpan/build/Crypt-SSLeay-0.72-HxIvPC/blib/arch/auto/Crypt/SSLeay/SSLeay.so: undefined symbol 'SSL_CTX_use_PrivateKey_file'
/home/perluser/perl5/perlbrew/perls/perl-5.22.1/bin/perl:/home/perluser/.cpan/build/Crypt-SSLeay-0.72-HxIvPC/blib/arch/auto/Crypt/SSLeay/SSLeay.so: undefined symbol 'SSL_CTX_check_private_key'
/home/perluser/perl5/perlbrew/perls/perl-5.22.1/bin/perl:/home/perluser/.cpan/build/Crypt-SSLeay-0.72-HxIvPC/blib/arch/auto/Crypt/SSLeay/SSLeay.so: undefined symbol 'SSL_alert_type_string_long'
/home/perluser/perl5/perlbrew/perls/perl-5.22.1/bin/perl:/home/perluser/.cpan/build/Crypt-SSLeay-0.72-HxIvPC/blib/arch/auto/Crypt/SSLeay/SSLeay.so: undefined symbol 'SSL_CTX_use_certificate_file'
/home/perluser/perl5/perlbrew/perls/perl-5.22.1/bin/perl:/home/perluser/.cpan/build/Crypt-SSLeay-0.72-HxIvPC/blib/arch/auto/Crypt/SSLeay/SSLeay.so: undefined symbol 'SSL_state_string_long'
/home/perluser/perl5/perlbrew/perls/perl-5.22.1/bin/perl:/home/perluser/.cpan/build/Crypt-SSLeay-0.72-HxIvPC/blib/arch/auto/Crypt/SSLeay/SSLeay.so: undefined symbol 'SSL_set_info_callback'
/home/perluser/perl5/perlbrew/perls/perl-5.22.1/bin/perl:/home/perluser/.cpan/build/Crypt-SSLeay-0.72-HxIvPC/blib/arch/auto/Crypt/SSLeay/SSLeay.so: undefined symbol 'SSL_connect'
/home/perluser/perl5/perlbrew/perls/perl-5.22.1/bin/perl:/home/perluser/.cpan/build/Crypt-SSLeay-0.72-HxIvPC/blib/arch/auto/Crypt/SSLeay/SSLeay.so: undefined symbol 'SSL_free'
/home/perluser/perl5/perlbrew/perls/perl-5.22.1/bin/perl:/home/perluser/.cpan/build/Crypt-SSLeay-0.72-HxIvPC/blib/arch/auto/Crypt/SSLeay/SSLeay.so: undefined symbol 'SSL_get_shared_ciphers'
/home/perluser/perl5/perlbrew/perls/perl-5.22.1/bin/perl:/home/perluser/.cpan/build/Crypt-SSLeay-0.72-HxIvPC/blib/arch/auto/Crypt/SSLeay/SSLeay.so: undefined symbol 'SSL_get_peer_certificate'
/home/perluser/perl5/perlbrew/perls/perl-5.22.1/bin/perl:/home/perluser/.cpan/build/Crypt-SSLeay-0.72-HxIvPC/blib/arch/auto/Crypt/SSLeay/SSLeay.so: undefined symbol 'SSL_get_verify_result'
/home/perluser/perl5/perlbrew/perls/perl-5.22.1/bin/perl:/home/perluser/.cpan/build/Crypt-SSLeay-0.72-HxIvPC/blib/arch/auto/Crypt/SSLeay/SSLeay.so: undefined symbol 'SSL_write'

#   Failed test 'use Crypt::SSLeay;'
#   at t/00-basic.t line 6.
#     Tried to use 'Crypt::SSLeay'.
#     Error:  Can't load '/home/perluser/.cpan/build/Crypt-SSLeay-0.72-HxIvPC/blib/arch/auto/Crypt/SSLeay/SSLeay.so' for module Crypt::SSLeay: Cannot load specified object at /home/perluser/perl5/perlbrew/perls/perl-5.22.1/lib/5.22.1/OpenBSD.amd64-openbsd/DynaLoader.pm line 193.
#  at t/00-basic.t line 6.
# Compilation failed in require at t/00-basic.t line 6.
# BEGIN failed--compilation aborted at t/00-basic.t line 6.

#   Failed test 'use Crypt::SSLeay::CTX;'
#   at t/00-basic.t line 7.
#     Tried to use 'Crypt::SSLeay::CTX'.
#     Error:  Attempt to reload Crypt/SSLeay.pm aborted.
# Compilation failed in require at /home/perluser/.cpan/build/Crypt-SSLeay-0.72-HxIvPC/blib/lib/Crypt/SSLeay/CTX.pm line 2.
# Compilation failed in require at t/00-basic.t line 7.
# BEGIN failed--compilation aborted at t/00-basic.t line 7.

#   Failed test 'use Crypt::SSLeay::Conn;'
#   at t/00-basic.t line 8.
#     Tried to use 'Crypt::SSLeay::Conn'.
#     Error:  Attempt to reload Crypt/SSLeay.pm aborted.
# Compilation failed in require at /home/perluser/.cpan/build/Crypt-SSLeay-0.72-HxIvPC/blib/lib/Crypt/SSLeay/Conn.pm line 2.
# Compilation failed in require at t/00-basic.t line 8.
# BEGIN failed--compilation aborted at t/00-basic.t line 8.

#   Failed test 'use Crypt::SSLeay::Err;'
#   at t/00-basic.t line 9.
#     Tried to use 'Crypt::SSLeay::Err'.
#     Error:  Attempt to reload Crypt/SSLeay.pm aborted.
# Compilation failed in require at /home/perluser/.cpan/build/Crypt-SSLeay-0.72-HxIvPC/blib/lib/Crypt/SSLeay/Err.pm line 2.
# Compilation failed in require at t/00-basic.t line 9.
# BEGIN failed--compilation aborted at t/00-basic.t line 9.

#   Failed test 'use Crypt::SSLeay::MainContext;'
#   at t/00-basic.t line 10.
#     Tried to use 'Crypt::SSLeay::MainContext'.
#     Error:  Attempt to reload Crypt/SSLeay/CTX.pm aborted.
# Compilation failed in require at /home/perluser/.cpan/build/Crypt-SSLeay-0.72-HxIvPC/blib/lib/Crypt/SSLeay/MainContext.pm line 8.
# Compilation failed in require at t/00-basic.t line 10.
# BEGIN failed--compilation aborted at t/00-basic.t line 10.

#   Failed test 'use Crypt::SSLeay::Version;'
#   at t/00-basic.t line 12.
#     Tried to use 'Crypt::SSLeay::Version'.
#     Error:  Attempt to reload Crypt/SSLeay.pm aborted.
# Compilation failed in require at /home/perluser/.cpan/build/Crypt-SSLeay-0.72-HxIvPC/blib/lib/Crypt/SSLeay/Version.pm line 2.
# Compilation failed in require at t/00-basic.t line 12.
# BEGIN failed--compilation aborted at t/00-basic.t line 12.

#   Failed test 'use Net::SSL;'
#   at t/00-basic.t line 23.
#     Tried to use 'Net::SSL'.
#     Error:  Attempt to reload Crypt/SSLeay.pm aborted.
# Compilation failed in require at /home/perluser/.cpan/build/Crypt-SSLeay-0.72-HxIvPC/blib/lib/Net/SSL.pm line 20.
# Compilation failed in require at t/00-basic.t line 23.
# BEGIN failed--compilation aborted at t/00-basic.t line 23.

#   Failed test 'Crypt::SSLeay POD coverage'
#   at t/00-basic.t line 45.
# Crypt::SSLeay: requiring 'Crypt::SSLeay' failed

#   Failed test 'Crypt::SSLeay::Version POD coverage'
#   at t/00-basic.t line 45.
# Crypt::SSLeay::Version: requiring 'Crypt::SSLeay::Version' failed

#   Failed test 'Net::SSL POD coverage'
#   at t/00-basic.t line 45.
# Net::SSL: requiring 'Net::SSL' failed
Undefined subroutine &main::main_ctx called at t/00-basic.t line 49.
# Tests were run but no plan was declared and done_testing() was not seen.
# Looks like your test exited with 255 just after 13.
t/00-basic.t ..... 
Dubious, test returned 255 (wstat 65280, 0xff00)
Failed 10/13 subtests 
/home/perluser/perl5/perlbrew/perls/perl-5.22.1/bin/perl:/home/perluser/.cpan/build/Crypt-SSLeay-0.72-HxIvPC/blib/arch/auto/Crypt/SSLeay/SSLeay.so: undefined symbol 'SSL_CTX_use_certificate'
/home/perluser/perl5/perlbrew/perls/perl-5.22.1/bin/perl:/home/perluser/.cpan/build/Crypt-SSLeay-0.72-HxIvPC/blib/arch/auto/Crypt/SSLeay/SSLeay.so: undefined symbol 'SSL_set_fd'
/home/perluser/perl5/perlbrew/perls/perl-5.22.1/bin/perl:/home/perluser/.cpan/build/Crypt-SSLeay-0.72-HxIvPC/blib/arch/auto/Crypt/SSLeay/SSLeay.so: undefined symbol 'SSL_set_connect_state'
/home/perluser/perl5/perlbrew/perls/perl-5.22.1/bin/perl:/home/perluser/.cpan/build/Crypt-SSLeay-0.72-HxIvPC/blib/arch/auto/Crypt/SSLeay/SSLeay.so: undefined symbol 'SSL_CTX_free'
/home/perluser/perl5/perlbrew/perls/perl-5.22.1/bin/perl:/home/perluser/.cpan/build/Crypt-SSLeay-0.72-HxIvPC/blib/arch/auto/Crypt/SSLeay/SSLeay.so: undefined symbol 'SSL_CTX_set_default_verify_paths'
/home/perluser/perl5/perlbrew/perls/perl-5.22.1/bin/perl:/home/perluser/.cpan/build/Crypt-SSLeay-0.72-HxIvPC/blib/arch/auto/Crypt/SSLeay/SSLeay.so: undefined symbol 'SSL_get_error'
/home/perluser/perl5/perlbrew/perls/perl-5.22.1/bin/perl:/home/perluser/.cpan/build/Crypt-SSLeay-0.72-HxIvPC/blib/arch/auto/Crypt/SSLeay/SSLeay.so: undefined symbol 'SSL_read'
/home/perluser/perl5/perlbrew/perls/perl-5.22.1/bin/perl:/home/perluser/.cpan/build/Crypt-SSLeay-0.72-HxIvPC/blib/arch/auto/Crypt/SSLeay/SSLeay.so: undefined symbol 'SSL_new'
/home/perluser/perl5/perlbrew/perls/perl-5.22.1/bin/perl:/home/perluser/.cpan/build/Crypt-SSLeay-0.72-HxIvPC/blib/arch/auto/Crypt/SSLeay/SSLeay.so: undefined symbol 'SSL_CTX_new'
/home/perluser/perl5/perlbrew/perls/perl-5.22.1/bin/perl:/home/perluser/.cpan/build/Crypt-SSLeay-0.72-HxIvPC/blib/arch/auto/Crypt/SSLeay/SSLeay.so: undefined symbol 'SSL_library_init'
/home/perluser/perl5/perlbrew/perls/perl-5.22.1/bin/perl:/home/perluser/.cpan/build/Crypt-SSLeay-0.72-HxIvPC/blib/arch/auto/Crypt/SSLeay/SSLeay.so: undefined symbol 'SSL_CTX_load_verify_locations'
/home/perluser/perl5/perlbrew/perls/perl-5.22.1/bin/perl:/home/perluser/.cpan/build/Crypt-SSLeay-0.72-HxIvPC/blib/arch/auto/Crypt/SSLeay/SSLeay.so: undefined symbol 'SSL_pending'
/home/perluser/perl5/perlbrew/perls/perl-5.22.1/bin/perl:/home/perluser/.cpan/build/Crypt-SSLeay-0.72-HxIvPC/blib/arch/auto/Crypt/SSLeay/SSLeay.so: undefined symbol 'SSL_CTX_set_verify'
/home/perluser/perl5/perlbrew/perls/perl-5.22.1/bin/perl:/home/perluser/.cpan/build/Crypt-SSLeay-0.72-HxIvPC/blib/arch/auto/Crypt/SSLeay/SSLeay.so: undefined symbol 'SSL_load_error_strings'
/home/perluser/perl5/perlbrew/perls/perl-5.22.1/bin/perl:/home/perluser/.cpan/build/Crypt-SSLeay-0.72-HxIvPC/blib/arch/auto/Crypt/SSLeay/SSLeay.so: undefined symbol 'SSL_CTX_set_cipher_list'
/home/perluser/perl5/perlbrew/perls/perl-5.22.1/bin/perl:/home/perluser/.cpan/build/Crypt-SSLeay-0.72-HxIvPC/blib/arch/auto/Crypt/SSLeay/SSLeay.so: undefined symbol 'SSL_CIPHER_get_name'
/home/perluser/perl5/perlbrew/perls/perl-5.22.1/bin/perl:/home/perluser/.cpan/build/Crypt-SSLeay-0.72-HxIvPC/blib/arch/auto/Crypt/SSLeay/SSLeay.so: undefined symbol 'SSLv23_client_method'
/home/perluser/perl5/perlbrew/perls/perl-5.22.1/bin/perl:/home/perluser/.cpan/build/Crypt-SSLeay-0.72-HxIvPC/blib/arch/auto/Crypt/SSLeay/SSLeay.so: undefined symbol 'SSL_CTX_use_PrivateKey'
/home/perluser/perl5/perlbrew/perls/perl-5.22.1/bin/perl:/home/perluser/.cpan/build/Crypt-SSLeay-0.72-HxIvPC/blib/arch/auto/Crypt/SSLeay/SSLeay.so: undefined symbol 'SSL_accept'
/home/perluser/perl5/perlbrew/perls/perl-5.22.1/bin/perl:/home/perluser/.cpan/build/Crypt-SSLeay-0.72-HxIvPC/blib/arch/auto/Crypt/SSLeay/SSLeay.so: undefined symbol 'SSL_CTX_ctrl'
/home/perluser/perl5/perlbrew/perls/perl-5.22.1/bin/perl:/home/perluser/.cpan/build/Crypt-SSLeay-0.72-HxIvPC/blib/arch/auto/Crypt/SSLeay/SSLeay.so: undefined symbol 'SSL_ctrl'
/home/perluser/perl5/perlbrew/perls/perl-5.22.1/bin/perl:/home/perluser/.cpan/build/Crypt-SSLeay-0.72-HxIvPC/blib/arch/auto/Crypt/SSLeay/SSLeay.so: undefined symbol 'SSLv3_client_method'
/home/perluser/perl5/perlbrew/perls/perl-5.22.1/bin/perl:/home/perluser/.cpan/build/Crypt-SSLeay-0.72-HxIvPC/blib/arch/auto/Crypt/SSLeay/SSLeay.so: undefined symbol 'SSL_get_current_cipher'
/home/perluser/perl5/perlbrew/perls/perl-5.22.1/bin/perl:/home/perluser/.cpan/build/Crypt-SSLeay-0.72-HxIvPC/blib/arch/auto/Crypt/SSLeay/SSLeay.so: undefined symbol 'SSL_alert_desc_string_long'
/home/perluser/perl5/perlbrew/perls/perl-5.22.1/bin/perl:/home/perluser/.cpan/build/Crypt-SSLeay-0.72-HxIvPC/blib/arch/auto/Crypt/SSLeay/SSLeay.so: undefined symbol 'SSL_CTX_use_PrivateKey_file'
/home/perluser/perl5/perlbrew/perls/perl-5.22.1/bin/perl:/home/perluser/.cpan/build/Crypt-SSLeay-0.72-HxIvPC/blib/arch/auto/Crypt/SSLeay/SSLeay.so: undefined symbol 'SSL_CTX_check_private_key'
/home/perluser/perl5/perlbrew/perls/perl-5.22.1/bin/perl:/home/perluser/.cpan/build/Crypt-SSLeay-0.72-HxIvPC/blib/arch/auto/Crypt/SSLeay/SSLeay.so: undefined symbol 'SSL_alert_type_string_long'
/home/perluser/perl5/perlbrew/perls/perl-5.22.1/bin/perl:/home/perluser/.cpan/build/Crypt-SSLeay-0.72-HxIvPC/blib/arch/auto/Crypt/SSLeay/SSLeay.so: undefined symbol 'SSL_CTX_use_certificate_file'
/home/perluser/perl5/perlbrew/perls/perl-5.22.1/bin/perl:/home/perluser/.cpan/build/Crypt-SSLeay-0.72-HxIvPC/blib/arch/auto/Crypt/SSLeay/SSLeay.so: undefined symbol 'SSL_state_string_long'
/home/perluser/perl5/perlbrew/perls/perl-5.22.1/bin/perl:/home/perluser/.cpan/build/Crypt-SSLeay-0.72-HxIvPC/blib/arch/auto/Crypt/SSLeay/SSLeay.so: undefined symbol 'SSL_set_info_callback'
/home/perluser/perl5/perlbrew/perls/perl-5.22.1/bin/perl:/home/perluser/.cpan/build/Crypt-SSLeay-0.72-HxIvPC/blib/arch/auto/Crypt/SSLeay/SSLeay.so: undefined symbol 'SSL_connect'
/home/perluser/perl5/perlbrew/perls/perl-5.22.1/bin/perl:/home/perluser/.cpan/build/Crypt-SSLeay-0.72-HxIvPC/blib/arch/auto/Crypt/SSLeay/SSLeay.so: undefined symbol 'SSL_free'
/home/perluser/perl5/perlbrew/perls/perl-5.22.1/bin/perl:/home/perluser/.cpan/build/Crypt-SSLeay-0.72-HxIvPC/blib/arch/auto/Crypt/SSLeay/SSLeay.so: undefined symbol 'SSL_get_shared_ciphers'
/home/perluser/perl5/perlbrew/perls/perl-5.22.1/bin/perl:/home/perluser/.cpan/build/Crypt-SSLeay-0.72-HxIvPC/blib/arch/auto/Crypt/SSLeay/SSLeay.so: undefined symbol 'SSL_get_peer_certificate'
/home/perluser/perl5/perlbrew/perls/perl-5.22.1/bin/perl:/home/perluser/.cpan/build/Crypt-SSLeay-0.72-HxIvPC/blib/arch/auto/Crypt/SSLeay/SSLeay.so: undefined symbol 'SSL_get_verify_result'
/home/perluser/perl5/perlbrew/perls/perl-5.22.1/bin/perl:/home/perluser/.cpan/build/Crypt-SSLeay-0.72-HxIvPC/blib/arch/auto/Crypt/SSLeay/SSLeay.so: undefined symbol 'SSL_write'
/home/perluser/perl5/perlbrew/perls/perl-5.22.1/bin/perl:/home/perluser/.cpan/build/Crypt-SSLeay-0.72-HxIvPC/blib/arch/auto/Crypt/SSLeay/SSLeay.so: undefined symbol 'SSL_CTX_use_certificate'
/home/perluser/perl5/perlbrew/perls/perl-5.22.1/bin/perl:/home/perluser/.cpan/build/Crypt-SSLeay-0.72-HxIvPC/blib/arch/auto/Crypt/SSLeay/SSLeay.so: undefined symbol 'SSL_set_fd'
/home/perluser/perl5/perlbrew/perls/perl-5.22.1/bin/perl:/home/perluser/.cpan/build/Crypt-SSLeay-0.72-HxIvPC/blib/arch/auto/Crypt/SSLeay/SSLeay.so: undefined symbol 'SSL_set_connect_state'
/home/perluser/perl5/perlbrew/perls/perl-5.22.1/bin/perl:/home/perluser/.cpan/build/Crypt-SSLeay-0.72-HxIvPC/blib/arch/auto/Crypt/SSLeay/SSLeay.so: undefined symbol 'SSL_CTX_free'
/home/perluser/perl5/perlbrew/perls/perl-5.22.1/bin/perl:/home/perluser/.cpan/build/Crypt-SSLeay-0.72-HxIvPC/blib/arch/auto/Crypt/SSLeay/SSLeay.so: undefined symbol 'SSL_CTX_set_default_verify_paths'
/home/perluser/perl5/perlbrew/perls/perl-5.22.1/bin/perl:/home/perluser/.cpan/build/Crypt-SSLeay-0.72-HxIvPC/blib/arch/auto/Crypt/SSLeay/SSLeay.so: undefined symbol 'SSL_get_error'
/home/perluser/perl5/perlbrew/perls/perl-5.22.1/bin/perl:/home/perluser/.cpan/build/Crypt-SSLeay-0.72-HxIvPC/blib/arch/auto/Crypt/SSLeay/SSLeay.so: undefined symbol 'SSL_read'
/home/perluser/perl5/perlbrew/perls/perl-5.22.1/bin/perl:/home/perluser/.cpan/build/Crypt-SSLeay-0.72-HxIvPC/blib/arch/auto/Crypt/SSLeay/SSLeay.so: undefined symbol 'SSL_new'
/home/perluser/perl5/perlbrew/perls/perl-5.22.1/bin/perl:/home/perluser/.cpan/build/Crypt-SSLeay-0.72-HxIvPC/blib/arch/auto/Crypt/SSLeay/SSLeay.so: undefined symbol 'SSL_CTX_new'
/home/perluser/perl5/perlbrew/perls/perl-5.22.1/bin/perl:/home/perluser/.cpan/build/Crypt-SSLeay-0.72-HxIvPC/blib/arch/auto/Crypt/SSLeay/SSLeay.so: undefined symbol 'SSL_library_init'
/home/perluser/perl5/perlbrew/perls/perl-5.22.1/bin/perl:/home/perluser/.cpan/build/Crypt-SSLeay-0.72-HxIvPC/blib/arch/auto/Crypt/SSLeay/SSLeay.so: undefined symbol 'SSL_CTX_load_verify_locations'
/home/perluser/perl5/perlbrew/perls/perl-5.22.1/bin/perl:/home/perluser/.cpan/build/Crypt-SSLeay-0.72-HxIvPC/blib/arch/auto/Crypt/SSLeay/SSLeay.so: undefined symbol 'SSL_pending'
/home/perluser/perl5/perlbrew/perls/perl-5.22.1/bin/perl:/home/perluser/.cpan/build/Crypt-SSLeay-0.72-HxIvPC/blib/arch/auto/Crypt/SSLeay/SSLeay.so: undefined symbol 'SSL_CTX_set_verify'
/home/perluser/perl5/perlbrew/perls/perl-5.22.1/bin/perl:/home/perluser/.cpan/build/Crypt-SSLeay-0.72-HxIvPC/blib/arch/auto/Crypt/SSLeay/SSLeay.so: undefined symbol 'SSL_load_error_strings'
/home/perluser/perl5/perlbrew/perls/perl-5.22.1/bin/perl:/home/perluser/.cpan/build/Crypt-SSLeay-0.72-HxIvPC/blib/arch/auto/Crypt/SSLeay/SSLeay.so: undefined symbol 'SSL_CTX_set_cipher_list'
/home/perluser/perl5/perlbrew/perls/perl-5.22.1/bin/perl:/home/perluser/.cpan/build/Crypt-SSLeay-0.72-HxIvPC/blib/arch/auto/Crypt/SSLeay/SSLeay.so: undefined symbol 'SSL_CIPHER_get_name'
/home/perluser/perl5/perlbrew/perls/perl-5.22.1/bin/perl:/home/perluser/.cpan/build/Crypt-SSLeay-0.72-HxIvPC/blib/arch/auto/Crypt/SSLeay/SSLeay.so: undefined symbol 'SSLv23_client_method'
/home/perluser/perl5/perlbrew/perls/perl-5.22.1/bin/perl:/home/perluser/.cpan/build/Crypt-SSLeay-0.72-HxIvPC/blib/arch/auto/Crypt/SSLeay/SSLeay.so: undefined symbol 'SSL_CTX_use_PrivateKey'
/home/perluser/perl5/perlbrew/perls/perl-5.22.1/bin/perl:/home/perluser/.cpan/build/Crypt-SSLeay-0.72-HxIvPC/blib/arch/auto/Crypt/SSLeay/SSLeay.so: undefined symbol 'SSL_accept'
/home/perluser/perl5/perlbrew/perls/perl-5.22.1/bin/perl:/home/perluser/.cpan/build/Crypt-SSLeay-0.72-HxIvPC/blib/arch/auto/Crypt/SSLeay/SSLeay.so: undefined symbol 'SSL_CTX_ctrl'
/home/perluser/perl5/perlbrew/perls/perl-5.22.1/bin/perl:/home/perluser/.cpan/build/Crypt-SSLeay-0.72-HxIvPC/blib/arch/auto/Crypt/SSLeay/SSLeay.so: undefined symbol 'SSL_ctrl'
/home/perluser/perl5/perlbrew/perls/perl-5.22.1/bin/perl:/home/perluser/.cpan/build/Crypt-SSLeay-0.72-HxIvPC/blib/arch/auto/Crypt/SSLeay/SSLeay.so: undefined symbol 'SSLv3_client_method'
/home/perluser/perl5/perlbrew/perls/perl-5.22.1/bin/perl:/home/perluser/.cpan/build/Crypt-SSLeay-0.72-HxIvPC/blib/arch/auto/Crypt/SSLeay/SSLeay.so: undefined symbol 'SSL_get_current_cipher'
/home/perluser/perl5/perlbrew/perls/perl-5.22.1/bin/perl:/home/perluser/.cpan/build/Crypt-SSLeay-0.72-HxIvPC/blib/arch/auto/Crypt/SSLeay/SSLeay.so: undefined symbol 'SSL_alert_desc_string_long'
/home/perluser/perl5/perlbrew/perls/perl-5.22.1/bin/perl:/home/perluser/.cpan/build/Crypt-SSLeay-0.72-HxIvPC/blib/arch/auto/Crypt/SSLeay/SSLeay.so: undefined symbol 'SSL_CTX_use_PrivateKey_file'
/home/perluser/perl5/perlbrew/perls/perl-5.22.1/bin/perl:/home/perluser/.cpan/build/Crypt-SSLeay-0.72-HxIvPC/blib/arch/auto/Crypt/SSLeay/SSLeay.so: undefined symbol 'SSL_CTX_check_private_key'
/home/perluser/perl5/perlbrew/perls/perl-5.22.1/bin/perl:/home/perluser/.cpan/build/Crypt-SSLeay-0.72-HxIvPC/blib/arch/auto/Crypt/SSLeay/SSLeay.so: undefined symbol 'SSL_alert_type_string_long'
/home/perluser/perl5/perlbrew/perls/perl-5.22.1/bin/perl:/home/perluser/.cpan/build/Crypt-SSLeay-0.72-HxIvPC/blib/arch/auto/Crypt/SSLeay/SSLeay.so: undefined symbol 'SSL_CTX_use_certificate_file'
/home/perluser/perl5/perlbrew/perls/perl-5.22.1/bin/perl:/home/perluser/.cpan/build/Crypt-SSLeay-0.72-HxIvPC/blib/arch/auto/Crypt/SSLeay/SSLeay.so: undefined symbol 'SSL_state_string_long'
/home/perluser/perl5/perlbrew/perls/perl-5.22.1/bin/perl:/home/perluser/.cpan/build/Crypt-SSLeay-0.72-HxIvPC/blib/arch/auto/Crypt/SSLeay/SSLeay.so: undefined symbol 'SSL_set_info_callback'
/home/perluser/perl5/perlbrew/perls/perl-5.22.1/bin/perl:/home/perluser/.cpan/build/Crypt-SSLeay-0.72-HxIvPC/blib/arch/auto/Crypt/SSLeay/SSLeay.so: undefined symbol 'SSL_connect'
/home/perluser/perl5/perlbrew/perls/perl-5.22.1/bin/perl:/home/perluser/.cpan/build/Crypt-SSLeay-0.72-HxIvPC/blib/arch/auto/Crypt/SSLeay/SSLeay.so: undefined symbol 'SSL_free'
/home/perluser/perl5/perlbrew/perls/perl-5.22.1/bin/perl:/home/perluser/.cpan/build/Crypt-SSLeay-0.72-HxIvPC/blib/arch/auto/Crypt/SSLeay/SSLeay.so: undefined symbol 'SSL_get_shared_ciphers'
/home/perluser/perl5/perlbrew/perls/perl-5.22.1/bin/perl:/home/perluser/.cpan/build/Crypt-SSLeay-0.72-HxIvPC/blib/arch/auto/Crypt/SSLeay/SSLeay.so: undefined symbol 'SSL_get_peer_certificate'
/home/perluser/perl5/perlbrew/perls/perl-5.22.1/bin/perl:/home/perluser/.cpan/build/Crypt-SSLeay-0.72-HxIvPC/blib/arch/auto/Crypt/SSLeay/SSLeay.so: undefined symbol 'SSL_get_verify_result'
/home/perluser/perl5/perlbrew/perls/perl-5.22.1/bin/perl:/home/perluser/.cpan/build/Crypt-SSLeay-0.72-HxIvPC/blib/arch/auto/Crypt/SSLeay/SSLeay.so: undefined symbol 'SSL_write'
Can't load '/home/perluser/.cpan/build/Crypt-SSLeay-0.72-HxIvPC/blib/arch/auto/Crypt/SSLeay/SSLeay.so' for module Crypt::SSLeay: Cannot load specified object at /home/perluser/perl5/perlbrew/perls/perl-5.22.1/lib/5.22.1/OpenBSD.amd64-openbsd/DynaLoader.pm line 193.
 at /home/perluser/.cpan/build/Crypt-SSLeay-0.72-HxIvPC/blib/lib/Net/SSL.pm line 20.
Compilation failed in require at /home/perluser/.cpan/build/Crypt-SSLeay-0.72-HxIvPC/blib/lib/Net/SSL.pm line 20.
Compilation failed in require at t/01-connect.t line 6.
BEGIN failed--compilation aborted at t/01-connect.t line 6.
# Looks like your test exited with 2 before it could output anything.
t/01-connect.t ... 
Dubious, test returned 2 (wstat 512, 0x200)
Failed 8/8 subtests 
# Reading configuration from 'test.config' on openbsd
# network_tests : 0
t/02-live.t ...... skipped: Network tests disabled
/home/perluser/perl5/perlbrew/perls/perl-5.22.1/bin/perl:/home/perluser/.cpan/build/Crypt-SSLeay-0.72-HxIvPC/blib/arch/auto/Crypt/SSLeay/SSLeay.so: undefined symbol 'SSL_CTX_use_certificate'
/home/perluser/perl5/perlbrew/perls/perl-5.22.1/bin/perl:/home/perluser/.cpan/build/Crypt-SSLeay-0.72-HxIvPC/blib/arch/auto/Crypt/SSLeay/SSLeay.so: undefined symbol 'SSL_set_fd'
/home/perluser/perl5/perlbrew/perls/perl-5.22.1/bin/perl:/home/perluser/.cpan/build/Crypt-SSLeay-0.72-HxIvPC/blib/arch/auto/Crypt/SSLeay/SSLeay.so: undefined symbol 'SSL_set_connect_state'
/home/perluser/perl5/perlbrew/perls/perl-5.22.1/bin/perl:/home/perluser/.cpan/build/Crypt-SSLeay-0.72-HxIvPC/blib/arch/auto/Crypt/SSLeay/SSLeay.so: undefined symbol 'SSL_CTX_free'
/home/perluser/perl5/perlbrew/perls/perl-5.22.1/bin/perl:/home/perluser/.cpan/build/Crypt-SSLeay-0.72-HxIvPC/blib/arch/auto/Crypt/SSLeay/SSLeay.so: undefined symbol 'SSL_CTX_set_default_verify_paths'
/home/perluser/perl5/perlbrew/perls/perl-5.22.1/bin/perl:/home/perluser/.cpan/build/Crypt-SSLeay-0.72-HxIvPC/blib/arch/auto/Crypt/SSLeay/SSLeay.so: undefined symbol 'SSL_get_error'
/home/perluser/perl5/perlbrew/perls/perl-5.22.1/bin/perl:/home/perluser/.cpan/build/Crypt-SSLeay-0.72-HxIvPC/blib/arch/auto/Crypt/SSLeay/SSLeay.so: undefined symbol 'SSL_read'
/home/perluser/perl5/perlbrew/perls/perl-5.22.1/bin/perl:/home/perluser/.cpan/build/Crypt-SSLeay-0.72-HxIvPC/blib/arch/auto/Crypt/SSLeay/SSLeay.so: undefined symbol 'SSL_new'
/home/perluser/perl5/perlbrew/perls/perl-5.22.1/bin/perl:/home/perluser/.cpan/build/Crypt-SSLeay-0.72-HxIvPC/blib/arch/auto/Crypt/SSLeay/SSLeay.so: undefined symbol 'SSL_CTX_new'
/home/perluser/perl5/perlbrew/perls/perl-5.22.1/bin/perl:/home/perluser/.cpan/build/Crypt-SSLeay-0.72-HxIvPC/blib/arch/auto/Crypt/SSLeay/SSLeay.so: undefined symbol 'SSL_library_init'
/home/perluser/perl5/perlbrew/perls/perl-5.22.1/bin/perl:/home/perluser/.cpan/build/Crypt-SSLeay-0.72-HxIvPC/blib/arch/auto/Crypt/SSLeay/SSLeay.so: undefined symbol 'SSL_CTX_load_verify_locations'
/home/perluser/perl5/perlbrew/perls/perl-5.22.1/bin/perl:/home/perluser/.cpan/build/Crypt-SSLeay-0.72-HxIvPC/blib/arch/auto/Crypt/SSLeay/SSLeay.so: undefined symbol 'SSL_pending'
/home/perluser/perl5/perlbrew/perls/perl-5.22.1/bin/perl:/home/perluser/.cpan/build/Crypt-SSLeay-0.72-HxIvPC/blib/arch/auto/Crypt/SSLeay/SSLeay.so: undefined symbol 'SSL_CTX_set_verify'
/home/perluser/perl5/perlbrew/perls/perl-5.22.1/bin/perl:/home/perluser/.cpan/build/Crypt-SSLeay-0.72-HxIvPC/blib/arch/auto/Crypt/SSLeay/SSLeay.so: undefined symbol 'SSL_load_error_strings'
/home/perluser/perl5/perlbrew/perls/perl-5.22.1/bin/perl:/home/perluser/.cpan/build/Crypt-SSLeay-0.72-HxIvPC/blib/arch/auto/Crypt/SSLeay/SSLeay.so: undefined symbol 'SSL_CTX_set_cipher_list'
/home/perluser/perl5/perlbrew/perls/perl-5.22.1/bin/perl:/home/perluser/.cpan/build/Crypt-SSLeay-0.72-HxIvPC/blib/arch/auto/Crypt/SSLeay/SSLeay.so: undefined symbol 'SSL_CIPHER_get_name'
/home/perluser/perl5/perlbrew/perls/perl-5.22.1/bin/perl:/home/perluser/.cpan/build/Crypt-SSLeay-0.72-HxIvPC/blib/arch/auto/Crypt/SSLeay/SSLeay.so: undefined symbol 'SSLv23_client_method'
/home/perluser/perl5/perlbrew/perls/perl-5.22.1/bin/perl:/home/perluser/.cpan/build/Crypt-SSLeay-0.72-HxIvPC/blib/arch/auto/Crypt/SSLeay/SSLeay.so: undefined symbol 'SSL_CTX_use_PrivateKey'
/home/perluser/perl5/perlbrew/perls/perl-5.22.1/bin/perl:/home/perluser/.cpan/build/Crypt-SSLeay-0.72-HxIvPC/blib/arch/auto/Crypt/SSLeay/SSLeay.so: undefined symbol 'SSL_accept'
/home/perluser/perl5/perlbrew/perls/perl-5.22.1/bin/perl:/home/perluser/.cpan/build/Crypt-SSLeay-0.72-HxIvPC/blib/arch/auto/Crypt/SSLeay/SSLeay.so: undefined symbol 'SSL_CTX_ctrl'
/home/perluser/perl5/perlbrew/perls/perl-5.22.1/bin/perl:/home/perluser/.cpan/build/Crypt-SSLeay-0.72-HxIvPC/blib/arch/auto/Crypt/SSLeay/SSLeay.so: undefined symbol 'SSL_ctrl'
/home/perluser/perl5/perlbrew/perls/perl-5.22.1/bin/perl:/home/perluser/.cpan/build/Crypt-SSLeay-0.72-HxIvPC/blib/arch/auto/Crypt/SSLeay/SSLeay.so: undefined symbol 'SSLv3_client_method'
/home/perluser/perl5/perlbrew/perls/perl-5.22.1/bin/perl:/home/perluser/.cpan/build/Crypt-SSLeay-0.72-HxIvPC/blib/arch/auto/Crypt/SSLeay/SSLeay.so: undefined symbol 'SSL_get_current_cipher'
/home/perluser/perl5/perlbrew/perls/perl-5.22.1/bin/perl:/home/perluser/.cpan/build/Crypt-SSLeay-0.72-HxIvPC/blib/arch/auto/Crypt/SSLeay/SSLeay.so: undefined symbol 'SSL_alert_desc_string_long'
/home/perluser/perl5/perlbrew/perls/perl-5.22.1/bin/perl:/home/perluser/.cpan/build/Crypt-SSLeay-0.72-HxIvPC/blib/arch/auto/Crypt/SSLeay/SSLeay.so: undefined symbol 'SSL_CTX_use_PrivateKey_file'
/home/perluser/perl5/perlbrew/perls/perl-5.22.1/bin/perl:/home/perluser/.cpan/build/Crypt-SSLeay-0.72-HxIvPC/blib/arch/auto/Crypt/SSLeay/SSLeay.so: undefined symbol 'SSL_CTX_check_private_key'
/home/perluser/perl5/perlbrew/perls/perl-5.22.1/bin/perl:/home/perluser/.cpan/build/Crypt-SSLeay-0.72-HxIvPC/blib/arch/auto/Crypt/SSLeay/SSLeay.so: undefined symbol 'SSL_alert_type_string_long'
/home/perluser/perl5/perlbrew/perls/perl-5.22.1/bin/perl:/home/perluser/.cpan/build/Crypt-SSLeay-0.72-HxIvPC/blib/arch/auto/Crypt/SSLeay/SSLeay.so: undefined symbol 'SSL_CTX_use_certificate_file'
/home/perluser/perl5/perlbrew/perls/perl-5.22.1/bin/perl:/home/perluser/.cpan/build/Crypt-SSLeay-0.72-HxIvPC/blib/arch/auto/Crypt/SSLeay/SSLeay.so: undefined symbol 'SSL_state_string_long'
/home/perluser/perl5/perlbrew/perls/perl-5.22.1/bin/perl:/home/perluser/.cpan/build/Crypt-SSLeay-0.72-HxIvPC/blib/arch/auto/Crypt/SSLeay/SSLeay.so: undefined symbol 'SSL_set_info_callback'
/home/perluser/perl5/perlbrew/perls/perl-5.22.1/bin/perl:/home/perluser/.cpan/build/Crypt-SSLeay-0.72-HxIvPC/blib/arch/auto/Crypt/SSLeay/SSLeay.so: undefined symbol 'SSL_connect'
/home/perluser/perl5/perlbrew/perls/perl-5.22.1/bin/perl:/home/perluser/.cpan/build/Crypt-SSLeay-0.72-HxIvPC/blib/arch/auto/Crypt/SSLeay/SSLeay.so: undefined symbol 'SSL_free'
/home/perluser/perl5/perlbrew/perls/perl-5.22.1/bin/perl:/home/perluser/.cpan/build/Crypt-SSLeay-0.72-HxIvPC/blib/arch/auto/Crypt/SSLeay/SSLeay.so: undefined symbol 'SSL_get_shared_ciphers'
/home/perluser/perl5/perlbrew/perls/perl-5.22.1/bin/perl:/home/perluser/.cpan/build/Crypt-SSLeay-0.72-HxIvPC/blib/arch/auto/Crypt/SSLeay/SSLeay.so: undefined symbol 'SSL_get_peer_certificate'
/home/perluser/perl5/perlbrew/perls/perl-5.22.1/bin/perl:/home/perluser/.cpan/build/Crypt-SSLeay-0.72-HxIvPC/blib/arch/auto/Crypt/SSLeay/SSLeay.so: undefined symbol 'SSL_get_verify_result'
/home/perluser/perl5/perlbrew/perls/perl-5.22.1/bin/perl:/home/perluser/.cpan/build/Crypt-SSLeay-0.72-HxIvPC/blib/arch/auto/Crypt/SSLeay/SSLeay.so: undefined symbol 'SSL_write'
/home/perluser/perl5/perlbrew/perls/perl-5.22.1/bin/perl:/home/perluser/.cpan/build/Crypt-SSLeay-0.72-HxIvPC/blib/arch/auto/Crypt/SSLeay/SSLeay.so: undefined symbol 'SSL_CTX_use_certificate'
/home/perluser/perl5/perlbrew/perls/perl-5.22.1/bin/perl:/home/perluser/.cpan/build/Crypt-SSLeay-0.72-HxIvPC/blib/arch/auto/Crypt/SSLeay/SSLeay.so: undefined symbol 'SSL_set_fd'
/home/perluser/perl5/perlbrew/perls/perl-5.22.1/bin/perl:/home/perluser/.cpan/build/Crypt-SSLeay-0.72-HxIvPC/blib/arch/auto/Crypt/SSLeay/SSLeay.so: undefined symbol 'SSL_set_connect_state'
/home/perluser/perl5/perlbrew/perls/perl-5.22.1/bin/perl:/home/perluser/.cpan/build/Crypt-SSLeay-0.72-HxIvPC/blib/arch/auto/Crypt/SSLeay/SSLeay.so: undefined symbol 'SSL_CTX_free'
/home/perluser/perl5/perlbrew/perls/perl-5.22.1/bin/perl:/home/perluser/.cpan/build/Crypt-SSLeay-0.72-HxIvPC/blib/arch/auto/Crypt/SSLeay/SSLeay.so: undefined symbol 'SSL_CTX_set_default_verify_paths'
/home/perluser/perl5/perlbrew/perls/perl-5.22.1/bin/perl:/home/perluser/.cpan/build/Crypt-SSLeay-0.72-HxIvPC/blib/arch/auto/Crypt/SSLeay/SSLeay.so: undefined symbol 'SSL_get_error'
/home/perluser/perl5/perlbrew/perls/perl-5.22.1/bin/perl:/home/perluser/.cpan/build/Crypt-SSLeay-0.72-HxIvPC/blib/arch/auto/Crypt/SSLeay/SSLeay.so: undefined symbol 'SSL_read'
/home/perluser/perl5/perlbrew/perls/perl-5.22.1/bin/perl:/home/perluser/.cpan/build/Crypt-SSLeay-0.72-HxIvPC/blib/arch/auto/Crypt/SSLeay/SSLeay.so: undefined symbol 'SSL_new'
/home/perluser/perl5/perlbrew/perls/perl-5.22.1/bin/perl:/home/perluser/.cpan/build/Crypt-SSLeay-0.72-HxIvPC/blib/arch/auto/Crypt/SSLeay/SSLeay.so: undefined symbol 'SSL_CTX_new'
/home/perluser/perl5/perlbrew/perls/perl-5.22.1/bin/perl:/home/perluser/.cpan/build/Crypt-SSLeay-0.72-HxIvPC/blib/arch/auto/Crypt/SSLeay/SSLeay.so: undefined symbol 'SSL_library_init'
/home/perluser/perl5/perlbrew/perls/perl-5.22.1/bin/perl:/home/perluser/.cpan/build/Crypt-SSLeay-0.72-HxIvPC/blib/arch/auto/Crypt/SSLeay/SSLeay.so: undefined symbol 'SSL_CTX_load_verify_locations'
/home/perluser/perl5/perlbrew/perls/perl-5.22.1/bin/perl:/home/perluser/.cpan/build/Crypt-SSLeay-0.72-HxIvPC/blib/arch/auto/Crypt/SSLeay/SSLeay.so: undefined symbol 'SSL_pending'
/home/perluser/perl5/perlbrew/perls/perl-5.22.1/bin/perl:/home/perluser/.cpan/build/Crypt-SSLeay-0.72-HxIvPC/blib/arch/auto/Crypt/SSLeay/SSLeay.so: undefined symbol 'SSL_CTX_set_verify'
/home/perluser/perl5/perlbrew/perls/perl-5.22.1/bin/perl:/home/perluser/.cpan/build/Crypt-SSLeay-0.72-HxIvPC/blib/arch/auto/Crypt/SSLeay/SSLeay.so: undefined symbol 'SSL_load_error_strings'
/home/perluser/perl5/perlbrew/perls/perl-5.22.1/bin/perl:/home/perluser/.cpan/build/Crypt-SSLeay-0.72-HxIvPC/blib/arch/auto/Crypt/SSLeay/SSLeay.so: undefined symbol 'SSL_CTX_set_cipher_list'
/home/perluser/perl5/perlbrew/perls/perl-5.22.1/bin/perl:/home/perluser/.cpan/build/Crypt-SSLeay-0.72-HxIvPC/blib/arch/auto/Crypt/SSLeay/SSLeay.so: undefined symbol 'SSL_CIPHER_get_name'
/home/perluser/perl5/perlbrew/perls/perl-5.22.1/bin/perl:/home/perluser/.cpan/build/Crypt-SSLeay-0.72-HxIvPC/blib/arch/auto/Crypt/SSLeay/SSLeay.so: undefined symbol 'SSLv23_client_method'
/home/perluser/perl5/perlbrew/perls/perl-5.22.1/bin/perl:/home/perluser/.cpan/build/Crypt-SSLeay-0.72-HxIvPC/blib/arch/auto/Crypt/SSLeay/SSLeay.so: undefined symbol 'SSL_CTX_use_PrivateKey'
/home/perluser/perl5/perlbrew/perls/perl-5.22.1/bin/perl:/home/perluser/.cpan/build/Crypt-SSLeay-0.72-HxIvPC/blib/arch/auto/Crypt/SSLeay/SSLeay.so: undefined symbol 'SSL_accept'
/home/perluser/perl5/perlbrew/perls/perl-5.22.1/bin/perl:/home/perluser/.cpan/build/Crypt-SSLeay-0.72-HxIvPC/blib/arch/auto/Crypt/SSLeay/SSLeay.so: undefined symbol 'SSL_CTX_ctrl'
/home/perluser/perl5/perlbrew/perls/perl-5.22.1/bin/perl:/home/perluser/.cpan/build/Crypt-SSLeay-0.72-HxIvPC/blib/arch/auto/Crypt/SSLeay/SSLeay.so: undefined symbol 'SSL_ctrl'
/home/perluser/perl5/perlbrew/perls/perl-5.22.1/bin/perl:/home/perluser/.cpan/build/Crypt-SSLeay-0.72-HxIvPC/blib/arch/auto/Crypt/SSLeay/SSLeay.so: undefined symbol 'SSLv3_client_method'
/home/perluser/perl5/perlbrew/perls/perl-5.22.1/bin/perl:/home/perluser/.cpan/build/Crypt-SSLeay-0.72-HxIvPC/blib/arch/auto/Crypt/SSLeay/SSLeay.so: undefined symbol 'SSL_get_current_cipher'
/home/perluser/perl5/perlbrew/perls/perl-5.22.1/bin/perl:/home/perluser/.cpan/build/Crypt-SSLeay-0.72-HxIvPC/blib/arch/auto/Crypt/SSLeay/SSLeay.so: undefined symbol 'SSL_alert_desc_string_long'
/home/perluser/perl5/perlbrew/perls/perl-5.22.1/bin/perl:/home/perluser/.cpan/build/Crypt-SSLeay-0.72-HxIvPC/blib/arch/auto/Crypt/SSLeay/SSLeay.so: undefined symbol 'SSL_CTX_use_PrivateKey_file'
/home/perluser/perl5/perlbrew/perls/perl-5.22.1/bin/perl:/home/perluser/.cpan/build/Crypt-SSLeay-0.72-HxIvPC/blib/arch/auto/Crypt/SSLeay/SSLeay.so: undefined symbol 'SSL_CTX_check_private_key'
/home/perluser/perl5/perlbrew/perls/perl-5.22.1/bin/perl:/home/perluser/.cpan/build/Crypt-SSLeay-0.72-HxIvPC/blib/arch/auto/Crypt/SSLeay/SSLeay.so: undefined symbol 'SSL_alert_type_string_long'
/home/perluser/perl5/perlbrew/perls/perl-5.22.1/bin/perl:/home/perluser/.cpan/build/Crypt-SSLeay-0.72-HxIvPC/blib/arch/auto/Crypt/SSLeay/SSLeay.so: undefined symbol 'SSL_CTX_use_certificate_file'
/home/perluser/perl5/perlbrew/perls/perl-5.22.1/bin/perl:/home/perluser/.cpan/build/Crypt-SSLeay-0.72-HxIvPC/blib/arch/auto/Crypt/SSLeay/SSLeay.so: undefined symbol 'SSL_state_string_long'
/home/perluser/perl5/perlbrew/perls/perl-5.22.1/bin/perl:/home/perluser/.cpan/build/Crypt-SSLeay-0.72-HxIvPC/blib/arch/auto/Crypt/SSLeay/SSLeay.so: undefined symbol 'SSL_set_info_callback'
/home/perluser/perl5/perlbrew/perls/perl-5.22.1/bin/perl:/home/perluser/.cpan/build/Crypt-SSLeay-0.72-HxIvPC/blib/arch/auto/Crypt/SSLeay/SSLeay.so: undefined symbol 'SSL_connect'
/home/perluser/perl5/perlbrew/perls/perl-5.22.1/bin/perl:/home/perluser/.cpan/build/Crypt-SSLeay-0.72-HxIvPC/blib/arch/auto/Crypt/SSLeay/SSLeay.so: undefined symbol 'SSL_free'
/home/perluser/perl5/perlbrew/perls/perl-5.22.1/bin/perl:/home/perluser/.cpan/build/Crypt-SSLeay-0.72-HxIvPC/blib/arch/auto/Crypt/SSLeay/SSLeay.so: undefined symbol 'SSL_get_shared_ciphers'
/home/perluser/perl5/perlbrew/perls/perl-5.22.1/bin/perl:/home/perluser/.cpan/build/Crypt-SSLeay-0.72-HxIvPC/blib/arch/auto/Crypt/SSLeay/SSLeay.so: undefined symbol 'SSL_get_peer_certificate'
/home/perluser/perl5/perlbrew/perls/perl-5.22.1/bin/perl:/home/perluser/.cpan/build/Crypt-SSLeay-0.72-HxIvPC/blib/arch/auto/Crypt/SSLeay/SSLeay.so: undefined symbol 'SSL_get_verify_result'
/home/perluser/perl5/perlbrew/perls/perl-5.22.1/bin/perl:/home/perluser/.cpan/build/Crypt-SSLeay-0.72-HxIvPC/blib/arch/auto/Crypt/SSLeay/SSLeay.so: undefined symbol 'SSL_write'
Can't load '/home/perluser/.cpan/build/Crypt-SSLeay-0.72-HxIvPC/blib/arch/auto/Crypt/SSLeay/SSLeay.so' for module Crypt::SSLeay: Cannot load specified object at /home/perluser/perl5/perlbrew/perls/perl-5.22.1/lib/5.22.1/OpenBSD.amd64-openbsd/DynaLoader.pm line 193.
 at /home/perluser/.cpan/build/Crypt-SSLeay-0.72-HxIvPC/blib/lib/Crypt/SSLeay/Version.pm line 2.
Compilation failed in require at /home/perluser/.cpan/build/Crypt-SSLeay-0.72-HxIvPC/blib/lib/Crypt/SSLeay/Version.pm line 2.
Compilation failed in require at t/03-version.t line 14.
BEGIN failed--compilation aborted at t/03-version.t line 14.
t/03-version.t ... 
Dubious, test returned 2 (wstat 512, 0x200)
No subtests run 
t/boilerplate.t .. ok
t/manifest.t ..... skipped: Author tests not required for installation

Test Summary Report
-------------------
t/00-basic.t   (Wstat: 65280 Tests: 13 Failed: 10)
  Failed tests:  1-5, 7-8, 11-13
  Non-zero exit status: 255
  Parse errors: No plan found in TAP output
t/01-connect.t (Wstat: 512 Tests: 0 Failed: 0)
  Non-zero exit status: 2
  Parse errors: Bad plan.  You planned 8 tests but ran 0.
t/03-version.t (Wstat: 512 Tests: 0 Failed: 0)
  Non-zero exit status: 2
  Parse errors: No plan found in TAP output
Files=6, Tests=22,  2 wallclock secs ( 0.04 usr  0.10 sys +  0.65 cusr  0.41 csys =  1.20 CPU)
Result: FAIL
Failed 3/6 test programs. 10/22 subtests failed.
*** Error 255 in /home/perluser/.cpan/build/Crypt-SSLeay-0.72-HxIvPC (Makefile:1080 'test_dynamic')

------------------------------
PREREQUISITES
------------------------------

Prerequisite modules loaded:

requires:

    Module               Need     Have    
    -------------------- -------- --------
    LWP::Protocol::https 6.02     6.06    
    MIME::Base64         0        3.15    
    perl                 5.006    5.022001

build_requires:

    Module               Need     Have    
    -------------------- -------- --------
    ExtUtils::MakeMaker  0        7.04_01 
    Test::More           0.19     1.001014
    Try::Tiny            0.19     0.24    

configure_requires:

    Module               Need     Have    
    -------------------- -------- --------
    ExtUtils::CBuilder   0.280205 0.280224
    Getopt::Long         0        2.45    
    Path::Class          0.26     0.35    
    Try::Tiny            0.19     0.24    


------------------------------
ENVIRONMENT AND OTHER CONTEXT
------------------------------

Environment variables:

    AUTOMATED_TESTING = 1
    PATH = /home/perluser/perl5/perlbrew/bin:/home/perluser/perl5/perlbrew/perls/perl-5.22.1/bin:/sbin:/usr/sbin:/bin:/usr/bin:/usr/X11R6/bin:/usr/local/sbin:/usr/local/bin
    PERL5LIB = /home/perluser/.cpan/build/Path-Class-0.35-MXw3aW/blib/arch:/home/perluser/.cpan/build/Path-Class-0.35-MXw3aW/blib/lib:/home/perluser/.cpan/build/Net-OpenID-Common-1.19-9Z12iY/blib/arch:/home/perluser/.cpan/build/Net-OpenID-Common-1.19-9Z12iY/blib/lib:/home/perluser/.cpan/build/Crypt-DH-GMP-0.00012-HV4Zdi/blib/arch:/home/perluser/.cpan/build/Crypt-DH-GMP-0.00012-HV4Zdi/blib/lib:/home/perluser/.cpan/build/Devel-CheckLib-1.05-n1yUgL/blib/arch:/home/perluser/.cpan/build/Devel-CheckLib-1.05-n1yUgL/blib/lib:/home/perluser/.cpan/build/XML-Simple-2.22-qrtHh1/blib/arch:/home/perluser/.cpan/build/XML-Simple-2.22-qrtHh1/blib/lib:/home/perluser/.cpan/build/XML-SAX-Expat-0.51-Jgam2V/blib/arch:/home/perluser/.cpan/build/XML-SAX-Expat-0.51-Jgam2V/blib/lib:/home/perluser/.cpan/build/XML-Parser-2.44-s0YFAJ/blib/arch:/home/perluser/.cpan/build/XML-Parser-2.44-s0YFAJ/blib/lib:/home/perluser/.cpan/build/XML-SAX-0.99-KQaLRt/blib/arch:/home/perluser/.cpan/build/XML-SAX-0.99-KQaLRt/blib/lib:/home/perluser/.cpan/build/XML-SAX-Base-1.08-pTzh1e/blib/arch:/home/perluser/.cpan/build/XML-SAX-Base-1.08-pTzh1e/blib/lib:/home/perluser/.cpan/build/XML-NamespaceSupport-1.11-Xz9bnM/blib/arch:/home/perluser/.cpan/build/XML-NamespaceSupport-1.11-Xz9bnM/blib/lib:/home/perluser/.cpan/build/Plack-Middleware-Session-0.30-RCHv5o/blib/arch:/home/perluser/.cpan/build/Plack-Middleware-Session-0.30-RCHv5o/blib/lib:/home/perluser/.cpan/build/Digest-SHA1-2.13-eQjt70/blib/arch:/home/perluser/.cpan/build/Digest-SHA1-2.13-eQjt70/blib/lib:/home/perluser/.cpan/build/Plack-1.0039-cGYgz3/blib/arch:/home/perluser/.cpan/build/Plack-1.0039-cGYgz3/blib/lib:/home/perluser/.cpan/build/Hash-MultiValue-0.16-Xo_qJ9/blib/arch:/home/perluser/.cpan/build/Hash-MultiValue-0.16-Xo_qJ9/blib/lib:/home/perluser/.cpan/build/Test-TCP-2.14-sgqywq/blib/arch:/home/perluser/.cpan/build/Test-TCP-2.14-sgqywq/blib/lib:/home/perluser/.cpan/build/Filesys-Notify-Simple-0.12-Kn_WZR/blib/arch:/home/perluser/.cpan/build/Filesys-Notify-Simple-0.12-Kn_WZR/blib/lib:/home/perluser/.cpan/build/Test-SharedFork-0.35-VGHP95/blib/arch:/home/perluser/.cpan/build/Test-SharedFork-0.35-VGHP95/blib/lib:/home/perluser/.cpan/build/Devel-StackTrace-AsHTML-0.14-d2tLgy/blib/arch:/home/perluser/.cpan/build/Devel-StackTrace-AsHTML-0.14-d2tLgy/blib/lib:/home/perluser/.cpan/build/File-ShareDir-1.102-4B3IrA/blib/arch:/home/perluser/.cpan/build/File-ShareDir-1.102-4B3IrA/blib/lib:/home/perluser/.cpan/build/Class-Inspector-1.28-MH3hnO/blib/arch:/home/perluser/.cpan/build/Class-Inspector-1.28-MH3hnO/blib/lib:/home/perluser/.cpan/build/Apache-LogFormat-Compiler-0.32-QUU93R/blib/arch:/home/perluser/.cpan/build/Apache-LogFormat-Compiler-0.32-QUU93R/blib/lib:/home/perluser/.cpan/build/POSIX-strftime-Compiler-0.41-Xl0xt6/blib/arch:/home/perluser/.cpan/build/POSIX-strftime-Compiler-0.41-Xl0xt6/blib/lib:/home/perluser/.cpan/build/Test-MockTime-0.15-G16xxV/blib/arch:/home/perluser/.cpan/build/Test-MockTime-0.15-G16xxV/blib/lib:/home/perluser/.cpan/build/Stream-Buffered-0.03-1Z6vad/blib/arch:/home/perluser/.cpan/build/Stream-Buffered-0.03-1Z6vad/blib/lib:/home/perluser/.cpan/build/HTTP-Headers-Fast-0.20-Sk7pIF/blib/arch:/home/perluser/.cpan/build/HTTP-Headers-Fast-0.20-Sk7pIF/blib/lib:/home/perluser/.cpan/build/HTTP-Body-1.22-y7pswt/blib/arch:/home/perluser/.cpan/build/HTTP-Body-1.22-y7pswt/blib/lib:/home/perluser/.cpan/build/File-ShareDir-Install-0.10-m6Jo_r/blib/arch:/home/perluser/.cpan/build/File-ShareDir-Install-0.10-m6Jo_r/blib/lib:/home/perluser/.cpan/build/Cookie-Baker-0.06-1SlnWB/blib/arch:/home/perluser/.cpan/build/Cookie-Baker-0.06-1SlnWB/blib/lib:/home/perluser/.cpan/build/Test-Time-0.04-dm87ik/blib/arch:/home/perluser/.cpan/build/Test-Time-0.04-dm87ik/blib/lib:/home/perluser/.cpan/build/Test-Name-FromLine-0.13-LbWOLz/blib/arch:/home/perluser/.cpan/build/Test-Name-FromLine-0.13-LbWOLz/blib/lib:/home/perluser/.cpan/build/File-Slurp-9999.19-f3iJxd/blib/arch:/home/perluser/.cpan/build/File-Slurp-9999.19-f3iJxd/blib/lib:/home/perluser/.cpan/build/Test-Differences-0.64-w4jCHl/blib/arch:/home/perluser/.cpan/build/Test-Differences-0.64-w4jCHl/blib/lib:/home/perluser/.cpan/build/Text-Diff-1.43-oWpgPp/blib/arch:/home/perluser/.cpan/build/Text-Diff-1.43-oWpgPp/blib/lib:/home/perluser/.cpan/build/Algorithm-Diff-1.1903-LMyeHI/blib/arch:/home/perluser/.cpan/build/Algorithm-Diff-1.1903-LMyeHI/blib/lib
    PERL5OPT = 
    PERL5_CPANPLUS_IS_RUNNING = 4306
    PERL5_CPAN_IS_RUNNING = 4306
    PERL5_CPAN_IS_RUNNING_IN_RECURSION = 13500,4306
    PERLBREW_BASHRC_VERSION = 0.71
    PERLBREW_HOME = /home/perluser/.perlbrew
    PERLBREW_MANPATH = /home/perluser/perl5/perlbrew/perls/perl-5.22.1/man
    PERLBREW_PATH = /home/perluser/perl5/perlbrew/bin:/home/perluser/perl5/perlbrew/perls/perl-5.22.1/bin
    PERLBREW_PERL = perl-5.22.1
    PERLBREW_ROOT = /home/perluser/perl5/perlbrew
    PERLBREW_VERSION = 0.71
    PERL_CR_SMOKER_CURRENT = Doorman-0.10
    PERL_EXTUTILS_AUTOINSTALL = --defaultdeps
    PERL_MM_USE_DEFAULT = 1
    SHELL = /bin/ksh
    TERM = screen

Perl special variables (and OS-specific diagnostics, for MSWin32):

    $^X = /home/perluser/perl5/perlbrew/perls/perl-5.22.1/bin/perl
    $UID/$EUID = 1000 / 1000
    $GID = 1000 1000
    $EGID = 1000 1000

Perl module toolchain versions installed:

    Module              Have    
    ------------------- --------
    CPAN                2.11    
    CPAN::Meta          2.150001
    Cwd                 3.56    
    ExtUtils::CBuilder  0.280224
    ExtUtils::Command   1.20    
    ExtUtils::Install   2.04    
    ExtUtils::MakeMaker 7.04_01 
    ExtUtils::Manifest  1.70    
    ExtUtils::ParseXS   3.28    
    File::Spec          3.56    
    JSON                2.90    
    JSON::PP            2.27300 
    Module::Build       0.4214  
    Module::Signature   n/a     
    Parse::CPAN::Meta   1.4414  
    Test::Harness       3.35    
    Test::More          1.001014
    YAML                n/a     
    YAML::Syck          1.29    
    version             0.9912  


--

Summary of my perl5 (revision 5 version 22 subversion 1) configuration:
   
  Platform:
    osname=openbsd, osvers=5.7, archname=OpenBSD.amd64-openbsd
    uname='openbsd openbsd-test.manor.solimano.org 5.7 generic#825 amd64 '
    config_args='-de -Dprefix=/home/perluser/perl5/perlbrew/perls/perl-5.22.1 -Aeval:scriptdir=/home/perluser/perl5/perlbrew/perls/perl-5.22.1/bin'
    hint=recommended, useposix=true, d_sigaction=define
    useithreads=undef, usemultiplicity=undef
    use64bitint=define, use64bitall=define, uselongdouble=undef
    usemymalloc=n, bincompat5005=undef
  Compiler:
    cc='cc', ccflags ='-fno-strict-aliasing -pipe -fstack-protector-strong -I/usr/local/include -D_FORTIFY_SOURCE=2',
    optimize='-O2',
    cppflags='-fno-strict-aliasing -pipe -fstack-protector-strong -I/usr/local/include'
    ccversion='', gccversion='4.2.1 20070719 ', gccosandvers='openbsd5.7'
    intsize=4, longsize=8, ptrsize=8, doublesize=8, byteorder=12345678, doublekind=3
    d_longlong=define, longlongsize=8, d_longdbl=define, longdblsize=16, longdblkind=3
    ivtype='long', ivsize=8, nvtype='double', nvsize=8, Off_t='off_t', lseeksize=8
    alignbytes=8, prototype=define
  Linker and Libraries:
    ld='cc', ldflags ='-Wl,-E  -fstack-protector-strong -L/usr/local/lib'
    libpth=/usr/lib /usr/local/lib
    libs=-lpthread -lm -lutil -lc
    perllibs=-lpthread -lm -lutil -lc
    libc=/usr/lib/libc.so.78.1, so=so, useshrplib=false, libperl=libperl.a
    gnulibc_version=''
  Dynamic Linking:
    dlsrc=dl_dlopen.xs, dlext=so, d_dlsymun=undef, ccdlflags=' '
    cccdlflags='-DPIC -fPIC ', lddlflags='-shared -fPIC  -L/usr/local/lib -fstack-protector-strong'


Characteristics of this binary (from libperl): 
  Compile-time options: HAS_TIMES PERLIO_LAYERS PERL_DONT_CREATE_GVSV
                        PERL_HASH_FUNC_ONE_AT_A_TIME_HARD PERL_MALLOC_WRAP
                        PERL_NEW_COPY_ON_WRITE PERL_PRESERVE_IVUV
                        USE_64_BIT_ALL USE_64_BIT_INT USE_LARGE_FILES
                        USE_LOCALE USE_LOCALE_COLLATE USE_LOCALE_CTYPE
                        USE_LOCALE_NUMERIC USE_LOCALE_TIME USE_PERLIO
                        USE_PERL_ATOF
  Locally applied patches:
	Devel::PatchPerl 1.30
  Built under openbsd
  Compiled at Dec 18 2015 21:50:33
  %ENV:
    PERL5LIB="/home/perluser/.cpan/build/Path-Class-0.35-MXw3aW/blib/arch:/home/perluser/.cpan/build/Path-Class-0.35-MXw3aW/blib/lib:/home/perluser/.cpan/build/Net-OpenID-Common-1.19-9Z12iY/blib/arch:/home/perluser/.cpan/build/Net-OpenID-Common-1.19-9Z12iY/blib/lib:/home/perluser/.cpan/build/Crypt-DH-GMP-0.00012-HV4Zdi/blib/arch:/home/perluser/.cpan/build/Crypt-DH-GMP-0.00012-HV4Zdi/blib/lib:/home/perluser/.cpan/build/Devel-CheckLib-1.05-n1yUgL/blib/arch:/home/perluser/.cpan/build/Devel-CheckLib-1.05-n1yUgL/blib/lib:/home/perluser/.cpan/build/XML-Simple-2.22-qrtHh1/blib/arch:/home/perluser/.cpan/build/XML-Simple-2.22-qrtHh1/blib/lib:/home/perluser/.cpan/build/XML-SAX-Expat-0.51-Jgam2V/blib/arch:/home/perluser/.cpan/build/XML-SAX-Expat-0.51-Jgam2V/blib/lib:/home/perluser/.cpan/build/XML-Parser-2.44-s0YFAJ/blib/arch:/home/perluser/.cpan/build/XML-Parser-2.44-s0YFAJ/blib/lib:/home/perluser/.cpan/build/XML-SAX-0.99-KQaLRt/blib/arch:/home/perluser/.cpan/build/XML-SAX-0.99-KQaLRt/blib/lib:/home/perluser/.cpan/build/XML-SAX-Base-1.08-pTzh1e/blib/arch:/home/perluser/.cpan/build/XML-SAX-Base-1.08-pTzh1e/blib/lib:/home/perluser/.cpan/build/XML-NamespaceSupport-1.11-Xz9bnM/blib/arch:/home/perluser/.cpan/build/XML-NamespaceSupport-1.11-Xz9bnM/blib/lib:/home/perluser/.cpan/build/Plack-Middleware-Session-0.30-RCHv5o/blib/arch:/home/perluser/.cpan/build/Plack-Middleware-Session-0.30-RCHv5o/blib/lib:/home/perluser/.cpan/build/Digest-SHA1-2.13-eQjt70/blib/arch:/home/perluser/.cpan/build/Digest-SHA1-2.13-eQjt70/blib/lib:/home/perluser/.cpan/build/Plack-1.0039-cGYgz3/blib/arch:/home/perluser/.cpan/build/Plack-1.0039-cGYgz3/blib/lib:/home/perluser/.cpan/build/Hash-MultiValue-0.16-Xo_qJ9/blib/arch:/home/perluser/.cpan/build/Hash-MultiValue-0.16-Xo_qJ9/blib/lib:/home/perluser/.cpan/build/Test-TCP-2.14-sgqywq/blib/arch:/home/perluser/.cpan/build/Test-TCP-2.14-sgqywq/blib/lib:/home/perluser/.cpan/build/Filesys-Notify-Simple-0.12-Kn_WZR/blib/arch:/home/perluser/.cpan/build/Filesys-Notify-Simple-0.12-Kn_WZR/blib/lib:/home/perluser/.cpan/build/Test-SharedFork-0.35-VGHP95/blib/arch:/home/perluser/.cpan/build/Test-SharedFork-0.35-VGHP95/blib/lib:/home/perluser/.cpan/build/Devel-StackTrace-AsHTML-0.14-d2tLgy/blib/arch:/home/perluser/.cpan/build/Devel-StackTrace-AsHTML-0.14-d2tLgy/blib/lib:/home/perluser/.cpan/build/File-ShareDir-1.102-4B3IrA/blib/arch:/home/perluser/.cpan/build/File-ShareDir-1.102-4B3IrA/blib/lib:/home/perluser/.cpan/build/Class-Inspector-1.28-MH3hnO/blib/arch:/home/perluser/.cpan/build/Class-Inspector-1.28-MH3hnO/blib/lib:/home/perluser/.cpan/build/Apache-LogFormat-Compiler-0.32-QUU93R/blib/arch:/home/perluser/.cpan/build/Apache-LogFormat-Compiler-0.32-QUU93R/blib/lib:/home/perluser/.cpan/build/POSIX-strftime-Compiler-0.41-Xl0xt6/blib/arch:/home/perluser/.cpan/build/POSIX-strftime-Compiler-0.41-Xl0xt6/blib/lib:/home/perluser/.cpan/build/Test-MockTime-0.15-G16xxV/blib/arch:/home/perluser/.cpan/build/Test-MockTime-0.15-G16xxV/blib/lib:/home/perluser/.cpan/build/Stream-Buffered-0.03-1Z6vad/blib/arch:/home/perluser/.cpan/build/Stream-Buffered-0.03-1Z6vad/blib/lib:/home/perluser/.cpan/build/HTTP-Headers-Fast-0.20-Sk7pIF/blib/arch:/home/perluser/.cpan/build/HTTP-Headers-Fast-0.20-Sk7pIF/blib/lib:/home/perluser/.cpan/build/HTTP-Body-1.22-y7pswt/blib/arch:/home/perluser/.cpan/build/HTTP-Body-1.22-y7pswt/blib/lib:/home/perluser/.cpan/build/File-ShareDir-Install-0.10-m6Jo_r/blib/arch:/home/perluser/.cpan/build/File-ShareDir-Install-0.10-m6Jo_r/blib/lib:/home/perluser/.cpan/build/Cookie-Baker-0.06-1SlnWB/blib/arch:/home/perluser/.cpan/build/Cookie-Baker-0.06-1SlnWB/blib/lib:/home/perluser/.cpan/build/Test-Time-0.04-dm87ik/blib/arch:/home/perluser/.cpan/build/Test-Time-0.04-dm87ik/blib/lib:/home/perluser/.cpan/build/Test-Name-FromLine-0.13-LbWOLz/blib/arch:/home/perluser/.cpan/build/Test-Name-FromLine-0.13-LbWOLz/blib/lib:/home/perluser/.cpan/build/File-Slurp-9999.19-f3iJxd/blib/arch:/home/perluser/.cpan/build/File-Slurp-9999.19-f3iJxd/blib/lib:/home/perluser/.cpan/build/Test-Differences-0.64-w4jCHl/blib/arch:/home/perluser/.cpan/build/Test-Differences-0.64-w4jCHl/blib/lib:/home/perluser/.cpan/build/Text-Diff-1.43-oWpgPp/blib/arch:/home/perluser/.cpan/build/Text-Diff-1.43-oWpgPp/blib/lib:/home/perluser/.cpan/build/Algorithm-Diff-1.1903-LMyeHI/blib/arch:/home/perluser/.cpan/build/Algorithm-Diff-1.1903-LMyeHI/blib/lib"
    PERL5OPT=""
    PERL5_CPANPLUS_IS_RUNNING="4306"
    PERL5_CPAN_IS_RUNNING="4306"
    PERL5_CPAN_IS_RUNNING_IN_RECURSION="13500,4306"
    PERLBREW_BASHRC_VERSION="0.71"
    PERLBREW_HOME="/home/perluser/.perlbrew"
    PERLBREW_MANPATH="/home/perluser/perl5/perlbrew/perls/perl-5.22.1/man"
    PERLBREW_PATH="/home/perluser/perl5/perlbrew/bin:/home/perluser/perl5/perlbrew/perls/perl-5.22.1/bin"
    PERLBREW_PERL="perl-5.22.1"
    PERLBREW_ROOT="/home/perluser/perl5/perlbrew"
    PERLBREW_VERSION="0.71"
    PERL_CR_SMOKER_CURRENT="Doorman-0.10"
    PERL_EXTUTILS_AUTOINSTALL="--defaultdeps"
    PERL_MM_USE_DEFAULT="1"
  @INC:
    /home/perluser/.cpan/build/Path-Class-0.35-MXw3aW/blib/arch
    /home/perluser/.cpan/build/Path-Class-0.35-MXw3aW/blib/lib
    /home/perluser/.cpan/build/Net-OpenID-Common-1.19-9Z12iY/blib/arch
    /home/perluser/.cpan/build/Net-OpenID-Common-1.19-9Z12iY/blib/lib
    /home/perluser/.cpan/build/Crypt-DH-GMP-0.00012-HV4Zdi/blib/arch
    /home/perluser/.cpan/build/Crypt-DH-GMP-0.00012-HV4Zdi/blib/lib
    /home/perluser/.cpan/build/Devel-CheckLib-1.05-n1yUgL/blib/arch
    /home/perluser/.cpan/build/Devel-CheckLib-1.05-n1yUgL/blib/lib
    /home/perluser/.cpan/build/XML-Simple-2.22-qrtHh1/blib/arch
    /home/perluser/.cpan/build/XML-Simple-2.22-qrtHh1/blib/lib
    /home/perluser/.cpan/build/XML-SAX-Expat-0.51-Jgam2V/blib/arch
    /home/perluser/.cpan/build/XML-SAX-Expat-0.51-Jgam2V/blib/lib
    /home/perluser/.cpan/build/XML-Parser-2.44-s0YFAJ/blib/arch
    /home/perluser/.cpan/build/XML-Parser-2.44-s0YFAJ/blib/lib
    /home/perluser/.cpan/build/XML-SAX-0.99-KQaLRt/blib/arch
    /home/perluser/.cpan/build/XML-SAX-0.99-KQaLRt/blib/lib
    /home/perluser/.cpan/build/XML-SAX-Base-1.08-pTzh1e/blib/arch
    /home/perluser/.cpan/build/XML-SAX-Base-1.08-pTzh1e/blib/lib
    /home/perluser/.cpan/build/XML-NamespaceSupport-1.11-Xz9bnM/blib/arch
    /home/perluser/.cpan/build/XML-NamespaceSupport-1.11-Xz9bnM/blib/lib
    /home/perluser/.cpan/build/Plack-Middleware-Session-0.30-RCHv5o/blib/arch
    /home/perluser/.cpan/build/Plack-Middleware-Session-0.30-RCHv5o/blib/lib
    /home/perluser/.cpan/build/Digest-SHA1-2.13-eQjt70/blib/arch
    /home/perluser/.cpan/build/Digest-SHA1-2.13-eQjt70/blib/lib
    /home/perluser/.cpan/build/Plack-1.0039-cGYgz3/blib/arch
    /home/perluser/.cpan/build/Plack-1.0039-cGYgz3/blib/lib
    /home/perluser/.cpan/build/Hash-MultiValue-0.16-Xo_qJ9/blib/arch
    /home/perluser/.cpan/build/Hash-MultiValue-0.16-Xo_qJ9/blib/lib
    /home/perluser/.cpan/build/Test-TCP-2.14-sgqywq/blib/arch
    /home/perluser/.cpan/build/Test-TCP-2.14-sgqywq/blib/lib
    /home/perluser/.cpan/build/Filesys-Notify-Simple-0.12-Kn_WZR/blib/arch
    /home/perluser/.cpan/build/Filesys-Notify-Simple-0.12-Kn_WZR/blib/lib
    /home/perluser/.cpan/build/Test-SharedFork-0.35-VGHP95/blib/arch
    /home/perluser/.cpan/build/Test-SharedFork-0.35-VGHP95/blib/lib
    /home/perluser/.cpan/build/Devel-StackTrace-AsHTML-0.14-d2tLgy/blib/arch
    /home/perluser/.cpan/build/Devel-StackTrace-AsHTML-0.14-d2tLgy/blib/lib
    /home/perluser/.cpan/build/File-ShareDir-1.102-4B3IrA/blib/arch
    /home/perluser/.cpan/build/File-ShareDir-1.102-4B3IrA/blib/lib
    /home/perluser/.cpan/build/Class-Inspector-1.28-MH3hnO/blib/arch
    /home/perluser/.cpan/build/Class-Inspector-1.28-MH3hnO/blib/lib
    /home/perluser/.cpan/build/Apache-LogFormat-Compiler-0.32-QUU93R/blib/arch
    /home/perluser/.cpan/build/Apache-LogFormat-Compiler-0.32-QUU93R/blib/lib
    /home/perluser/.cpan/build/POSIX-strftime-Compiler-0.41-Xl0xt6/blib/arch
    /home/perluser/.cpan/build/POSIX-strftime-Compiler-0.41-Xl0xt6/blib/lib
    /home/perluser/.cpan/build/Test-MockTime-0.15-G16xxV/blib/arch
    /home/perluser/.cpan/build/Test-MockTime-0.15-G16xxV/blib/lib
    /home/perluser/.cpan/build/Stream-Buffered-0.03-1Z6vad/blib/arch
    /home/perluser/.cpan/build/Stream-Buffered-0.03-1Z6vad/blib/lib
    /home/perluser/.cpan/build/HTTP-Headers-Fast-0.20-Sk7pIF/blib/arch
    /home/perluser/.cpan/build/HTTP-Headers-Fast-0.20-Sk7pIF/blib/lib
    /home/perluser/.cpan/build/HTTP-Body-1.22-y7pswt/blib/arch
    /home/perluser/.cpan/build/HTTP-Body-1.22-y7pswt/blib/lib
    /home/perluser/.cpan/build/File-ShareDir-Install-0.10-m6Jo_r/blib/arch
    /home/perluser/.cpan/build/File-ShareDir-Install-0.10-m6Jo_r/blib/lib
    /home/perluser/.cpan/build/Cookie-Baker-0.06-1SlnWB/blib/arch
    /home/perluser/.cpan/build/Cookie-Baker-0.06-1SlnWB/blib/lib
    /home/perluser/.cpan/build/Test-Time-0.04-dm87ik/blib/arch
    /home/perluser/.cpan/build/Test-Time-0.04-dm87ik/blib/lib
    /home/perluser/.cpan/build/Test-Name-FromLine-0.13-LbWOLz/blib/arch
    /home/perluser/.cpan/build/Test-Name-FromLine-0.13-LbWOLz/blib/lib
    /home/perluser/.cpan/build/File-Slurp-9999.19-f3iJxd/blib/arch
    /home/perluser/.cpan/build/File-Slurp-9999.19-f3iJxd/blib/lib
    /home/perluser/.cpan/build/Test-Differences-0.64-w4jCHl/blib/arch
    /home/perluser/.cpan/build/Test-Differences-0.64-w4jCHl/blib/lib
    /home/perluser/.cpan/build/Text-Diff-1.43-oWpgPp/blib/arch
    /home/perluser/.cpan/build/Text-Diff-1.43-oWpgPp/blib/lib
    /home/perluser/.cpan/build/Algorithm-Diff-1.1903-LMyeHI/blib/arch
    /home/perluser/.cpan/build/Algorithm-Diff-1.1903-LMyeHI/blib/lib
    /home/perluser/perl5/perlbrew/perls/perl-5.22.1/lib/site_perl/5.22.1/OpenBSD.amd64-openbsd
    /home/perluser/perl5/perlbrew/perls/perl-5.22.1/lib/site_perl/5.22.1
    /home/perluser/perl5/perlbrew/perls/perl-5.22.1/lib/5.22.1/OpenBSD.amd64-openbsd
    /home/perluser/perl5/perlbrew/perls/perl-5.22.1/lib/5.22.1
    .