Back
From: metabase:user:0d96120c-29e2-11e5-b049-ede3035d37de
Subject: FAIL POE-Component-SSLify-1.012 v5.23.1 SunOS/Solaris
Date: 2015-08-15T23:02:57Z
This distribution has been tested as part of the CPAN Testers
project, supporting the Perl programming language. See
http://wiki.cpantesters.org/ for more information or email
questions to cpan-testers-discuss@perl.org
--
Dear Apocalypse,
This is a computer-generated report for POE-Component-SSLify-1.012
on perl 5.23.1, created by CPAN-Reporter-1.2015.
Thank you for uploading your work to CPAN. However, there was a problem
testing your distribution.
If you think this report is invalid, please consult the CPAN Testers Wiki
for suggestions on how to avoid getting FAIL reports for missing library
or binary dependencies, unsupported operating systems, and so on:
http://wiki.cpantesters.org/wiki/CPANAuthorNotes
Sections of this report:
* Tester comments
* Program output
* Prerequisites
* Environment and other context
------------------------------
TESTER COMMENTS
------------------------------
Additional comments from tester:
this report is from an automated smoke testing program
and was not reviewed by a human for accuracy
CPU : Intel(r) Xeon(r) CPU E5-1650 v3 @ 3.50GHz
MEMORY : 8.00 GB
ARCH : i86pc
OS : Solaris 5.11
KERNEL : SunOS 5.11
VIRTUALIZATION : virtualbox
------------------------------
PROGRAM OUTPUT
------------------------------
Output from './Build test':
t/00-compile.t ................ ok
#
# Versions for all modules listed in MYMETA.json (including optional ones):
#
# === Configure Requires ===
#
# Module Want Have
# ------------------- ----- -------
# ExtUtils::MakeMaker any 7.04_01
# Module::Build::Tiny 0.039 0.039
#
# === Test Requires ===
#
# Module Want Have
# --------------------------- -------- --------
# ExtUtils::MakeMaker any 7.04_01
# File::Spec any 3.56
# File::Temp any 0.2304
# IO::Handle 1.28 1.35
# IPC::Open3 any 1.19
# POE 1.267 1.367
# POE::Component::Client::TCP any 1.367
# POE::Component::Server::TCP any 1.367
# POE::Filter::Stream any 1.367
# Socket any 2.020
# Test::FailWarnings any 0.008
# Test::More 1.001002 1.001014
#
# === Test Recommends ===
#
# Module Want Have
# ---------- -------- --------
# CPAN::Meta 2.120900 2.150005
#
# === Runtime Requires ===
#
# Module Want Have
# ------------ ----- -------
# Exporter any 5.72
# IO::Handle 1.28 1.35
# Net::SSLeay 1.36 1.70
# POE 1.267 1.367
# Scalar::Util any 1.42_01
# Symbol any 1.07
# Task::Weaken 1.03 1.04
# parent any 0.234
# strict any 1.09
# warnings any 1.33
#
t/00-report-prereqs.t ......... ok
#
# Net::SSLeay::ver_number is 0x1000108f
# OpenSSL 1.0.1h 5 Jun 2014
# compiler: information not available
# built on: date not available
# platform: information not available
# pogomips: 49842042
t/00-ssleay-info.t ............ ok
t/99_mire_test.t .............. skipped: AUTHOR TEST
t/apocalypse.t ................ skipped: Test::Apocalypse required for validating the distribution
t/connect_hook.t .............. ok
t/connect_hook_nodata.t ....... ok
t/connfail_client.t ........... ok
t/connfail_server.t ........... ok
t/renegotiate_client.t ........ ok
t/renegotiate_client_pings.t .. ok
t/renegotiate_server.t ........ ok
t/simple.t .................... ok
t/simple_large.t .............. ok
t/simple_parallel.t ........... ok
# Failed test 'SERVER: SSLify_Options 29249: private key
# '
# at t/simple_parallel_large.t line 54.
# Failed test 'SERVER: Server_SSLify Please do SSLify_Options() first ( or pass in a $ctx object ) at /export/home/jmaslak/.cpan/build/POE-Component-SSLify-1.012-Jko6RM/blib/lib/POE/Component/SSLify.pm line 247.
# '
# at t/simple_parallel_large.t line 57.
Can't use an undefined value as a symbol reference at /export/home/jmaslak/.cpan/build/POE-Component-SSLify-1.012-Jko6RM/blib/lib/POE/Component/SSLify.pm line 446.
# Tests were run but no plan was declared and done_testing() was not seen.
# Looks like your test exited with 22 just after 111.
t/simple_parallel_large.t .....
Dubious, test returned 22 (wstat 5632, 0x1600)
Failed 2/111 subtests
# Failed test 'WATCHDOG TRIGGERED'
# at t/simple_parallel_superbig.t line 166.
# Looks like you failed 1 test of 110.
t/simple_parallel_superbig.t ..
Dubious, test returned 1 (wstat 256, 0x100)
Failed 1/110 subtests
t/simple_superbig.t ........... ok
t/upgrade.t ................... ok
Test Summary Report
-------------------
t/renegotiate_client_pings.t (Wstat: 0 Tests: 22 Failed: 0)
TODO passed: 15-17
t/simple_parallel_large.t (Wstat: 5632 Tests: 111 Failed: 2)
Failed tests: 110-111
Non-zero exit status: 22
Parse errors: No plan found in TAP output
t/simple_parallel_superbig.t (Wstat: 256 Tests: 110 Failed: 1)
Failed test: 110
Non-zero exit status: 1
Files=19, Tests=540, 962 wallclock secs ( 0.15 usr 0.14 sys + 863.54 cusr 58.03 csys = 921.86 CPU)
Result: FAIL
------------------------------
PREREQUISITES
------------------------------
Prerequisite modules loaded:
requires:
Module Need Have
--------------------------- -------- --------
Exporter 0 5.72
IO::Handle 1.28 1.35
Net::SSLeay 1.36 1.70
parent 0 0.234
perl 5.006 5.023001
POE 1.267 1.367
Scalar::Util 0 1.42_01
strict 0 1.09
Symbol 0 1.07
Task::Weaken 1.03 1.04
warnings 0 1.33
build_requires:
Module Need Have
--------------------------- -------- --------
ExtUtils::MakeMaker 0 7.04_01
File::Spec 0 3.56
File::Temp 0 0.2304
IO::Handle 1.28 1.35
IPC::Open3 0 1.19
perl 5.006 5.023001
POE 1.267 1.367
POE::Component::Client::TCP 0 1.367
POE::Component::Server::TCP 0 1.367
POE::Filter::Stream 0 1.367
Socket 0 2.020
Test::FailWarnings 0 0.008
Test::More 1.001002 1.001014
configure_requires:
Module Need Have
--------------------------- -------- --------
ExtUtils::MakeMaker 0 7.04_01
Module::Build::Tiny 0.039 0.039
perl 5.006 5.023001
opt_build_requires:
Module Need Have
--------------------------- -------- --------
CPAN::Meta 2.120900 2.150005
------------------------------
ENVIRONMENT AND OTHER CONTEXT
------------------------------
Environment variables:
AUTOMATED_TESTING = 1
LANG = en_US.UTF-8
LC_ALL =
LC_COLLATE =
LC_CTYPE =
LC_MESSAGES =
LC_MONETARY =
LC_NUMERIC =
LC_TIME =
NONINTERACTIVE_TESTING = 1
PATH = /export/home/jmaslak/perl5/perlbrew/bin:/export/home/jmaslak/perl5/perlbrew/perls/perl-5.23.1-ld/bin:/export/home/jmaslak/perltest/bin:/export/home/jmaslak/perltest/bin:/export/home/jmaslak/perltest/bin:/export/home/jmaslak/bin:~/bin:/export/home/jmaslak/perl5/perlbrew/bin:/export/home/jmaslak/perl5/perlbrew/perls/perl-5.23.1/bin:/usr/bin:/bin:/usr/ccs/bin:/usr/sbin:/usr/ccs/bin:/opt/solarisstudio12.4/bin:/usr/ucb:~/perltest/bin
PERL5LIB = /export/home/jmaslak/.cpan/build/IRC-Toolkit-0.091001-4gRDhF/blib/arch:/export/home/jmaslak/.cpan/build/IRC-Toolkit-0.091001-4gRDhF/blib/lib:/export/home/jmaslak/.cpan/build/Sub-Infix-0.004-6H2BNO/blib/arch:/export/home/jmaslak/.cpan/build/Sub-Infix-0.004-6H2BNO/blib/lib:/export/home/jmaslak/.cpan/build/List-Objects-Types-1.003001-G7o2wx/blib/arch:/export/home/jmaslak/.cpan/build/List-Objects-Types-1.003001-G7o2wx/blib/lib:/export/home/jmaslak/.cpan/build/List-UtilsBy-XS-0.04-GVuusJ/blib/arch:/export/home/jmaslak/.cpan/build/List-UtilsBy-XS-0.04-GVuusJ/blib/lib:/export/home/jmaslak/.cpan/build/Module-Build-XSUtil-0.16-FnaREv/blib/arch:/export/home/jmaslak/.cpan/build/Module-Build-XSUtil-0.16-FnaREv/blib/lib:/export/home/jmaslak/.cpan/build/Devel-CheckCompiler-0.06-zp4k62/blib/arch:/export/home/jmaslak/.cpan/build/Devel-CheckCompiler-0.06-zp4k62/blib/lib:/export/home/jmaslak/.cpan/build/List-Objects-WithUtils-2.022001-0o36Hh/blib/arch:/export/home/jmaslak/.cpan/build/List-Objects-WithUtils-2.022001-0o36Hh/blib/lib:/export/home/jmaslak/.cpan/build/Net-IP-Minimal-0.06-Pm6GVR/blib/arch:/export/home/jmaslak/.cpan/build/Net-IP-Minimal-0.06-Pm6GVR/blib/lib:/export/home/jmaslak/.cpan/build/POE-Filter-IRCv3-1.002002-51CGSC/blib/arch:/export/home/jmaslak/.cpan/build/POE-Filter-IRCv3-1.002002-51CGSC/blib/lib
PERL5OPT =
PERL5_CPANPLUS_IS_RUNNING = 25772
PERL5_CPAN_IS_RUNNING = 25772
PERL5_CPAN_IS_RUNNING_IN_RECURSION = 8794,25772
PERLBREW_BASHRC_VERSION = 0.73
PERLBREW_HOME = /export/home/jmaslak/.perlbrew
PERLBREW_LIB =
PERLBREW_MANPATH = /export/home/jmaslak/perl5/perlbrew/perls/perl-5.23.1-ld/man
PERLBREW_PATH = /export/home/jmaslak/perl5/perlbrew/bin:/export/home/jmaslak/perl5/perlbrew/perls/perl-5.23.1-ld/bin
PERLBREW_PERL = perl-5.23.1-ld
PERLBREW_ROOT = /export/home/jmaslak/perl5/perlbrew
PERLBREW_VERSION = 0.73
PERL_CR_SMOKER_CURRENT = POEx-IRC-Backend-0.030002
PERL_EXTUTILS_AUTOINSTALL = --defaultdeps
PERL_LOCAL_LIB_ROOT =
PERL_MM_USE_DEFAULT = 1
SHELL = /usr/bin/bash
TERM = screen
Perl special variables (and OS-specific diagnostics, for MSWin32):
$^X = /export/home/jmaslak/perl5/perlbrew/perls/perl-5.23.1-ld/bin/perl5.23.1
$UID/$EUID = 100 / 100
$GID = 10 10
$EGID = 10 10
Perl module toolchain versions installed:
Module Have
------------------- --------
CPAN 2.11
CPAN::Meta 2.150005
Cwd 3.56
ExtUtils::CBuilder 0.280223
ExtUtils::Command 1.20
ExtUtils::Install 2.04
ExtUtils::MakeMaker 7.04_01
ExtUtils::Manifest 1.70
ExtUtils::ParseXS 3.28
File::Spec 3.56
JSON 2.90
JSON::PP 2.27300
Module::Build 0.4214
Module::Signature n/a
Parse::CPAN::Meta 1.4417
Test::Harness 3.35
Test::More 1.001014
YAML 1.15
YAML::Syck n/a
version 0.9909
--
Summary of my perl5 (revision 5 version 23 subversion 1) configuration:
Platform:
osname=solaris, osvers=2.11, archname=i86pc-solaris-ld
uname='sunos solaris.antelope.net 5.11 11.2 i86pc i386 i86pc '
config_args='-de -Dprefix=/export/home/jmaslak/perl5/perlbrew/perls/perl-5.23.1-ld -Duselongdouble -Dusedevel -Aeval:scriptdir=/export/home/jmaslak/perl5/perlbrew/perls/perl-5.23.1-ld/bin'
hint=recommended, useposix=true, d_sigaction=define
useithreads=undef, usemultiplicity=undef
use64bitint=undef, use64bitall=undef, uselongdouble=define
usemymalloc=n, bincompat5005=undef
Compiler:
cc='/opt/solarisstudio12.4/bin/cc', ccflags ='-I/usr/gnu/include -D_LARGEFILE_SOURCE -D_FILE_OFFSET_BITS=64 -DPERL_USE_SAFE_PUTENV',
optimize='-O',
cppflags='-I/usr/gnu/include'
ccversion='Sun C 5.13 SunOS_i386 2014/10/20', gccversion='', gccosandvers=''
intsize=4, longsize=4, ptrsize=4, doublesize=8, byteorder=1234, doublekind=3
d_longlong=define, longlongsize=8, d_longdbl=define, longdblsize=12, longdblkind=3
ivtype='long', ivsize=4, nvtype='long double', nvsize=12, Off_t='off_t', lseeksize=8
alignbytes=4, prototype=define
Linker and Libraries:
ld='/opt/solarisstudio12.4/bin/cc', ldflags =' -L/usr/lib -L/usr/ccs/lib -L/opt/solarisstudio12.4/lib/compilers/staticlib -L/opt/solarisstudio12.4/lib/compilers/sse2 -L/opt/solarisstudio12.4/lib/compilers -L/lib -L/usr/gnu/lib '
libpth=/usr/lib /usr/ccs/lib /opt/solarisstudio12.4/lib/compilers/staticlib /opt/solarisstudio12.4/lib/compilers/sse2 /opt/solarisstudio12.4/lib/compilers /lib /usr/gnu/lib
libs=-lpthread -lsocket -lnsl -lgdbm -ldb -ldl -lm -lc -lsunmath
perllibs=-lpthread -lsocket -lnsl -ldl -lm -lc -lsunmath
libc=/lib/libc.so, so=so, useshrplib=false, libperl=libperl.a
gnulibc_version=''
Dynamic Linking:
dlsrc=dl_dlopen.xs, dlext=so, d_dlsymun=undef, ccdlflags=' '
cccdlflags='-KPIC', lddlflags='-G -L/usr/lib -L/usr/ccs/lib -L/opt/solarisstudio12.4/lib/compilers/staticlib -L/opt/solarisstudio12.4/lib/compilers/sse2 -L/opt/solarisstudio12.4/lib/compilers -L/lib -L/usr/gnu/lib'
Characteristics of this binary (from libperl):
Compile-time options: HAS_TIMES PERLIO_LAYERS PERL_COPY_ON_WRITE
PERL_DONT_CREATE_GVSV
PERL_HASH_FUNC_ONE_AT_A_TIME_HARD PERL_MALLOC_WRAP
PERL_PRESERVE_IVUV PERL_USE_DEVEL
PERL_USE_SAFE_PUTENV USE_LARGE_FILES USE_LOCALE
USE_LOCALE_COLLATE USE_LOCALE_CTYPE
USE_LOCALE_NUMERIC USE_LOCALE_TIME USE_LONG_DOUBLE
USE_PERLIO USE_PERL_ATOF
Locally applied patches:
Devel::PatchPerl 1.38
Built under solaris
Compiled at Jul 25 2015 00:29:56
%ENV:
PERL5LIB="/export/home/jmaslak/.cpan/build/IRC-Toolkit-0.091001-4gRDhF/blib/arch:/export/home/jmaslak/.cpan/build/IRC-Toolkit-0.091001-4gRDhF/blib/lib:/export/home/jmaslak/.cpan/build/Sub-Infix-0.004-6H2BNO/blib/arch:/export/home/jmaslak/.cpan/build/Sub-Infix-0.004-6H2BNO/blib/lib:/export/home/jmaslak/.cpan/build/List-Objects-Types-1.003001-G7o2wx/blib/arch:/export/home/jmaslak/.cpan/build/List-Objects-Types-1.003001-G7o2wx/blib/lib:/export/home/jmaslak/.cpan/build/List-UtilsBy-XS-0.04-GVuusJ/blib/arch:/export/home/jmaslak/.cpan/build/List-UtilsBy-XS-0.04-GVuusJ/blib/lib:/export/home/jmaslak/.cpan/build/Module-Build-XSUtil-0.16-FnaREv/blib/arch:/export/home/jmaslak/.cpan/build/Module-Build-XSUtil-0.16-FnaREv/blib/lib:/export/home/jmaslak/.cpan/build/Devel-CheckCompiler-0.06-zp4k62/blib/arch:/export/home/jmaslak/.cpan/build/Devel-CheckCompiler-0.06-zp4k62/blib/lib:/export/home/jmaslak/.cpan/build/List-Objects-WithUtils-2.022001-0o36Hh/blib/arch:/export/home/jmaslak/.cpan/build/List-Objects-WithUtils-2.022001-0o36Hh/blib/lib:/export/home/jmaslak/.cpan/build/Net-IP-Minimal-0.06-Pm6GVR/blib/arch:/export/home/jmaslak/.cpan/build/Net-IP-Minimal-0.06-Pm6GVR/blib/lib:/export/home/jmaslak/.cpan/build/POE-Filter-IRCv3-1.002002-51CGSC/blib/arch:/export/home/jmaslak/.cpan/build/POE-Filter-IRCv3-1.002002-51CGSC/blib/lib"
PERL5OPT=""
PERL5_CPANPLUS_IS_RUNNING="25772"
PERL5_CPAN_IS_RUNNING="25772"
PERL5_CPAN_IS_RUNNING_IN_RECURSION="8794,25772"
PERLBREW_BASHRC_VERSION="0.73"
PERLBREW_HOME="/export/home/jmaslak/.perlbrew"
PERLBREW_LIB=""
PERLBREW_MANPATH="/export/home/jmaslak/perl5/perlbrew/perls/perl-5.23.1-ld/man"
PERLBREW_PATH="/export/home/jmaslak/perl5/perlbrew/bin:/export/home/jmaslak/perl5/perlbrew/perls/perl-5.23.1-ld/bin"
PERLBREW_PERL="perl-5.23.1-ld"
PERLBREW_ROOT="/export/home/jmaslak/perl5/perlbrew"
PERLBREW_VERSION="0.73"
PERL_CR_SMOKER_CURRENT="POEx-IRC-Backend-0.030002"
PERL_EXTUTILS_AUTOINSTALL="--defaultdeps"
PERL_LOCAL_LIB_ROOT=""
PERL_MM_USE_DEFAULT="1"
@INC:
/export/home/jmaslak/.cpan/build/IRC-Toolkit-0.091001-4gRDhF/blib/arch
/export/home/jmaslak/.cpan/build/IRC-Toolkit-0.091001-4gRDhF/blib/lib
/export/home/jmaslak/.cpan/build/Sub-Infix-0.004-6H2BNO/blib/arch
/export/home/jmaslak/.cpan/build/Sub-Infix-0.004-6H2BNO/blib/lib
/export/home/jmaslak/.cpan/build/List-Objects-Types-1.003001-G7o2wx/blib/arch
/export/home/jmaslak/.cpan/build/List-Objects-Types-1.003001-G7o2wx/blib/lib
/export/home/jmaslak/.cpan/build/List-UtilsBy-XS-0.04-GVuusJ/blib/arch
/export/home/jmaslak/.cpan/build/List-UtilsBy-XS-0.04-GVuusJ/blib/lib
/export/home/jmaslak/.cpan/build/Module-Build-XSUtil-0.16-FnaREv/blib/arch
/export/home/jmaslak/.cpan/build/Module-Build-XSUtil-0.16-FnaREv/blib/lib
/export/home/jmaslak/.cpan/build/Devel-CheckCompiler-0.06-zp4k62/blib/arch
/export/home/jmaslak/.cpan/build/Devel-CheckCompiler-0.06-zp4k62/blib/lib
/export/home/jmaslak/.cpan/build/List-Objects-WithUtils-2.022001-0o36Hh/blib/arch
/export/home/jmaslak/.cpan/build/List-Objects-WithUtils-2.022001-0o36Hh/blib/lib
/export/home/jmaslak/.cpan/build/Net-IP-Minimal-0.06-Pm6GVR/blib/arch
/export/home/jmaslak/.cpan/build/Net-IP-Minimal-0.06-Pm6GVR/blib/lib
/export/home/jmaslak/.cpan/build/POE-Filter-IRCv3-1.002002-51CGSC/blib/arch
/export/home/jmaslak/.cpan/build/POE-Filter-IRCv3-1.002002-51CGSC/blib/lib
/export/home/jmaslak/perl5/perlbrew/perls/perl-5.23.1-ld/lib/site_perl/5.23.1/i86pc-solaris-ld
/export/home/jmaslak/perl5/perlbrew/perls/perl-5.23.1-ld/lib/site_perl/5.23.1
/export/home/jmaslak/perl5/perlbrew/perls/perl-5.23.1-ld/lib/5.23.1/i86pc-solaris-ld
/export/home/jmaslak/perl5/perlbrew/perls/perl-5.23.1-ld/lib/5.23.1
.