App-proxyforurl v1.02 Perl 5 v5.16.2 x86_64-linux-ld

Status
Fail
From
Chris Williams (BINGOS)
Dist
App-proxyforurl v1.02
Platform
Perl 5 v5.16.2 x86_64-linux-ld
Date
2023-03-12 07:44:49
ID
c47c8d32-c0a9-11ed-aba6-9a79f339625c
This distribution has been tested as part of the CPAN Testers
project, supporting the Perl programming language.  See
http://wiki.cpantesters.org/ for more information or email
questions to cpan-testers-discuss@perl.org


--

Dear JHTHORSEN,

This is a computer-generated error report created automatically by
CPANPLUS, version 0.9914. Testers personal comments may appear
at the end of this report.


Thank you for uploading your work to CPAN.  However, it appears that
there were some problems testing your distribution.

TEST RESULTS:

Below is the error stack from stage 'make test':

PERL_DL_NONLAZY=1 "/home/cpan/pit/bare-ld/perl-5.16.2/bin/perl" "-MExtUtils::Command::MM" "-MTest::Harness" "-e" "undef *Test::Harness::Switches; test_harness(0, 'blib/lib', 'blib/arch')" t/*.t
t/00-project.t .. skipped: No such directory: .git
t/api.t ......... skipped: developer testing only
Can't load application from file "/home/cpan/pit/bare-ld/conf/perl-5.16.2/.cpanplus/5.16.2/build/Zg_zJCqsGd/App-proxyforurl-1.02/script/proxyforurl": Subroutine signatures require Perl 5.20+ at /home/cpan/pit/bare-ld/conf/perl-5.16.2/.cpanplus/5.16.2/build/Zg_zJCqsGd/App-proxyforurl-1.02/script/proxyforurl line 2.
BEGIN failed--compilation aborted at /home/cpan/pit/bare-ld/conf/perl-5.16.2/.cpanplus/5.16.2/build/Zg_zJCqsGd/App-proxyforurl-1.02/script/proxyforurl line 2.
Compilation failed in require at (eval 65) line 1.
t/app.t ......... 
Dubious, test returned 2 (wstat 512, 0x200)
No subtests run 
Can't load application from file "/home/cpan/pit/bare-ld/conf/perl-5.16.2/.cpanplus/5.16.2/build/Zg_zJCqsGd/App-proxyforurl-1.02/script/proxyforurl": Subroutine signatures require Perl 5.20+ at /home/cpan/pit/bare-ld/conf/perl-5.16.2/.cpanplus/5.16.2/build/Zg_zJCqsGd/App-proxyforurl-1.02/script/proxyforurl line 2.
BEGIN failed--compilation aborted at /home/cpan/pit/bare-ld/conf/perl-5.16.2/.cpanplus/5.16.2/build/Zg_zJCqsGd/App-proxyforurl-1.02/script/proxyforurl line 2.
Compilation failed in require at (eval 65) line 1.
t/env.t ......... 
Dubious, test returned 2 (wstat 512, 0x200)
No subtests run 

Test Summary Report
-------------------
t/app.t       (Wstat: 512 (exited 2) Tests: 0 Failed: 0)
  Non-zero exit status: 2
  Parse errors: No plan found in TAP output
t/env.t       (Wstat: 512 (exited 2) Tests: 0 Failed: 0)
  Non-zero exit status: 2
  Parse errors: No plan found in TAP output
Files=4, Tests=0,  1 wallclock secs ( 0.01 usr  0.00 sys +  0.56 cusr  0.08 csys =  0.65 CPU)
Result: FAIL
Failed 2/4 test programs. 0/0 subtests failed.
make: *** [Makefile:889: test_dynamic] Error 2


PREREQUISITES:

Here is a list of prerequisites you specified and versions we
managed to load:

	  Module Name                        Have     Want
	  ExtUtils::MakeMaker                7.64        0
	  Mojolicious                        9.31     9.11
	  NetAddr::IP                       4.079     4.00
	  Test::More                     1.302191     0.88

Perl module toolchain versions installed:
	Module Name                        Have
	CPANPLUS                         0.9914
	CPANPLUS::Dist::Build              0.90
	Cwd                                3.75
	ExtUtils::CBuilder             0.280236
	ExtUtils::Command                  7.64
	ExtUtils::Install                  2.20
	ExtUtils::MakeMaker                7.64
	ExtUtils::Manifest                 1.73
	ExtUtils::ParseXS                  3.44
	File::Spec                         3.75
	Module::Build                    0.4231
	Pod::Parser                        1.51
	Pod::Simple                        3.20
	Test2                          1.302191
	Test::Harness                      3.44
	Test::More                     1.302191
	version                          0.9929

******************************** NOTE ********************************
The comments above are created mechanically, possibly without manual
checking by the sender.  As there are many people performing automatic
tests on each upload to CPAN, it is likely that you will receive
identical messages about the same problem.

If you believe that the message is mistaken, please reply to the first
one with correction and/or additional informations, and do not take
it personally.  We appreciate your patience. :)
**********************************************************************

Additional comments:


This report was machine-generated by CPANPLUS::Dist::YACSmoke 1.08.
Powered by minismokebox version 0.68

CPANPLUS is prefering Build.PL

------------------------------
ENVIRONMENT AND OTHER CONTEXT
------------------------------

Environment variables:

    AUTOMATED_TESTING = 1
    LANG = en_GB.UTF-8
    LANGUAGE = en_GB:en
    NONINTERACTIVE_TESTING = 1
    PATH = /usr/local/sbin:/usr/local/bin:/usr/sbin:/usr/bin:/sbin:/bin:/usr/games:/usr/local/games:/snap/bin
    PERL5LIB = /home/cpan/pit/jail/IN1c5zhE2A/lib/perl5:/home/cpan/pit/bare-ld/conf/perl-5.16.2/.cpanplus/5.16.2/build/Zg_zJCqsGd/App-proxyforurl-1.02/blib/lib:/home/cpan/pit/bare-ld/conf/perl-5.16.2/.cpanplus/5.16.2/build/Zg_zJCqsGd/App-proxyforurl-1.02/blib/arch
    PERL5_CPANPLUS_IS_RUNNING = 2725872
    PERL5_CPANPLUS_IS_VERSION = 0.9914
    PERL5_MINISMOKEBOX = 0.68
    PERL5_YACSMOKE_BASE = /home/cpan/pit/bare-ld/conf/perl-5.16.2
    PERL_EXTUTILS_AUTOINSTALL = --defaultdeps
    PERL_LOCAL_LIB_ROOT = /home/cpan/pit/jail/IN1c5zhE2A
    PERL_MB_OPT = --install_base "/home/cpan/pit/jail/IN1c5zhE2A"
    PERL_MM_OPT = INSTALL_BASE=/home/cpan/pit/jail/IN1c5zhE2A
    PERL_MM_USE_DEFAULT = 1
    SHELL = /bin/bash
    TERM = screen.xterm-256color

Perl special variables (and OS-specific diagnostics, for MSWin32):

    Perl: $^X = /home/cpan/pit/bare-ld/perl-5.16.2/bin/perl
    UID:  $<  = 1001
    EUID: $>  = 1001
    GID:  $(  = 1001 1001
    EGID: $)  = 1001 1001


-------------------------------


--

Summary of my perl5 (revision 5 version 16 subversion 2) configuration:
   
  Platform:
    osname=linux, osvers=5.4.0-26-generic, archname=x86_64-linux-ld
    uname='linux uchder 5.4.0-26-generic #30-ubuntu smp mon apr 20 16:58:30 utc 2020 x86_64 x86_64 x86_64 gnulinux '
    config_args='-des -Dprefix=/home/cpan/pit/bare-ld/perl-5.16.2 -Duselongdouble'
    hint=recommended, useposix=true, d_sigaction=define
    useithreads=undef, usemultiplicity=undef
    useperlio=define, d_sfio=undef, uselargefiles=define, usesocks=undef
    use64bitint=define, use64bitall=define, uselongdouble=define
    usemymalloc=n, bincompat5005=undef
  Compiler:
    cc='cc', ccflags ='-fwrapv -fno-strict-aliasing -pipe -fstack-protector -I/usr/local/include -D_LARGEFILE_SOURCE -D_FILE_OFFSET_BITS=64',
    optimize='-O2',
    cppflags='-fwrapv -fno-strict-aliasing -pipe -fstack-protector -I/usr/local/include'
    ccversion='', gccversion='9.3.0', gccosandvers=''
    intsize=4, longsize=8, ptrsize=8, doublesize=8, byteorder=12345678
    d_longlong=define, longlongsize=8, d_longdbl=define, longdblsize=16
    ivtype='long', ivsize=8, nvtype='long double', nvsize=16, Off_t='off_t', lseeksize=8
    alignbytes=16, prototype=define
  Linker and Libraries:
    ld='cc', ldflags =' -fstack-protector -L/usr/local/lib'
    libpth=/usr/local/lib /lib/x86_64-linux-gnu /lib/../lib /usr/lib/x86_64-linux-gnu /usr/lib/../lib /lib /usr/lib
    libs=-lnsl -lgdbm -ldl -lm -lcrypt -lutil -lc
    perllibs=-lnsl -ldl -lm -lcrypt -lutil -lc
    libc=libc-2.31.so, so=so, useshrplib=false, libperl=libperl.a
    gnulibc_version='2.31'
  Dynamic Linking:
    dlsrc=dl_dlopen.xs, dlext=so, d_dlsymun=undef, ccdlflags='-Wl,-E'
    cccdlflags='-fPIC', lddlflags='-shared -O2 -L/usr/local/lib -fstack-protector'


Characteristics of this binary (from libperl): 
  Compile-time options: HAS_TIMES PERLIO_LAYERS PERL_DONT_CREATE_GVSV
                        PERL_MALLOC_WRAP PERL_PRESERVE_IVUV USE_64_BIT_ALL
                        USE_64_BIT_INT USE_LARGE_FILES USE_LOCALE
                        USE_LOCALE_COLLATE USE_LOCALE_CTYPE
                        USE_LOCALE_NUMERIC USE_LONG_DOUBLE USE_PERLIO
                        USE_PERL_ATOF
  Locally applied patches:
	Devel::PatchPerl 1.90
  Built under linux
  Compiled at Apr 27 2020 13:01:35
  %ENV:
    PERL5LIB="/home/cpan/pit/jail/IN1c5zhE2A/lib/perl5:/home/cpan/pit/bare-ld/conf/perl-5.16.2/.cpanplus/5.16.2/build/Zg_zJCqsGd/App-proxyforurl-1.02/blib/lib:/home/cpan/pit/bare-ld/conf/perl-5.16.2/.cpanplus/5.16.2/build/Zg_zJCqsGd/App-proxyforurl-1.02/blib/arch"
    PERL5_CPANPLUS_IS_RUNNING="2725872"
    PERL5_CPANPLUS_IS_VERSION="0.9914"
    PERL5_MINISMOKEBOX="0.68"
    PERL5_YACSMOKE_BASE="/home/cpan/pit/bare-ld/conf/perl-5.16.2"
    PERL_EXTUTILS_AUTOINSTALL="--defaultdeps"
    PERL_LOCAL_LIB_ROOT="/home/cpan/pit/jail/IN1c5zhE2A"
    PERL_MB_OPT="--install_base "/home/cpan/pit/jail/IN1c5zhE2A""
    PERL_MM_OPT="INSTALL_BASE=/home/cpan/pit/jail/IN1c5zhE2A"
    PERL_MM_USE_DEFAULT="1"
  @INC:
    /home/cpan/pit/jail/IN1c5zhE2A/lib/perl5/5.16.2/x86_64-linux-ld
    /home/cpan/pit/jail/IN1c5zhE2A/lib/perl5/5.16.2
    /home/cpan/pit/jail/IN1c5zhE2A/lib/perl5/x86_64-linux-ld
    /home/cpan/pit/jail/IN1c5zhE2A/lib/perl5
    /home/cpan/pit/bare-ld/conf/perl-5.16.2/.cpanplus/5.16.2/build/Zg_zJCqsGd/App-proxyforurl-1.02/blib/lib
    /home/cpan/pit/bare-ld/conf/perl-5.16.2/.cpanplus/5.16.2/build/Zg_zJCqsGd/App-proxyforurl-1.02/blib/arch
    /home/cpan/pit/bare-ld/perl-5.16.2/lib/site_perl/5.16.2/x86_64-linux-ld
    /home/cpan/pit/bare-ld/perl-5.16.2/lib/site_perl/5.16.2
    /home/cpan/pit/bare-ld/perl-5.16.2/lib/5.16.2/x86_64-linux-ld
    /home/cpan/pit/bare-ld/perl-5.16.2/lib/5.16.2
    .