Acme-NumericMethod v0.05 Perl 5 v5.8.5 x86_64-linux
- Status
- Na
- From
- Nigel Horne
- Dist
-
Acme-NumericMethod v0.05
- Platform
- Perl 5 v5.8.5 x86_64-linux
- Date
- 2020-02-18 14:48:46
- ID
- c42354fa-525d-11ea-afeb-f59b756f6aa1
This distribution has been tested as part of the CPAN Testers
project, supporting the Perl programming language. See
http://wiki.cpantesters.org/ for more information or email
questions to cpan-testers-discuss@perl.org
--
Dear Yuki Yahata,
This is a computer-generated report for Acme-NumericMethod-0.05
on perl 5.8.5, created by CPAN-Reporter-1.2018.
Thank you for uploading your work to CPAN. While attempting to build or test
this distribution, the distribution signaled that support is not available
either for this operating system or this version of Perl. Nevertheless, any
diagnostic output produced is provided below for reference. If this is not
what you expect, you may wish to consult the CPAN Testers Wiki:
http://wiki.cpantesters.org/wiki/CPANAuthorNotes
Sections of this report:
* Tester comments
* Program output
* Prerequisites
* Environment and other context
------------------------------
TESTER COMMENTS
------------------------------
Additional comments from tester:
this report is from an automated smoke testing program
and was not reviewed by a human for accuracy
------------------------------
PROGRAM OUTPUT
------------------------------
Output from './Build test':
Perl v5.8.8 required--this is only v5.8.5, stopped at /home/njh/.cpan/build/Acme-NumericMethod-0.05-2/blib/lib/Acme/NumericMethod.pm line 2.
BEGIN failed--compilation aborted at /home/njh/.cpan/build/Acme-NumericMethod-0.05-2/blib/lib/Acme/NumericMethod.pm line 2.
Compilation failed in require at t/01.one.t line 4.
BEGIN failed--compilation aborted at t/01.one.t line 4.
# Looks like your test exited with 9 before it could output anything.
t/01.one.t ..........
Dubious, test returned 9 (wstat 2304, 0x900)
Failed 1/1 subtests
# Failed test 'use Acme::NumericMethod;'
# at t/00.use.t line 6.
# Tried to use 'Acme::NumericMethod'.
# Error: Perl v5.8.8 required--this is only v5.8.5, stopped at /home/njh/.cpan/build/Acme-NumericMethod-0.05-2/blib/lib/Acme/NumericMethod.pm line 2.
# BEGIN failed--compilation aborted at /home/njh/.cpan/build/Acme-NumericMethod-0.05-2/blib/lib/Acme/NumericMethod.pm line 2.
# Compilation failed in require at t/00.use.t line 6.
# BEGIN failed--compilation aborted at t/00.use.t line 6.
# Looks like you failed 1 test of 2.
t/00.use.t ..........
Dubious, test returned 1 (wstat 256, 0x100)
Failed 1/2 subtests
Perl v5.8.8 required--this is only v5.8.5, stopped at /home/njh/.cpan/build/Acme-NumericMethod-0.05-2/blib/lib/Acme/NumericMethod.pm line 2.
BEGIN failed--compilation aborted at /home/njh/.cpan/build/Acme-NumericMethod-0.05-2/blib/lib/Acme/NumericMethod.pm line 2.
Compilation failed in require at t/04.one_hundred.t line 3.
BEGIN failed--compilation aborted at t/04.one_hundred.t line 3.
# Looks like your test exited with 9 before it could output anything.
t/04.one_hundred.t ..
Dubious, test returned 9 (wstat 2304, 0x900)
Failed 2/2 subtests
Test Summary Report
-------------------
t/01.one.t (Wstat: 2304 Tests: 0 Failed: 0)
Non-zero exit status: 9
Parse errors: Bad plan. You planned 1 tests but ran 0.
t/00.use.t (Wstat: 256 Tests: 2 Failed: 1)
Failed test: 1
Non-zero exit status: 1
t/04.one_hundred.t (Wstat: 2304 Tests: 0 Failed: 0)
Non-zero exit status: 9
Parse errors: Bad plan. You planned 2 tests but ran 0.
Files=3, Tests=2, 0 wallclock secs ( 0.02 usr 0.01 sys + 0.11 cusr 0.04 csys = 0.18 CPU)
Result: FAIL
------------------------------
PREREQUISITES
------------------------------
Prerequisite modules loaded:
requires:
Module Need Have
---------------------- ----- --------
Lingua::EN::Words2Nums 0 0
build_requires:
Module Need Have
---------------------- ----- --------
Test::More 0 1.302170
configure_requires:
Module Need Have
---------------------- ----- --------
Module::Build::Tiny 0.034 0.039
------------------------------
ENVIRONMENT AND OTHER CONTEXT
------------------------------
Environment variables:
AUTOMATED_TESTING = 1
HARNESS_OPTIONS = j3
LANG = en_US.UTF-8
PATH = /home/njh/perl5/perlbrew/bin:/home/njh/perl5/perlbrew/perls/perl-5.8.5/bin:/home/njh/src/njh/smoker/bin:/usr/bin:/bin
PERL5LIB = /home/njh/.cpan/build/Lingua-EN-Words2Nums-0.18-2/blib/arch:/home/njh/.cpan/build/Lingua-EN-Words2Nums-0.18-2/blib/lib
PERL5OPT =
PERL5_CPANPLUS_IS_RUNNING = 22972
PERL5_CPAN_IS_RUNNING = 22972
PERL5_CPAN_IS_RUNNING_IN_RECURSION = 22947,22972
PERLBREW_HOME = /home/njh/.perlbrew
PERLBREW_MANPATH = /home/njh/perl5/perlbrew/perls/perl-5.8.5/man
PERLBREW_PATH = /home/njh/perl5/perlbrew/bin:/home/njh/perl5/perlbrew/perls/perl-5.8.5/bin
PERLBREW_PERL = perl-5.8.5
PERLBREW_ROOT = /home/njh/perl5/perlbrew
PERLBREW_SHELLRC_VERSION = 0.87
PERLBREW_VERSION = 0.87
PERL_USE_UNSAFE_INC = 1
SHELL = /usr/bin/bash
TMPDIR = /tmp/testwrapper.22957
Perl special variables (and OS-specific diagnostics, for MSWin32):
$^X = /home/njh/perl5/perlbrew/perls/perl-5.8.5/bin/perl
$UID/$EUID = 1000 / 1000
$GID = 1000 1000
$EGID = 1000 1000
Perl module toolchain versions installed:
Module Have
------------------- --------
CPAN 2.27
CPAN::Meta 2.150010
Cwd 3.75
ExtUtils::CBuilder 0.280231
ExtUtils::Command 7.38
ExtUtils::Install 2.06
ExtUtils::MakeMaker 7.38
ExtUtils::Manifest 1.70
ExtUtils::ParseXS 3.35
File::Spec 3.75
JSON 4.02
JSON::PP 4.04
Module::Build 0.4229
Module::Signature 0.83
Parse::CPAN::Meta 2.150010
Test::Harness 3.42
Test::More 1.302170
YAML n/a
YAML::Syck 1.31
version 0.9924
--
Summary of my perl5 (revision 5 version 8 subversion 5) configuration:
Platform:
osname=linux, osvers=4.18.0-80.el8.x86_64, archname=x86_64-linux
uname='linux smoker01 4.18.0-80.el8.x86_64 #1 smp tue jun 4 09:19:46 utc 2019 x86_64 x86_64 x86_64 gnulinux '
config_args='-de -Dprefix=/home/njh/perl5/perlbrew/perls/perl-5.8.5 -Aeval:scriptdir=/home/njh/perl5/perlbrew/perls/perl-5.8.5/bin'
hint=recommended, useposix=true, d_sigaction=define
usethreads=undef use5005threads=undef useithreads=undef usemultiplicity=undef
useperlio=define d_sfio=undef uselargefiles=define usesocks=undef
use64bitint=define use64bitall=define uselongdouble=undef
usemymalloc=n, bincompat5005=undef
Compiler:
cc='cc', ccflags ='-fwrapv -fno-strict-aliasing -pipe -I/usr/local/include -D_LARGEFILE_SOURCE -D_FILE_OFFSET_BITS=64',
optimize='-O2',
cppflags='-fwrapv -fno-strict-aliasing -pipe -I/usr/local/include'
ccversion='', gccversion='8.2.1 20180905 (Red Hat 8.2.1-3)', gccosandvers=''
intsize=4, longsize=8, ptrsize=8, doublesize=8, byteorder=12345678
d_longlong=define, longlongsize=8, d_longdbl=define, longdblsize=16
ivtype='long', ivsize=8, nvtype='double', nvsize=8, Off_t='off_t', lseeksize=8
alignbytes=8, prototype=define
Linker and Libraries:
ld='cc', ldflags =' -L/usr/local/lib'
libpth=/usr/local/lib /lib/../lib64 /usr/lib/../lib64 /lib /usr/lib
libs=-ldl -lm -lcrypt -lutil -lc
perllibs=-ldl -lm -lcrypt -lutil -lc
libc=libc-2.28.so, so=so, useshrplib=false, libperl=libperl.a
gnulibc_version='2.28'
Dynamic Linking:
dlsrc=dl_dlopen.xs, dlext=so, d_dlsymun=undef, ccdlflags='-Wl,-E'
cccdlflags='-fpic', lddlflags='-shared -L/usr/local/lib'
Characteristics of this binary (from libperl):
Compile-time options: USE_64_BIT_INT USE_64_BIT_ALL USE_LARGE_FILES
Locally applied patches:
Devel::PatchPerl 1.80
Built under linux
Compiled at Dec 7 2019 14:10:08
%ENV:
PERL5LIB="/home/njh/.cpan/build/Lingua-EN-Words2Nums-0.18-2/blib/arch:/home/njh/.cpan/build/Lingua-EN-Words2Nums-0.18-2/blib/lib"
PERL5OPT=""
PERL5_CPANPLUS_IS_RUNNING="22972"
PERL5_CPAN_IS_RUNNING="22972"
PERL5_CPAN_IS_RUNNING_IN_RECURSION="22947,22972"
PERLBREW_HOME="/home/njh/.perlbrew"
PERLBREW_MANPATH="/home/njh/perl5/perlbrew/perls/perl-5.8.5/man"
PERLBREW_PATH="/home/njh/perl5/perlbrew/bin:/home/njh/perl5/perlbrew/perls/perl-5.8.5/bin"
PERLBREW_PERL="perl-5.8.5"
PERLBREW_ROOT="/home/njh/perl5/perlbrew"
PERLBREW_SHELLRC_VERSION="0.87"
PERLBREW_VERSION="0.87"
PERL_USE_UNSAFE_INC="1"
@INC:
/home/njh/.cpan/build/Lingua-EN-Words2Nums-0.18-2/blib/arch
/home/njh/.cpan/build/Lingua-EN-Words2Nums-0.18-2/blib/lib
/home/njh/perl5/perlbrew/perls/perl-5.8.5/lib/5.8.5/x86_64-linux
/home/njh/perl5/perlbrew/perls/perl-5.8.5/lib/5.8.5
/home/njh/perl5/perlbrew/perls/perl-5.8.5/lib/site_perl/5.8.5/x86_64-linux
/home/njh/perl5/perlbrew/perls/perl-5.8.5/lib/site_perl/5.8.5
/home/njh/perl5/perlbrew/perls/perl-5.8.5/lib/site_perl
.