Report for CSS-Croco-0.09

Back
From: metabase:user:314402c4-2aae-11df-837a-5e0a49663a4f
Subject: FAIL CSS-Croco-0.09 v5.23.4 GNU/Linux
Date: 2015-11-11T20:21:18Z

This distribution has been tested as part of the CPAN Testers
project, supporting the Perl programming language.  See
http://wiki.cpantesters.org/ for more information or email
questions to cpan-testers-discuss@perl.org


--
Dear Andrey Kostenko,

This is a computer-generated report for CSS-Croco-0.09
on perl 5.23.4, created by CPAN-Reporter-1.2015.

Thank you for uploading your work to CPAN.  However, there was a problem
testing your distribution.

If you think this report is invalid, please consult the CPAN Testers Wiki
for suggestions on how to avoid getting FAIL reports for missing library
or binary dependencies, unsupported operating systems, and so on:

http://wiki.cpantesters.org/wiki/CPANAuthorNotes

Sections of this report:

    * Tester comments
    * Program output
    * Prerequisites
    * Environment and other context

------------------------------
TESTER COMMENTS
------------------------------

Additional comments from tester:

none provided

------------------------------
PROGRAM OUTPUT
------------------------------

Output from '/usr/bin/make test':

Running Mkbootstrap for CSS::Croco ()
chmod 644 "Croco.bs"
PERL_DL_NONLAZY=1 "/bbbike/perl-5.23.4/bin/perl5.23.4" "-MExtUtils::Command::MM" "-MTest::Harness" "-e" "undef *Test::Harness::Switches; test_harness(0, 'inc', 'blib/lib', 'blib/arch')" t/*.t
t/changes.t ....... ok
t/CSS-Croco.t ..... ok
t/heavy.t ......... ok
These tests should not be running unless AUTHOR_TESTING=1 and/or RELEASE_TESTING=1!

#   Failed test 'use_strict'
#   at t/kwalitee.t line 3.
# Error: This distribution does not 'use strict;' (or its equivalents) in all of its modules. Note that this is not about the actual strictness of the modules. It's bad if nobody can tell whether the modules are strictly written or not, without reading the source code of your favorite clever module that actually enforces strictness. In other words, it's bad if someone feels the need to add 'use strict' to your modules.
# Details:
# The following modules don't use strict (or equivalents): CSS::Croco::Selector, CSS::Croco::Selector, CSS::Croco::StyleSheet, CSS::Croco::StyleSheet
# CSS::Croco::Selector, CSS::Croco::Selector, CSS::Croco::StyleSheet, CSS::Croco::StyleSheet
# Remedy: Add 'use strict' (or its equivalents) to all modules, or convince us that your favorite module is well-known enough and people can easily see the modules are strictly written.
# Looks like you failed 1 test of 17.
t/kwalitee.t ...... 
Dubious, test returned 1 (wstat 256, 0x100)
Failed 1/17 subtests 
t/pod-coverage.t .. ok
t/pod.t ........... ok

Test Summary Report
-------------------
t/heavy.t       (Wstat: 0 Tests: 4805 Failed: 0)
  TODO passed:   3518, 4805
t/kwalitee.t    (Wstat: 256 Tests: 17 Failed: 1)
  Failed test:  17
  Non-zero exit status: 1
Files=6, Tests=4865,  2 wallclock secs ( 0.35 usr  0.04 sys +  0.90 cusr  0.16 csys =  1.45 CPU)
Result: FAIL
Failed 1/6 test programs. 1/4865 subtests failed.
make: *** [test_dynamic] Error 255

------------------------------
PREREQUISITES
------------------------------

Prerequisite modules loaded:

requires:

    Module              Need Have
    ------------------- ---- ----
    ExtUtils::MakeMaker 6.42 7.10
    URI                 0    1.69

build_requires:

    Module              Need Have
    ------------------- ---- ----
    ExtUtils::MakeMaker 0    7.10

configure_requires:

    Module              Need Have
    ------------------- ---- ----
    ExtUtils::MakeMaker 6.42 7.10


------------------------------
ENVIRONMENT AND OTHER CONTEXT
------------------------------

Environment variables:

    LANG = C
    PATH = /usr/local/bin:/usr/bin:/bin:/usr/local/sbin:/usr/sbin:/sbin:/home/eserte/bin/linux-gnu:/home/eserte/bin/sh:/home/eserte/bin:/usr/games:/home/eserte/devel:/home/eserte/src/srezic-misc/scripts
    PERL5LIB = 
    PERL5OPT = 
    PERL5_CPANPLUS_IS_RUNNING = 2023
    PERL5_CPAN_IS_RUNNING = 2023
    PERL5_CPAN_IS_RUNNING_IN_RECURSION = 1887,2023
    PERLDOC = -MPod::Perldoc::ToTextOverstrike
    PERL_BATCH = yes
    PERL_CANARY_STABILITY_NOPROMPT = 1
    PERL_CPAN_REPORTER_CONFIG = /var/tmp/cpansmoker-1001/2015111118/cpanreporter_000_config.ini
    PERL_EXTUTILS_AUTOINSTALL = --defaultdeps
    SHELL = /bin/zsh
    TERM = screen
    TMPDIR = /var/tmp/cpansmoker-1001/2015111118

Perl special variables (and OS-specific diagnostics, for MSWin32):

    $^X = /bbbike/perl-5.23.4/bin/perl5.23.4
    $UID/$EUID = 1001 / 1001
    $GID = 1001 109 1001
    $EGID = 1001 109 1001

Perl module toolchain versions installed:

    Module              Have    
    ------------------- --------
    CPAN                2.10    
    CPAN::Meta          2.150005
    Cwd                 3.47    
    ExtUtils::CBuilder  0.280224
    ExtUtils::Command   7.10    
    ExtUtils::Install   2.04    
    ExtUtils::MakeMaker 7.10    
    ExtUtils::Manifest  1.70    
    ExtUtils::ParseXS   3.30    
    File::Spec          3.47    
    JSON                2.90    
    JSON::PP            2.27300 
    Module::Build       0.4214  
    Module::Signature   n/a     
    Parse::CPAN::Meta   1.4417  
    Test::Harness       3.35    
    Test::More          1.001014
    YAML                1.15    
    YAML::Syck          1.29    
    version             0.9912  


--

Summary of my perl5 (revision 5 version 23 subversion 4) configuration:
   
  Platform:
    osname=linux, osvers=3.2.0-4-amd64, archname=x86_64-linux
    uname='linux eserte 3.2.0-4-amd64 #1 smp debian 3.2.68-1+deb7u5 x86_64 gnulinux '
    config_args='-ds -e -Dprefix=/opt/perl-5.23.4 -Dusedevel -Dusemallocwrap=no -Dcf_email=srezic@cpan.org'
    hint=recommended, useposix=true, d_sigaction=define
    useithreads=undef, usemultiplicity=undef
    use64bitint=define, use64bitall=define, uselongdouble=undef
    usemymalloc=n, bincompat5005=undef
  Compiler:
    cc='cc', ccflags ='-fwrapv -fno-strict-aliasing -pipe -fstack-protector -I/usr/local/include -D_LARGEFILE_SOURCE -D_FILE_OFFSET_BITS=64 -D_FORTIFY_SOURCE=2',
    optimize='-O2',
    cppflags='-fwrapv -fno-strict-aliasing -pipe -fstack-protector -I/usr/local/include'
    ccversion='', gccversion='4.7.2', gccosandvers=''
    intsize=4, longsize=8, ptrsize=8, doublesize=8, byteorder=12345678, doublekind=3
    d_longlong=define, longlongsize=8, d_longdbl=define, longdblsize=16, longdblkind=3
    ivtype='long', ivsize=8, nvtype='double', nvsize=8, Off_t='off_t', lseeksize=8
    alignbytes=8, prototype=define
  Linker and Libraries:
    ld='cc', ldflags =' -fstack-protector -L/usr/local/lib'
    libpth=/usr/local/lib /usr/lib/gcc/x86_64-linux-gnu/4.7/include-fixed /usr/include/x86_64-linux-gnu /usr/lib /lib/x86_64-linux-gnu /lib/../lib /usr/lib/x86_64-linux-gnu /usr/lib/../lib /lib
    libs=-lpthread -lnsl -ldb -ldl -lm -lcrypt -lutil -lc
    perllibs=-lpthread -lnsl -ldl -lm -lcrypt -lutil -lc
    libc=libc-2.13.so, so=so, useshrplib=false, libperl=libperl.a
    gnulibc_version='2.13'
  Dynamic Linking:
    dlsrc=dl_dlopen.xs, dlext=so, d_dlsymun=undef, ccdlflags='-Wl,-E'
    cccdlflags='-fPIC', lddlflags='-shared -O2 -L/usr/local/lib -fstack-protector'


Characteristics of this binary (from libperl): 
  Compile-time options: HAS_TIMES PERLIO_LAYERS PERL_COPY_ON_WRITE
                        PERL_DONT_CREATE_GVSV
                        PERL_HASH_FUNC_ONE_AT_A_TIME_HARD PERL_PRESERVE_IVUV
                        PERL_USE_DEVEL USE_64_BIT_ALL USE_64_BIT_INT
                        USE_LARGE_FILES USE_LOCALE USE_LOCALE_COLLATE
                        USE_LOCALE_CTYPE USE_LOCALE_NUMERIC USE_LOCALE_TIME
                        USE_PERLIO USE_PERL_ATOF
  Built under linux
  Compiled at Oct 28 2015 23:42:47
  %ENV:
    PERL5LIB=""
    PERL5OPT=""
    PERL5_CPANPLUS_IS_RUNNING="2023"
    PERL5_CPAN_IS_RUNNING="2023"
    PERL5_CPAN_IS_RUNNING_IN_RECURSION="1887,2023"
    PERLDOC="-MPod::Perldoc::ToTextOverstrike"
    PERL_BATCH="yes"
    PERL_CANARY_STABILITY_NOPROMPT="1"
    PERL_CPAN_REPORTER_CONFIG="/var/tmp/cpansmoker-1001/2015111118/cpanreporter_000_config.ini"
    PERL_EXTUTILS_AUTOINSTALL="--defaultdeps"
  @INC:
    /opt/perl-5.23.4/lib/site_perl/5.23.4/x86_64-linux
    /opt/perl-5.23.4/lib/site_perl/5.23.4
    /opt/perl-5.23.4/lib/5.23.4/x86_64-linux
    /opt/perl-5.23.4/lib/5.23.4
    .