Protocol-TLS v0.04 Perl 5 v5.28.0 RC1 MSWin32-x86-multi-thread-64int
- Status
- Fail
- From
- Alexandr Ciornii (CHORNY)
- Dist
-
Protocol-TLS v0.04
- Platform
- Perl 5 v5.28.0 RC1 MSWin32-x86-multi-thread-64int
- Date
- 2018-06-20 13:35:55
- ID
- c3ece155-6c10-1014-bc9a-588f9b9af19c
This distribution has been tested as part of the CPAN Testers
project, supporting the Perl programming language. See
http://wiki.cpantesters.org/ for more information or email
questions to cpan-testers-discuss@perl.org
--
Dear Vladimir Lettiev,
This is a computer-generated report for Protocol-TLS-0.04
on perl 5.28.0, created by CPAN-Reporter-1.2018.
Thank you for uploading your work to CPAN. However, there was a problem
testing your distribution.
If you think this report is invalid, please consult the CPAN Testers Wiki
for suggestions on how to avoid getting FAIL reports for missing library
or binary dependencies, unsupported operating systems, and so on:
http://wiki.cpantesters.org/wiki/CPANAuthorNotes
Sections of this report:
* Tester comments
* Program output
* Prerequisites
* Environment and other context
------------------------------
TESTER COMMENTS
------------------------------
Additional comments from tester:
this report is from an automated smoke testing program
and was not reviewed by a human for accuracy
------------------------------
PROGRAM OUTPUT
------------------------------
Output from 'C:\Strawberry280RC1\perl\bin\perl.exe ./Build test':
t/00_compile.t ........ ok
t/01_handshake.t ...... ok
t/02_server.t ......... ok
t/03_benchmark.t ...... ok
t/05_constants.t ...... ok
EV: error in callback (ignoring): Bad symbol for filehandle at C:/Strawberry280RC1/perl/site/lib/AnyEvent.pm line 1373.
EV: error in callback (ignoring): Bad symbol for filehandle at C:/Strawberry280RC1/perl/site/lib/AnyEvent/Socket.pm line 1031.
EV: error in callback (ignoring): Bad symbol for filehandle at C:/Strawberry280RC1/perl/site/lib/AnyEvent/Socket.pm line 1031.
EV: error in callback (ignoring): Bad symbol for filehandle at C:/Strawberry280RC1/perl/site/lib/AnyEvent/Socket.pm line 1031.
EV: error in callback (ignoring): Bad symbol for filehandle at C:/Strawberry280RC1/perl/site/lib/AnyEvent/Socket.pm line 1031.
EV: error in callback (ignoring): Bad symbol for filehandle at C:/Strawberry280RC1/perl/site/lib/AnyEvent/Socket.pm line 1031.
EV: error in callback (ignoring): Bad symbol for filehandle at C:/Strawberry280RC1/perl/site/lib/AnyEvent/Socket.pm line 1031.
EV: error in callback (ignoring): Bad symbol for filehandle at C:/Strawberry280RC1/perl/site/lib/AnyEvent/Socket.pm line 1031.
EV: error in callback (ignoring): Bad symbol for filehandle at C:/Strawberry280RC1/perl/site/lib/AnyEvent/Socket.pm line 1031.
EV: error in callback (ignoring): Bad symbol for filehandle at C:/Strawberry280RC1/perl/site/lib/AnyEvent/Socket.pm line 1031.
EV: error in callback (ignoring): Bad symbol for filehandle at C:/Strawberry280RC1/perl/site/lib/AnyEvent/Socket.pm line 1031.
EV: error in callback (ignoring): Bad symbol for filehandle at C:/Strawberry280RC1/perl/site/lib/AnyEvent/Socket.pm line 1031.
EV: error in callback (ignoring): Bad symbol for filehandle at C:/Strawberry280RC1/perl/site/lib/AnyEvent/Socket.pm line 1031.
EV: error in callback (ignoring): Bad symbol for filehandle at C:/Strawberry280RC1/perl/site/lib/AnyEvent/Socket.pm line 1031.
EV: error in callback (ignoring): Bad symbol for filehandle at C:/Strawberry280RC1/perl/site/lib/AnyEvent/Socket.pm line 1031.
EV: error in callback (ignoring): Bad symbol for filehandle at C:/Strawberry280RC1/perl/site/lib/AnyEvent/Socket.pm line 1031.
EV: error in callback (ignoring): Bad symbol for filehandle at C:/Strawberry280RC1/perl/site/lib/AnyEvent/Socket.pm line 1031.
EV: error in callback (ignoring): Bad symbol for filehandle at C:/Strawberry280RC1/perl/site/lib/AnyEvent/Socket.pm line 1031.
EV: error in callback (ignoring): Bad symbol for filehandle at C:/Strawberry280RC1/perl/site/lib/AnyEvent/Socket.pm line 1031.
EV: error in callback (ignoring): Bad symbol for filehandle at C:/Strawberry280RC1/perl/site/lib/AnyEvent/Socket.pm line 1031.
EV: error in callback (ignoring): Bad symbol for filehandle at C:/Strawberry280RC1/perl/site/lib/AnyEvent/Socket.pm line 1031.
EV: error in callback (ignoring): Bad symbol for filehandle at C:/Strawberry280RC1/perl/site/lib/AnyEvent/Socket.pm line 1031.
EV: error in callback (ignoring): Bad symbol for filehandle at C:/Strawberry280RC1/perl/site/lib/AnyEvent/Socket.pm line 1031.
EV: error in callback (ignoring): Bad symbol for filehandle at C:/Strawberry280RC1/perl/site/lib/AnyEvent/Socket.pm line 1031.
EV: error in callback (ignoring): Bad symbol for filehandle at C:/Strawberry280RC1/perl/site/lib/AnyEvent/Socket.pm line 1031.
EV: error in callback (ignoring): Bad symbol for filehandle at C:/Strawberry280RC1/perl/site/lib/AnyEvent/Socket.pm line 1031.
EV: error in callback (ignoring): Bad symbol for filehandle at C:/Strawberry280RC1/perl/site/lib/AnyEvent/Socket.pm line 1031.
EV: error in callback (ignoring): Bad symbol for filehandle at C:/Strawberry280RC1/perl/site/lib/AnyEvent/Socket.pm line 1031.
EV: error in callback (ignoring): Bad symbol for filehandle at C:/Strawberry280RC1/perl/site/lib/AnyEvent/Socket.pm line 1031.
EV: error in callback (ignoring): Bad symbol for filehandle at C:/Strawberry280RC1/perl/site/lib/AnyEvent/Socket.pm line 1031.
EV: error in callback (ignoring): Bad symbol for filehandle at C:/Strawberry280RC1/perl/site/lib/AnyEvent/Socket.pm line 1031.
EV: error in callback (ignoring): Bad symbol for filehandle at C:/Strawberry280RC1/perl/site/lib/AnyEvent/Socket.pm line 1031.
EV: error in callback (ignoring): Bad symbol for filehandle at C:/Strawberry280RC1/perl/site/lib/AnyEvent/Socket.pm line 1031.
EV: error in callback (ignoring): Bad symbol for filehandle at C:/Strawberry280RC1/perl/site/lib/AnyEvent/Socket.pm line 1031.
EV: error in callback (ignoring): Bad symbol for filehandle at C:/Strawberry280RC1/perl/site/lib/AnyEvent/Socket.pm line 1031.
EV: error in callback (ignoring): Bad symbol for filehandle at C:/Strawberry280RC1/perl/site/lib/AnyEvent/Socket.pm line 1031.
EV: error in callback (ignoring): Bad symbol for filehandle at C:/Strawberry280RC1/perl/site/lib/AnyEvent/Socket.pm line 1031.
EV: error in callback (ignoring): Bad symbol for filehandle at C:/Strawberry280RC1/perl/site/lib/AnyEvent/Socket.pm line 1031.
EV: error in callback (ignoring): Bad symbol for filehandle at C:/Strawberry280RC1/perl/site/lib/AnyEvent/Socket.pm line 1031.
EV: error in callback (ignoring): Bad symbol for filehandle at C:/Strawberry280RC1/perl/site/lib/AnyEvent/Socket.pm line 1031.
EV: error in callback (ignoring): Bad symbol for filehandle at C:/Strawberry280RC1/perl/site/lib/AnyEvent/Socket.pm line 1031.
EV: error in callback (ignoring): Bad symbol for filehandle at C:/Strawberry280RC1/perl/site/lib/AnyEvent/Socket.pm line 1031.
EV: error in callback (ignoring): Bad symbol for filehandle at C:/Strawberry280RC1/perl/site/lib/AnyEvent/Socket.pm line 1031.
EV: error in callback (ignoring): Bad symbol for filehandle at C:/Strawberry280RC1/perl/site/lib/AnyEvent/Socket.pm line 1031.
EV: error in callback (ignoring): Bad symbol for filehandle at C:/Strawberry280RC1/perl/site/lib/AnyEvent/Socket.pm line 1031.
EV: error in callback (ignoring): Bad symbol for filehandle at C:/Strawberry280RC1/perl/site/lib/AnyEvent/Socket.pm line 1031.
EV: error in callback (ignoring): Bad symbol for filehandle at C:/Strawberry280RC1/perl/site/lib/AnyEvent/Socket.pm line 1031.
EV: error in callback (ignoring): Bad symbol for filehandle at C:/Strawberry280RC1/perl/site/lib/AnyEvent/Socket.pm line 1031.
EV: error in callback (ignoring): Bad symbol for filehandle at C:/Strawberry280RC1/perl/site/lib/AnyEvent/Socket.pm line 1031.
EV: error in callback (ignoring): Bad symbol for filehandle at C:/Strawberry280RC1/perl/site/lib/AnyEvent/Socket.pm line 1031.
EV: error in callback (ignoring): Bad symbol for filehandle at C:/Strawberry280RC1/perl/site/lib/AnyEvent/Socket.pm line 1031.
EV: error in callback (ignoring): Bad symbol for filehandle at C:/Strawberry280RC1/perl/site/lib/AnyEvent/Socket.pm line 1031.
EV: error in callback (ignoring): Bad symbol for filehandle at C:/Strawberry280RC1/perl/site/lib/AnyEvent/Socket.pm line 1031.
EV: error in callback (ignoring): Bad symbol for filehandle at C:/Strawberry280RC1/perl/site/lib/AnyEvent/Socket.pm line 1031.
EV: error in callback (ignoring): Bad symbol for filehandle at C:/Strawberry280RC1/perl/site/lib/AnyEvent/Socket.pm line 1031.
EV: error in callback (ignoring): Bad symbol for filehandle at C:/Strawberry280RC1/perl/site/lib/AnyEvent/Socket.pm line 1031.
EV: error in callback (ignoring): Bad symbol for filehandle at C:/Strawberry280RC1/perl/site/lib/AnyEvent/Socket.pm line 1031.
EV: error in callback (ignoring): Bad symbol for filehandle at C:/Strawberry280RC1/perl/site/lib/AnyEvent/Socket.pm line 1031.
EV: error in callback (ignoring): Bad symbol for filehandle at C:/Strawberry280RC1/perl/site/lib/AnyEvent/Socket.pm line 1031.
EV: error in callback (ignoring): Bad symbol for filehandle at C:/Strawberry280RC1/perl/site/lib/AnyEvent/Socket.pm line 1031.
EV: error in callback (ignoring): Bad symbol for filehandle at C:/Strawberry280RC1/perl/site/lib/AnyEvent/Socket.pm line 1031.
EV: error in callback (ignoring): Bad symbol for filehandle at C:/Strawberry280RC1/perl/site/lib/AnyEvent/Socket.pm line 1031.
EV: error in callback (ignoring): Bad symbol for filehandle at C:/Strawberry280RC1/perl/site/lib/AnyEvent/Socket.pm line 1031.
EV: error in callback (ignoring): Bad symbol for filehandle at C:/Strawberry280RC1/perl/site/lib/AnyEvent/Socket.pm line 1031.
EV: error in callback (ignoring): Bad symbol for filehandle at C:/Strawberry280RC1/perl/site/lib/AnyEvent/Socket.pm line 1031.
EV: error in callback (ignoring): Bad symbol for filehandle at C:/Strawberry280RC1/perl/site/lib/AnyEvent/Socket.pm line 1031.
EV: error in callback (ignoring): Bad symbol for filehandle at C:/Strawberry280RC1/perl/site/lib/AnyEvent/Socket.pm line 1031.
EV: error in callback (ignoring): Bad symbol for filehandle at C:/Strawberry280RC1/perl/site/lib/AnyEvent/Socket.pm line 1031.
EV: error in callback (ignoring): Bad symbol for filehandle at C:/Strawberry280RC1/perl/site/lib/AnyEvent/Socket.pm line 1031.
EV: error in callback (ignoring): Bad symbol for filehandle at C:/Strawberry280RC1/perl/site/lib/AnyEvent/Socket.pm line 1031.
EV: error in callback (ignoring): Bad symbol for filehandle at C:/Strawberry280RC1/perl/site/lib/AnyEvent/Socket.pm line 1031.
EV: error in callback (ignoring): Bad symbol for filehandle at C:/Strawberry280RC1/perl/site/lib/AnyEvent/Socket.pm line 1031.
EV: error in callback (ignoring): Bad symbol for filehandle at C:/Strawberry280RC1/perl/site/lib/AnyEvent/Socket.pm line 1031.
EV: error in callback (ignoring): Bad symbol for filehandle at C:/Strawberry280RC1/perl/site/lib/AnyEvent/Socket.pm line 1031.
EV: error in callback (ignoring): Bad symbol for filehandle at C:/Strawberry280RC1/perl/site/lib/AnyEvent/Socket.pm line 1031.
EV: error in callback (ignoring): Bad symbol for filehandle at C:/Strawberry280RC1/perl/site/lib/AnyEvent/Socket.pm line 1031.
EV: error in callback (ignoring): Bad symbol for filehandle at C:/Strawberry280RC1/perl/site/lib/AnyEvent/Socket.pm line 1031.
EV: error in callback (ignoring): Bad symbol for filehandle at C:/Strawberry280RC1/perl/site/lib/AnyEvent/Socket.pm line 1031.
EV: error in callback (ignoring): Bad symbol for filehandle at C:/Strawberry280RC1/perl/site/lib/AnyEvent/Socket.pm line 1031.
EV: error in callback (ignoring): Bad symbol for filehandle at C:/Strawberry280RC1/perl/site/lib/AnyEvent/Socket.pm line 1031.
EV: error in callback (ignoring): Bad symbol for filehandle at C:/Strawberry280RC1/perl/site/lib/AnyEvent/Socket.pm line 1031.
EV: error in callback (ignoring): Bad symbol for filehandle at C:/Strawberry280RC1/perl/site/lib/AnyEvent/Socket.pm line 1031.
EV: error in callback (ignoring): Bad symbol for filehandle at C:/Strawberry280RC1/perl/site/lib/AnyEvent/Socket.pm line 1031.
EV: error in callback (ignoring): Bad symbol for filehandle at C:/Strawberry280RC1/perl/site/lib/AnyEvent/Socket.pm line 1031.
EV: error in callback (ignoring): Bad symbol for filehandle at C:/Strawberry280RC1/perl/site/lib/AnyEvent/Socket.pm line 1031.
EV: error in callback (ignoring): Bad symbol for filehandle at C:/Strawberry280RC1/perl/site/lib/AnyEvent/Socket.pm line 1031.
EV: error in callback (ignoring): Bad symbol for filehandle at C:/Strawberry280RC1/perl/site/lib/AnyEvent/Socket.pm line 1031.
EV: error in callback (ignoring): Bad symbol for filehandle at C:/Strawberry280RC1/perl/site/lib/AnyEvent/Socket.pm line 1031.
EV: error in callback (ignoring): Bad symbol for filehandle at C:/Strawberry280RC1/perl/site/lib/AnyEvent/Socket.pm line 1031.
EV: error in callback (ignoring): Bad symbol for filehandle at C:/Strawberry280RC1/perl/site/lib/AnyEvent/Socket.pm line 1031.
EV: error in callback (ignoring): Bad symbol for filehandle at C:/Strawberry280RC1/perl/site/lib/AnyEvent/Socket.pm line 1031.
EV: error in callback (ignoring): Bad symbol for filehandle at C:/Strawberry280RC1/perl/site/lib/AnyEvent/Socket.pm line 1031.
EV: error in callback (ignoring): Bad symbol for filehandle at C:/Strawberry280RC1/perl/site/lib/AnyEvent/Socket.pm line 1031.
EV: error in callback (ignoring): Bad symbol for filehandle at C:/Strawberry280RC1/perl/site/lib/AnyEvent/Socket.pm line 1031.
EV: error in callback (ignoring): Bad symbol for filehandle at C:/Strawberry280RC1/perl/site/lib/AnyEvent/Socket.pm line 1031.
EV: error in callback (ignoring): Bad symbol for filehandle at C:/Strawberry280RC1/perl/site/lib/AnyEvent/Socket.pm line 1031.
EV: error in callback (ignoring): Bad symbol for filehandle at C:/Strawberry280RC1/perl/site/lib/AnyEvent/Socket.pm line 1031.
EV: error in callback (ignoring): Bad symbol for filehandle at C:/Strawberry280RC1/perl/site/lib/AnyEvent/Socket.pm line 1031.
EV: error in callback (ignoring): Bad symbol for filehandle at C:/Strawberry280RC1/perl/site/lib/AnyEvent/Socket.pm line 1031.
EV: error in callback (ignoring): Bad symbol for filehandle at C:/Strawberry280RC1/perl/site/lib/AnyEvent/Socket.pm line 1031.
EV: error in callback (ignoring): Bad symbol for filehandle at C:/Strawberry280RC1/perl/site/lib/AnyEvent/Socket.pm line 1031.
EV: error in callback (ignoring): Bad symbol for filehandle at C:/Strawberry280RC1/perl/site/lib/AnyEvent/Socket.pm line 1031.
EV: error in callback (ignoring): Bad symbol for filehandle at C:/Strawberry280RC1/perl/site/lib/AnyEvent/Socket.pm line 1031.
EV: error in callback (ignoring): Bad symbol for filehandle at C:/Strawberry280RC1/perl/site/lib/AnyEvent/Socket.pm line 1031.
EV: error in callback (ignoring): Bad symbol for filehandle at C:/Strawberry280RC1/perl/site/lib/AnyEvent/Socket.pm line 1031.
EV: error in callback (ignoring): Bad symbol for filehandle at C:/Strawberry280RC1/perl/site/lib/AnyEvent/Socket.pm line 1031.
EV: error in callback (ignoring): Bad symbol for filehandle at C:/Strawberry280RC1/perl/site/lib/AnyEvent/Socket.pm line 1031.
EV: error in callback (ignoring): Bad symbol for filehandle at C:/Strawberry280RC1/perl/site/lib/AnyEvent/Socket.pm line 1031.
EV: error in callback (ignoring): Bad symbol for filehandle at C:/Strawberry280RC1/perl/site/lib/AnyEvent/Socket.pm line 1031.
EV: error in callback (ignoring): Bad symbol for filehandle at C:/Strawberry280RC1/perl/site/lib/AnyEvent/Socket.pm line 1031.
EV: error in callback (ignoring): Bad symbol for filehandle at C:/Strawberry280RC1/perl/site/lib/AnyEvent/Socket.pm line 1031.
EV: error in callback (ignoring): Bad symbol for filehandle at C:/Strawberry280RC1/perl/site/lib/AnyEvent/Socket.pm line 1031.
EV: error in callback (ignoring): Bad symbol for filehandle at C:/Strawberry280RC1/perl/site/lib/AnyEvent/Socket.pm line 1031.
EV: error in callback (ignoring): Bad symbol for filehandle at C:/Strawberry280RC1/perl/site/lib/AnyEvent/Socket.pm line 1031.
EV: error in callback (ignoring): Bad symbol for filehandle at C:/Strawberry280RC1/perl/site/lib/AnyEvent/Socket.pm line 1031.
EV: error in callback (ignoring): Bad symbol for filehandle at C:/Strawberry280RC1/perl/site/lib/AnyEvent/Socket.pm line 1031.
EV: error in callback (ignoring): Bad symbol for filehandle at C:/Strawberry280RC1/perl/site/lib/AnyEvent/Socket.pm line 1031.
EV: error in callback (ignoring): Bad symbol for filehandle at C:/Strawberry280RC1/perl/site/lib/AnyEvent/Socket.pm line 1031.
EV: error in callback (ignoring): Bad symbol for filehandle at C:/Strawberry280RC1/perl/site/lib/AnyEvent/Socket.pm line 1031.
EV: error in callback (ignoring): Bad symbol for filehandle at C:/Strawberry280RC1/perl/site/lib/AnyEvent/Socket.pm line 1031.
EV: error in callback (ignoring): Bad symbol for filehandle at C:/Strawberry280RC1/perl/site/lib/AnyEvent/Socket.pm line 1031.
EV: error in callback (ignoring): Bad symbol for filehandle at C:/Strawberry280RC1/perl/site/lib/AnyEvent/Socket.pm line 1031.
EV: error in callback (ignoring): Bad symbol for filehandle at C:/Strawberry280RC1/perl/site/lib/AnyEvent/Socket.pm line 1031.
EV: error in callback (ignoring): Bad symbol for filehandle at C:/Strawberry280RC1/perl/site/lib/AnyEvent/Socket.pm line 1031.
EV: error in callback (ignoring): Bad symbol for filehandle at C:/Strawberry280RC1/perl/site/lib/AnyEvent/Socket.pm line 1031.
EV: error in callback (ignoring): Bad symbol for filehandle at C:/Strawberry280RC1/perl/site/lib/AnyEvent/Socket.pm line 1031.
EV: error in callback (ignoring): Bad symbol for filehandle at C:/Strawberry280RC1/perl/site/lib/AnyEvent/Socket.pm line 1031.
EV: error in callback (ignoring): Bad symbol for filehandle at C:/Strawberry280RC1/perl/site/lib/AnyEvent/Socket.pm line 1031.
EV: error in callback (ignoring): Bad symbol for filehandle at C:/Strawberry280RC1/perl/site/lib/AnyEvent/Socket.pm line 1031.
EV: error in callback (ignoring): Bad symbol for filehandle at C:/Strawberry280RC1/perl/site/lib/AnyEvent/Socket.pm line 1031.
EV: error in callback (ignoring): Bad symbol for filehandle at C:/Strawberry280RC1/perl/site/lib/AnyEvent/Socket.pm line 1031.
EV: error in callback (ignoring): Bad symbol for filehandle at C:/Strawberry280RC1/perl/site/lib/AnyEvent/Socket.pm line 1031.
EV: error in callback (ignoring): Bad symbol for filehandle at C:/Strawberry280RC1/perl/site/lib/AnyEvent/Socket.pm line 1031.
EV: error in callback (ignoring): Bad symbol for filehandle at C:/Strawberry280RC1/perl/site/lib/AnyEvent/Socket.pm line 1031.
EV: error in callback (ignoring): Bad symbol for filehandle at C:/Strawberry280RC1/perl/site/lib/AnyEvent/Socket.pm line 1031.
EV: error in callback (ignoring): Bad symbol for filehandle at C:/Strawberry280RC1/perl/site/lib/AnyEvent/Socket.pm line 1031.
EV: error in callback (ignoring): Bad symbol for filehandle at C:/Strawberry280RC1/perl/site/lib/AnyEvent/Socket.pm line 1031.
EV: error in callback (ignoring): Bad symbol for filehandle at C:/Strawberry280RC1/perl/site/lib/AnyEvent/Socket.pm line 1031.
EV: error in callback (ignoring): Bad symbol for filehandle at C:/Strawberry280RC1/perl/site/lib/AnyEvent/Socket.pm line 1031.
EV: error in callback (ignoring): Bad symbol for filehandle at C:/Strawberry280RC1/perl/site/lib/AnyEvent/Socket.pm line 1031.
EV: error in callback (ignoring): Bad symbol for filehandle at C:/Strawberry280RC1/perl/site/lib/AnyEvent/Socket.pm line 1031.
EV: error in callback (ignoring): Bad symbol for filehandle at C:/Strawberry280RC1/perl/site/lib/AnyEvent/Socket.pm line 1031.
EV: error in callback (ignoring): Bad symbol for filehandle at C:/Strawberry280RC1/perl/site/lib/AnyEvent/Socket.pm line 1031.
EV: error in callback (ignoring): Bad symbol for filehandle at C:/Strawberry280RC1/perl/site/lib/AnyEvent/Socket.pm line 1031.
EV: error in callback (ignoring): Bad symbol for filehandle at C:/Strawberry280RC1/perl/site/lib/AnyEvent/Socket.pm line 1031.
EV: error in callback (ignoring): Bad symbol for filehandle at C:/Strawberry280RC1/perl/site/lib/AnyEvent/Socket.pm line 1031.
EV: error in callback (ignoring): Bad symbol for filehandle at C:/Strawberry280RC1/perl/site/lib/AnyEvent/Socket.pm line 1031.
EV: error in callback (ignoring): Bad symbol for filehandle at C:/Strawberry280RC1/perl/site/lib/AnyEvent/Socket.pm line 1031.
EV: error in callback (ignoring): Bad symbol for filehandle at C:/Strawberry280RC1/perl/site/lib/AnyEvent/Socket.pm line 1031.
EV: error in callback (ignoring): Bad symbol for filehandle at C:/Strawberry280RC1/perl/site/lib/AnyEvent/Socket.pm line 1031.
EV: error in callback (ignoring): Bad symbol for filehandle at C:/Strawberry280RC1/perl/site/lib/AnyEvent/Socket.pm line 1031.
EV: error in callback (ignoring): Bad symbol for filehandle at C:/Strawberry280RC1/perl/site/lib/AnyEvent/Socket.pm line 1031.
EV: error in callback (ignoring): Bad symbol for filehandle at C:/Strawberry280RC1/perl/site/lib/AnyEvent/Socket.pm line 1031.
EV: error in callback (ignoring): Bad symbol for filehandle at C:/Strawberry280RC1/perl/site/lib/AnyEvent/Socket.pm line 1031.
EV: error in callback (ignoring): Bad symbol for filehandle at C:/Strawberry280RC1/perl/site/lib/AnyEvent/Socket.pm line 1031.
EV: error in callback (ignoring): Bad symbol for filehandle at C:/Strawberry280RC1/perl/site/lib/AnyEvent/Socket.pm line 1031.
EV: error in callback (ignoring): Bad symbol for filehandle at C:/Strawberry280RC1/perl/site/lib/AnyEvent/Socket.pm line 1031.
EV: error in callback (ignoring): Bad symbol for filehandle at C:/Strawberry280RC1/perl/site/lib/AnyEvent/Socket.pm line 1031.
EV: error in callback (ignoring): Bad symbol for filehandle at C:/Strawberry280RC1/perl/site/lib/AnyEvent/Socket.pm line 1031.
EV: error in callback (ignoring): Bad symbol for filehandle at C:/Strawberry280RC1/perl/site/lib/AnyEvent/Socket.pm line 1031.
EV: error in callback (ignoring): Bad symbol for filehandle at C:/Strawberry280RC1/perl/site/lib/AnyEvent/Socket.pm line 1031.
EV: error in callback (ignoring): Bad symbol for filehandle at C:/Strawberry280RC1/perl/site/lib/AnyEvent/Socket.pm line 1031.
EV: error in callback (ignoring): Bad symbol for filehandle at C:/Strawberry280RC1/perl/site/lib/AnyEvent/Socket.pm line 1031.
EV: error in callback (ignoring): Bad symbol for filehandle at C:/Strawberry280RC1/perl/site/lib/AnyEvent/Socket.pm line 1031.
EV: error in callback (ignoring): Bad symbol for filehandle at C:/Strawberry280RC1/perl/site/lib/AnyEvent/Socket.pm line 1031.
EV: error in callback (ignoring): Bad symbol for filehandle at C:/Strawberry280RC1/perl/site/lib/AnyEvent/Socket.pm line 1031.
EV: error in callback (ignoring): Bad symbol for filehandle at C:/Strawberry280RC1/perl/site/lib/AnyEvent/Socket.pm line 1031.
EV: error in callback (ignoring): Bad symbol for filehandle at C:/Strawberry280RC1/perl/site/lib/AnyEvent/Socket.pm line 1031.
EV: error in callback (ignoring): Bad symbol for filehandle at C:/Strawberry280RC1/perl/site/lib/AnyEvent/Socket.pm line 1031.
EV: error in callback (ignoring): Bad symbol for filehandle at C:/Strawberry280RC1/perl/site/lib/AnyEvent/Socket.pm line 1031.
EV: error in callback (ignoring): Bad symbol for filehandle at C:/Strawberry280RC1/perl/site/lib/AnyEvent/Socket.pm line 1031.
EV: error in callback (ignoring): Bad symbol for filehandle at C:/Strawberry280RC1/perl/site/lib/AnyEvent/Socket.pm line 1031.
EV: error in callback (ignoring): Bad symbol for filehandle at C:/Strawberry280RC1/perl/site/lib/AnyEvent/Socket.pm line 1031.
EV: error in callback (ignoring): Bad symbol for filehandle at C:/Strawberry280RC1/perl/site/lib/AnyEvent/Socket.pm line 1031.
EV: error in callback (ignoring): Bad symbol for filehandle at C:/Strawberry280RC1/perl/site/lib/AnyEvent/Socket.pm line 1031.
EV: error in callback (ignoring): Bad symbol for filehandle at C:/Strawberry280RC1/perl/site/lib/AnyEvent/Socket.pm line 1031.
EV: error in callback (ignoring): Bad symbol for filehandle at C:/Strawberry280RC1/perl/site/lib/AnyEvent/Socket.pm line 1031.
EV: error in callback (ignoring): Bad symbol for filehandle at C:/Strawberry280RC1/perl/site/lib/AnyEvent/Socket.pm line 1031.
EV: error in callback (ignoring): Bad symbol for filehandle at C:/Strawberry280RC1/perl/site/lib/AnyEvent/Socket.pm line 1031.
EV: error in callback (ignoring): Bad symbol for filehandle at C:/Strawberry280RC1/perl/site/lib/AnyEvent/Socket.pm line 1031.
EV: error in callback (ignoring): Bad symbol for filehandle at C:/Strawberry280RC1/perl/site/lib/AnyEvent/Socket.pm line 1031.
EV: error in callback (ignoring): Bad symbol for filehandle at C:/Strawberry280RC1/perl/site/lib/AnyEvent/Socket.pm line 1031.
EV: error in callback (ignoring): Bad symbol for filehandle at C:/Strawberry280RC1/perl/site/lib/AnyEvent/Socket.pm line 1031.
EV: error in callback (ignoring): Bad symbol for filehandle at C:/Strawberry280RC1/perl/site/lib/AnyEvent/Socket.pm line 1031.
EV: error in callback (ignoring): Bad symbol for filehandle at C:/Strawberry280RC1/perl/site/lib/AnyEvent/Socket.pm line 1031.
EV: error in callback (ignoring): Bad symbol for filehandle at C:/Strawberry280RC1/perl/site/lib/AnyEvent/Socket.pm line 1031.
EV: error in callback (ignoring): Bad symbol for filehandle at C:/Strawberry280RC1/perl/site/lib/AnyEvent/Socket.pm line 1031.
EV: error in callback (ignoring): Bad symbol for filehandle at C:/Strawberry280RC1/perl/site/lib/AnyEvent/Socket.pm line 1031.
EV: error in callback (ignoring): Bad symbol for filehandle at C:/Strawberry280RC1/perl/site/lib/AnyEvent/Socket.pm line 1031.
EV: error in callback (ignoring): Bad symbol for filehandle at C:/Strawberry280RC1/perl/site/lib/AnyEvent/Socket.pm line 1031.
EV: error in callback (ignoring): Bad symbol for filehandle at C:/Strawberry280RC1/perl/site/lib/AnyEvent/Socket.pm line 1031.
EV: error in callback (ignoring): Bad symbol for filehandle at C:/Strawberry280RC1/perl/site/lib/AnyEvent/Socket.pm line 1031.
EV: error in callback (ignoring): Bad symbol for filehandle at C:/Strawberry280RC1/perl/site/lib/AnyEvent/Socket.pm line 1031.
EV: error in callback (ignoring): Bad symbol for filehandle at C:/Strawberry280RC1/perl/site/lib/AnyEvent/Socket.pm line 1031.
EV: error in callback (ignoring): Bad symbol for filehandle at C:/Strawberry280RC1/perl/site/lib/AnyEvent/Socket.pm line 1031.
EV: error in callback (ignoring): Bad symbol for filehandle at C:/Strawberry280RC1/perl/site/lib/AnyEvent/Socket.pm line 1031.
EV: error in callback (ignoring): Bad symbol for filehandle at C:/Strawberry280RC1/perl/site/lib/AnyEvent/Socket.pm line 1031.
EV: error in callback (ignoring): Bad symbol for filehandle at C:/Strawberry280RC1/perl/site/lib/AnyEvent/Socket.pm line 1031.
EV: error in callback (ignoring): Bad symbol for filehandle at C:/Strawberry280RC1/perl/site/lib/AnyEvent/Socket.pm line 1031.
EV: error in callback (ignoring): Bad symbol for filehandle at C:/Strawberry280RC1/perl/site/lib/AnyEvent/Socket.pm line 1031.
EV: error in callback (ignoring): Bad symbol for filehandle at C:/Strawberry280RC1/perl/site/lib/AnyEvent/Socket.pm line 1031.
EV: error in callback (ignoring): Bad symbol for filehandle at C:/Strawberry280RC1/perl/site/lib/AnyEvent/Socket.pm line 1031.
EV: error in callback (ignoring): Bad symbol for filehandle at C:/Strawberry280RC1/perl/site/lib/AnyEvent/Socket.pm line 1031.
Free to wrong pool 3fa850 not 15436b8 at C:/Strawberry280RC1/perl/site/lib/AnyEvent/Impl/EV.pm line 88.
EV: error in callback (ignoring): Can't locate object method "destroy" via package "AnyEvent::CondVar" at t/07_client_server.t line 86.
EV: error in callback (ignoring): Can't locate object method "destroy" via package "AnyEvent::CondVar" at t/07_client_server.t line 86.
EV: error in callback (ignoring): Can't locate object method "destroy" via package "AnyEvent::CondVar" at t/07_client_server.t line 86.
EV: error in callback (ignoring): Can't locate object method "destroy" via package "AnyEvent::CondVar" at t/07_client_server.t line 86.
EV: error in callback (ignoring): Can't locate object method "destroy" via package "AnyEvent::CondVar" at t/07_client_server.t line 86.
EV: error in callback (ignoring): Can't locate object method "destroy" via package "AnyEvent::CondVar" at t/07_client_server.t line 86.
EV: error in callback (ignoring): Can't locate object method "destroy" via package "AnyEvent::CondVar" at t/07_client_server.t line 86.
EV: error in callback (ignoring): Can't locate object method "destroy" via package "AnyEvent::CondVar" at t/07_client_server.t line 86.
EV: error in callback (ignoring): Can't locate object method "destroy" via package "AnyEvent::CondVar" at t/07_client_server.t line 86.
EV: error in callback (ignoring): Can't locate object method "destroy" via package "AnyEvent::CondVar" at t/07_client_server.t line 86.
EV: error in callback (ignoring): Can't locate object method "destroy" via package "AnyEvent::CondVar" at t/07_client_server.t line 86.
EV: error in callback (ignoring): Can't locate object method "destroy" via package "AnyEvent::CondVar" at t/07_client_server.t line 86.
EV: error in callback (ignoring): Can't locate object method "destroy" via package "AnyEvent::CondVar" at t/07_client_server.t line 86.
EV: error in callback (ignoring): Can't locate object method "destroy" via package "AnyEvent::CondVar" at t/07_client_server.t line 86.
EV: error in callback (ignoring): Can't locate object method "destroy" via package "AnyEvent::CondVar" at t/07_client_server.t line 86.
EV: error in callback (ignoring): Can't locate object method "destroy" via package "AnyEvent::CondVar" at t/07_client_server.t line 86.
EV: error in callback (ignoring): Can't locate object method "destroy" via package "AnyEvent::CondVar" at t/07_client_server.t line 86.
EV: error in callback (ignoring): Can't locate object method "destroy" via package "AnyEvent::CondVar" at t/07_client_server.t line 86.
EV: error in callback (ignoring): Can't locate object method "destroy" via package "AnyEvent::CondVar" at t/07_client_server.t line 86.
EV: error in callback (ignoring): Can't locate object method "destroy" via package "AnyEvent::CondVar" at t/07_client_server.t line 86.
EV: error in callback (ignoring): Can't locate object method "destroy" via package "AnyEvent::CondVar" at t/07_client_server.t line 86.
EV: error in callback (ignoring): Can't locate object method "destroy" via package "AnyEvent::CondVar" at t/07_client_server.t line 86.
EV: error in callback (ignoring): Can't locate object method "destroy" via package "AnyEvent::CondVar" at t/07_client_server.t line 86.
EV: error in callback (ignoring): Can't locate object method "destroy" via package "AnyEvent::CondVar" at t/07_client_server.t line 86.
EV: error in callback (ignoring): Can't locate object method "destroy" via package "AnyEvent::CondVar" at t/07_client_server.t line 86.
EV: error in callback (ignoring): Can't locate object method "destroy" via package "AnyEvent::CondVar" at t/07_client_server.t line 86.
EV: error in callback (ignoring): Can't locate object method "destroy" via package "AnyEvent::CondVar" at t/07_client_server.t line 86.
EV: error in callback (ignoring): Can't locate object method "destroy" via package "AnyEvent::CondVar" at t/07_client_server.t line 86.
EV: error in callback (ignoring): Can't locate object method "destroy" via package "AnyEvent::CondVar" at t/07_client_server.t line 86.
EV: error in callback (ignoring): Can't locate object method "destroy" via package "AnyEvent::CondVar" at t/07_client_server.t line 86.
EV: error in callback (ignoring): Can't locate object method "destroy" via package "AnyEvent::CondVar" at t/07_client_server.t line 86.
EV: error in callback (ignoring): Can't locate object method "destroy" via package "AnyEvent::CondVar" at t/07_client_server.t line 86.
EV: error in callback (ignoring): Can't locate object method "destroy" via package "AnyEvent::CondVar" at t/07_client_server.t line 86.
EV: error in callback (ignoring): Can't locate object method "destroy" via package "AnyEvent::CondVar" at t/07_client_server.t line 86.
EV: error in callback (ignoring): Can't locate object method "destroy" via package "AnyEvent::CondVar" at t/07_client_server.t line 86.
EV: error in callback (ignoring): Can't locate object method "destroy" via package "AnyEvent::CondVar" at t/07_client_server.t line 86.
EV: error in callback (ignoring): Can't locate object method "destroy" via package "AnyEvent::CondVar" at t/07_client_server.t line 86.
EV: error in callback (ignoring): Can't locate object method "destroy" via package "AnyEvent::CondVar" at t/07_client_server.t line 86.
EV: error in callback (ignoring): Can't locate object method "destroy" via package "AnyEvent::CondVar" at t/07_client_server.t line 86.
EV: error in callback (ignoring): Can't locate object method "destroy" via package "AnyEvent::CondVar" at t/07_client_server.t line 86.
EV: error in callback (ignoring): Can't locate object method "destroy" via package "AnyEvent::CondVar" at t/07_client_server.t line 86.
EV: error in callback (ignoring): Can't locate object method "destroy" via package "AnyEvent::CondVar" at t/07_client_server.t line 86.
EV: error in callback (ignoring): Can't locate object method "destroy" via package "AnyEvent::CondVar" at t/07_client_server.t line 86.
EV: error in callback (ignoring): Can't locate object method "destroy" via package "AnyEvent::CondVar" at t/07_client_server.t line 86.
EV: error in callback (ignoring): Can't locate object method "destroy" via package "AnyEvent::CondVar" at t/07_client_server.t line 86.
EV: error in callback (ignoring): Can't locate object method "destroy" via package "AnyEvent::CondVar" at t/07_client_server.t line 86.
EV: error in callback (ignoring): Can't locate object method "destroy" via package "AnyEvent::CondVar" at t/07_client_server.t line 86.
EV: error in callback (ignoring): Can't locate object method "destroy" via package "AnyEvent::CondVar" at t/07_client_server.t line 86.
EV: error in callback (ignoring): Can't locate object method "destroy" via package "AnyEvent::CondVar" at t/07_client_server.t line 86.
EV: error in callback (ignoring): Can't locate object method "destroy" via package "AnyEvent::CondVar" at t/07_client_server.t line 86.
EV: error in callback (ignoring): Can't locate object method "destroy" via package "AnyEvent::CondVar" at t/07_client_server.t line 86.
EV: error in callback (ignoring): Can't locate object method "destroy" via package "AnyEvent::CondVar" at t/07_client_server.t line 86.
EV: error in callback (ignoring): Can't locate object method "destroy" via package "AnyEvent::CondVar" at t/07_client_server.t line 86.
EV: error in callback (ignoring): Can't locate object method "destroy" via package "AnyEvent::CondVar" at t/07_client_server.t line 86.
EV: error in callback (ignoring): Can't locate object method "destroy" via package "AnyEvent::CondVar" at t/07_client_server.t line 86.
EV: error in callback (ignoring): Can't locate object method "destroy" via package "AnyEvent::CondVar" at t/07_client_server.t line 86.
EV: error in callback (ignoring): Can't locate object method "destroy" via package "AnyEvent::CondVar" at t/07_client_server.t line 86.
EV: error in callback (ignoring): Can't locate object method "destroy" via package "AnyEvent::CondVar" at t/07_client_server.t line 86.
EV: error in callback (ignoring): Can't locate object method "destroy" via package "AnyEvent::CondVar" at t/07_client_server.t line 86.
EV: error in callback (ignoring): Can't locate object method "destroy" via package "AnyEvent::CondVar" at t/07_client_server.t line 86.
EV: error in callback (ignoring): Can't locate object method "destroy" via package "AnyEvent::CondVar" at t/07_client_server.t line 86.
EV: error in callback (ignoring): Can't locate object method "destroy" via package "AnyEvent::CondVar" at t/07_client_server.t line 86.
EV: error in callback (ignoring): Can't locate object method "destroy" via package "AnyEvent::CondVar" at t/07_client_server.t line 86.
EV: error in callback (ignoring): Can't locate object method "destroy" via package "AnyEvent::CondVar" at t/07_client_server.t line 86.
EV: error in callback (ignoring): Can't locate object method "destroy" via package "AnyEvent::CondVar" at t/07_client_server.t line 86.
EV: error in callback (ignoring): Can't locate object method "destroy" via package "AnyEvent::CondVar" at t/07_client_server.t line 86.
EV: error in callback (ignoring): Can't locate object method "destroy" via package "AnyEvent::CondVar" at t/07_client_server.t line 86.
EV: error in callback (ignoring): Can't locate object method "destroy" via package "AnyEvent::CondVar" at t/07_client_server.t line 86.
EV: error in callback (ignoring): Can't locate object method "destroy" via package "AnyEvent::CondVar" at t/07_client_server.t line 86.
EV: error in callback (ignoring): Can't locate object method "destroy" via package "AnyEvent::CondVar" at t/07_client_server.t line 86.
EV: error in callback (ignoring): Can't locate object method "destroy" via package "AnyEvent::CondVar" at t/07_client_server.t line 86.
EV: error in callback (ignoring): Can't locate object method "destroy" via package "AnyEvent::CondVar" at t/07_client_server.t line 86.
EV: error in callback (ignoring): Can't locate object method "destroy" via package "AnyEvent::CondVar" at t/07_client_server.t line 86.
EV: error in callback (ignoring): Can't locate object method "destroy" via package "AnyEvent::CondVar" at t/07_client_server.t line 86.
EV: error in callback (ignoring): Can't locate object method "destroy" via package "AnyEvent::CondVar" at t/07_client_server.t line 86.
EV: error in callback (ignoring): Can't locate object method "destroy" via package "AnyEvent::CondVar" at t/07_client_server.t line 86.
EV: error in callback (ignoring): Can't locate object method "destroy" via package "AnyEvent::CondVar" at t/07_client_server.t line 86.
EV: error in callback (ignoring): Can't locate object method "destroy" via package "AnyEvent::CondVar" at t/07_client_server.t line 86.
EV: error in callback (ignoring): Can't locate object method "destroy" via package "AnyEvent::CondVar" at t/07_client_server.t line 86.
EV: error in callback (ignoring): Can't locate object method "destroy" via package "AnyEvent::CondVar" at t/07_client_server.t line 86.
EV: error in callback (ignoring): Can't locate object method "destroy" via package "AnyEvent::CondVar" at t/07_client_server.t line 86.
EV: error in callback (ignoring): Can't locate object method "destroy" via package "AnyEvent::CondVar" at t/07_client_server.t line 86.
EV: error in callback (ignoring): Can't locate object method "destroy" via package "AnyEvent::CondVar" at t/07_client_server.t line 86.
EV: error in callback (ignoring): Can't locate object method "destroy" via package "AnyEvent::CondVar" at t/07_client_server.t line 86.
EV: error in callback (ignoring): Can't locate object method "destroy" via package "AnyEvent::CondVar" at t/07_client_server.t line 86.
EV: error in callback (ignoring): Can't locate object method "destroy" via package "AnyEvent::CondVar" at t/07_client_server.t line 86.
EV: error in callback (ignoring): Can't locate object method "destroy" via package "AnyEvent::CondVar" at t/07_client_server.t line 86.
EV: error in callback (ignoring): Can't locate object method "destroy" via package "AnyEvent::CondVar" at t/07_client_server.t line 86.
EV: error in callback (ignoring): Can't locate object method "destroy" via package "AnyEvent::CondVar" at t/07_client_server.t line 86.
EV: error in callback (ignoring): Can't locate object method "destroy" via package "AnyEvent::CondVar" at t/07_client_server.t line 86.
EV: error in callback (ignoring): Can't locate object method "destroy" via package "AnyEvent::CondVar" at t/07_client_server.t line 86.
EV: error in callback (ignoring): Can't locate object method "destroy" via package "AnyEvent::CondVar" at t/07_client_server.t line 86.
EV: error in callback (ignoring): Can't locate object method "destroy" via package "AnyEvent::CondVar" at t/07_client_server.t line 86.
EV: error in callback (ignoring): Can't locate object method "destroy" via package "AnyEvent::CondVar" at t/07_client_server.t line 86.
EV: error in callback (ignoring): Can't locate object method "destroy" via package "AnyEvent::CondVar" at t/07_client_server.t line 86.
EV: error in callback (ignoring): Can't locate object method "destroy" via package "AnyEvent::CondVar" at t/07_client_server.t line 86.
EV: error in callback (ignoring): Can't locate object method "destroy" via package "AnyEvent::CondVar" at t/07_client_server.t line 86.
EV: error in callback (ignoring): Can't locate object method "destroy" via package "AnyEvent::CondVar" at t/07_client_server.t line 86.
EV: error in callback (ignoring): Can't locate object method "destroy" via package "AnyEvent::CondVar" at t/07_client_server.t line 86.
EV: error in callback (ignoring): Can't locate object method "destroy" via package "AnyEvent::CondVar" at t/07_client_server.t line 86.
EV: error in callback (ignoring): Can't locate object method "destroy" via package "AnyEvent::CondVar" at t/07_client_server.t line 86.
EV: error in callback (ignoring): Can't locate object method "destroy" via package "AnyEvent::CondVar" at t/07_client_server.t line 86.
EV: error in callback (ignoring): Can't locate object method "destroy" via package "AnyEvent::CondVar" at t/07_client_server.t line 86.
EV: error in callback (ignoring): Can't locate object method "destroy" via package "AnyEvent::CondVar" at t/07_client_server.t line 86.
EV: error in callback (ignoring): Can't locate object method "destroy" via package "AnyEvent::CondVar" at t/07_client_server.t line 86.
EV: error in callback (ignoring): Can't locate object method "destroy" via package "AnyEvent::CondVar" at t/07_client_server.t line 86.
EV: error in callback (ignoring): Can't locate object method "destroy" via package "AnyEvent::CondVar" at t/07_client_server.t line 86.
EV: error in callback (ignoring): Can't locate object method "destroy" via package "AnyEvent::CondVar" at t/07_client_server.t line 86.
EV: error in callback (ignoring): Can't locate object method "destroy" via package "AnyEvent::CondVar" at t/07_client_server.t line 86.
EV: error in callback (ignoring): Can't locate object method "destroy" via package "AnyEvent::CondVar" at t/07_client_server.t line 86.
EV: error in callback (ignoring): Can't locate object method "destroy" via package "AnyEvent::CondVar" at t/07_client_server.t line 86.
EV: error in callback (ignoring): Can't locate object method "destroy" via package "AnyEvent::CondVar" at t/07_client_server.t line 86.
EV: error in callback (ignoring): Can't locate object method "destroy" via package "AnyEvent::CondVar" at t/07_client_server.t line 86.
EV: error in callback (ignoring): Can't locate object method "destroy" via package "AnyEvent::CondVar" at t/07_client_server.t line 86.
EV: error in callback (ignoring): Can't locate object method "destroy" via package "AnyEvent::CondVar" at t/07_client_server.t line 86.
EV: error in callback (ignoring): Can't locate object method "destroy" via package "AnyEvent::CondVar" at t/07_client_server.t line 86.
EV: error in callback (ignoring): Can't locate object method "destroy" via package "AnyEvent::CondVar" at t/07_client_server.t line 86.
EV: error in callback (ignoring): Can't locate object method "destroy" via package "AnyEvent::CondVar" at t/07_client_server.t line 86.
EV: error in callback (ignoring): Can't locate object method "destroy" via package "AnyEvent::CondVar" at t/07_client_server.t line 86.
EV: error in callback (ignoring): Can't locate object method "destroy" via package "AnyEvent::CondVar" at t/07_client_server.t line 86.
EV: error in callback (ignoring): Can't locate object method "destroy" via package "AnyEvent::CondVar" at t/07_client_server.t line 86.
EV: error in callback (ignoring): Can't locate object method "destroy" via package "AnyEvent::CondVar" at t/07_client_server.t line 86.
EV: error in callback (ignoring): Can't locate object method "destroy" via package "AnyEvent::CondVar" at t/07_client_server.t line 86.
EV: error in callback (ignoring): Can't locate object method "destroy" via package "AnyEvent::CondVar" at t/07_client_server.t line 86.
EV: error in callback (ignoring): Can't locate object method "destroy" via package "AnyEvent::CondVar" at t/07_client_server.t line 86.
EV: error in callback (ignoring): Can't locate object method "destroy" via package "AnyEvent::CondVar" at t/07_client_server.t line 86.
EV: error in callback (ignoring): Can't locate object method "destroy" via package "AnyEvent::CondVar" at t/07_client_server.t line 86.
EV: error in callback (ignoring): Can't locate object method "destroy" via package "AnyEvent::CondVar" at t/07_client_server.t line 86.
EV: error in callback (ignoring): Can't locate object method "destroy" via package "AnyEvent::CondVar" at t/07_client_server.t line 86.
EV: error in callback (ignoring): Can't locate object method "destroy" via package "AnyEvent::CondVar" at t/07_client_server.t line 86.
EV: error in callback (ignoring): Can't locate object method "destroy" via package "AnyEvent::CondVar" at t/07_client_server.t line 86.
EV: error in callback (ignoring): Can't locate object method "destroy" via package "AnyEvent::CondVar" at t/07_client_server.t line 86.
EV: error in callback (ignoring): Can't locate object method "destroy" via package "AnyEvent::CondVar" at t/07_client_server.t line 86.
EV: error in callback (ignoring): Can't locate object method "destroy" via package "AnyEvent::CondVar" at t/07_client_server.t line 86.
EV: error in callback (ignoring): Can't locate object method "destroy" via package "AnyEvent::CondVar" at t/07_client_server.t line 86.
EV: error in callback (ignoring): Can't locate object method "destroy" via package "AnyEvent::CondVar" at t/07_client_server.t line 86.
EV: error in callback (ignoring): Can't locate object method "destroy" via package "AnyEvent::CondVar" at t/07_client_server.t line 86.
EV: error in callback (ignoring): Can't locate object method "destroy" via package "AnyEvent::CondVar" at t/07_client_server.t line 86.
EV: error in callback (ignoring): Can't locate object method "destroy" via package "AnyEvent::CondVar" at t/07_client_server.t line 86.
EV: error in callback (ignoring): Can't locate object method "destroy" via package "AnyEvent::CondVar" at t/07_client_server.t line 86.
EV: error in callback (ignoring): Can't locate object method "destroy" via package "AnyEvent::CondVar" at t/07_client_server.t line 86.
EV: error in callback (ignoring): Can't locate object method "destroy" via package "AnyEvent::CondVar" at t/07_client_server.t line 86.
EV: error in callback (ignoring): Can't locate object method "destroy" via package "AnyEvent::CondVar" at t/07_client_server.t line 86.
EV: error in callback (ignoring): Can't locate object method "destroy" via package "AnyEvent::CondVar" at t/07_client_server.t line 86.
EV: error in callback (ignoring): Can't locate object method "destroy" via package "AnyEvent::CondVar" at t/07_client_server.t line 86.
EV: error in callback (ignoring): Can't locate object method "destroy" via package "AnyEvent::CondVar" at t/07_client_server.t line 86.
EV: error in callback (ignoring): Can't locate object method "destroy" via package "AnyEvent::CondVar" at t/07_client_server.t line 86.
EV: error in callback (ignoring): Can't locate object method "destroy" via package "AnyEvent::CondVar" at t/07_client_server.t line 86.
EV: error in callback (ignoring): Can't locate object method "destroy" via package "AnyEvent::CondVar" at t/07_client_server.t line 86.
EV: error in callback (ignoring): Can't locate object method "destroy" via package "AnyEvent::CondVar" at t/07_client_server.t line 86.
EV: error in callback (ignoring): Can't locate object method "destroy" via package "AnyEvent::CondVar" at t/07_client_server.t line 86.
EV: error in callback (ignoring): Can't locate object method "destroy" via package "AnyEvent::CondVar" at t/07_client_server.t line 86.
EV: error in callback (ignoring): Can't locate object method "destroy" via package "AnyEvent::CondVar" at t/07_client_server.t line 86.
EV: error in callback (ignoring): Can't locate object method "destroy" via package "AnyEvent::CondVar" at t/07_client_server.t line 86.
EV: error in callback (ignoring): Can't locate object method "destroy" via package "AnyEvent::CondVar" at t/07_client_server.t line 86.
EV: error in callback (ignoring): Can't locate object method "destroy" via package "AnyEvent::CondVar" at t/07_client_server.t line 86.
EV: error in callback (ignoring): Can't locate object method "destroy" via package "AnyEvent::CondVar" at t/07_client_server.t line 86.
t/07_client_server.t ..
Dubious, test returned 5 (wstat 1280, 0x500)
All 2 subtests passed
t/08_dn.t ............. ok
Test Summary Report
-------------------
t/07_client_server.t (Wstat: 1280 Tests: 2 Failed: 0)
Non-zero exit status: 5
Parse errors: No plan found in TAP output
Files=7, Tests=11, 13 wallclock secs ( 0.04 usr + 0.04 sys = 0.08 CPU)
Result: FAIL
------------------------------
PREREQUISITES
------------------------------
Prerequisite modules loaded:
requires:
Module Need Have
------------------- -------- --------
Crypt::X509 0 0.51
CryptX 0 0.060
MIME::Base64 0 3.15
Module::Runtime 0 0.016
perl 5.008001 5.028000
build_requires:
Module Need Have
------------------- -------- --------
AnyEvent 7.00 7.14
Test::More 0.98 1.302136
Test::TCP 2.06 2.19
configure_requires:
Module Need Have
------------------- -------- --------
Module::Build::Tiny 0.035 0.039
------------------------------
ENVIRONMENT AND OTHER CONTEXT
------------------------------
Environment variables:
AUTOMATED_TESTING = 1
COMSPEC = C:\WINDOWS\system32\cmd.exe
NUMBER_OF_PROCESSORS = 1
PATH = C:\WINDOWS\system32;C:\WINDOWS;C:\WINDOWS\System32\Wbem;C:\Git\cmd;C:\Strawberry280RC1\c\bin;C:\Strawberry280RC1\perl\site\bin;C:\Strawberry280RC1\perl\bin
PERL5LIB = C:\STRAWB~1\cpan\build\Crypt-X509-0.51-0/blib/arch;C:\STRAWB~1\cpan\build\Crypt-X509-0.51-0/blib/lib
PERL5OPT =
PERL5_CPANPLUS_IS_RUNNING = 1376
PERL5_CPAN_IS_RUNNING = 1376
PERL5_CPAN_IS_RUNNING_IN_RECURSION = 1092,1376
PERL_CR_SMOKER_CURRENT = Protocol-TLS-0.04
PERL_CR_SMOKER_RUNONCE = 1
PERL_EXTUTILS_AUTOINSTALL = --defaultdeps
PERL_HASH_SEED = 0x11111111
PERL_MM_USE_DEFAULT = 1
PERL_USE_UNSAFE_INC = 1
PROCESSOR_IDENTIFIER = x86 Family 16 Model 5 Stepping 3, AuthenticAMD
TEMP = C:\DOCUME~1\a\LOCALS~1\Temp
Perl special variables (and OS-specific diagnostics, for MSWin32):
$^X = C:\Strawberry280RC1\perl\bin\perl.exe
$UID/$EUID = 0 / 0
$GID = 0
$EGID = 0
Win32::GetOSName = WinXP/.Net
Win32::GetOSVersion = Service Pack 3, 5, 1, 2600, 2, 3, 0, 256, 1
Win32::FsType = NTFS
Win32::IsAdminUser = 1
Perl module toolchain versions installed:
Module Have
------------------- --------
CPAN 2.20
CPAN::Meta 2.150010
Cwd 3.74
ExtUtils::CBuilder 0.280230
ExtUtils::Command 7.34
ExtUtils::Install 2.14
ExtUtils::MakeMaker 7.34
ExtUtils::Manifest 1.71
ExtUtils::ParseXS 3.39
File::Spec 3.74
JSON 2.97001
JSON::PP 2.97001
Module::Build 0.4224
Module::Signature 0.81
Parse::CPAN::Meta 2.150010
Test::Harness 3.42
Test::More 1.302136
YAML 1.26
YAML::Syck 1.30
version 0.9924
--
Summary of my perl5 (revision 5 version 28 subversion 0) configuration:
Platform:
osname=MSWin32
osvers=5.1.2600
archname=MSWin32-x86-multi-thread-64int
uname='Win32 strawberry-perl 5.28.0.1-beta1 #1 Tue May 22 11:32:25 2018 i386'
config_args='undef'
hint=recommended
useposix=true
d_sigaction=undef
useithreads=define
usemultiplicity=define
use64bitint=define
use64bitall=undef
uselongdouble=undef
usemymalloc=n
default_inc_excludes_dot=define
bincompat5005=undef
Compiler:
cc='gcc'
ccflags =' -s -O2 -DWIN32 -D__USE_MINGW_ANSI_STDIO -DPERL_TEXTMODE_SCRIPTS -DPERL_IMPLICIT_CONTEXT -DPERL_IMPLICIT_SYS -DUSE_PERLIO -fwrapv -fno-strict-aliasing -mms-bitfields'
optimize='-s -O2'
cppflags='-DWIN32'
ccversion=''
gccversion='7.1.0'
gccosandvers=''
intsize=4
longsize=4
ptrsize=4
doublesize=8
byteorder=12345678
doublekind=3
d_longlong=define
longlongsize=8
d_longdbl=define
longdblsize=12
longdblkind=3
ivtype='long long'
ivsize=8
nvtype='double'
nvsize=8
Off_t='long long'
lseeksize=8
alignbytes=8
prototype=define
Linker and Libraries:
ld='g++'
ldflags ='-s -L"C:\STRAWB~1\perl\lib\CORE" -L"C:\STRAWB~1\c\lib"'
libpth=C:\STRAWB~1\c\lib C:\STRAWB~1\c\i686-w64-mingw32\lib C:\STRAWB~1\c\lib\gcc\i686-w64-mingw32\7.1.0
libs= -lmoldname -lkernel32 -luser32 -lgdi32 -lwinspool -lcomdlg32 -ladvapi32 -lshell32 -lole32 -loleaut32 -lnetapi32 -luuid -lws2_32 -lmpr -lwinmm -lversion -lodbc32 -lodbccp32 -lcomctl32
perllibs= -lmoldname -lkernel32 -luser32 -lgdi32 -lwinspool -lcomdlg32 -ladvapi32 -lshell32 -lole32 -loleaut32 -lnetapi32 -luuid -lws2_32 -lmpr -lwinmm -lversion -lodbc32 -lodbccp32 -lcomctl32
libc=
so=dll
useshrplib=true
libperl=libperl528.a
gnulibc_version=''
Dynamic Linking:
dlsrc=dl_win32.xs
dlext=xs.dll
d_dlsymun=undef
ccdlflags=' '
cccdlflags=' '
lddlflags='-mdll -s -L"C:\STRAWB~1\perl\lib\CORE" -L"C:\STRAWB~1\c\lib"'
Characteristics of this binary (from libperl):
Compile-time options:
HAS_TIMES
HAVE_INTERP_INTERN
MULTIPLICITY
PERLIO_LAYERS
PERL_COPY_ON_WRITE
PERL_DONT_CREATE_GVSV
PERL_IMPLICIT_CONTEXT
PERL_IMPLICIT_SYS
PERL_MALLOC_WRAP
PERL_OP_PARENT
PERL_PRESERVE_IVUV
USE_64_BIT_INT
USE_ITHREADS
USE_LARGE_FILES
USE_LOCALE
USE_LOCALE_COLLATE
USE_LOCALE_CTYPE
USE_LOCALE_NUMERIC
USE_LOCALE_TIME
USE_PERLIO
USE_PERL_ATOF
Locally applied patches:
RC1
Built under MSWin32
Compiled at May 22 2018 11:43:06
%ENV:
PERL5LIB="C:\STRAWB~1\cpan\build\Crypt-X509-0.51-0/blib/arch;C:\STRAWB~1\cpan\build\Crypt-X509-0.51-0/blib/lib"
PERL5_CPANPLUS_IS_RUNNING="1376"
PERL5_CPAN_IS_RUNNING="1376"
PERL5_CPAN_IS_RUNNING_IN_RECURSION="1092,1376"
PERL_CR_SMOKER_CURRENT="Protocol-TLS-0.04"
PERL_CR_SMOKER_RUNONCE="1"
PERL_EXTUTILS_AUTOINSTALL="--defaultdeps"
PERL_HASH_SEED="0x11111111"
PERL_MM_USE_DEFAULT="1"
PERL_USE_UNSAFE_INC="1"
@INC:
C:\STRAWB~1\cpan\build\Crypt-X509-0.51-0/blib/arch
C:\STRAWB~1\cpan\build\Crypt-X509-0.51-0/blib/lib
C:/Strawberry280RC1/perl/site/lib
C:/Strawberry280RC1/perl/vendor/lib
C:/Strawberry280RC1/perl/lib
.