Back
From: metabase:user:314402c4-2aae-11df-837a-5e0a49663a4f
Subject: FAIL Geo-Coder-GoogleMaps-0.4 v5.18.4 GNU/Linux
Date: 2015-11-11T21:04:15Z
This distribution has been tested as part of the CPAN Testers
project, supporting the Perl programming language. See
http://wiki.cpantesters.org/ for more information or email
questions to cpan-testers-discuss@perl.org
--
Dear DUPUIS Arnaud,
This is a computer-generated report for Geo-Coder-GoogleMaps-0.4
on perl 5.18.4, created by CPAN-Reporter-1.2015.
Thank you for uploading your work to CPAN. However, there was a problem
testing your distribution.
If you think this report is invalid, please consult the CPAN Testers Wiki
for suggestions on how to avoid getting FAIL reports for missing library
or binary dependencies, unsupported operating systems, and so on:
http://wiki.cpantesters.org/wiki/CPANAuthorNotes
Sections of this report:
* Tester comments
* Program output
* Prerequisites
* Environment and other context
------------------------------
TESTER COMMENTS
------------------------------
Additional comments from tester:
none provided
------------------------------
PROGRAM OUTPUT
------------------------------
Output from './Build test':
# Testing Geo::Coder::GoogleMaps 0.4, Perl 5.018004, /bbbike/perl-5.18.4/bin/perl
t/00-load.t .................. ok
t/01-load-Location.t ......... ok
t/01-load-Response.t ......... ok
t/02-empty-location.t ........ ok
t/03-filled-location.t ....... ok
Use of uninitialized value in subroutine entry at /opt/perl-5.18.4/lib/site_perl/5.18.4/x86_64-linux/XML/LibXML.pm line 1649.
Use of uninitialized value in subroutine entry at /opt/perl-5.18.4/lib/site_perl/5.18.4/x86_64-linux/XML/LibXML.pm line 1649.
Use of uninitialized value in subroutine entry at /opt/perl-5.18.4/lib/site_perl/5.18.4/x86_64-linux/XML/LibXML.pm line 1649.
Use of uninitialized value in subroutine entry at /opt/perl-5.18.4/lib/site_perl/5.18.4/x86_64-linux/XML/LibXML.pm line 1649.
# Failed test at t/04-to-kml.t line 38.
# Looks like you failed 1 test of 21.
t/04-to-kml.t ................
Dubious, test returned 1 (wstat 256, 0x100)
Failed 1/21 subtests
#
# WARNING:
# The following tests requires two thing :
# 1) to be connected to the internet
# 2) to have a valid Google API key exported as GAPI_KEY.
# If you don't have those the test will be skip.
t/05-geo-coder-googlemaps.t .. ok
t/boilerplate.t .............. ok
t/pod-coverage.t ............. ok
t/pod.t ...................... ok
Test Summary Report
-------------------
t/04-to-kml.t (Wstat: 256 Tests: 21 Failed: 1)
Failed test: 21
Non-zero exit status: 1
Files=10, Tests=72, 1 wallclock secs ( 0.03 usr 0.06 sys + 0.45 cusr 0.16 csys = 0.70 CPU)
Result: FAIL
Failed 1/10 test programs. 1/72 subtests failed.
------------------------------
PREREQUISITES
------------------------------
Prerequisite modules loaded:
build_requires:
Module Need Have
-------------- ---- --------
HTTP::Request 0 6.11
JSON::Syck 0.07 1.29
LWP::UserAgent 0 6.13
Test::More 0 1.001014
URI 0 1.69
XML::LibXML 1.6 2.0121
configure_requires:
Module Need Have
-------------- ---- --------
Module::Build 0.35 0.4214
------------------------------
ENVIRONMENT AND OTHER CONTEXT
------------------------------
Environment variables:
LANG = C
PATH = /usr/local/bin:/usr/bin:/bin:/usr/local/sbin:/usr/sbin:/sbin:/home/eserte/bin/linux-gnu:/home/eserte/bin/sh:/home/eserte/bin:/usr/games:/home/eserte/devel:/home/eserte/src/srezic-misc/scripts
PERL5LIB =
PERL5OPT =
PERL5_CPANPLUS_IS_RUNNING = 17153
PERL5_CPAN_IS_RUNNING = 17153
PERL5_CPAN_IS_RUNNING_IN_RECURSION = 1887,17153
PERLDOC = -MPod::Perldoc::ToTextOverstrike
PERL_BATCH = yes
PERL_CANARY_STABILITY_NOPROMPT = 1
PERL_CPAN_REPORTER_CONFIG = /var/tmp/cpansmoker-1001/2015111118/cpanreporter_000_config.ini
PERL_EXTUTILS_AUTOINSTALL = --defaultdeps
SHELL = /bin/zsh
TERM = screen
TMPDIR = /var/tmp/cpansmoker-1001/2015111118
Perl special variables (and OS-specific diagnostics, for MSWin32):
$^X = /bbbike/perl-5.18.4/bin/perl
$UID/$EUID = 1001 / 1001
$GID = 1001 109 1001
$EGID = 1001 109 1001
Perl module toolchain versions installed:
Module Have
------------------- --------
CPAN 2.05
CPAN::Meta 2.150005
Cwd 3.47
ExtUtils::CBuilder 0.280220
ExtUtils::Command 1.17
ExtUtils::Install 2.04
ExtUtils::MakeMaker 7.04
ExtUtils::Manifest 1.68
ExtUtils::ParseXS 3.24
File::Spec 3.47
JSON 2.90
JSON::PP 2.27300
Module::Build 0.4214
Module::Signature 0.73
Parse::CPAN::Meta 1.4414
Test::Harness 3.34
Test::More 1.001014
YAML 1.15
YAML::Syck 1.29
version 0.9912
--
Summary of my perl5 (revision 5 version 18 subversion 4) configuration:
Platform:
osname=linux, osvers=3.2.0-4-amd64, archname=x86_64-linux
uname='linux eserte 3.2.0-4-amd64 #1 smp debian 3.2.60-1+deb7u3 x86_64 gnulinux '
config_args='-ds -e -Dprefix=/opt/perl-5.18.4'
hint=recommended, useposix=true, d_sigaction=define
useithreads=undef, usemultiplicity=undef
useperlio=define, d_sfio=undef, uselargefiles=define, usesocks=undef
use64bitint=define, use64bitall=define, uselongdouble=undef
usemymalloc=n, bincompat5005=undef
Compiler:
cc='cc', ccflags ='-fno-strict-aliasing -pipe -fstack-protector -I/usr/local/include -D_LARGEFILE_SOURCE -D_FILE_OFFSET_BITS=64',
optimize='-O2',
cppflags='-fno-strict-aliasing -pipe -fstack-protector -I/usr/local/include'
ccversion='', gccversion='4.7.2', gccosandvers=''
intsize=4, longsize=8, ptrsize=8, doublesize=8, byteorder=12345678
d_longlong=define, longlongsize=8, d_longdbl=define, longdblsize=16
ivtype='long', ivsize=8, nvtype='double', nvsize=8, Off_t='off_t', lseeksize=8
alignbytes=8, prototype=define
Linker and Libraries:
ld='cc', ldflags =' -fstack-protector -L/usr/local/lib'
libpth=/usr/local/lib /lib/x86_64-linux-gnu /lib/../lib /usr/lib/x86_64-linux-gnu /usr/lib/../lib /lib /usr/lib
libs=-lnsl -ldb -ldl -lm -lcrypt -lutil -lc
perllibs=-lnsl -ldl -lm -lcrypt -lutil -lc
libc=, so=so, useshrplib=false, libperl=libperl.a
gnulibc_version='2.13'
Dynamic Linking:
dlsrc=dl_dlopen.xs, dlext=so, d_dlsymun=undef, ccdlflags='-Wl,-E'
cccdlflags='-fPIC', lddlflags='-shared -O2 -L/usr/local/lib -fstack-protector'
Characteristics of this binary (from libperl):
Compile-time options: HAS_TIMES PERLIO_LAYERS PERL_DONT_CREATE_GVSV
PERL_HASH_FUNC_ONE_AT_A_TIME_HARD PERL_MALLOC_WRAP
PERL_PRESERVE_IVUV PERL_SAWAMPERSAND USE_64_BIT_ALL
USE_64_BIT_INT USE_LARGE_FILES USE_LOCALE
USE_LOCALE_COLLATE USE_LOCALE_CTYPE
USE_LOCALE_NUMERIC USE_PERLIO USE_PERL_ATOF
Built under linux
Compiled at Oct 2 2014 05:37:02
%ENV:
PERL5LIB=""
PERL5OPT=""
PERL5_CPANPLUS_IS_RUNNING="17153"
PERL5_CPAN_IS_RUNNING="17153"
PERL5_CPAN_IS_RUNNING_IN_RECURSION="1887,17153"
PERLDOC="-MPod::Perldoc::ToTextOverstrike"
PERL_BATCH="yes"
PERL_CANARY_STABILITY_NOPROMPT="1"
PERL_CPAN_REPORTER_CONFIG="/var/tmp/cpansmoker-1001/2015111118/cpanreporter_000_config.ini"
PERL_EXTUTILS_AUTOINSTALL="--defaultdeps"
@INC:
/opt/perl-5.18.4/lib/site_perl/5.18.4/x86_64-linux
/opt/perl-5.18.4/lib/site_perl/5.18.4
/opt/perl-5.18.4/lib/5.18.4/x86_64-linux
/opt/perl-5.18.4/lib/5.18.4
.