HPC-Runner-Command-Plugin-Logger-Sqlite v0.0.4 Perl 5 v5.24.2 x86_64-linux-thread-multi
- Status
- Fail
- From
- Andreas J. König (ANDK)
- Dist
-
HPC-Runner-Command-Plugin-Logger-Sqlite v0.0.4
- Platform
- Perl 5 v5.24.2 x86_64-linux-thread-multi
- Date
- 2017-09-13 10:46:14
- ID
- c3dd2c22-9870-11e7-91ea-ead8ffe0d2dc
This distribution has been tested as part of the CPAN Testers
project, supporting the Perl programming language. See
http://wiki.cpantesters.org/ for more information or email
questions to cpan-testers-discuss@perl.org
--
Dear Jillian Rowe,
This is a computer-generated report for HPC-Runner-Command-Plugin-Logger-Sqlite-0.0.4
on perl 5.24.2, created by CPAN-Reporter-1.2018.
Thank you for uploading your work to CPAN. However, there was a problem
testing your distribution.
If you think this report is invalid, please consult the CPAN Testers Wiki
for suggestions on how to avoid getting FAIL reports for missing library
or binary dependencies, unsupported operating systems, and so on:
http://wiki.cpantesters.org/wiki/CPANAuthorNotes
Sections of this report:
* Tester comments
* Program output
* Prerequisites
* Environment and other context
------------------------------
TESTER COMMENTS
------------------------------
Additional comments from tester:
this report is from an automated smoke testing program
and was not reviewed by a human for accuracy
------------------------------
PROGRAM OUTPUT
------------------------------
Output from './Build test':
t/author-pod-syntax.t .. skipped: these tests are for testing by the author
t/basic.t .............. ok
[32m[2017/09/13 10:46:00] Loaded plugin Dummy [0m
[32m[2017/09/13 10:46:00] Loaded plugin Logger::Sqlite [0m
[32m[2017/09/13 10:46:00] Saving to sqlite db as submission id : 1 [0m
[34m[2017/09/13 10:46:00] There are uncommited files in your repo![0m
[34m We will try to commit these files before running.[0m
[34m [0m
[32m[2017/09/13 10:46:01] Successfully commited files to git. [0m
[31m[2017/09/13 10:46:01] We have noticed a dirty commit while trying to generate tags...[0m
[31m [0m
[32m[2017/09/13 10:46:01] Parsing input file [0m
[32m[2017/09/13 10:46:01] Here is your tabular dependency list in submission order [0m
[32m[2017/09/13 10:46:01] [0m
[32m.----------------------------------------------------------.[0m
[32m| JobName | Deps | Task Count | Mem | Cpu | Num Arrays |[0m
[32m+------------+------+------------+------+-----+------------+[0m
[32m| hpcjob_001 | | 4 | 10GB | 4 | 1 |[0m
[32m'------------+------+------------+------+-----+------------'[0m
[32m [0m
[32m[2017/09/13 10:46:01] Submitting jobs [0m
[32m[2017/09/13 10:46:01] Beginning to submit jobs to the scheduler [0m
[32m[2017/09/13 10:46:01] Schedule is hpcjob_001[0m
[32m [0m
[32m[2017/09/13 10:46:01] Submitting all hpcjob_001 job types [0m
[32m[2017/09/13 10:46:01] There are 4 tasks for job type hpcjob_001 [0m
[32m[2017/09/13 10:46:01] Submitted in 1 job arrays.[0m
[32m [0m
[34m[2017/09/13 10:46:02] SUBMITTING DUMMY JOB /tmp/hpcrunner/uiOvaUcA/hpc-runner/2017-09-13T10-46-00/scratch/001_hpcjob_001.sh[0m
[34m With dummy jobid 1234 [0m
[32m[2017/09/13 10:46:02] Updating task dependencies. This may take some time... [0m
[32m[2017/09/13 10:46:02] Job Summary [0m
[32m[2017/09/13 10:46:02] [0m
[32m.--------------------------------------------------------.[0m
[32m| Job Name | Scheduler ID | Task Indices | Total Tasks |[0m
[32m+------------+--------------+--------------+-------------+[0m
[32m| hpcjob_001 | 1234 | 1-4 | 4 |[0m
[32m'------------+--------------+--------------+-------------'[0m
[32m [0m
[32m[2017/09/13 10:46:02] Your jobs have been submitted. [0m
[32m[2017/09/13 10:46:02] Experimental! For status updates please run: [0m
[32m[2017/09/13 10:46:02] hpcrunner.pl stats [0m
[32m[2017/09/13 10:46:02] To get status updates for only this submission please run: [0m
[32m[2017/09/13 10:46:02] hpcrunner.pl stats --data_dir /tmp/hpcrunner/uiOvaUcA/.biosails/.hpcrunner-data/NULL_PROJECT/2017-09-13T10-46-01__UID_BC361DA8-9870-11E7-84B3-B3D4FFE0D2DC [0m
[32m[2017/09/13 10:46:02] Loaded plugin Logger::Sqlite [0m
# Can't locate object method "tags" via package "Moose::Meta::Class::__ANON__::SERIAL::61" at /tmp/loop_over_bdir-13834-VflEYf/HPC-Runner-Command-3.2.11-0/blib/lib/HPC/Runner/Command/Utils/Base.pm line 232.
# Failed test 'test_005'
# at /home/sand/src/perl/repoperls/installed-perls/host/k93msid/v5.24.2/f11c/lib/site_perl/5.24.2/Test2/Tools/AsyncSubtest.pm line 23.
# Failed test 'TestsFor::HPC::Runner::Command::Plugin::Test001'
# at /home/sand/src/perl/repoperls/installed-perls/host/k93msid/v5.24.2/f11c/lib/site_perl/5.24.2/Test2/Tools/AsyncSubtest.pm line 23.
# Looks like you failed 1 test of 1.
t/test_class_tests.t ...
Dubious, test returned 1 (wstat 256, 0x100)
Failed 1/1 subtests
Test Summary Report
-------------------
t/test_class_tests.t (Wstat: 256 Tests: 1 Failed: 1)
Failed test: 1
Non-zero exit status: 1
Files=3, Tests=2, 7 wallclock secs ( 0.04 usr 0.02 sys + 2.89 cusr 2.42 csys = 5.37 CPU)
Result: FAIL
------------------------------
PREREQUISITES
------------------------------
Prerequisite modules loaded:
requires:
Module Need Have
-------------------------- ----- --------
base 0 2.23_01
Cwd 0 3.63_01
Data::Dumper 0 2.161
DateTime 0 1.44
DBIx::Class::Core 0 0
DBIx::Class::Schema 0 0
HPC::Runner::Command 0 3.2.11
JSON 0 2.94
JSON::XS 0 3.04
Log::Log4perl 0 1.49
Moose::Role 0 2.2006
MooseX::App::Command 0 0
strict 0 1.11
Text::ASCIITable 0 0.22
utf8 0 1.19
warnings 0 1.36
build_requires:
Module Need Have
-------------------------- ----- --------
Capture::Tiny 0 0.46
File::Path 0 2.12_01
File::Slurp 0 9999.19
File::Spec::Functions 0 3.63_01
FindBin 0 1.51
IPC::Cmd 0 0.98
Slurp 0 0.4
Test::Class::Moose 0 0.86
Test::Class::Moose::Load 0 0.86
Test::Class::Moose::Runner 0 0.86
Test::More 0 1.302096
configure_requires:
Module Need Have
-------------------------- ----- --------
Module::Build::Tiny 0.034 0.039
------------------------------
ENVIRONMENT AND OTHER CONTEXT
------------------------------
Environment variables:
AUTOMATED_TESTING = 1
LANG = en_US.UTF-8
PATH = /home/sand/bin:/usr/local/bin:/usr/bin:/bin:/usr/games:/usr/local/perl/bin:/usr/X11/bin:/sbin:/usr/sbin
PERL5LIB = /tmp/loop_over_bdir-13834-VflEYf/HPC-Runner-Command-3.2.11-0/blib/arch:/tmp/loop_over_bdir-13834-VflEYf/HPC-Runner-Command-3.2.11-0/blib/lib:/tmp/loop_over_bdir-13834-VflEYf/HPC-Runner-Command-3.2.8-0/blib/arch:/tmp/loop_over_bdir-13834-VflEYf/HPC-Runner-Command-3.2.8-0/blib/lib:/tmp/loop_over_bdir-13834-VflEYf/Slurp-0.4-0/blib/arch:/tmp/loop_over_bdir-13834-VflEYf/Slurp-0.4-0/blib/lib:/tmp/loop_over_bdir-13834-VflEYf/MooseX-App-Role-Log4perl-0.03-0/blib/arch:/tmp/loop_over_bdir-13834-VflEYf/MooseX-App-Role-Log4perl-0.03-0/blib/lib:/tmp/loop_over_bdir-13834-VflEYf/List-Uniq-0.20-0/blib/arch:/tmp/loop_over_bdir-13834-VflEYf/List-Uniq-0.20-0/blib/lib:/tmp/loop_over_bdir-13834-VflEYf/HPC-Runner-Command-Utils-ManyConfigs-0.03-0/blib/arch:/tmp/loop_over_bdir-13834-VflEYf/HPC-Runner-Command-Utils-ManyConfigs-0.03-0/blib/lib:/tmp/loop_over_bdir-13834-VflEYf/DateTime-Format-Duration-1.04-0/blib/arch:/tmp/loop_over_bdir-13834-VflEYf/DateTime-Format-Duration-1.04-0/blib/lib:/tmp/loop_over_bdir-13834-VflEYf/Archive-Tar-Wrapper-0.23-0/blib/arch:/tmp/loop_over_bdir-13834-VflEYf/Archive-Tar-Wrapper-0.23-0/blib/lib
PERL5OPT =
PERL5_CPANPLUS_IS_RUNNING = 13843
PERL5_CPAN_IS_RUNNING = 13843
PERL5_CPAN_IS_RUNNING_IN_RECURSION = 5138,13843
PERL_CANARY_STABILITY_NOPROMPT = 1
PERL_MM_USE_DEFAULT = 1
PERL_USE_UNSAFE_INC = 1
SHELL = /usr/bin/zsh
TERM = screen
Perl special variables (and OS-specific diagnostics, for MSWin32):
$^X = /home/sand/src/perl/repoperls/installed-perls/host/k93msid/v5.24.2/f11c/bin/perl
$UID/$EUID = 1005 / 1005
$GID = 1005 1005
$EGID = 1005 1005
Perl module toolchain versions installed:
Module Have
------------------- ----------
CPAN 2.18
CPAN::Meta 2.150010
Cwd 3.63_01
ExtUtils::CBuilder 0.280226
ExtUtils::Command 7.30
ExtUtils::Install 2.06
ExtUtils::MakeMaker 7.30
ExtUtils::Manifest 1.70
ExtUtils::ParseXS 3.31
File::Spec 3.63_01
JSON 2.94
JSON::PP 2.27300_01
Module::Build 0.4224
Module::Signature 0.81
Parse::CPAN::Meta 2.150010
Test::Harness 3.39
Test::More 1.302096
YAML 1.23
YAML::Syck 1.30
version 0.9916
--
Summary of my perl5 (revision 5 version 24 subversion 2) configuration:
Derived from: eb3b805818a89c08b5564d383beddf70f69af1a3
Platform:
osname=linux, osvers=4.9.0-2-amd64, archname=x86_64-linux-thread-multi
uname='linux k93msid 4.9.0-2-amd64 #1 smp debian 4.9.18-1 (2017-03-30) x86_64 gnulinux '
config_args='-Dprefix=/home/sand/src/perl/repoperls/installed-perls/host/k93msid/v5.24.2/f11c -Dmyhostname=k93msid -Dinstallusrbinperl=n -Uversiononly -Dusedevel -des -Ui_db -Dlibswanted=cl pthread socket inet nsl gdbm dbm malloc dl ld sun m crypt sec util c cposix posix ucb BSD gdbm_compat -Duseithreads -Uuselongdouble -DDEBUGGING=-g'
hint=recommended, useposix=true, d_sigaction=define
useithreads=define, usemultiplicity=define
use64bitint=define, use64bitall=define, uselongdouble=undef
usemymalloc=n, bincompat5005=undef
Compiler:
cc='cc', ccflags ='-D_REENTRANT -D_GNU_SOURCE -fwrapv -fno-strict-aliasing -pipe -fstack-protector-strong -I/usr/local/include -D_LARGEFILE_SOURCE -D_FILE_OFFSET_BITS=64',
optimize='-O2 -g',
cppflags='-D_REENTRANT -D_GNU_SOURCE -fwrapv -fno-strict-aliasing -pipe -fstack-protector-strong -I/usr/local/include'
ccversion='', gccversion='6.3.0 20170406', gccosandvers=''
intsize=4, longsize=8, ptrsize=8, doublesize=8, byteorder=12345678, doublekind=3
d_longlong=define, longlongsize=8, d_longdbl=define, longdblsize=16, longdblkind=3
ivtype='long', ivsize=8, nvtype='double', nvsize=8, Off_t='off_t', lseeksize=8
alignbytes=8, prototype=define
Linker and Libraries:
ld='cc', ldflags =' -fstack-protector-strong -L/usr/local/lib'
libpth=/usr/local/lib /usr/lib/gcc/x86_64-linux-gnu/6/include-fixed /usr/include/x86_64-linux-gnu /usr/lib /lib/x86_64-linux-gnu /lib/../lib /usr/lib/x86_64-linux-gnu /usr/lib/../lib /lib
libs=-lpthread -lnsl -ldl -lm -lcrypt -lutil -lc
perllibs=-lpthread -lnsl -ldl -lm -lcrypt -lutil -lc
libc=libc-2.24.so, so=so, useshrplib=false, libperl=libperl.a
gnulibc_version='2.24'
Dynamic Linking:
dlsrc=dl_dlopen.xs, dlext=so, d_dlsymun=undef, ccdlflags='-Wl,-E'
cccdlflags='-fPIC', lddlflags='-shared -O2 -g -L/usr/local/lib -fstack-protector-strong'
Characteristics of this binary (from libperl):
Compile-time options: HAS_TIMES MULTIPLICITY PERLIO_LAYERS
PERL_COPY_ON_WRITE PERL_DONT_CREATE_GVSV
PERL_HASH_FUNC_ONE_AT_A_TIME_HARD
PERL_IMPLICIT_CONTEXT PERL_MALLOC_WRAP
PERL_PRESERVE_IVUV PERL_USE_DEVEL USE_64_BIT_ALL
USE_64_BIT_INT USE_ITHREADS USE_LARGE_FILES
USE_LOCALE USE_LOCALE_COLLATE USE_LOCALE_CTYPE
USE_LOCALE_NUMERIC USE_LOCALE_TIME USE_PERLIO
USE_PERL_ATOF USE_REENTRANT_API
Locally applied patches:
uncommitted-changes
Built under linux
Compiled at Aug 25 2017 08:33:13
%ENV:
PERL5LIB="/tmp/loop_over_bdir-13834-VflEYf/HPC-Runner-Command-3.2.11-0/blib/arch:/tmp/loop_over_bdir-13834-VflEYf/HPC-Runner-Command-3.2.11-0/blib/lib:/tmp/loop_over_bdir-13834-VflEYf/HPC-Runner-Command-3.2.8-0/blib/arch:/tmp/loop_over_bdir-13834-VflEYf/HPC-Runner-Command-3.2.8-0/blib/lib:/tmp/loop_over_bdir-13834-VflEYf/Slurp-0.4-0/blib/arch:/tmp/loop_over_bdir-13834-VflEYf/Slurp-0.4-0/blib/lib:/tmp/loop_over_bdir-13834-VflEYf/MooseX-App-Role-Log4perl-0.03-0/blib/arch:/tmp/loop_over_bdir-13834-VflEYf/MooseX-App-Role-Log4perl-0.03-0/blib/lib:/tmp/loop_over_bdir-13834-VflEYf/List-Uniq-0.20-0/blib/arch:/tmp/loop_over_bdir-13834-VflEYf/List-Uniq-0.20-0/blib/lib:/tmp/loop_over_bdir-13834-VflEYf/HPC-Runner-Command-Utils-ManyConfigs-0.03-0/blib/arch:/tmp/loop_over_bdir-13834-VflEYf/HPC-Runner-Command-Utils-ManyConfigs-0.03-0/blib/lib:/tmp/loop_over_bdir-13834-VflEYf/DateTime-Format-Duration-1.04-0/blib/arch:/tmp/loop_over_bdir-13834-VflEYf/DateTime-Format-Duration-1.04-0/blib/lib:/tmp/loop_over_bdir-13834-VflEYf/Archive-Tar-Wrapper-0.23-0/blib/arch:/tmp/loop_over_bdir-13834-VflEYf/Archive-Tar-Wrapper-0.23-0/blib/lib"
PERL5OPT=""
PERL5_CPANPLUS_IS_RUNNING="13843"
PERL5_CPAN_IS_RUNNING="13843"
PERL5_CPAN_IS_RUNNING_IN_RECURSION="5138,13843"
PERL_CANARY_STABILITY_NOPROMPT="1"
PERL_MM_USE_DEFAULT="1"
PERL_USE_UNSAFE_INC="1"
@INC:
/tmp/loop_over_bdir-13834-VflEYf/HPC-Runner-Command-3.2.11-0/blib/arch
/tmp/loop_over_bdir-13834-VflEYf/HPC-Runner-Command-3.2.11-0/blib/lib
/tmp/loop_over_bdir-13834-VflEYf/HPC-Runner-Command-3.2.8-0/blib/arch
/tmp/loop_over_bdir-13834-VflEYf/HPC-Runner-Command-3.2.8-0/blib/lib
/tmp/loop_over_bdir-13834-VflEYf/Slurp-0.4-0/blib/arch
/tmp/loop_over_bdir-13834-VflEYf/Slurp-0.4-0/blib/lib
/tmp/loop_over_bdir-13834-VflEYf/MooseX-App-Role-Log4perl-0.03-0/blib/arch
/tmp/loop_over_bdir-13834-VflEYf/MooseX-App-Role-Log4perl-0.03-0/blib/lib
/tmp/loop_over_bdir-13834-VflEYf/List-Uniq-0.20-0/blib/arch
/tmp/loop_over_bdir-13834-VflEYf/List-Uniq-0.20-0/blib/lib
/tmp/loop_over_bdir-13834-VflEYf/HPC-Runner-Command-Utils-ManyConfigs-0.03-0/blib/arch
/tmp/loop_over_bdir-13834-VflEYf/HPC-Runner-Command-Utils-ManyConfigs-0.03-0/blib/lib
/tmp/loop_over_bdir-13834-VflEYf/DateTime-Format-Duration-1.04-0/blib/arch
/tmp/loop_over_bdir-13834-VflEYf/DateTime-Format-Duration-1.04-0/blib/lib
/tmp/loop_over_bdir-13834-VflEYf/Archive-Tar-Wrapper-0.23-0/blib/arch
/tmp/loop_over_bdir-13834-VflEYf/Archive-Tar-Wrapper-0.23-0/blib/lib
/home/sand/src/perl/repoperls/installed-perls/host/k93msid/v5.24.2/f11c/lib/site_perl/5.24.2/x86_64-linux-thread-multi
/home/sand/src/perl/repoperls/installed-perls/host/k93msid/v5.24.2/f11c/lib/site_perl/5.24.2
/home/sand/src/perl/repoperls/installed-perls/host/k93msid/v5.24.2/f11c/lib/5.24.2/x86_64-linux-thread-multi
/home/sand/src/perl/repoperls/installed-perls/host/k93msid/v5.24.2/f11c/lib/5.24.2
.