B-DeparseTree vv3.3.0 Perl 5 v5.14.4 amd64-freebsd

Status
Fail
From
Slaven Rezić (SREZIC)
Dist
B-DeparseTree vv3.3.0
Platform
Perl 5 v5.14.4 amd64-freebsd
Date
2018-07-04 05:40:31
ID
c39fe088-7f4c-11e8-9e85-a30070a80f2c
This distribution has been tested as part of the CPAN Testers
project, supporting the Perl programming language.  See
http://wiki.cpantesters.org/ for more information or email
questions to cpan-testers-discuss@perl.org


--
Dear Rocky Bernstein,

This is a computer-generated report for B-DeparseTree-v3.3.0
on perl 5.14.4, created by CPAN-Reporter-1.2018.

Thank you for uploading your work to CPAN.  However, there was a problem
testing your distribution.

If you think this report is invalid, please consult the CPAN Testers Wiki
for suggestions on how to avoid getting FAIL reports for missing library
or binary dependencies, unsupported operating systems, and so on:

http://wiki.cpantesters.org/wiki/CPANAuthorNotes

Sections of this report:

    * Tester comments
    * Program output
    * Prerequisites
    * Environment and other context

------------------------------
TESTER COMMENTS
------------------------------

Additional comments from tester:

none provided

------------------------------
PROGRAM OUTPUT
------------------------------

Output from './Build test':


#   Failed test 'endgrent: lex=0 endgrent() => endgrent()'
#   at /usr/home/eserte/.cpan/build/2018070401/B-DeparseTree-v3.3.0-3/t/helper.pm line 122.
# couldn't extract line from boilerplate, file: baseops.pm, line: 29
# 
# {
#     package test;
#     no warnings;
#     use strict 'refs';
#     () = endgrent()
# }
# Looks like your test exited with 1 just after 1.
t/04-baseops.t ........ 
Dubious, test returned 1 (wstat 256, 0x100)
Failed 1/1 subtests 

#   Failed test 'print: lex=0 print() => print($_)'
#   at /usr/home/eserte/.cpan/build/2018070401/B-DeparseTree-v3.3.0-3/t/helper.pm line 122.
# couldn't extract line from boilerplate, file: indirops.pm, line: 29
# 
# {
#     package test;
#     no warnings;
#     use strict 'refs';
#     () = print($_)
# }
# Looks like your test exited with 1 just after 1.
t/04-indirops.t ....... 
Dubious, test returned 1 (wstat 256, 0x100)
Failed 1/1 subtests 
t/04-mapops.t ......... skipped: Need Perl 5.20 or greater for this test

#   Failed test 'accept: lex=0 accept($a, $b) => accept($a, $b)'
#   at /usr/home/eserte/.cpan/build/2018070401/B-DeparseTree-v3.3.0-3/t/helper.pm line 122.
# couldn't extract line from boilerplate, file: listops.pm, line: 29
# 
# {
#     package test;
#     no warnings;
#     use strict 'refs';
#     () = accept($a, $b)
# }
# Looks like your test exited with 1 just after 1.
t/05-listops.t ........ 
Dubious, test returned 1 (wstat 256, 0x100)
Failed 1/1 subtests 

#   Failed test '__SUB__: lex=0 __SUB__() => __SUB__()'
#   at /usr/home/eserte/.cpan/build/2018070401/B-DeparseTree-v3.3.0-3/t/helper.pm line 122.
# couldn't extract line from boilerplate, file: unops.pm, line: 28
# 
# {
#     package test;
#     no warnings;
#     use strict 'refs';
#     () = __SUB__()
# }
# Looks like your test exited with 1 just after 1.
t/05-unops.t .......... 
Dubious, test returned 1 (wstat 256, 0x100)
Failed 1/1 subtests 
t/10-core.t ........... skipped: Customized to the Perl 5.16 - 5.26 interpreters
t/20-deparse-526c.t ... skipped: Customized to version 5.26 interpreter
t/20-deparse-small.t .. skipped: Customized to Perl 5.18 - 5.26 interpreters

Test Summary Report
-------------------
t/04-baseops.t      (Wstat: 256 Tests: 1 Failed: 1)
  Failed test:  1
  Non-zero exit status: 1
t/04-indirops.t     (Wstat: 256 Tests: 1 Failed: 1)
  Failed test:  1
  Non-zero exit status: 1
t/05-listops.t      (Wstat: 256 Tests: 1 Failed: 1)
  Failed test:  1
  Non-zero exit status: 1
t/05-unops.t        (Wstat: 256 Tests: 1 Failed: 1)
  Failed test:  1
  Non-zero exit status: 1
Files=8, Tests=4,  2 wallclock secs ( 0.00 usr  0.05 sys +  0.79 cusr  0.16 csys =  1.00 CPU)
Result: FAIL
Failed 4/8 test programs. 4/4 subtests failed.

------------------------------
PREREQUISITES
------------------------------

Prerequisite modules loaded:

requires:

    Module        Need     Have    
    ------------- -------- --------
    Data::Printer 0.40     0.40    
    perl          5.014000 5.014004
    rlib          0.02     0.02    
    version       0        0.9924  

build_requires:

    Module        Need     Have    
    ------------- -------- --------
    Test::Simple  0.81     1.302136
    Text::Diff    0        1.44    

configure_requires:

    Module        Need     Have    
    ------------- -------- --------
    Module::Build 0.4214   0.4224  


------------------------------
ENVIRONMENT AND OTHER CONTEXT
------------------------------

Environment variables:

    LC_ALL = de_DE.ISO8859-1
    PATH = /usr/local/bin:/usr/bin:/bin:/usr/local/sbin:/usr/sbin:/sbin:/home/cpansand/bin/freebsd9.3:/home/cpansand/bin/sh:/home/cpansand/bin:/usr/games:/home/cpansand/devel:/usr/home/eserte/src/srezic-misc/scripts
    PERL5LIB = /home/eserte/.cpan/build/2018070401/Role-Markup-XML-0.09-3/blib/arch:/home/eserte/.cpan/build/2018070401/Role-Markup-XML-0.09-3/blib/lib:/home/eserte/.cpan/build/2018070401/Webservice-Judobase-0.002-3/blib/arch:/home/eserte/.cpan/build/2018070401/Webservice-Judobase-0.002-3/blib/lib:/home/eserte/.cpan/build/2018070401/Perl-Critic-MergeProfile-0.001-3/blib/arch:/home/eserte/.cpan/build/2018070401/Perl-Critic-MergeProfile-0.001-3/blib/lib
    PERL5OPT = 
    PERL5_CPANPLUS_IS_RUNNING = 18444
    PERL5_CPAN_IS_RUNNING = 18444
    PERL5_CPAN_IS_RUNNING_IN_RECURSION = 18394,18444
    PERLDOC = -MPod::Perldoc::ToTextOverstrike
    PERL_BATCH = yes
    PERL_CANARY_STABILITY_NOPROMPT = 1
    PERL_CPAN_REPORTER_CONFIG = /var/tmp/cpansmoker-1023/2018070401/cpanreporter_000_config.ini
    PERL_EXTUTILS_AUTOINSTALL = --defaultdeps
    SHELL = /usr/local/bin/zsh
    TERM = screen
    TMPDIR = /var/tmp/cpansmoker-1023/2018070401

Perl special variables (and OS-specific diagnostics, for MSWin32):

    $^X = /usr/perl5.14.4/bin/perl
    $UID/$EUID = 1023 / 1023
    $GID = 1023 1023
    $EGID = 1023 1023

Perl module toolchain versions installed:

    Module              Have    
    ------------------- --------
    CPAN                2.16    
    CPAN::Meta          2.150010
    Cwd                 3.74    
    ExtUtils::CBuilder  0.280230
    ExtUtils::Command   7.34    
    ExtUtils::Install   2.12    
    ExtUtils::MakeMaker 7.34    
    ExtUtils::Manifest  1.71    
    ExtUtils::ParseXS   3.35    
    File::Spec          3.74    
    JSON                2.97001 
    JSON::PP            2.97001 
    Module::Build       0.4224  
    Module::Signature   0.81    
    Parse::CPAN::Meta   2.150010
    Test::Harness       3.41    
    Test::More          1.302136
    YAML                1.24    
    YAML::Syck          1.30    
    version             0.9924  


--

Summary of my perl5 (revision 5 version 14 subversion 4) configuration:
   
  Platform:
    osname=freebsd, osvers=9.2-release-p4, archname=amd64-freebsd
    uname='freebsd cvrsnica-freebsd-92 9.2-release-p4 freebsd 9.2-release-p4 #0: tue apr 8 18:08:22 utc 2014 root@amd64-builder.daemonology.net:usrobjusrsrcsysgeneric amd64 '
    config_args='-ds -e -Dprefix=/usr/perl5.14.4'
    hint=recommended, useposix=true, d_sigaction=define
    useithreads=undef, usemultiplicity=undef
    useperlio=define, d_sfio=undef, uselargefiles=define, usesocks=undef
    use64bitint=define, use64bitall=define, uselongdouble=undef
    usemymalloc=n, bincompat5005=undef
  Compiler:
    cc='cc', ccflags ='-DHAS_FPSETMASK -DHAS_FLOATINGPOINT_H -fno-strict-aliasing -pipe -fstack-protector -I/usr/local/include',
    optimize='-O',
    cppflags='-DHAS_FPSETMASK -DHAS_FLOATINGPOINT_H -fno-strict-aliasing -pipe -fstack-protector -I/usr/local/include'
    ccversion='', gccversion='4.2.1 20070831 patched [FreeBSD]', gccosandvers=''
    intsize=4, longsize=8, ptrsize=8, doublesize=8, byteorder=12345678
    d_longlong=define, longlongsize=8, d_longdbl=define, longdblsize=16
    ivtype='long', ivsize=8, nvtype='double', nvsize=8, Off_t='off_t', lseeksize=8
    alignbytes=8, prototype=define
  Linker and Libraries:
    ld='cc', ldflags ='-Wl,-E  -fstack-protector -L/usr/local/lib'
    libpth=/usr/lib /usr/local/lib
    libs=-lgdbm -lm -lcrypt -lutil -lc
    perllibs=-lm -lcrypt -lutil -lc
    libc=, so=so, useshrplib=false, libperl=libperl.a
    gnulibc_version=''
  Dynamic Linking:
    dlsrc=dl_dlopen.xs, dlext=so, d_dlsymun=undef, ccdlflags=' '
    cccdlflags='-DPIC -fPIC', lddlflags='-shared  -L/usr/local/lib -fstack-protector'


Characteristics of this binary (from libperl): 
  Compile-time options: PERL_DONT_CREATE_GVSV PERL_MALLOC_WRAP
                        PERL_PRESERVE_IVUV USE_64_BIT_ALL USE_64_BIT_INT
                        USE_LARGE_FILES USE_PERLIO USE_PERL_ATOF
  Built under freebsd
  Compiled at May 16 2014 00:20:44
  %ENV:
    PERL5LIB="/home/eserte/.cpan/build/2018070401/Role-Markup-XML-0.09-3/blib/arch:/home/eserte/.cpan/build/2018070401/Role-Markup-XML-0.09-3/blib/lib:/home/eserte/.cpan/build/2018070401/Webservice-Judobase-0.002-3/blib/arch:/home/eserte/.cpan/build/2018070401/Webservice-Judobase-0.002-3/blib/lib:/home/eserte/.cpan/build/2018070401/Perl-Critic-MergeProfile-0.001-3/blib/arch:/home/eserte/.cpan/build/2018070401/Perl-Critic-MergeProfile-0.001-3/blib/lib"
    PERL5OPT=""
    PERL5_CPANPLUS_IS_RUNNING="18444"
    PERL5_CPAN_IS_RUNNING="18444"
    PERL5_CPAN_IS_RUNNING_IN_RECURSION="18394,18444"
    PERLDOC="-MPod::Perldoc::ToTextOverstrike"
    PERL_BATCH="yes"
    PERL_CANARY_STABILITY_NOPROMPT="1"
    PERL_CPAN_REPORTER_CONFIG="/var/tmp/cpansmoker-1023/2018070401/cpanreporter_000_config.ini"
    PERL_EXTUTILS_AUTOINSTALL="--defaultdeps"
  @INC:
    /home/eserte/.cpan/build/2018070401/Role-Markup-XML-0.09-3/blib/arch
    /home/eserte/.cpan/build/2018070401/Role-Markup-XML-0.09-3/blib/lib
    /home/eserte/.cpan/build/2018070401/Webservice-Judobase-0.002-3/blib/arch
    /home/eserte/.cpan/build/2018070401/Webservice-Judobase-0.002-3/blib/lib
    /home/eserte/.cpan/build/2018070401/Perl-Critic-MergeProfile-0.001-3/blib/arch
    /home/eserte/.cpan/build/2018070401/Perl-Critic-MergeProfile-0.001-3/blib/lib
    /usr/perl5.14.4/lib/site_perl/5.14.4/amd64-freebsd
    /usr/perl5.14.4/lib/site_perl/5.14.4
    /usr/perl5.14.4/lib/5.14.4/amd64-freebsd
    /usr/perl5.14.4/lib/5.14.4
    .